INSERT INTO `tm_mv` (`id`, `mapping_id`, `mv_category_id`, `year`, `merk_id`, `model`, `price`, `created_at`, `created_by`, `updated_at`, `updated_by`, `deleted_at`, `deleted_by`) VALUES
(10551, 'HONBEA003', 1, '2011', '3', 'BEAT SW', 5100000.00, '2021-04-29 00:00:00', 'fauzan', NULL, NULL, NULL, NULL),
(10552, 'HONBEA001', 1, '2011', '3', 'BEAT CW', 5500000.00, '2021-04-29 00:00:00', 'fauzan', NULL, NULL, NULL, NULL),
(10553, 'HONBLA001', 1, '2011', '3', 'BLADE', 4600000.00, '2021-04-29 00:00:00', 'fauzan', NULL, NULL, NULL, NULL),
(10554, 'HONBLA004', 1, '2011', '3', 'BLADE REPSOL', 4700000.00, '2021-04-29 00:00:00', 'fauzan', NULL, NULL, NULL, NULL),
(10555, 'HONCBR002', 1, '2011', '3', 'CBR 150 R', 15500000.00, '2021-04-29 00:00:00', 'fauzan', NULL, NULL, NULL, NULL),
(10556, 'HONCBR003', 1, '2011', '3', 'CBR 250 R STD', 18000000.00, '2021-04-29 00:00:00', 'fauzan', NULL, NULL, NULL, NULL),
(10557, 'HONCBR004', 1, '2011', '3', 'CBR 250 R ABS', 19000000.00, '2021-04-29 00:00:00', 'fauzan', NULL, NULL, NULL, NULL),
(10558, 'HONCSO001', 1, '2011', '3', 'CITY SPORT ONE (CS1)', 4900000.00, '2021-04-29 00:00:00', 'fauzan', NULL, NULL, NULL, NULL),
(10559, 'HONMEG004', 1, '2011', '3', 'MEGAPRO NEW CW', 7300000.00, '2021-04-29 00:00:00', 'fauzan', NULL, NULL, NULL, NULL),
(10560, 'HONPCX001', 1, '2011', '3', 'PCX A/T', 13800000.00, '2021-04-29 00:00:00', 'fauzan', NULL, NULL, NULL, NULL),
(10561, 'HONREV004', 1, '2011', '3', 'ABSOLUTE REVO CW', 3800000.00, '2021-04-29 00:00:00', 'fauzan', NULL, NULL, NULL, NULL),
(10562, 'HONREV003', 1, '2011', '3', 'ABSOLUTE REVO SW', 3500000.00, '2021-04-29 00:00:00', 'fauzan', NULL, NULL, NULL, NULL),
(10563, 'HONSCO001', 1, '2011', '3', 'SCOOPY', 5000000.00, '2021-04-29 00:00:00', 'fauzan', NULL, NULL, NULL, NULL),
(10564, 'HONSPA002', 1, '2011', '3', 'SPACY CW HELM IN', 3900000.00, '2021-04-29 00:00:00', 'fauzan', NULL, NULL, NULL, NULL),
(10565, 'HONSPA003', 1, '2011', '3', 'SPACY SW HELM IN', 3700000.00, '2021-04-29 00:00:00', 'fauzan', NULL, NULL, NULL, NULL),
(10566, 'HONTIG007', 1, '2011', '3', 'TIGER NEW CW (REVOLUTION  CRUISER) / GL 200 R', 9900000.00, '2021-04-29 00:00:00', 'fauzan', NULL, NULL, NULL, NULL),
(10567, 'HONVAR002', 1, '2011', '3', 'VARIO CW', 5600000.00, '2021-04-29 00:00:00', 'fauzan', NULL, NULL, NULL, NULL),
(10568, 'HONVAR006', 1, '2011', '3', 'VARIO TECHNO 110 CBS', 6500000.00, '2021-04-29 00:00:00', 'fauzan', NULL, NULL, NULL, NULL),
(10569, 'HONVAR005', 1, '2011', '3', 'VARIO TECHNO 125 PGM FI NON CBS', 5800000.00, '2021-04-29 00:00:00', 'fauzan', NULL, NULL, NULL, NULL),
(10570, 'KAWATL001', 1, '2011', '37', 'ATHLETE AX 125', 4600000.00, '2021-04-29 00:00:00', 'fauzan', NULL, NULL, NULL, NULL),
(10571, 'KAWEDG001', 1, '2011', '37', 'EDGE R', 3900000.00, '2021-04-29 00:00:00', 'fauzan', NULL, NULL, NULL, NULL),
(10572, 'KAWKLX003', 1, '2011', '37', 'KLX 150 S (G)', 10800000.00, '2021-04-29 00:00:00', 'fauzan', NULL, NULL, NULL, NULL),
(10573, 'KAWKLX005', 1, '2011', '37', 'KLX 250', 28200000.00, '2021-04-29 00:00:00', 'fauzan', NULL, NULL, NULL, NULL),
(10574, 'KAWNIN003', 1, '2011', '37', 'NINJA 150 RR', 17800000.00, '2021-04-29 00:00:00', 'fauzan', NULL, NULL, NULL, NULL),
(10575, 'KAWNIN012', 1, '2011', '37', 'NINJA 150 RR SE', 17800000.00, '2021-04-29 00:00:00', 'fauzan', NULL, NULL, NULL, NULL),
(10576, 'KAWNIN004', 1, '2011', '37', 'NINJA 250 R', 12200000.00, '2021-04-29 00:00:00', 'fauzan', NULL, NULL, NULL, NULL),
(10577, 'KAWNIN027', 1, '2011', '37', 'NINJA 150 R SE', 12900000.00, '2021-04-29 00:00:00', 'fauzan', NULL, NULL, NULL, NULL),
(10578, 'KAWNIN021', 1, '2011', '37', 'NINJA 150 SS', 12500000.00, '2021-04-29 00:00:00', 'fauzan', NULL, NULL, NULL, NULL),
(10579, 'KAWNIN016', 1, '2011', '37', 'NINJA ER 6 N', 48900000.00, '2021-04-29 00:00:00', 'fauzan', NULL, NULL, NULL, NULL),
(10580, 'KAWNIN017', 1, '2011', '37', 'NINJA ZX-6R 636', 103500000.00, '2021-04-29 00:00:00', 'fauzan', NULL, NULL, NULL, NULL),
(10581, 'KAWTRC001', 1, '2011', '37', 'D - TRACKER 250', 25700000.00, '2021-04-29 00:00:00', 'fauzan', NULL, NULL, NULL, NULL),
(10582, 'KAWTRC002', 1, '2011', '37', 'D - TRACKER 150', 11200000.00, '2021-04-29 00:00:00', 'fauzan', NULL, NULL, NULL, NULL),
(10583, 'KTMAPP007', 1, '2011', '43', 'APP TM 150 ZH', 9700000.00, '2021-04-29 00:00:00', 'fauzan', NULL, NULL, NULL, NULL),
(10584, 'PIAEVO001', 1, '2011', '38', 'X-EVO 250', 50200000.00, '2021-04-29 00:00:00', 'fauzan', NULL, NULL, NULL, NULL),
(10585, 'PIAFLY001', 1, '2011', '38', 'Fly 125', 20800000.00, '2021-04-29 00:00:00', 'fauzan', NULL, NULL, NULL, NULL),
(10586, 'PIAFLY002', 1, '2011', '38', 'FLY 150', 17900000.00, '2021-04-29 00:00:00', 'fauzan', NULL, NULL, NULL, NULL),
(10587, 'PIAFUO001', 1, '2011', '38', 'Fuoco 500', 158400000.00, '2021-04-29 00:00:00', 'fauzan', NULL, NULL, NULL, NULL),
(10588, 'PIAGIL001', 1, '2011', '38', 'Gillera VXR-200', 42400000.00, '2021-04-29 00:00:00', 'fauzan', NULL, NULL, NULL, NULL),
(10589, 'PIAGTS001', 1, '2011', '38', 'GTS-250', 48300000.00, '2021-04-29 00:00:00', 'fauzan', NULL, NULL, NULL, NULL),
(10590, 'PIAGTV001', 1, '2011', '38', 'GTV-250', 50200000.00, '2021-04-29 00:00:00', 'fauzan', NULL, NULL, NULL, NULL),
(10591, 'PIALIB001', 1, '2011', '38', 'LIBERTY 150', 11900000.00, '2021-04-29 00:00:00', 'fauzan', NULL, NULL, NULL, NULL),
(10592, 'PIALIB002', 1, '2011', '38', 'LIBERTY 100', 8500000.00, '2021-04-29 00:00:00', 'fauzan', NULL, NULL, NULL, NULL),
(10593, 'PIALX0002', 1, '2011', '38', 'LX 150 INJECTION', 11400000.00, '2021-04-29 00:00:00', 'fauzan', NULL, NULL, NULL, NULL),
(10594, 'PIALXV001', 1, '2011', '38', 'LXV 125', 12700000.00, '2021-04-29 00:00:00', 'fauzan', NULL, NULL, NULL, NULL),
(10595, 'PIAMP0001', 1, '2011', '38', 'MP3 250 RL', 65700000.00, '2021-04-29 00:00:00', 'fauzan', NULL, NULL, NULL, NULL),
(10596, 'PIANEX001', 1, '2011', '38', 'Nexus 500', 118300000.00, '2021-04-29 00:00:00', 'fauzan', NULL, NULL, NULL, NULL),
(10597, 'PIAVES001', 1, '2011', '38', 'Vespa S-125', 32800000.00, '2021-04-29 00:00:00', 'fauzan', NULL, NULL, NULL, NULL),
(10598, 'PIAVES002', 1, '2011', '38', 'VESPA LX 125', 13700000.00, '2021-04-29 00:00:00', 'fauzan', NULL, NULL, NULL, NULL),
(10599, 'PIAZIP003', 1, '2011', '38', 'ZIP 100 GRAPHICS', 8400000.00, '2021-04-29 00:00:00', 'fauzan', NULL, NULL, NULL, NULL),
(10600, 'SUZHAY001', 1, '2011', '5', 'HAYATE 125', 4300000.00, '2021-04-29 00:00:00', 'fauzan', NULL, NULL, NULL, NULL),
(10601, 'SUZNEX001', 1, '2011', '5', 'NEX 110', 3400000.00, '2021-04-29 00:00:00', 'fauzan', NULL, NULL, NULL, NULL),
(10602, 'SUZSAT005', 1, '2011', '5', 'NEW SATRIA FU', 6600000.00, '2021-04-29 00:00:00', 'fauzan', NULL, NULL, NULL, NULL),
(10603, 'SUZSHO009', 1, '2011', '5', 'NEW SHOGUN 125 RR', 4000000.00, '2021-04-29 00:00:00', 'fauzan', NULL, NULL, NULL, NULL),
(10604, 'SUZSKY003', 1, '2011', '5', 'SKYWAVE SR', 4300000.00, '2021-04-29 00:00:00', 'fauzan', NULL, NULL, NULL, NULL),
(10605, 'SUZSKY002', 1, '2011', '5', 'SKYWAVE NR', 4400000.00, '2021-04-29 00:00:00', 'fauzan', NULL, NULL, NULL, NULL),
(10606, 'SUZSKY004', 1, '2011', '5', 'SKYDRIVE', 3500000.00, '2021-04-29 00:00:00', 'fauzan', NULL, NULL, NULL, NULL),
(10607, 'SUZTIT002', 1, '2011', '5', 'SMASH TITAN', 4600000.00, '2021-04-29 00:00:00', 'fauzan', NULL, NULL, NULL, NULL),
(10608, 'SUZTHU003', 1, '2011', '5', 'NEW THUNDER 125', 4900000.00, '2021-04-29 00:00:00', 'fauzan', NULL, NULL, NULL, NULL),
(10609, 'TVSTVS001', 1, '2011', '46', 'TVS TVS APACHE RTR 160', 10200000.00, '2021-04-29 00:00:00', 'fauzan', NULL, NULL, NULL, NULL),
(10610, 'TVSTVS011', 1, '2011', '46', 'TVS APACHE F1 200', 10200000.00, '2021-04-29 00:00:00', 'fauzan', NULL, NULL, NULL, NULL),
(10611, 'TVSTVS003', 1, '2011', '46', 'TVS TVS NEO Xi CW', 8400000.00, '2021-04-29 00:00:00', 'fauzan', NULL, NULL, NULL, NULL),
(10612, 'TVSTVS004', 1, '2011', '46', 'TVS APACHE RTR 160 CW', 9200000.00, '2021-04-29 00:00:00', 'fauzan', NULL, NULL, NULL, NULL),
(10613, 'TVSTVS005', 1, '2011', '46', 'TVS TVS NEO DRUM', 5700000.00, '2021-04-29 00:00:00', 'fauzan', NULL, NULL, NULL, NULL),
(10614, 'TVSTVS006', 1, '2011', '46', 'TVS TVS NEO DB', 7400000.00, '2021-04-29 00:00:00', 'fauzan', NULL, NULL, NULL, NULL),
(10615, 'TVSTVS007', 1, '2011', '46', 'TVS TVS ROCKZ CW', 8300000.00, '2021-04-29 00:00:00', 'fauzan', NULL, NULL, NULL, NULL),
(10616, 'TVSTVS008', 1, '2011', '46', 'TVS TVS ROCKZ SW', 7400000.00, '2021-04-29 00:00:00', 'fauzan', NULL, NULL, NULL, NULL),
(10617, 'YAMBYS001', 1, '2011', '39', 'BYSON', 9300000.00, '2021-04-29 00:00:00', 'fauzan', NULL, NULL, NULL, NULL),
(10618, 'YAMJUP007', 1, '2011', '39', 'JUPITER Z CW NEW', 4900000.00, '2021-04-29 00:00:00', 'fauzan', NULL, NULL, NULL, NULL),
(10619, 'YAMJUP004', 1, '2011', '39', 'JUPITER MX 135', 5400000.00, '2021-04-29 00:00:00', 'fauzan', NULL, NULL, NULL, NULL),
(10620, 'YAMJUP005', 1, '2011', '39', 'JUPITER MX 135 CW', 6600000.00, '2021-04-29 00:00:00', 'fauzan', NULL, NULL, NULL, NULL),
(10621, 'YAMLEX001', 1, '2011', '39', 'LEXAM', 4300000.00, '2021-04-29 00:00:00', 'fauzan', NULL, NULL, NULL, NULL),
(10622, 'YAMMIO003', 1, '2011', '39', 'MIO SPORTY', 5000000.00, '2021-04-29 00:00:00', 'fauzan', NULL, NULL, NULL, NULL),
(10623, 'YAMMIO004', 1, '2011', '39', 'MIO SOUL', 4800000.00, '2021-04-29 00:00:00', 'fauzan', NULL, NULL, NULL, NULL),
(10624, 'YAMSCO003', 1, '2011', '39', 'SCORPIO Z CW', 9700000.00, '2021-04-29 00:00:00', 'fauzan', NULL, NULL, NULL, NULL),
(10625, 'YAMVEG008', 1, '2011', '39', 'VEGA RR', 3300000.00, '2021-04-29 00:00:00', 'fauzan', NULL, NULL, NULL, NULL),
(10626, 'YAMVEG004', 1, '2011', '39', 'NEW VEGA R', 4700000.00, '2021-04-29 00:00:00', 'fauzan', NULL, NULL, NULL, NULL),
(10627, 'YAMVEG007', 1, '2011', '39', 'NEW VEGA ZR DB', 5300000.00, '2021-04-29 00:00:00', 'fauzan', NULL, NULL, NULL, NULL),
(10628, 'YAMVIX001', 1, '2011', '39', 'VIXION CW', 9800000.00, '2021-04-29 00:00:00', 'fauzan', NULL, NULL, NULL, NULL),
(10629, 'YAMVIX002', 1, '2011', '39', 'VIXION SE', 9700000.00, '2021-04-29 00:00:00', 'fauzan', NULL, NULL, NULL, NULL),
(10630, 'YAMXEO002', 1, '2011', '39', 'XEON RC', 5000000.00, '2021-04-29 00:00:00', 'fauzan', NULL, NULL, NULL, NULL),
(10631, 'BAJPUL001', 1, '2010', '40', 'BAJAJ PULSAR 180 DTS-I CW', 4700000.00, '2021-04-29 00:00:00', 'fauzan', NULL, NULL, NULL, NULL),
(10632, 'BAJPUL003', 1, '2010', '40', 'BAJAJ PULSAR 200 DTS-I CW', 7500000.00, '2021-04-29 00:00:00', 'fauzan', NULL, NULL, NULL, NULL),
(10633, 'BAJPUL004', 1, '2010', '40', 'BAJAJ PULSAR XCD 125 CW', 2600000.00, '2021-04-29 00:00:00', 'fauzan', NULL, NULL, NULL, NULL),
(10634, 'BAJPUL005', 1, '2010', '40', 'BAJAJ PULSAR 135 LS', 4200000.00, '2021-04-29 00:00:00', 'fauzan', NULL, NULL, NULL, NULL),
(10635, 'BAJPUL006', 1, '2010', '40', 'BAJAJ PULSAR 220 DTS-i F', 5500000.00, '2021-04-29 00:00:00', 'fauzan', NULL, NULL, NULL, NULL),
(10636, 'BMWMOT007', 1, '2010', '15', 'BMW R 1200 GS', 186200000.00, '2021-04-29 00:00:00', 'fauzan', NULL, NULL, NULL, NULL),
(10637, 'HONAST018', 1, '2010', '3', 'SUPRA X 125', 5100000.00, '2021-04-29 00:00:00', 'fauzan', NULL, NULL, NULL, NULL),
(10638, 'HONAST022', 1, '2010', '3', 'SUPRA X 125 D SW', 4600000.00, '2021-04-29 00:00:00', 'fauzan', NULL, NULL, NULL, NULL),
(10639, 'HONAST023', 1, '2010', '3', 'SUPRA X 125 PGM-FI CW', 5700000.00, '2021-04-29 00:00:00', 'fauzan', NULL, NULL, NULL, NULL),
(10640, 'HONAST035', 1, '2010', '3', 'SUPRA X 125 PGM-FI SW', 4800000.00, '2021-04-29 00:00:00', 'fauzan', NULL, NULL, NULL, NULL),
(10641, 'HONAST029', 1, '2010', '3', 'SUPRA FIT X (NF 100 SE)', 3400000.00, '2021-04-29 00:00:00', 'fauzan', NULL, NULL, NULL, NULL),
(10642, 'HONBEA003', 1, '2010', '3', 'BEAT SW', 4700000.00, '2021-04-29 00:00:00', 'fauzan', NULL, NULL, NULL, NULL),
(10643, 'HONBEA001', 1, '2010', '3', 'BEAT CW', 5000000.00, '2021-04-29 00:00:00', 'fauzan', NULL, NULL, NULL, NULL),
(10644, 'HONBLA001', 1, '2010', '3', 'BLADE', 4200000.00, '2021-04-29 00:00:00', 'fauzan', NULL, NULL, NULL, NULL),
(10645, 'HONBLA004', 1, '2010', '3', 'BLADE REPSOL', 4300000.00, '2021-04-29 00:00:00', 'fauzan', NULL, NULL, NULL, NULL),
(10646, 'HONCBR002', 1, '2010', '3', 'CBR 150 R', 12800000.00, '2021-04-29 00:00:00', 'fauzan', NULL, NULL, NULL, NULL),
(10647, 'HONCSO001', 1, '2010', '3', 'CITY SPORT ONE (CS1)', 4600000.00, '2021-04-29 00:00:00', 'fauzan', NULL, NULL, NULL, NULL),
(10648, 'HONMEG004', 1, '2010', '3', 'MEGAPRO NEW CW', 7100000.00, '2021-04-29 00:00:00', 'fauzan', NULL, NULL, NULL, NULL),
(10649, 'HONPCX001', 1, '2010', '3', 'PCX A/T', 12500000.00, '2021-04-29 00:00:00', 'fauzan', NULL, NULL, NULL, NULL),
(10650, 'HONREV002', 1, '2010', '3', 'REVO CW', 4200000.00, '2021-04-29 00:00:00', 'fauzan', NULL, NULL, NULL, NULL),
(10651, 'HONREV006', 1, '2010', '3', 'REVO SW', 3800000.00, '2021-04-29 00:00:00', 'fauzan', NULL, NULL, NULL, NULL),
(10652, 'HONREV004', 1, '2010', '3', 'ABSOLUTE REVO CW', 3700000.00, '2021-04-29 00:00:00', 'fauzan', NULL, NULL, NULL, NULL),
(10653, 'HONREV003', 1, '2010', '3', 'ABSOLUTE REVO SW', 3400000.00, '2021-04-29 00:00:00', 'fauzan', NULL, NULL, NULL, NULL),
(10654, 'HONSCO001', 1, '2010', '3', 'SCOOPY', 5000000.00, '2021-04-29 00:00:00', 'fauzan', NULL, NULL, NULL, NULL),
(10655, 'HONTIG007', 1, '2010', '3', 'TIGER NEW CW (REVOLUTION  CRUISER) / GL 200 R', 9300000.00, '2021-04-29 00:00:00', 'fauzan', NULL, NULL, NULL, NULL),
(10656, 'HONVAR002', 1, '2010', '3', 'VARIO CW', 5300000.00, '2021-04-29 00:00:00', 'fauzan', NULL, NULL, NULL, NULL),
(10657, 'HONVAR006', 1, '2010', '3', 'VARIO TECHNO 110 CBS', 6100000.00, '2021-04-29 00:00:00', 'fauzan', NULL, NULL, NULL, NULL),
(10658, 'KAWATL001', 1, '2010', '37', 'ATHLETE AX 125', 4300000.00, '2021-04-29 00:00:00', 'fauzan', NULL, NULL, NULL, NULL),
(10659, 'KAWKAZ004', 1, '2010', '37', 'KAZE ZX 130 R', 3200000.00, '2021-04-29 00:00:00', 'fauzan', NULL, NULL, NULL, NULL),
(10660, 'KAWKAZ005', 1, '2010', '37', 'KAZE ZX 130 VR', 3400000.00, '2021-04-29 00:00:00', 'fauzan', NULL, NULL, NULL, NULL),
(10661, 'KAWKLX003', 1, '2010', '37', 'KLX 150 S (G)', 10500000.00, '2021-04-29 00:00:00', 'fauzan', NULL, NULL, NULL, NULL),
(10662, 'KAWKLX005', 1, '2010', '37', 'KLX 250', 23800000.00, '2021-04-29 00:00:00', 'fauzan', NULL, NULL, NULL, NULL),
(10663, 'KAWNIN002', 1, '2010', '37', 'NINJA 150 VR', 10300000.00, '2021-04-29 00:00:00', 'fauzan', NULL, NULL, NULL, NULL),
(10664, 'KAWNIN003', 1, '2010', '37', 'NINJA 150 RR', 15800000.00, '2021-04-29 00:00:00', 'fauzan', NULL, NULL, NULL, NULL),
(10665, 'PIAEXC001', 1, '2010', '38', 'EXCLUSIVE', 17900000.00, '2021-04-29 00:00:00', 'fauzan', NULL, NULL, NULL, NULL),
(10666, 'PIAFUO001', 1, '2010', '38', 'Fuoco 500', 34600000.00, '2021-04-29 00:00:00', 'fauzan', NULL, NULL, NULL, NULL),
(10667, 'PIAGIL001', 1, '2010', '38', 'Gillera VXR-200', 38900000.00, '2021-04-29 00:00:00', 'fauzan', NULL, NULL, NULL, NULL),
(10668, 'PIAGTS001', 1, '2010', '38', 'GTS-250', 44100000.00, '2021-04-29 00:00:00', 'fauzan', NULL, NULL, NULL, NULL),
(10669, 'PIAMP0001', 1, '2010', '38', 'MP3 250 RL', 61100000.00, '2021-04-29 00:00:00', 'fauzan', NULL, NULL, NULL, NULL),
(10670, 'PIAPX0001', 1, '2010', '38', 'VESPA PX 150 EXC', 28700000.00, '2021-04-29 00:00:00', 'fauzan', NULL, NULL, NULL, NULL),
(10671, 'PIAVES004', 1, '2010', '38', 'VESPA 150 S', 7800000.00, '2021-04-29 00:00:00', 'fauzan', NULL, NULL, NULL, NULL),
(10672, 'SUZSAT005', 1, '2010', '5', 'NEW SATRIA FU', 6100000.00, '2021-04-29 00:00:00', 'fauzan', NULL, NULL, NULL, NULL),
(10673, 'SUZSHO009', 1, '2010', '5', 'NEW SHOGUN 125 RR', 3500000.00, '2021-04-29 00:00:00', 'fauzan', NULL, NULL, NULL, NULL),
(10674, 'SUZSKY003', 1, '2010', '5', 'SKYWAVE SR', 3500000.00, '2021-04-29 00:00:00', 'fauzan', NULL, NULL, NULL, NULL),
(10675, 'SUZSKY002', 1, '2010', '5', 'SKYWAVE NR', 3500000.00, '2021-04-29 00:00:00', 'fauzan', NULL, NULL, NULL, NULL),
(10676, 'SUZSKY004', 1, '2010', '5', 'SKYDRIVE', 3500000.00, '2021-04-29 00:00:00', 'fauzan', NULL, NULL, NULL, NULL),
(10677, 'SUZSMA006', 1, '2010', '5', 'NEW SMASH DB', 2700000.00, '2021-04-29 00:00:00', 'fauzan', NULL, NULL, NULL, NULL),
(10678, 'SUZSPIN002', 1, '2010', '5', 'SPIN 125 CW', 3400000.00, '2021-04-29 00:00:00', 'fauzan', NULL, NULL, NULL, NULL),
(10679, 'SUZSPIN003', 1, '2010', '5', 'SPIN 125 CW NR', 3100000.00, '2021-04-29 00:00:00', 'fauzan', NULL, NULL, NULL, NULL),
(10680, 'SUZTHU003', 1, '2010', '5', 'NEW THUNDER 125', 4300000.00, '2021-04-29 00:00:00', 'fauzan', NULL, NULL, NULL, NULL),
(10681, 'TVSTVS001', 1, '2010', '46', 'TVS TVS APACHE RTR 160', 8100000.00, '2021-04-29 00:00:00', 'fauzan', NULL, NULL, NULL, NULL),
(10682, 'TVSTVS011', 1, '2010', '46', 'TVS APACHE F1 200', 8100000.00, '2021-04-29 00:00:00', 'fauzan', NULL, NULL, NULL, NULL),
(10683, 'TVSTVS002', 1, '2010', '46', 'TVS TVS NEO 110 D', 5900000.00, '2021-04-29 00:00:00', 'fauzan', NULL, NULL, NULL, NULL),
(10684, 'TVSTVS003', 1, '2010', '46', 'TVS TVS NEO Xi CW', 7700000.00, '2021-04-29 00:00:00', 'fauzan', NULL, NULL, NULL, NULL),
(10685, 'TVSTVS004', 1, '2010', '46', 'TVS APACHE RTR 160 CW', 4900000.00, '2021-04-29 00:00:00', 'fauzan', NULL, NULL, NULL, NULL),
(10686, 'TVSTVS005', 1, '2010', '46', 'TVS TVS NEO DRUM', 5200000.00, '2021-04-29 00:00:00', 'fauzan', NULL, NULL, NULL, NULL),
(10687, 'TVSTVS006', 1, '2010', '46', 'TVS TVS NEO DB', 6700000.00, '2021-04-29 00:00:00', 'fauzan', NULL, NULL, NULL, NULL),
(10688, 'TVSTVS007', 1, '2010', '46', 'TVS TVS ROCKZ CW', 6300000.00, '2021-04-29 00:00:00', 'fauzan', NULL, NULL, NULL, NULL),
(10689, 'YAMBYS001', 1, '2010', '39', 'BYSON', 7900000.00, '2021-04-29 00:00:00', 'fauzan', NULL, NULL, NULL, NULL),
(10690, 'YAMJUP007', 1, '2010', '39', 'JUPITER Z CW NEW', 4700000.00, '2021-04-29 00:00:00', 'fauzan', NULL, NULL, NULL, NULL),
(10691, 'YAMJUP004', 1, '2010', '39', 'JUPITER MX 135', 4600000.00, '2021-04-29 00:00:00', 'fauzan', NULL, NULL, NULL, NULL),
(10692, 'YAMJUP005', 1, '2010', '39', 'JUPITER MX 135 CW', 5400000.00, '2021-04-29 00:00:00', 'fauzan', NULL, NULL, NULL, NULL),
(10693, 'YAMMIO003', 1, '2010', '39', 'MIO SPORTY', 4700000.00, '2021-04-29 00:00:00', 'fauzan', NULL, NULL, NULL, NULL),
(10694, 'YAMMIO004', 1, '2010', '39', 'MIO SOUL', 4600000.00, '2021-04-29 00:00:00', 'fauzan', NULL, NULL, NULL, NULL),
(10695, 'YAMSCO003', 1, '2010', '39', 'SCORPIO Z CW', 8700000.00, '2021-04-29 00:00:00', 'fauzan', NULL, NULL, NULL, NULL),
(10696, 'YAMVEG004', 1, '2010', '39', 'NEW VEGA R', 4100000.00, '2021-04-29 00:00:00', 'fauzan', NULL, NULL, NULL, NULL),
(10697, 'YAMVEG007', 1, '2010', '39', 'NEW VEGA ZR DB', 4900000.00, '2021-04-29 00:00:00', 'fauzan', NULL, NULL, NULL, NULL),
(10698, 'YAMVIX001', 1, '2010', '39', 'VIXION CW', 9200000.00, '2021-04-29 00:00:00', 'fauzan', NULL, NULL, NULL, NULL),
(10699, 'YAMVIX002', 1, '2010', '39', 'VIXION SE', 9300000.00, '2021-04-29 00:00:00', 'fauzan', NULL, NULL, NULL, NULL),
(10700, 'YAMXEO002', 1, '2010', '39', 'XEON RC', 4400000.00, '2021-04-29 00:00:00', 'fauzan', NULL, NULL, NULL, NULL),
(10701, 'BAJPUL001', 1, '2009', '40', 'BAJAJ PULSAR 180 DTS-I CW', 4400000.00, '2021-04-29 00:00:00', 'fauzan', NULL, NULL, NULL, NULL),
(10702, 'BAJPUL003', 1, '2009', '40', 'BAJAJ PULSAR 200 DTS-I CW', 6800000.00, '2021-04-29 00:00:00', 'fauzan', NULL, NULL, NULL, NULL),
(10703, 'BAJPUL005', 1, '2009', '40', 'BAJAJ PULSAR 135 LS', 4000000.00, '2021-04-29 00:00:00', 'fauzan', NULL, NULL, NULL, NULL),
(10704, 'BAJPUL006', 1, '2009', '40', 'BAJAJ PULSAR 220 DTS-i F', 4900000.00, '2021-04-29 00:00:00', 'fauzan', NULL, NULL, NULL, NULL),
(10705, 'HONAST018', 1, '2009', '3', 'SUPRA X 125', 4800000.00, '2021-04-29 00:00:00', 'fauzan', NULL, NULL, NULL, NULL),
(10706, 'HONAST022', 1, '2009', '3', 'SUPRA X 125 D SW', 4200000.00, '2021-04-29 00:00:00', 'fauzan', NULL, NULL, NULL, NULL),
(10707, 'HONAST023', 1, '2009', '3', 'SUPRA X 125 PGM-FI CW', 4800000.00, '2021-04-29 00:00:00', 'fauzan', NULL, NULL, NULL, NULL),
(10708, 'HONAST029', 1, '2009', '3', 'SUPRA FIT X (NF 100 SE)', 3200000.00, '2021-04-29 00:00:00', 'fauzan', NULL, NULL, NULL, NULL),
(10709, 'HONBEA003', 1, '2009', '3', 'BEAT SW', 4500000.00, '2021-04-29 00:00:00', 'fauzan', NULL, NULL, NULL, NULL),
(10710, 'HONBEA001', 1, '2009', '3', 'BEAT CW', 4700000.00, '2021-04-29 00:00:00', 'fauzan', NULL, NULL, NULL, NULL),
(10711, 'HONBLA001', 1, '2009', '3', 'BLADE', 3900000.00, '2021-04-29 00:00:00', 'fauzan', NULL, NULL, NULL, NULL),
(10712, 'HONBLA004', 1, '2009', '3', 'BLADE REPSOL', 4000000.00, '2021-04-29 00:00:00', 'fauzan', NULL, NULL, NULL, NULL),
(10713, 'HONCBR002', 1, '2009', '3', 'CBR 150 R', 11900000.00, '2021-04-29 00:00:00', 'fauzan', NULL, NULL, NULL, NULL),
(10714, 'HONCSO001', 1, '2009', '3', 'CITY SPORT ONE (CS1)', 4100000.00, '2021-04-29 00:00:00', 'fauzan', NULL, NULL, NULL, NULL),
(10715, 'HONMEG004', 1, '2009', '3', 'MEGAPRO NEW CW', 6800000.00, '2021-04-29 00:00:00', 'fauzan', NULL, NULL, NULL, NULL),
(10716, 'HONREV002', 1, '2009', '3', 'REVO CW', 3200000.00, '2021-04-29 00:00:00', 'fauzan', NULL, NULL, NULL, NULL),
(10717, 'HONREV006', 1, '2009', '3', 'REVO SW', 3400000.00, '2021-04-29 00:00:00', 'fauzan', NULL, NULL, NULL, NULL),
(10718, 'HONTIG007', 1, '2009', '3', 'TIGER NEW CW (REVOLUTION  CRUISER) / GL 200 R', 8600000.00, '2021-04-29 00:00:00', 'fauzan', NULL, NULL, NULL, NULL),
(10719, 'HONVAR002', 1, '2009', '3', 'VARIO CW', 5200000.00, '2021-04-29 00:00:00', 'fauzan', NULL, NULL, NULL, NULL),
(10720, 'HONVAR006', 1, '2009', '3', 'VARIO TECHNO 110 CBS', 5700000.00, '2021-04-29 00:00:00', 'fauzan', NULL, NULL, NULL, NULL),
(10721, 'KAWATL001', 1, '2009', '37', 'ATHLETE AX 125', 4300000.00, '2021-04-29 00:00:00', 'fauzan', NULL, NULL, NULL, NULL),
(10722, 'KAWKAZ004', 1, '2009', '37', 'KAZE ZX 130 R', 2900000.00, '2021-04-29 00:00:00', 'fauzan', NULL, NULL, NULL, NULL),
(10723, 'KAWKAZ005', 1, '2009', '37', 'KAZE ZX 130 VR', 3100000.00, '2021-04-29 00:00:00', 'fauzan', NULL, NULL, NULL, NULL),
(10724, 'KAWKAZ006', 1, '2009', '37', 'KAZE ZONE R', 2600000.00, '2021-04-29 00:00:00', 'fauzan', NULL, NULL, NULL, NULL),
(10725, 'KAWKAZ007', 1, '2009', '37', 'KAZE ZONE VR', 2600000.00, '2021-04-29 00:00:00', 'fauzan', NULL, NULL, NULL, NULL),
(10726, 'KAWKLX003', 1, '2009', '37', 'KLX 150 S (G)', 10400000.00, '2021-04-29 00:00:00', 'fauzan', NULL, NULL, NULL, NULL),
(10727, 'KAWKLX005', 1, '2009', '37', 'KLX 250', 22700000.00, '2021-04-29 00:00:00', 'fauzan', NULL, NULL, NULL, NULL),
(10728, 'KAWNIN002', 1, '2009', '37', 'NINJA 150 VR', 9500000.00, '2021-04-29 00:00:00', 'fauzan', NULL, NULL, NULL, NULL),
(10729, 'KAWNIN003', 1, '2009', '37', 'NINJA 150 RR', 13700000.00, '2021-04-29 00:00:00', 'fauzan', NULL, NULL, NULL, NULL),
(10730, 'PIAEXC001', 1, '2009', '38', 'EXCLUSIVE', 16000000.00, '2021-04-29 00:00:00', 'fauzan', NULL, NULL, NULL, NULL),
(10731, 'PIAFUO001', 1, '2009', '38', 'Fuoco 500', 30100000.00, '2021-04-29 00:00:00', 'fauzan', NULL, NULL, NULL, NULL),
(10732, 'PIAGIL001', 1, '2009', '38', 'Gillera VXR-200', 36900000.00, '2021-04-29 00:00:00', 'fauzan', NULL, NULL, NULL, NULL),
(10733, 'PIAGTS001', 1, '2009', '38', 'GTS-250', 38300000.00, '2021-04-29 00:00:00', 'fauzan', NULL, NULL, NULL, NULL),
(10734, 'PIAMP0001', 1, '2009', '38', 'MP3 250 RL', 56900000.00, '2021-04-29 00:00:00', 'fauzan', NULL, NULL, NULL, NULL),
(10735, 'PIAPX0001', 1, '2009', '38', 'VESPA PX 150 EXC', 25200000.00, '2021-04-29 00:00:00', 'fauzan', NULL, NULL, NULL, NULL),
(10736, 'SUZSAT005', 1, '2009', '5', 'NEW SATRIA FU', 5700000.00, '2021-04-29 00:00:00', 'fauzan', NULL, NULL, NULL, NULL),
(10737, 'SUZSHO009', 1, '2009', '5', 'NEW SHOGUN 125 RR', 3300000.00, '2021-04-29 00:00:00', 'fauzan', NULL, NULL, NULL, NULL),
(10738, 'SUZSKY003', 1, '2009', '5', 'SKYWAVE SR', 3200000.00, '2021-04-29 00:00:00', 'fauzan', NULL, NULL, NULL, NULL),
(10739, 'SUZSKY002', 1, '2009', '5', 'SKYWAVE NR', 3300000.00, '2021-04-29 00:00:00', 'fauzan', NULL, NULL, NULL, NULL),
(10740, 'SUZSKY004', 1, '2009', '5', 'SKYDRIVE', 3400000.00, '2021-04-29 00:00:00', 'fauzan', NULL, NULL, NULL, NULL),
(10741, 'SUZSMA006', 1, '2009', '5', 'NEW SMASH DB', 2700000.00, '2021-04-29 00:00:00', 'fauzan', NULL, NULL, NULL, NULL),
(10742, 'SUZSPIN001', 1, '2009', '5', 'SPIN 125 S', 2700000.00, '2021-04-29 00:00:00', 'fauzan', NULL, NULL, NULL, NULL),
(10743, 'SUZSPIN002', 1, '2009', '5', 'SPIN 125 CW', 3200000.00, '2021-04-29 00:00:00', 'fauzan', NULL, NULL, NULL, NULL),
(10744, 'SUZSPIN003', 1, '2009', '5', 'SPIN 125 CW NR', 2900000.00, '2021-04-29 00:00:00', 'fauzan', NULL, NULL, NULL, NULL),
(10745, 'SUZTHU003', 1, '2009', '5', 'NEW THUNDER 125', 3500000.00, '2021-04-29 00:00:00', 'fauzan', NULL, NULL, NULL, NULL),
(10746, 'TVSTVS001', 1, '2009', '46', 'TVS TVS APACHE RTR 160', 6200000.00, '2021-04-29 00:00:00', 'fauzan', NULL, NULL, NULL, NULL),
(10747, 'TVSTVS011', 1, '2009', '46', 'TVS APACHE F1 200', 6200000.00, '2021-04-29 00:00:00', 'fauzan', NULL, NULL, NULL, NULL),
(10748, 'TVSTVS002', 1, '2009', '46', 'TVS TVS NEO 110 D', 5700000.00, '2021-04-29 00:00:00', 'fauzan', NULL, NULL, NULL, NULL),
(10749, 'TVSTVS003', 1, '2009', '46', 'TVS TVS NEO Xi CW', 7400000.00, '2021-04-29 00:00:00', 'fauzan', NULL, NULL, NULL, NULL),
(10750, 'TVSTVS006', 1, '2009', '46', 'TVS TVS NEO DB', 6500000.00, '2021-04-29 00:00:00', 'fauzan', NULL, NULL, NULL, NULL),
(10751, 'TVSTVS007', 1, '2009', '46', 'TVS TVS ROCKZ CW', 5900000.00, '2021-04-29 00:00:00', 'fauzan', NULL, NULL, NULL, NULL),
(10752, 'YAMJUP003', 1, '2009', '39', 'JUPITER Z CW', 4600000.00, '2021-04-29 00:00:00', 'fauzan', NULL, NULL, NULL, NULL),
(10753, 'YAMJUP004', 1, '2009', '39', 'JUPITER MX 135', 4400000.00, '2021-04-29 00:00:00', 'fauzan', NULL, NULL, NULL, NULL),
(10754, 'YAMJUP005', 1, '2009', '39', 'JUPITER MX 135 CW', 5000000.00, '2021-04-29 00:00:00', 'fauzan', NULL, NULL, NULL, NULL),
(10755, 'YAMMIO003', 1, '2009', '39', 'MIO SPORTY', 4300000.00, '2021-04-29 00:00:00', 'fauzan', NULL, NULL, NULL, NULL),
(10756, 'YAMMIO004', 1, '2009', '39', 'MIO SOUL', 4300000.00, '2021-04-29 00:00:00', 'fauzan', NULL, NULL, NULL, NULL),
(10757, 'YAMSCO003', 1, '2009', '39', 'SCORPIO Z CW', 7900000.00, '2021-04-29 00:00:00', 'fauzan', NULL, NULL, NULL, NULL),
(10758, 'YAMVEG002', 1, '2009', '39', 'VEGA R', 3700000.00, '2021-04-29 00:00:00', 'fauzan', NULL, NULL, NULL, NULL),
(10759, 'YAMVEG007', 1, '2009', '39', 'NEW VEGA ZR DB', 4100000.00, '2021-04-29 00:00:00', 'fauzan', NULL, NULL, NULL, NULL),
(10760, 'YAMVIX001', 1, '2009', '39', 'VIXION CW', 8500000.00, '2021-04-29 00:00:00', 'fauzan', NULL, NULL, NULL, NULL),
(10761, 'BAJPUL001', 1, '2008', '40', 'BAJAJ PULSAR 180 DTS-I CW', 3700000.00, '2021-04-29 00:00:00', 'fauzan', NULL, NULL, NULL, NULL),
(10762, 'BAJPUL003', 1, '2008', '40', 'BAJAJ PULSAR 200 DTS-I CW', 5100000.00, '2021-04-29 00:00:00', 'fauzan', NULL, NULL, NULL, NULL),
(10763, 'BAJPUL005', 1, '2008', '40', 'BAJAJ PULSAR 135 LS', 3800000.00, '2021-04-29 00:00:00', 'fauzan', NULL, NULL, NULL, NULL),
(10764, 'HONAST018', 1, '2008', '3', 'SUPRA X 125', 4600000.00, '2021-04-29 00:00:00', 'fauzan', NULL, NULL, NULL, NULL),
(10765, 'HONAST022', 1, '2008', '3', 'SUPRA X 125 D SW', 4000000.00, '2021-04-29 00:00:00', 'fauzan', NULL, NULL, NULL, NULL),
(10766, 'HONAST029', 1, '2008', '3', 'SUPRA FIT X (NF 100 SE)', 2800000.00, '2021-04-29 00:00:00', 'fauzan', NULL, NULL, NULL, NULL),
(10767, 'HONBEA003', 1, '2008', '3', 'BEAT SW', 4100000.00, '2021-04-29 00:00:00', 'fauzan', NULL, NULL, NULL, NULL),
(10768, 'HONBEA001', 1, '2008', '3', 'BEAT CW', 4400000.00, '2021-04-29 00:00:00', 'fauzan', NULL, NULL, NULL, NULL),
(10769, 'HONBLA001', 1, '2008', '3', 'BLADE', 3500000.00, '2021-04-29 00:00:00', 'fauzan', NULL, NULL, NULL, NULL),
(10770, 'HONBLA004', 1, '2008', '3', 'BLADE REPSOL', 3500000.00, '2021-04-29 00:00:00', 'fauzan', NULL, NULL, NULL, NULL),
(10771, 'HONCBR002', 1, '2008', '3', 'CBR 150 R', 10900000.00, '2021-04-29 00:00:00', 'fauzan', NULL, NULL, NULL, NULL),
(10772, 'HONCSO001', 1, '2008', '3', 'CITY SPORT ONE (CS1)', 3800000.00, '2021-04-29 00:00:00', 'fauzan', NULL, NULL, NULL, NULL),
(10773, 'HONMEG004', 1, '2008', '3', 'MEGAPRO NEW CW', 6400000.00, '2021-04-29 00:00:00', 'fauzan', NULL, NULL, NULL, NULL),
(10774, 'HONREV002', 1, '2008', '3', 'REVO CW', 3000000.00, '2021-04-29 00:00:00', 'fauzan', NULL, NULL, NULL, NULL),
(10775, 'HONREV006', 1, '2008', '3', 'REVO SW', 2700000.00, '2021-04-29 00:00:00', 'fauzan', NULL, NULL, NULL, NULL),
(10776, 'HONTIG007', 1, '2008', '3', 'TIGER NEW CW (REVOLUTION  CRUISER) / GL 200 R', 8100000.00, '2021-04-29 00:00:00', 'fauzan', NULL, NULL, NULL, NULL),
(10777, 'HONVAR002', 1, '2008', '3', 'VARIO CW', 4800000.00, '2021-04-29 00:00:00', 'fauzan', NULL, NULL, NULL, NULL),
(10778, 'KAWBLI002', 1, '2008', '37', 'BLITZ R (112 CC)', 1900000.00, '2021-04-29 00:00:00', 'fauzan', NULL, NULL, NULL, NULL),
(10779, 'KAWATL001', 1, '2008', '37', 'ATHLETE AX 125', 4000000.00, '2021-04-29 00:00:00', 'fauzan', NULL, NULL, NULL, NULL),
(10780, 'KAWKAZ004', 1, '2008', '37', 'KAZE ZX 130 R', 2700000.00, '2021-04-29 00:00:00', 'fauzan', NULL, NULL, NULL, NULL),
(10781, 'KAWKAZ005', 1, '2008', '37', 'KAZE ZX 130 VR', 2800000.00, '2021-04-29 00:00:00', 'fauzan', NULL, NULL, NULL, NULL),
(10782, 'KAWKAZ006', 1, '2008', '37', 'KAZE ZONE R', 2300000.00, '2021-04-29 00:00:00', 'fauzan', NULL, NULL, NULL, NULL),
(10783, 'KAWKAZ007', 1, '2008', '37', 'KAZE ZONE VR', 2400000.00, '2021-04-29 00:00:00', 'fauzan', NULL, NULL, NULL, NULL),
(10784, 'KAWKLX005', 1, '2008', '37', 'KLX 250', 21800000.00, '2021-04-29 00:00:00', 'fauzan', NULL, NULL, NULL, NULL),
(10785, 'KAWNIN002', 1, '2008', '37', 'NINJA 150 VR', 8400000.00, '2021-04-29 00:00:00', 'fauzan', NULL, NULL, NULL, NULL),
(10786, 'PIAEXC001', 1, '2008', '38', 'EXCLUSIVE', 12400000.00, '2021-04-29 00:00:00', 'fauzan', NULL, NULL, NULL, NULL),
(10787, 'SUZSAT005', 1, '2008', '5', 'NEW SATRIA FU', 5000000.00, '2021-04-29 00:00:00', 'fauzan', NULL, NULL, NULL, NULL),
(10788, 'SUZSHO009', 1, '2008', '5', 'NEW SHOGUN 125 RR', 3000000.00, '2021-04-29 00:00:00', 'fauzan', NULL, NULL, NULL, NULL),
(10789, 'SUZSKY003', 1, '2008', '5', 'SKYWAVE SR', 3100000.00, '2021-04-29 00:00:00', 'fauzan', NULL, NULL, NULL, NULL),
(10790, 'SUZSKY002', 1, '2008', '5', 'SKYWAVE NR', 3100000.00, '2021-04-29 00:00:00', 'fauzan', NULL, NULL, NULL, NULL),
(10791, 'SUZSKY004', 1, '2008', '5', 'SKYDRIVE', 3200000.00, '2021-04-29 00:00:00', 'fauzan', NULL, NULL, NULL, NULL),
(10792, 'SUZSMA006', 1, '2008', '5', 'NEW SMASH DB', 2400000.00, '2021-04-29 00:00:00', 'fauzan', NULL, NULL, NULL, NULL),
(10793, 'SUZSPIN001', 1, '2008', '5', 'SPIN 125 S', 2500000.00, '2021-04-29 00:00:00', 'fauzan', NULL, NULL, NULL, NULL),
(10794, 'SUZSPIN002', 1, '2008', '5', 'SPIN 125 CW', 3000000.00, '2021-04-29 00:00:00', 'fauzan', NULL, NULL, NULL, NULL),
(10795, 'SUZSPIN003', 1, '2008', '5', 'SPIN 125 CW NR', 2700000.00, '2021-04-29 00:00:00', 'fauzan', NULL, NULL, NULL, NULL),
(10796, 'SUZTHU003', 1, '2008', '5', 'NEW THUNDER 125', 2800000.00, '2021-04-29 00:00:00', 'fauzan', NULL, NULL, NULL, NULL),
(10797, 'TVSTVS001', 1, '2008', '46', 'TVS TVS APACHE RTR 160', 5200000.00, '2021-04-29 00:00:00', 'fauzan', NULL, NULL, NULL, NULL),
(10798, 'TVSTVS011', 1, '2008', '46', 'TVS APACHE F1 200', 5200000.00, '2021-04-29 00:00:00', 'fauzan', NULL, NULL, NULL, NULL),
(10799, 'TVSTVS002', 1, '2008', '46', 'TVS TVS NEO 110 D', 5500000.00, '2021-04-29 00:00:00', 'fauzan', NULL, NULL, NULL, NULL),
(10800, 'TVSTVS003', 1, '2008', '46', 'TVS TVS NEO Xi CW', 6500000.00, '2021-04-29 00:00:00', 'fauzan', NULL, NULL, NULL, NULL),
(10801, 'YAMJUP003', 1, '2008', '39', 'JUPITER Z CW', 4300000.00, '2021-04-29 00:00:00', 'fauzan', NULL, NULL, NULL, NULL),
(10802, 'YAMJUP004', 1, '2008', '39', 'JUPITER MX 135', 4200000.00, '2021-04-29 00:00:00', 'fauzan', NULL, NULL, NULL, NULL),
(10803, 'YAMJUP005', 1, '2008', '39', 'JUPITER MX 135 CW', 4900000.00, '2021-04-29 00:00:00', 'fauzan', NULL, NULL, NULL, NULL),
(10804, 'YAMMIO002', 1, '2008', '39', 'MIO CW', 3900000.00, '2021-04-29 00:00:00', 'fauzan', NULL, NULL, NULL, NULL),
(10805, 'YAMMIO004', 1, '2008', '39', 'MIO SOUL', 4100000.00, '2021-04-29 00:00:00', 'fauzan', NULL, NULL, NULL, NULL),
(10806, 'YAMSCO003', 1, '2008', '39', 'SCORPIO Z CW', 7000000.00, '2021-04-29 00:00:00', 'fauzan', NULL, NULL, NULL, NULL),
(10807, 'YAMVEG002', 1, '2008', '39', 'VEGA R', 3500000.00, '2021-04-29 00:00:00', 'fauzan', NULL, NULL, NULL, NULL),
(10808, 'YAMVIX001', 1, '2008', '39', 'VIXION CW', 7900000.00, '2021-04-29 00:00:00', 'fauzan', NULL, NULL, NULL, NULL),
(10809, 'BAJPUL001', 1, '2007', '40', 'BAJAJ PULSAR 180 DTS-I CW', 3000000.00, '2021-04-29 00:00:00', 'fauzan', NULL, NULL, NULL, NULL),
(10810, 'HONAST018', 1, '2007', '3', 'SUPRA X 125', 3300000.00, '2021-04-29 00:00:00', 'fauzan', NULL, NULL, NULL, NULL),
(10811, 'HONAST022', 1, '2007', '3', 'SUPRA X 125 D SW', 3200000.00, '2021-04-29 00:00:00', 'fauzan', NULL, NULL, NULL, NULL),
(10812, 'HONAST019', 1, '2007', '3', 'SUPRA FIT (NF 100 SL)', 3000000.00, '2021-04-29 00:00:00', 'fauzan', NULL, NULL, NULL, NULL),
(10813, 'HONAST020', 1, '2007', '3', 'SUPRA FIT DISK BRAKE(NF 100 SLD)', 3000000.00, '2021-04-29 00:00:00', 'fauzan', NULL, NULL, NULL, NULL),
(10814, 'HONAST029', 1, '2007', '3', 'SUPRA FIT X (NF 100 SE)', 2500000.00, '2021-04-29 00:00:00', 'fauzan', NULL, NULL, NULL, NULL),
(10815, 'HONBEA003', 1, '2007', '3', 'BEAT SW', 3700000.00, '2021-04-29 00:00:00', 'fauzan', NULL, NULL, NULL, NULL),
(10816, 'HONBEA001', 1, '2007', '3', 'BEAT CW', 4100000.00, '2021-04-29 00:00:00', 'fauzan', NULL, NULL, NULL, NULL),
(10817, 'HONCBR002', 1, '2007', '3', 'CBR 150 R', 10200000.00, '2021-04-29 00:00:00', 'fauzan', NULL, NULL, NULL, NULL),
(10818, 'HONCSO001', 1, '2007', '3', 'CITY SPORT ONE (CS1)', 3200000.00, '2021-04-29 00:00:00', 'fauzan', NULL, NULL, NULL, NULL),
(10819, 'HONMEG004', 1, '2007', '3', 'MEGAPRO NEW CW', 6000000.00, '2021-04-29 00:00:00', 'fauzan', NULL, NULL, NULL, NULL),
(10820, 'HONNOV001', 1, '2007', '3', 'NOVA SONIC (FS125CM)', 7300000.00, '2021-04-29 00:00:00', 'fauzan', NULL, NULL, NULL, NULL),
(10821, 'HONREV002', 1, '2007', '3', 'REVO CW', 2900000.00, '2021-04-29 00:00:00', 'fauzan', NULL, NULL, NULL, NULL),
(10822, 'HONREV006', 1, '2007', '3', 'REVO SW', 2600000.00, '2021-04-29 00:00:00', 'fauzan', NULL, NULL, NULL, NULL),
(10823, 'HONTIG007', 1, '2007', '3', 'TIGER NEW CW (REVOLUTION  CRUISER) / GL 200 R', 7700000.00, '2021-04-29 00:00:00', 'fauzan', NULL, NULL, NULL, NULL),
(10824, 'HONVAR002', 1, '2007', '3', 'VARIO CW', 4400000.00, '2021-04-29 00:00:00', 'fauzan', NULL, NULL, NULL, NULL),
(10825, 'KAWBLI002', 1, '2007', '37', 'BLITZ R (112 CC)', 1800000.00, '2021-04-29 00:00:00', 'fauzan', NULL, NULL, NULL, NULL),
(10826, 'KAWKAZ003', 1, '2007', '37', 'KAZE R VR', 2900000.00, '2021-04-29 00:00:00', 'fauzan', NULL, NULL, NULL, NULL),
(10827, 'KAWKAZ004', 1, '2007', '37', 'KAZE ZX 130 R', 2600000.00, '2021-04-29 00:00:00', 'fauzan', NULL, NULL, NULL, NULL),
(10828, 'KAWKAZ005', 1, '2007', '37', 'KAZE ZX 130 VR', 2600000.00, '2021-04-29 00:00:00', 'fauzan', NULL, NULL, NULL, NULL),
(10829, 'KAWKAZ006', 1, '2007', '37', 'KAZE ZONE R', 2200000.00, '2021-04-29 00:00:00', 'fauzan', NULL, NULL, NULL, NULL),
(10830, 'KAWKAZ007', 1, '2007', '37', 'KAZE ZONE VR', 2300000.00, '2021-04-29 00:00:00', 'fauzan', NULL, NULL, NULL, NULL),
(10831, 'KAWNIN002', 1, '2007', '37', 'NINJA 150 VR', 8000000.00, '2021-04-29 00:00:00', 'fauzan', NULL, NULL, NULL, NULL),
(10832, 'SUZSAT005', 1, '2007', '5', 'NEW SATRIA FU', 4700000.00, '2021-04-29 00:00:00', 'fauzan', NULL, NULL, NULL, NULL),
(10833, 'SUZSHO009', 1, '2007', '5', 'NEW SHOGUN 125 RR', 2200000.00, '2021-04-29 00:00:00', 'fauzan', NULL, NULL, NULL, NULL),
(10834, 'SUZSKY003', 1, '2007', '5', 'SKYWAVE SR', 2800000.00, '2021-04-29 00:00:00', 'fauzan', NULL, NULL, NULL, NULL),
(10835, 'SUZSKY002', 1, '2007', '5', 'SKYWAVE NR', 2900000.00, '2021-04-29 00:00:00', 'fauzan', NULL, NULL, NULL, NULL),
(10836, 'SUZSKY004', 1, '2007', '5', 'SKYDRIVE', 3000000.00, '2021-04-29 00:00:00', 'fauzan', NULL, NULL, NULL, NULL),
(10837, 'SUZSMA006', 1, '2007', '5', 'NEW SMASH DB', 2300000.00, '2021-04-29 00:00:00', 'fauzan', NULL, NULL, NULL, NULL),
(10838, 'SUZSPIN001', 1, '2007', '5', 'SPIN 125 S', 2400000.00, '2021-04-29 00:00:00', 'fauzan', NULL, NULL, NULL, NULL),
(10839, 'SUZSPIN002', 1, '2007', '5', 'SPIN 125 CW', 2700000.00, '2021-04-29 00:00:00', 'fauzan', NULL, NULL, NULL, NULL),
(10840, 'SUZTHU003', 1, '2007', '5', 'NEW THUNDER 125', 2500000.00, '2021-04-29 00:00:00', 'fauzan', NULL, NULL, NULL, NULL),
(10841, 'YAMJUP003', 1, '2007', '39', 'JUPITER Z CW', 4100000.00, '2021-04-29 00:00:00', 'fauzan', NULL, NULL, NULL, NULL),
(10842, 'YAMJUP004', 1, '2007', '39', 'JUPITER MX 135', 3900000.00, '2021-04-29 00:00:00', 'fauzan', NULL, NULL, NULL, NULL),
(10843, 'YAMJUP005', 1, '2007', '39', 'JUPITER MX 135 CW', 4600000.00, '2021-04-29 00:00:00', 'fauzan', NULL, NULL, NULL, NULL),
(10844, 'YAMNOU002', 1, '2007', '39', 'NOUVO', 6700000.00, '2021-04-29 00:00:00', 'fauzan', NULL, NULL, NULL, NULL),
(10845, 'YAMMIO002', 1, '2007', '39', 'MIO CW', 3500000.00, '2021-04-29 00:00:00', 'fauzan', NULL, NULL, NULL, NULL),
(10846, 'YAMMIO004', 1, '2007', '39', 'MIO SOUL', 4000000.00, '2021-04-29 00:00:00', 'fauzan', NULL, NULL, NULL, NULL),
(10847, 'YAMSCO003', 1, '2007', '39', 'SCORPIO Z CW', 5900000.00, '2021-04-29 00:00:00', 'fauzan', NULL, NULL, NULL, NULL),
(10848, 'YAMVEG002', 1, '2007', '39', 'VEGA R', 3400000.00, '2021-04-29 00:00:00', 'fauzan', NULL, NULL, NULL, NULL),
(10849, 'YAMVIX001', 1, '2007', '39', 'VIXION CW', 7500000.00, '2021-04-29 00:00:00', 'fauzan', NULL, NULL, NULL, NULL),
(10850, 'HONAST018', 1, '2006', '3', 'SUPRA X 125', 3000000.00, '2021-04-29 00:00:00', 'fauzan', NULL, NULL, NULL, NULL),
(10851, 'HONAST022', 1, '2006', '3', 'SUPRA X 125 D SW', 2900000.00, '2021-04-29 00:00:00', 'fauzan', NULL, NULL, NULL, NULL),
(10852, 'HONAST019', 1, '2006', '3', 'SUPRA FIT (NF 100 SL)', 2800000.00, '2021-04-29 00:00:00', 'fauzan', NULL, NULL, NULL, NULL),
(10853, 'HONAST020', 1, '2006', '3', 'SUPRA FIT DISK BRAKE(NF 100 SLD)', 3000000.00, '2021-04-29 00:00:00', 'fauzan', NULL, NULL, NULL, NULL),
(10854, 'HONAST029', 1, '2006', '3', 'SUPRA FIT X (NF 100 SE)', 2400000.00, '2021-04-29 00:00:00', 'fauzan', NULL, NULL, NULL, NULL),
(10855, 'HONCBR002', 1, '2006', '3', 'CBR 150 R', 9700000.00, '2021-04-29 00:00:00', 'fauzan', NULL, NULL, NULL, NULL),
(10856, 'HONMEG004', 1, '2006', '3', 'MEGAPRO NEW CW', 5700000.00, '2021-04-29 00:00:00', 'fauzan', NULL, NULL, NULL, NULL),
(10857, 'HONNOV001', 1, '2006', '3', 'NOVA SONIC (FS125CM)', 7000000.00, '2021-04-29 00:00:00', 'fauzan', NULL, NULL, NULL, NULL),
(10858, 'HONTIG003', 1, '2006', '3', 'TIGER NEW', 6900000.00, '2021-04-29 00:00:00', 'fauzan', NULL, NULL, NULL, NULL),
(10859, 'HONVAR002', 1, '2006', '3', 'VARIO CW', 4000000.00, '2021-04-29 00:00:00', 'fauzan', NULL, NULL, NULL, NULL),
(10860, 'KAWBLI002', 1, '2006', '37', 'BLITZ R (112 CC)', 1700000.00, '2021-04-29 00:00:00', 'fauzan', NULL, NULL, NULL, NULL),
(10861, 'KAWKAZ003', 1, '2006', '37', 'KAZE R VR', 2600000.00, '2021-04-29 00:00:00', 'fauzan', NULL, NULL, NULL, NULL),
(10862, 'KAWKAZ004', 1, '2006', '37', 'KAZE ZX 130 R', 2300000.00, '2021-04-29 00:00:00', 'fauzan', NULL, NULL, NULL, NULL),
(10863, 'KAWKAZ005', 1, '2006', '37', 'KAZE ZX 130 VR', 2500000.00, '2021-04-29 00:00:00', 'fauzan', NULL, NULL, NULL, NULL),
(10864, 'KAWNIN002', 1, '2006', '37', 'NINJA 150 VR', 7600000.00, '2021-04-29 00:00:00', 'fauzan', NULL, NULL, NULL, NULL),
(10865, 'SUZSAT005', 1, '2006', '5', 'NEW SATRIA FU', 4600000.00, '2021-04-29 00:00:00', 'fauzan', NULL, NULL, NULL, NULL),
(10866, 'SUZSMA005', 1, '2006', '5', 'SMASH CW', 2200000.00, '2021-04-29 00:00:00', 'fauzan', NULL, NULL, NULL, NULL),
(10867, 'SUZSMA006', 1, '2006', '5', 'NEW SMASH DB', 2200000.00, '2021-04-29 00:00:00', 'fauzan', NULL, NULL, NULL, NULL),
(10868, 'SUZTHU003', 1, '2006', '5', 'NEW THUNDER 125', 2300000.00, '2021-04-29 00:00:00', 'fauzan', NULL, NULL, NULL, NULL),
(10869, 'YAMJUP002', 1, '2006', '39', 'JUPITER Z', 3600000.00, '2021-04-29 00:00:00', 'fauzan', NULL, NULL, NULL, NULL),
(10870, 'YAMJUP003', 1, '2006', '39', 'JUPITER Z CW', 3800000.00, '2021-04-29 00:00:00', 'fauzan', NULL, NULL, NULL, NULL),
(10871, 'YAMJUP004', 1, '2006', '39', 'JUPITER MX 135', 3700000.00, '2021-04-29 00:00:00', 'fauzan', NULL, NULL, NULL, NULL),
(10872, 'YAMJUP005', 1, '2006', '39', 'JUPITER MX 135 CW', 4300000.00, '2021-04-29 00:00:00', 'fauzan', NULL, NULL, NULL, NULL),
(10873, 'YAMNOU002', 1, '2006', '39', 'NOUVO', 6100000.00, '2021-04-29 00:00:00', 'fauzan', NULL, NULL, NULL, NULL),
(10874, 'YAMMIO002', 1, '2006', '39', 'MIO CW', 3400000.00, '2021-04-29 00:00:00', 'fauzan', NULL, NULL, NULL, NULL),
(10875, 'YAMSCO004', 1, '2006', '39', 'SCORPIO G', 5000000.00, '2021-04-29 00:00:00', 'fauzan', NULL, NULL, NULL, NULL),
(10876, 'YAMVEG002', 1, '2006', '39', 'VEGA R', 3200000.00, '2021-04-29 00:00:00', 'fauzan', NULL, NULL, NULL, NULL),
(10877, 'BAJPUL006', 1, '2005', '40', 'BAJAJ PULSAR 220 DTS-i F', 138900000.00, '2021-04-29 00:00:00', 'fauzan', NULL, NULL, NULL, NULL),
(10878, 'TRIBON003', 1, '2005', '45', 'TRIUMPH BONNEVILLE T120', 110200000.00, '2021-04-29 00:00:00', 'fauzan', NULL, NULL, NULL, NULL),
(10879, 'BMWMOT007', 1, '2005', '15', 'BMW R 1200 GS', 108700000.00, '2021-04-29 00:00:00', 'fauzan', NULL, NULL, NULL, NULL),
(10880, 'HONSUP015', 1, '2005', '3', 'SUPRA GTR 150 EXCLUSIVE', 129500000.00, '2021-04-29 00:00:00', 'fauzan', NULL, NULL, NULL, NULL),
(10881, 'HONCBR014', 1, '2005', '3', 'CBR 500 R', 180500000.00, '2021-04-29 00:00:00', 'fauzan', NULL, NULL, NULL, NULL),
(10882, 'HONNOV001', 1, '2005', '3', 'NOVA SONIC (FS125CM)', 50100000.00, '2021-04-29 00:00:00', 'fauzan', NULL, NULL, NULL, NULL),
(10883, 'HONSON001', 1, '2005', '3', 'NEW HONDA SONIC 150 R', 49400000.00, '2021-04-29 00:00:00', 'fauzan', NULL, NULL, NULL, NULL),
(10884, 'ROYBUL002', 1, '2005', '44', 'BULLET 500 EFI', 55900000.00, '2021-04-29 00:00:00', 'fauzan', NULL, NULL, NULL, NULL),
(10885, 'ROYCAF001', 1, '2005', '44', 'CAFE RACER CONTINENTAL  GT', 61100000.00, '2021-04-29 00:00:00', 'fauzan', NULL, NULL, NULL, NULL),
(10886, 'ROYCLA001', 1, '2005', '44', 'CLASSIC 500', 57000000.00, '2021-04-29 00:00:00', 'fauzan', NULL, NULL, NULL, NULL),
(10887, 'ROYCLA002', 1, '2005', '44', 'CLASSIC 350', 56800000.00, '2021-04-29 00:00:00', 'fauzan', NULL, NULL, NULL, NULL),
(10888, 'ROYCLA003', 1, '2005', '44', 'CLASSIC BATTLE GREEN', 60800000.00, '2021-04-29 00:00:00', 'fauzan', NULL, NULL, NULL, NULL),
(10889, 'ROYCLA004', 1, '2005', '44', 'CLASSIC CHROME', 46600000.00, '2021-04-29 00:00:00', 'fauzan', NULL, NULL, NULL, NULL),
(10890, 'ROYCLA005', 1, '2005', '44', 'CLASSIC DESERT STORM', 61700000.00, '2021-04-29 00:00:00', 'fauzan', NULL, NULL, NULL, NULL),
(10891, 'ROYCLA006', 1, '2005', '44', 'CLASSIC SQUADRON BLUE', 61000000.00, '2021-04-29 00:00:00', 'fauzan', NULL, NULL, NULL, NULL),
(10892, 'ROYRUM001', 1, '2005', '44', 'RUMBLER 500', 69600000.00, '2021-04-29 00:00:00', 'fauzan', NULL, NULL, NULL, NULL),
(10893, 'YAMSOU002', 1, '2005', '39', 'SOUL GT AKS SSS', 85100000.00, '2021-04-29 00:00:00', 'fauzan', NULL, NULL, NULL, NULL),
(10894, 'YAMMIO026', 1, '2005', '39', 'MIO S', 76400000.00, '2021-04-29 00:00:00', 'fauzan', NULL, NULL, NULL, NULL),
(10895, 'YAMMIO007', 1, '2005', '39', 'MIO FINO CLASSIC', 88200000.00, '2021-04-29 00:00:00', 'fauzan', NULL, NULL, NULL, NULL),
(10896, 'YAMMIO008', 1, '2005', '39', 'MIO FINO FASHION', 88200000.00, '2021-04-29 00:00:00', 'fauzan', NULL, NULL, NULL, NULL),
(10897, 'YAMVEG010', 1, '2005', '39', 'VEGA FORCE SW', 65900000.00, '2021-04-29 00:00:00', 'fauzan', NULL, NULL, NULL, NULL),
(10898, 'YAMVIX002', 1, '2005', '39', 'VIXION SE', 65900000.00, '2021-04-29 00:00:00', 'fauzan', NULL, NULL, NULL, NULL),
(10899, 'YAMVIX003', 1, '2005', '39', 'VIXION NEW LIGHTNING', 77400000.00, '2021-04-29 00:00:00', 'fauzan', NULL, NULL, NULL, NULL);

-- --------------------------------------------------------

--
-- Struktur dari tabel `tm_mv_cat`
--

CREATE TABLE `tm_mv_cat` (
  `id` int(11) NOT NULL,
  `name` varchar(255) CHARACTER SET utf8mb4 NOT NULL DEFAULT '',
  `price_min` double(18,2) DEFAULT 0.00,
  `price_max` double(18,2) DEFAULT 0.00,
  `description` varchar(150) DEFAULT NULL,
  `created_at` datetime DEFAULT NULL,
  `created_by` varchar(21) CHARACTER SET utf8mb4 NOT NULL DEFAULT '',
  `updated_at` datetime DEFAULT NULL,
  `updated_by` varchar(21) CHARACTER SET utf8mb4 DEFAULT NULL,
  `deleted_at` datetime DEFAULT NULL,
  `deleted_by` varchar(21) CHARACTER SET utf8mb4 DEFAULT NULL
) ENGINE=InnoDB DEFAULT CHARSET=latin1 ROW_FORMAT=DYNAMIC;

--
-- Dumping data untuk tabel `tm_mv_cat`
--

INSERT INTO `tm_mv_cat` (`id`, `name`, `price_min`, `price_max`, `description`, `created_at`, `created_by`, `updated_at`, `updated_by`, `deleted_at`, `deleted_by`) VALUES
(1, 'Kategori 1 (mobil)', 0.00, 125000000.00, '0 s/d 125.000.000', NULL, 'fauzan', NULL, NULL, NULL, NULL),
(2, 'Kategori 2 (mobil)', 125000000.00, 200000000.00, '>125.000.000 s/d 200.000.000', NULL, 'fauzan', NULL, NULL, NULL, NULL),
(3, 'Kategori 3 (mobil)', 200000000.00, 400000000.00, '>200.000.000 s/d 400.000.000', NULL, 'fauzan', NULL, NULL, NULL, NULL),
(4, 'Kategori 4 (mobil)', 400000000.00, 800000000.00, '>400.000.000 s/d 800.000.000', NULL, 'fauzan', NULL, NULL, NULL, NULL),
(5, 'Kategori 5 (mobil)', 800000000.00, 10000000000.00, '>800.000.000', NULL, 'fauzan', NULL, NULL, NULL, NULL),
(6, 'Truk & Pickup', 0.00, 0.00, NULL, NULL, 'fauzan', NULL, NULL, NULL, NULL),
(7, 'Bus', 0.00, 0.00, NULL, NULL, 'fauzan', NULL, NULL, NULL, NULL),
(8, 'Motor', 0.00, 0.00, NULL, NULL, 'fauzan', NULL, NULL, NULL, NULL);

-- --------------------------------------------------------

--
-- Struktur dari tabel `tm_mv_merk`
--

CREATE TABLE `tm_mv_merk` (
  `id` int(11) NOT NULL,
  `name` varchar(255) CHARACTER SET utf8mb4 NOT NULL DEFAULT '',
  `created_at` datetime DEFAULT NULL,
  `created_by` varchar(21) CHARACTER SET utf8mb4 NOT NULL DEFAULT '',
  `updated_at` datetime DEFAULT NULL,
  `updated_by` varchar(21) CHARACTER SET utf8mb4 DEFAULT NULL,
  `deleted_at` datetime DEFAULT NULL,
  `deleted_by` varchar(21) CHARACTER SET utf8mb4 DEFAULT NULL
) ENGINE=InnoDB DEFAULT CHARSET=latin1;

--
-- Dumping data untuk tabel `tm_mv_merk`
--

INSERT INTO `tm_mv_merk` (`id`, `name`, `created_at`, `created_by`, `updated_at`, `updated_by`, `deleted_at`, `deleted_by`) VALUES
(1, 'Toyota', NULL, 'Fauzan', NULL, 'Fauzan', NULL, NULL),
(2, 'Daihatsu', NULL, 'Fauzan', NULL, 'Fauzan', NULL, NULL),
(3, 'Honda', NULL, 'Fauzan', NULL, 'Fauzan', NULL, NULL),
(4, 'Mitsubishi Motors', NULL, 'Fauzan', NULL, 'Fauzan', NULL, NULL),
(5, 'Suzuki', NULL, 'Fauzan', NULL, 'Fauzan', NULL, NULL),
(6, 'Jeep', NULL, 'Fauzan', NULL, 'Fauzan', NULL, NULL),
(7, 'Hino', NULL, 'Fauzan', NULL, 'Fauzan', NULL, NULL),
(8, 'Isuzu', NULL, 'Fauzan', NULL, 'Fauzan', NULL, NULL),
(9, 'Wuling', NULL, 'Fauzan', NULL, 'Fauzan', NULL, NULL),
(10, 'Nissan', NULL, 'Fauzan', NULL, 'Fauzan', NULL, NULL),
(11, 'Datsun', NULL, 'Fauzan', NULL, 'Fauzan', NULL, NULL),
(12, 'Mazda', NULL, 'Fauzan', NULL, 'Fauzan', NULL, NULL),
(13, 'DFSK', NULL, 'Fauzan', NULL, 'Fauzan', NULL, NULL),
(14, 'Mercedes Benz CV', NULL, 'Fauzan', NULL, 'Fauzan', NULL, NULL),
(15, 'BMW', NULL, 'Fauzan', NULL, 'Fauzan', NULL, NULL),
(16, 'UD Trucks', NULL, 'Fauzan', NULL, 'Fauzan', NULL, NULL),
(17, 'Chevrolet', NULL, 'Fauzan', NULL, 'Fauzan', NULL, NULL),
(18, 'Hyundai', NULL, 'Fauzan', NULL, 'Fauzan', NULL, NULL),
(19, 'Lexus', NULL, 'Fauzan', NULL, 'Fauzan', NULL, NULL),
(20, 'Tata', NULL, 'Fauzan', NULL, 'Fauzan', NULL, NULL),
(21, 'Mini Cooper', NULL, 'Fauzan', NULL, 'Fauzan', NULL, NULL),
(22, 'Lamborghini', NULL, 'Fauzan', NULL, 'Fauzan', NULL, NULL),
(23, 'Ferrari', NULL, 'Fauzan', NULL, 'Fauzan', NULL, NULL),
(24, 'Mitsubishi Fuso', NULL, 'Fauzan', NULL, 'Fauzan', NULL, NULL),
(25, 'Peugeot', NULL, 'Fauzan', NULL, 'Fauzan', NULL, NULL),
(26, 'Ford', NULL, 'Fauzan', NULL, 'Fauzan', NULL, NULL),
(27, 'KIA', NULL, 'Fauzan', NULL, 'Fauzan', NULL, NULL),
(28, 'Jaguar', NULL, 'Fauzan', NULL, 'Fauzan', NULL, NULL),
(29, 'Land Rover', NULL, 'Fauzan', NULL, 'Fauzan', NULL, NULL),
(30, 'Porsche', NULL, 'Fauzan', NULL, 'Fauzan', NULL, NULL),
(31, 'Volkswagen', NULL, 'Fauzan', NULL, 'Fauzan', NULL, NULL),
(32, 'Volvo', NULL, 'Fauzan', NULL, 'Fauzan', NULL, NULL),
(33, 'Subaru', NULL, 'Fauzan', NULL, 'Fauzan', NULL, NULL),
(34, 'Tesla', NULL, 'Fauzan', NULL, 'Fauzan', NULL, NULL),
(35, 'Audi', NULL, 'Fauzan', NULL, 'Fauzan', NULL, NULL),
(36, 'Ducati', NULL, 'Fauzan', NULL, 'Fauzan', NULL, NULL),
(37, 'Kawasaki', NULL, 'Fauzan', NULL, 'Fauzan', NULL, NULL),
(38, 'Piaggio', NULL, 'Fauzan', NULL, 'Fauzan', NULL, NULL),
(39, 'Yamaha', NULL, 'Fauzan', NULL, 'Fauzan', NULL, NULL),
(40, 'Bajaj', NULL, 'Fauzan', NULL, 'Fauzan', NULL, NULL),
(41, 'Banelli', NULL, 'Fauzan', NULL, 'Fauzan', NULL, NULL),
(42, 'Kaisar', NULL, 'Fauzan', NULL, 'Fauzan', NULL, NULL),
(43, 'KTM', NULL, 'Fauzan', NULL, 'Fauzan', NULL, NULL),
(44, 'Royal Enfield', NULL, 'Fauzan', NULL, 'Fauzan', NULL, NULL),
(45, 'Triumph', NULL, 'Fauzan', NULL, 'Fauzan', NULL, NULL),
(46, 'TVS', NULL, 'Fauzan', NULL, 'Fauzan', NULL, NULL),
(47, 'VIAR', NULL, 'Fauzan', NULL, 'Fauzan', NULL, NULL),
(48, 'Morris Garage', NULL, 'Fauzan', NULL, 'Fauzan', NULL, NULL),
(49, 'Proton', NULL, 'Fauzan', NULL, 'Fauzan', NULL, NULL),
(50, 'Renault', NULL, 'Fauzan', NULL, 'Fauzan', NULL, NULL);

-- --------------------------------------------------------

--
-- Struktur dari tabel `tm_mv_old`
--

CREATE TABLE `tm_mv_old` (
  `id` int(11) NOT NULL,
  `mv_category_id` tinyint(4) NOT NULL DEFAULT 2 COMMENT '1: motor; 2:mobil',
  `year` varchar(4) NOT NULL,
  `merk_id` varchar(20) CHARACTER SET utf8mb4 NOT NULL DEFAULT '',
  `model` varchar(100) CHARACTER SET utf8mb4 NOT NULL DEFAULT '',
  `price` double(15,2) DEFAULT NULL,
  `created_at` datetime DEFAULT NULL,
  `created_by` varchar(21) CHARACTER SET utf8mb4 NOT NULL DEFAULT '',
  `updated_at` datetime DEFAULT NULL,
  `updated_by` varchar(21) CHARACTER SET utf8mb4 DEFAULT NULL,
  `deleted_at` datetime DEFAULT NULL,
  `deleted_by` varchar(21) CHARACTER SET utf8mb4 DEFAULT NULL
) ENGINE=InnoDB DEFAULT CHARSET=latin1;

--
-- Dumping data untuk tabel `tm_mv_old`
--

INSERT INTO `tm_mv_old` (`id`, `mv_category_id`, `year`, `merk_id`, `model`, `price`, `created_at`, `created_by`, `updated_at`, `updated_by`, `deleted_at`, `deleted_by`) VALUES
(1, 2, '2021', '1', 'Agya 1.0 G M/T', 10000000.00, '2021-04-29 00:00:00', 'fauzan', NULL, NULL, NULL, NULL),
(2, 2, '2021', '1', 'Agya 1.2 G A/T', 20000000.00, '2021-04-29 00:00:00', 'fauzan', NULL, NULL, NULL, NULL),
(3, 2, '2021', '1', 'Agya 1.2 G M/T', 30000000.00, '2021-04-29 00:00:00', 'fauzan', NULL, NULL, NULL, NULL),
(4, 2, '2021', '1', 'Agya 1.2 G TRD A/T', 40000000.00, '2021-04-29 00:00:00', 'fauzan', NULL, NULL, NULL, NULL),
(5, 2, '2021', '1', 'Agya 1.2 G TRD M/T', 50000000.00, '2021-04-29 00:00:00', 'fauzan', NULL, NULL, NULL, NULL),
(6, 2, '2021', '1', 'Alphard 2.5 G A/T', 60000000.00, '2021-04-29 00:00:00', 'fauzan', NULL, NULL, NULL, NULL),
(7, 2, '2021', '1', 'Alphard 2.5 X A/T', 70000000.00, '2021-04-29 00:00:00', 'fauzan', NULL, NULL, NULL, NULL),
(8, 2, '2021', '1', 'Alphard 3,5 Q CVT', 80000000.00, '2021-04-29 00:00:00', 'fauzan', NULL, NULL, NULL, NULL),
(9, 2, '2021', '1', 'Altis 1.8 G A/T', 90000000.00, '2021-04-29 00:00:00', 'fauzan', NULL, NULL, NULL, NULL),
(10, 2, '2021', '1', 'Altis 1.8 G M/T', 100000000.00, '2021-04-29 00:00:00', 'fauzan', NULL, NULL, NULL, NULL),
(11, 2, '2021', '1', 'Altis 1.8 V A/T', 110000000.00, '2021-04-29 00:00:00', 'fauzan', NULL, NULL, NULL, NULL),
(12, 2, '2021', '1', 'Altis Hybrid A/T', 120000000.00, '2021-04-29 00:00:00', 'fauzan', NULL, NULL, NULL, NULL),
(13, 2, '2021', '1', 'Avanza 1.3 E STD AT', 130000000.00, '2021-04-29 00:00:00', 'fauzan', NULL, NULL, NULL, NULL),
(14, 2, '2021', '1', 'Avanza 1.3 E STD MT', 140000000.00, '2021-04-29 00:00:00', 'fauzan', NULL, NULL, NULL, NULL),
(15, 2, '2021', '1', 'Avanza 1.3 G AT', 150000000.00, '2021-04-29 00:00:00', 'fauzan', NULL, NULL, NULL, NULL),
(16, 2, '2021', '1', 'Avanza 1.3 G MT', 160000000.00, '2021-04-29 00:00:00', 'fauzan', NULL, NULL, NULL, NULL),
(17, 2, '2021', '1', 'Avanza 1.3 VELOZ AT', 170000000.00, '2021-04-29 00:00:00', 'fauzan', NULL, NULL, NULL, NULL),
(18, 2, '2021', '1', 'Avanza 1.3 VELOZ MT', 180000000.00, '2021-04-29 00:00:00', 'fauzan', NULL, NULL, NULL, NULL),
(19, 2, '2021', '1', 'Avanza 1.3E AT', 190000000.00, '2021-04-29 00:00:00', 'fauzan', NULL, NULL, NULL, NULL),
(20, 2, '2021', '1', 'Avanza 1.3E MT', 200000000.00, '2021-04-29 00:00:00', 'fauzan', NULL, NULL, NULL, NULL),
(21, 2, '2021', '1', 'Avanza 1.5 G MT', 210000000.00, '2021-04-29 00:00:00', 'fauzan', NULL, NULL, NULL, NULL),
(22, 2, '2021', '1', 'Avanza 1.5 VELOZ AT', 220000000.00, '2021-04-29 00:00:00', 'fauzan', NULL, NULL, NULL, NULL),
(23, 2, '2021', '1', 'Avanza 1.5 VELOZ MT', 230000000.00, '2021-04-29 00:00:00', 'fauzan', NULL, NULL, NULL, NULL),
(24, 2, '2021', '1', 'C-HR 1.8 AT Dual Tone', 240000000.00, '2021-04-29 00:00:00', 'fauzan', NULL, NULL, NULL, NULL),
(25, 2, '2021', '1', 'C-HR 1.8 AT SINGLE TONE', 250000000.00, '2021-04-29 00:00:00', 'fauzan', NULL, NULL, NULL, NULL),
(26, 2, '2021', '1', 'C-HR 1.8 HV AT Dual Tone', 260000000.00, '2021-04-29 00:00:00', 'fauzan', NULL, NULL, NULL, NULL),
(27, 2, '2021', '1', 'C-HR 1.8 HV AT Single Tone', 270000000.00, '2021-04-29 00:00:00', 'fauzan', NULL, NULL, NULL, NULL),
(28, 2, '2021', '1', 'Calya 1.2 E M/T', 280000000.00, '2021-04-29 00:00:00', 'fauzan', NULL, NULL, NULL, NULL),
(29, 2, '2021', '1', 'Calya 1.2 E STD M/T', 290000000.00, '2021-04-29 00:00:00', 'fauzan', NULL, NULL, NULL, NULL),
(30, 2, '2021', '1', 'Calya 1.2 G A/T', 300000000.00, '2021-04-29 00:00:00', 'fauzan', NULL, NULL, NULL, NULL),
(31, 2, '2021', '1', 'Calya 1.2 G M/T', 310000000.00, '2021-04-29 00:00:00', 'fauzan', NULL, NULL, NULL, NULL),
(32, 2, '2021', '1', 'Camry 2.5 G A/T', 320000000.00, '2021-04-29 00:00:00', 'fauzan', NULL, NULL, NULL, NULL),
(33, 2, '2021', '1', 'Camry 2.5 V A/T', 330000000.00, '2021-04-29 00:00:00', 'fauzan', NULL, NULL, NULL, NULL),
(34, 2, '2021', '1', 'Camry 2.5L AT HYBRID', 340000000.00, '2021-04-29 00:00:00', 'fauzan', NULL, NULL, NULL, NULL),
(35, 2, '2021', '1', 'Corolla Altis 1.8 G A/T', 350000000.00, '2021-04-29 00:00:00', 'fauzan', NULL, NULL, NULL, NULL),
(36, 2, '2021', '1', 'Corolla Altis 1.8 G MT', 360000000.00, '2021-04-29 00:00:00', 'fauzan', NULL, NULL, NULL, NULL),
(37, 2, '2021', '1', 'Corolla Altis 1.8 V A/T', 370000000.00, '2021-04-29 00:00:00', 'fauzan', NULL, NULL, NULL, NULL),
(38, 2, '2021', '1', 'Etios 1.2 E Toms', 380000000.00, '2021-04-29 00:00:00', 'fauzan', NULL, NULL, NULL, NULL),
(39, 2, '2021', '1', 'Fortuner 2.4 G 4x2 A/T DSL', 390000000.00, '2021-04-29 00:00:00', 'fauzan', NULL, NULL, NULL, NULL),
(40, 2, '2021', '1', 'Fortuner 2.4 G 4x2 M/T DSL', 400000000.00, '2021-04-29 00:00:00', 'fauzan', NULL, NULL, NULL, NULL),
(41, 2, '2021', '1', 'Fortuner 2.4 VRZ 4x2 A/T DSL', 410000000.00, '2021-04-29 00:00:00', 'fauzan', NULL, NULL, NULL, NULL),
(42, 2, '2021', '1', 'Fortuner 2.4 VRZ 4x4 CVT DSL', 420000000.00, '2021-04-29 00:00:00', 'fauzan', NULL, NULL, NULL, NULL),
(43, 2, '2021', '1', 'Fortuner 2.7 4x2 SRZ CVT BSN', 430000000.00, '2021-04-29 00:00:00', 'fauzan', NULL, NULL, NULL, NULL),
(44, 2, '2021', '1', 'Fortuner 2.7 4x2 SRZ CVT BSN', 440000000.00, '2021-04-29 00:00:00', 'fauzan', NULL, NULL, NULL, NULL),
(45, 2, '2021', '1', 'Fortuner 4x2 2.4 G AT DSL', 450000000.00, '2021-04-29 00:00:00', 'fauzan', NULL, NULL, NULL, NULL),
(46, 2, '2021', '1', 'Fortuner 4x2 2.4 G MT DSL', 460000000.00, '2021-04-29 00:00:00', 'fauzan', NULL, NULL, NULL, NULL),
(47, 2, '2021', '1', 'Fortuner 4X2 2.4 VRZ A/T DSL TRD', 470000000.00, '2021-04-29 00:00:00', 'fauzan', NULL, NULL, NULL, NULL),
(48, 2, '2021', '1', 'Fortuner 4x2 2.4 VRZ AT DSL', 480000000.00, '2021-04-29 00:00:00', 'fauzan', NULL, NULL, NULL, NULL),
(49, 2, '2021', '1', 'Fortuner 4x2 2.7 SRZ A/T BSN TRD', 490000000.00, '2021-04-29 00:00:00', 'fauzan', NULL, NULL, NULL, NULL),
(50, 2, '2021', '1', 'Fortuner 4x2 2.7 SRZ AT BSN TRD', 500000000.00, '2021-04-29 00:00:00', 'fauzan', NULL, NULL, NULL, NULL),
(51, 2, '2021', '1', 'Fortuner 4x4 2.4 G AT DSL', 510000000.00, '2021-04-29 00:00:00', 'fauzan', NULL, NULL, NULL, NULL),
(52, 2, '2021', '1', 'Fortuner 4x4 2.4 VRZ AT DSL', 520000000.00, '2021-04-29 00:00:00', 'fauzan', NULL, NULL, NULL, NULL),
(53, 2, '2021', '1', 'Fortuner 4x4 2.4 VRZ AT DSL', 530000000.00, '2021-04-29 00:00:00', 'fauzan', NULL, NULL, NULL, NULL),
(54, 2, '2021', '1', 'FT 86 86 AT Black Interior', 540000000.00, '2021-04-29 00:00:00', 'fauzan', NULL, NULL, NULL, NULL),
(55, 2, '2021', '1', 'FT 86 86 AT TRD Black Interior', 550000000.00, '2021-04-29 00:00:00', 'fauzan', NULL, NULL, NULL, NULL),
(56, 2, '2021', '1', 'FT 86 86 AT TRD Black&Red Inter', 560000000.00, '2021-04-29 00:00:00', 'fauzan', NULL, NULL, NULL, NULL),
(57, 2, '2021', '1', 'FT 86 86 MT Black Interior', 570000000.00, '2021-04-29 00:00:00', 'fauzan', NULL, NULL, NULL, NULL),
(58, 2, '2021', '1', 'FT 86 A/T', 580000000.00, '2021-04-29 00:00:00', 'fauzan', NULL, NULL, NULL, NULL),
(59, 2, '2021', '1', 'FT 86 A/T TRD', 590000000.00, '2021-04-29 00:00:00', 'fauzan', NULL, NULL, NULL, NULL),
(60, 2, '2021', '1', 'FT 86 M/T', 600000000.00, '2021-04-29 00:00:00', 'fauzan', NULL, NULL, NULL, NULL),
(61, 2, '2021', '1', 'Grand New Avanza 1.3 E A/T', 610000000.00, '2021-04-29 00:00:00', 'fauzan', NULL, NULL, NULL, NULL),
(62, 2, '2021', '1', 'Grand New Avanza 1.3 E M/T STD', 620000000.00, '2021-04-29 00:00:00', 'fauzan', NULL, NULL, NULL, NULL),
(63, 2, '2021', '1', 'Innova 2.0 G AT', 630000000.00, '2021-04-29 00:00:00', 'fauzan', NULL, NULL, NULL, NULL),
(64, 2, '2021', '1', 'Innova 2.0 G M/T', 640000000.00, '2021-04-29 00:00:00', 'fauzan', NULL, NULL, NULL, NULL),
(65, 2, '2021', '1', 'Innova 2.0 Q AT Basic', 650000000.00, '2021-04-29 00:00:00', 'fauzan', NULL, NULL, NULL, NULL),
(66, 2, '2021', '1', 'Innova 2.0 Q AT VENTURER', 660000000.00, '2021-04-29 00:00:00', 'fauzan', NULL, NULL, NULL, NULL),
(67, 2, '2021', '1', 'Innova 2.0 Q MT Basic', 670000000.00, '2021-04-29 00:00:00', 'fauzan', NULL, NULL, NULL, NULL),
(68, 2, '2021', '1', 'Innova 2.0 Q MT VENTURER', 680000000.00, '2021-04-29 00:00:00', 'fauzan', NULL, NULL, NULL, NULL),
(69, 2, '2021', '1', 'Innova 2.0 V AT', 690000000.00, '2021-04-29 00:00:00', 'fauzan', NULL, NULL, NULL, NULL),
(70, 2, '2021', '1', 'Innova 2.0 V MT', 700000000.00, '2021-04-29 00:00:00', 'fauzan', NULL, NULL, NULL, NULL),
(71, 2, '2021', '1', 'Innova 2.4 G AT DIESEL', 710000000.00, '2021-04-29 00:00:00', 'fauzan', NULL, NULL, NULL, NULL),
(72, 2, '2021', '1', 'Innova 2.4 G MT DIESEL', 720000000.00, '2021-04-29 00:00:00', 'fauzan', NULL, NULL, NULL, NULL),
(73, 2, '2021', '1', 'Innova 2.4 Q AT DIESEL VENTURER', 730000000.00, '2021-04-29 00:00:00', 'fauzan', NULL, NULL, NULL, NULL),
(74, 2, '2021', '1', 'Innova 2.4 Q MT DIESEL VENTURER', 740000000.00, '2021-04-29 00:00:00', 'fauzan', NULL, NULL, NULL, NULL),
(75, 2, '2021', '1', 'Innova 2.4 V AT DIESEL', 750000000.00, '2021-04-29 00:00:00', 'fauzan', NULL, NULL, NULL, NULL),
(76, 2, '2021', '1', 'Innova 2.4 V MT DIESEL', 760000000.00, '2021-04-29 00:00:00', 'fauzan', NULL, NULL, NULL, NULL),
(77, 2, '2021', '1', 'Land Cruiser 200 Full Diesel A/T', 770000000.00, '2021-04-29 00:00:00', 'fauzan', NULL, NULL, NULL, NULL),
(78, 2, '2021', '1', 'Land Cruiser 200 STD Diesel A/T', 780000000.00, '2021-04-29 00:00:00', 'fauzan', NULL, NULL, NULL, NULL),
(79, 2, '2021', '1', 'Rush All New 1.5 AT TRD', 790000000.00, '2021-04-29 00:00:00', 'fauzan', NULL, NULL, NULL, NULL),
(80, 2, '2021', '1', 'Rush All New 1.5 AT TRD', 800000000.00, '2021-04-29 00:00:00', 'fauzan', NULL, NULL, NULL, NULL),
(81, 2, '2021', '1', 'Rush ALL NEW 1.5 G M/T', 810000000.00, '2021-04-29 00:00:00', 'fauzan', NULL, NULL, NULL, NULL),
(82, 2, '2021', '1', 'Rush All New 1.5 MT TRD', 820000000.00, '2021-04-29 00:00:00', 'fauzan', NULL, NULL, NULL, NULL),
(83, 2, '2021', '1', 'Sienta 1.5 E CVT (BLACK TRIM)', 830000000.00, '2021-04-29 00:00:00', 'fauzan', NULL, NULL, NULL, NULL),
(84, 2, '2021', '1', 'Sienta 1.5 E MT (BLACK TRIM)', 840000000.00, '2021-04-29 00:00:00', 'fauzan', NULL, NULL, NULL, NULL),
(85, 2, '2021', '1', 'Sienta 1.5 G CVT', 850000000.00, '2021-04-29 00:00:00', 'fauzan', NULL, NULL, NULL, NULL),
(86, 2, '2021', '1', 'Sienta 1.5 G CVT (BLACK TRIM)', 860000000.00, '2021-04-29 00:00:00', 'fauzan', NULL, NULL, NULL, NULL),
(87, 2, '2021', '1', 'Sienta 1.5 G M/T', 870000000.00, '2021-04-29 00:00:00', 'fauzan', NULL, NULL, NULL, NULL),
(88, 2, '2021', '1', 'Sienta 1.5 G MT (BLACK TRIM)', 880000000.00, '2021-04-29 00:00:00', 'fauzan', NULL, NULL, NULL, NULL),
(89, 2, '2021', '1', 'Sienta 1.5 Q CVT', 890000000.00, '2021-04-29 00:00:00', 'fauzan', NULL, NULL, NULL, NULL),
(90, 2, '2021', '1', 'Sienta 1.5 Q CVT (BlackTrim)', 900000000.00, '2021-04-29 00:00:00', 'fauzan', NULL, NULL, NULL, NULL),
(91, 2, '2021', '1', 'Sienta 1.5 V CVT', 910000000.00, '2021-04-29 00:00:00', 'fauzan', NULL, NULL, NULL, NULL),
(92, 2, '2021', '1', 'Sienta 1.5 V CVT (Black Trim)', 920000000.00, '2021-04-29 00:00:00', 'fauzan', NULL, NULL, NULL, NULL),
(93, 2, '2021', '1', 'Sienta 1.5 V M/T', 930000000.00, '2021-04-29 00:00:00', 'fauzan', NULL, NULL, NULL, NULL),
(94, 2, '2021', '1', 'Sienta 1.5 V M/T (Black Trim)', 940000000.00, '2021-04-29 00:00:00', 'fauzan', NULL, NULL, NULL, NULL),
(95, 2, '2021', '1', 'Sienta Q CVT (Fromage Trim)', 950000000.00, '2021-04-29 00:00:00', 'fauzan', NULL, NULL, NULL, NULL),
(96, 2, '2021', '1', 'Sienta V CVT (Fromage Trim)', 960000000.00, '2021-04-29 00:00:00', 'fauzan', NULL, NULL, NULL, NULL),
(97, 2, '2021', '1', 'Vellfire 2.5 G A/T', 970000000.00, '2021-04-29 00:00:00', 'fauzan', NULL, NULL, NULL, NULL),
(98, 2, '2021', '1', 'Vellfire 2.5 G A/T Limited', 980000000.00, '2021-04-29 00:00:00', 'fauzan', NULL, NULL, NULL, NULL),
(99, 2, '2021', '1', 'Vios 1.5 E CVT', 990000000.00, '2021-04-29 00:00:00', 'fauzan', NULL, NULL, NULL, NULL),
(100, 2, '2021', '1', 'Vios 1.5 E M/T', 1000000000.00, '2021-04-29 00:00:00', 'fauzan', NULL, NULL, NULL, NULL),
(101, 2, '2021', '1', 'Vios 1.5 G A/T', 1010000000.00, '2021-04-29 00:00:00', 'fauzan', NULL, NULL, NULL, NULL),
(102, 2, '2021', '1', 'Vios 1.5 G CVT', 1020000000.00, '2021-04-29 00:00:00', 'fauzan', NULL, NULL, NULL, NULL),
(103, 2, '2021', '1', 'Vios 1.5 G M/T', 1030000000.00, '2021-04-29 00:00:00', 'fauzan', NULL, NULL, NULL, NULL),
(104, 2, '2021', '1', 'Voxy 2.0 A/T', 1040000000.00, '2021-04-29 00:00:00', 'fauzan', NULL, NULL, NULL, NULL),
(105, 2, '2021', '1', 'Yaris 1.5 E M/T', 1050000000.00, '2021-04-29 00:00:00', 'fauzan', NULL, NULL, NULL, NULL),
(106, 2, '2021', '1', 'Yaris 1.5 S A/T TRD', 1060000000.00, '2021-04-29 00:00:00', 'fauzan', NULL, NULL, NULL, NULL),
(107, 2, '2021', '1', 'Yaris 1.5 S M/T TRD', 1070000000.00, '2021-04-29 00:00:00', 'fauzan', NULL, NULL, NULL, NULL),
(108, 2, '2021', '1', 'Yaris E CVT', 1080000000.00, '2021-04-29 00:00:00', 'fauzan', NULL, NULL, NULL, NULL),
(109, 2, '2021', '1', 'Yaris E M/T', 1090000000.00, '2021-04-29 00:00:00', 'fauzan', NULL, NULL, NULL, NULL),
(110, 2, '2021', '1', 'Yaris G CVT', 1100000000.00, '2021-04-29 00:00:00', 'fauzan', NULL, NULL, NULL, NULL),
(111, 2, '2021', '1', 'Yaris G M/T', 1110000000.00, '2021-04-29 00:00:00', 'fauzan', NULL, NULL, NULL, NULL),
(112, 2, '2021', '1', 'Yaris New TRD SPORTIVO CVT', 1120000000.00, '2021-04-29 00:00:00', 'fauzan', NULL, NULL, NULL, NULL),
(113, 2, '2021', '1', 'Yaris New TRD SPORTIVO M/T', 1130000000.00, '2021-04-29 00:00:00', 'fauzan', NULL, NULL, NULL, NULL),
(114, 2, '2021', '1', 'Yaris New Yaris E Grade CVT', 1140000000.00, '2021-04-29 00:00:00', 'fauzan', NULL, NULL, NULL, NULL),
(115, 2, '2021', '1', 'Yaris New Yaris G Grade CVT', 1150000000.00, '2021-04-29 00:00:00', 'fauzan', NULL, NULL, NULL, NULL),
(116, 2, '2021', '1', 'Yaris New Yaris G Grade M/T', 1160000000.00, '2021-04-29 00:00:00', 'fauzan', NULL, NULL, NULL, NULL),
(117, 2, '2021', '1', 'Yaris S TRD CVT', 1170000000.00, '2021-04-29 00:00:00', 'fauzan', NULL, NULL, NULL, NULL),
(118, 2, '2021', '1', 'Yaris S TRD MT', 1180000000.00, '2021-04-29 00:00:00', 'fauzan', NULL, NULL, NULL, NULL),
(119, 2, '2021', '2', 'Ayla 1.0D M/T', 1190000000.00, '2021-04-29 00:00:00', 'fauzan', NULL, NULL, NULL, NULL),
(120, 2, '2021', '2', 'Ayla 1.0D+ M/T', 1200000000.00, '2021-04-29 00:00:00', 'fauzan', NULL, NULL, NULL, NULL),
(121, 2, '2021', '2', 'Ayla 1.0M A/T', 1210000000.00, '2021-04-29 00:00:00', 'fauzan', NULL, NULL, NULL, NULL),
(122, 2, '2021', '2', 'Ayla 1.0M M/T', 1220000000.00, '2021-04-29 00:00:00', 'fauzan', NULL, NULL, NULL, NULL),
(123, 2, '2021', '2', 'Ayla 1.0X A/T', 1230000000.00, '2021-04-29 00:00:00', 'fauzan', NULL, NULL, NULL, NULL),
(124, 2, '2021', '2', 'Ayla 1.0X AT DLX', 1240000000.00, '2021-04-29 00:00:00', 'fauzan', NULL, NULL, NULL, NULL),
(125, 2, '2021', '2', 'Ayla 1.0X M/T', 1250000000.00, '2021-04-29 00:00:00', 'fauzan', NULL, NULL, NULL, NULL),
(126, 2, '2021', '2', 'Ayla 1.0X MT DLX', 1260000000.00, '2021-04-29 00:00:00', 'fauzan', NULL, NULL, NULL, NULL),
(127, 2, '2021', '2', 'Ayla 1.2R A/T', 1270000000.00, '2021-04-29 00:00:00', 'fauzan', NULL, NULL, NULL, NULL),
(128, 2, '2021', '2', 'Ayla 1.2R Deluxe M/T', 1280000000.00, '2021-04-29 00:00:00', 'fauzan', NULL, NULL, NULL, NULL),
(129, 2, '2021', '2', 'Ayla 1.2R M/T', 1290000000.00, '2021-04-29 00:00:00', 'fauzan', NULL, NULL, NULL, NULL),
(130, 2, '2021', '2', 'Ayla 1.2X AT', 1300000000.00, '2021-04-29 00:00:00', 'fauzan', NULL, NULL, NULL, NULL),
(131, 2, '2021', '2', 'Ayla 1.2X MT', 1310000000.00, '2021-04-29 00:00:00', 'fauzan', NULL, NULL, NULL, NULL),
(132, 2, '2021', '2', 'Gran Max Blind Van 1.3', 1320000000.00, '2021-04-29 00:00:00', 'fauzan', NULL, NULL, NULL, NULL),
(133, 2, '2021', '2', 'Gran Max Blind Van 1.3 AC', 1330000000.00, '2021-04-29 00:00:00', 'fauzan', NULL, NULL, NULL, NULL),
(134, 2, '2021', '2', 'Gran Max MB 1.3 D FF FH', 1340000000.00, '2021-04-29 00:00:00', 'fauzan', NULL, NULL, NULL, NULL),
(135, 2, '2021', '2', 'Gran Max MB 1.3 D FH', 1350000000.00, '2021-04-29 00:00:00', 'fauzan', NULL, NULL, NULL, NULL),
(136, 2, '2021', '2', 'Gran Max MB 1.5 D PS FH', 1360000000.00, '2021-04-29 00:00:00', 'fauzan', NULL, NULL, NULL, NULL),
(137, 2, '2021', '2', 'Gran Max Pick Up 1.3 STD/3W FH', 1370000000.00, '2021-04-29 00:00:00', 'fauzan', NULL, NULL, NULL, NULL),
(138, 2, '2021', '2', 'Gran Max PU 1.3 STD/3 WAY', 1380000000.00, '2021-04-29 00:00:00', 'fauzan', NULL, NULL, NULL, NULL),
(139, 2, '2021', '2', 'Gran Max PU 1.5 AC PS', 1390000000.00, '2021-04-29 00:00:00', 'fauzan', NULL, NULL, NULL, NULL),
(140, 2, '2021', '2', 'Gran Max PU 1.5 STD/3 WAY', 1400000000.00, '2021-04-29 00:00:00', 'fauzan', NULL, NULL, NULL, NULL),
(141, 2, '2021', '2', 'Gran Max PU BOX 1.3 Alumunium', 1410000000.00, '2021-04-29 00:00:00', 'fauzan', NULL, NULL, NULL, NULL),
(142, 2, '2021', '2', 'Gran Max PU BOX 1.3 Slinding', 1420000000.00, '2021-04-29 00:00:00', 'fauzan', NULL, NULL, NULL, NULL),
(143, 2, '2021', '2', 'Gran Max PU BOX 1.5 Alumunium', 1430000000.00, '2021-04-29 00:00:00', 'fauzan', NULL, NULL, NULL, NULL),
(144, 2, '2021', '2', 'Gran Max PU BOX 1.5 Sliding', 1440000000.00, '2021-04-29 00:00:00', 'fauzan', NULL, NULL, NULL, NULL),
(145, 2, '2021', '2', 'Gran Max PU PS AC 1.5 Alumunium', 1450000000.00, '2021-04-29 00:00:00', 'fauzan', NULL, NULL, NULL, NULL),
(146, 2, '2021', '2', 'Gran Max PU PS AC 1.5 Sliding', 1460000000.00, '2021-04-29 00:00:00', 'fauzan', NULL, NULL, NULL, NULL),
(147, 2, '2021', '2', 'Hi Max PU 1.0 STD', 1470000000.00, '2021-04-29 00:00:00', 'fauzan', NULL, NULL, NULL, NULL),
(148, 2, '2021', '2', 'Hi Max PU 1.0 STD AC PS', 1480000000.00, '2021-04-29 00:00:00', 'fauzan', NULL, NULL, NULL, NULL),
(149, 2, '2021', '2', 'Luxio 1.5 D M/T MC AMBULANCE C', 1490000000.00, '2021-04-29 00:00:00', 'fauzan', NULL, NULL, NULL, NULL),
(150, 2, '2021', '2', 'Luxio 1.5 X A/T MC', 1500000000.00, '2021-04-29 00:00:00', 'fauzan', NULL, NULL, NULL, NULL),
(151, 2, '2021', '2', 'Luxio 1.5D MT MC', 1510000000.00, '2021-04-29 00:00:00', 'fauzan', NULL, NULL, NULL, NULL),
(152, 2, '2021', '2', 'Sigra 1.2R M/T DLX', 1520000000.00, '2021-04-29 00:00:00', 'fauzan', NULL, NULL, NULL, NULL),
(153, 2, '2021', '2', 'Terios R A/T', 1530000000.00, '2021-04-29 00:00:00', 'fauzan', NULL, NULL, NULL, NULL),
(154, 2, '2021', '2', 'Terios R AT DLX', 1540000000.00, '2021-04-29 00:00:00', 'fauzan', NULL, NULL, NULL, NULL),
(155, 2, '2021', '2', 'Terios R M/T', 1550000000.00, '2021-04-29 00:00:00', 'fauzan', NULL, NULL, NULL, NULL),
(156, 2, '2021', '2', 'Terios R MT DLX', 1560000000.00, '2021-04-29 00:00:00', 'fauzan', NULL, NULL, NULL, NULL),
(157, 2, '2021', '2', 'Terios X AT DELUX', 1570000000.00, '2021-04-29 00:00:00', 'fauzan', NULL, NULL, NULL, NULL),
(158, 2, '2021', '2', 'Terios X M/T', 1580000000.00, '2021-04-29 00:00:00', 'fauzan', NULL, NULL, NULL, NULL),
(159, 2, '2021', '2', 'Terios X MT DELUX', 1590000000.00, '2021-04-29 00:00:00', 'fauzan', NULL, NULL, NULL, NULL),
(160, 2, '2021', '2', 'Xenia R AT 1.3 CUSTOM', 1600000000.00, '2021-04-29 00:00:00', 'fauzan', NULL, NULL, NULL, NULL),
(161, 2, '2021', '2', 'Xenia R AT 1.3 DLX', 1610000000.00, '2021-04-29 00:00:00', 'fauzan', NULL, NULL, NULL, NULL),
(162, 2, '2021', '2', 'Xenia R AT 1.3 SPORTY', 1620000000.00, '2021-04-29 00:00:00', 'fauzan', NULL, NULL, NULL, NULL),
(163, 2, '2021', '2', 'Xenia R AT 1.3 SPORTY', 1630000000.00, '2021-04-29 00:00:00', 'fauzan', NULL, NULL, NULL, NULL),
(164, 2, '2021', '2', 'Xenia R AT 1.3 STD', 1640000000.00, '2021-04-29 00:00:00', 'fauzan', NULL, NULL, NULL, NULL),
(165, 2, '2021', '2', 'Xenia R M/T 1.5 DEluxe', 1650000000.00, '2021-04-29 00:00:00', 'fauzan', NULL, NULL, NULL, NULL),
(166, 2, '2021', '2', 'Xenia R MT 1.3 CUSTOM', 1660000000.00, '2021-04-29 00:00:00', 'fauzan', NULL, NULL, NULL, NULL),
(167, 2, '2021', '2', 'Xenia R MT 1.3 SPORTY', 1670000000.00, '2021-04-29 00:00:00', 'fauzan', NULL, NULL, NULL, NULL),
(168, 2, '2021', '2', 'Xenia R MT 1.3 STD', 1680000000.00, '2021-04-29 00:00:00', 'fauzan', NULL, NULL, NULL, NULL),
(169, 2, '2021', '2', 'Xenia R MT 1.3 STD', 1690000000.00, '2021-04-29 00:00:00', 'fauzan', NULL, NULL, NULL, NULL),
(170, 2, '2021', '2', 'Xenia X MT 1.3 DLX', 1700000000.00, '2021-04-29 00:00:00', 'fauzan', NULL, NULL, NULL, NULL),
(171, 2, '2021', '3', 'Accord 1.5 TC EL CVT TURBO', 1710000000.00, '2021-04-29 00:00:00', 'fauzan', NULL, NULL, NULL, NULL),
(172, 2, '2021', '3', 'Accord 2.4L VTi-L ES A/T', 1720000000.00, '2021-04-29 00:00:00', 'fauzan', NULL, NULL, NULL, NULL),
(173, 2, '2021', '3', 'BR-V 1.5 E 6 M/T', 1730000000.00, '2021-04-29 00:00:00', 'fauzan', NULL, NULL, NULL, NULL),
(174, 2, '2021', '3', 'BR-V 1.5 E CVT', 1740000000.00, '2021-04-29 00:00:00', 'fauzan', NULL, NULL, NULL, NULL),
(175, 2, '2021', '3', 'BR-V 1.5 E MT', 1750000000.00, '2021-04-29 00:00:00', 'fauzan', NULL, NULL, NULL, NULL),
(176, 2, '2021', '3', 'BR-V 1.5 Prestige CVT', 1760000000.00, '2021-04-29 00:00:00', 'fauzan', NULL, NULL, NULL, NULL),
(177, 2, '2021', '3', 'BR-V 1.5 S M/T', 1770000000.00, '2021-04-29 00:00:00', 'fauzan', NULL, NULL, NULL, NULL),
(178, 2, '2021', '3', 'BR-V 1.5 S MT (Special Color)', 1780000000.00, '2021-04-29 00:00:00', 'fauzan', NULL, NULL, NULL, NULL),
(179, 2, '2021', '3', 'Brio RS CVT', 1790000000.00, '2021-04-29 00:00:00', 'fauzan', NULL, NULL, NULL, NULL),
(180, 2, '2021', '3', 'Brio RS CVT (two-tone)', 1800000000.00, '2021-04-29 00:00:00', 'fauzan', NULL, NULL, NULL, NULL),
(181, 2, '2021', '3', 'Brio RS M/T', 1810000000.00, '2021-04-29 00:00:00', 'fauzan', NULL, NULL, NULL, NULL),
(182, 2, '2021', '3', 'Brio RS M/T (two-tone)', 1820000000.00, '2021-04-29 00:00:00', 'fauzan', NULL, NULL, NULL, NULL),
(183, 2, '2021', '3', 'Brio Satya E 1.2 CVT', 1830000000.00, '2021-04-29 00:00:00', 'fauzan', NULL, NULL, NULL, NULL),
(184, 2, '2021', '3', 'Brio Satya E 1.2 MT', 1840000000.00, '2021-04-29 00:00:00', 'fauzan', NULL, NULL, NULL, NULL),
(185, 2, '2021', '3', 'Brio Satya S 1.2 MT', 1850000000.00, '2021-04-29 00:00:00', 'fauzan', NULL, NULL, NULL, NULL),
(186, 2, '2021', '3', 'City 1.5 E CVT', 1860000000.00, '2021-04-29 00:00:00', 'fauzan', NULL, NULL, NULL, NULL),
(187, 2, '2021', '3', 'City 1.5 E M/T', 1870000000.00, '2021-04-29 00:00:00', 'fauzan', NULL, NULL, NULL, NULL),
(188, 2, '2021', '3', 'Civic 1.5L ES TURBO CVT', 1880000000.00, '2021-04-29 00:00:00', 'fauzan', NULL, NULL, NULL, NULL),
(189, 2, '2021', '3', 'Civic 1.5L Turbo Prestige AT', 1890000000.00, '2021-04-29 00:00:00', 'fauzan', NULL, NULL, NULL, NULL),
(190, 2, '2021', '3', 'Civic Civic Hatchback E - CVT', 1900000000.00, '2021-04-29 00:00:00', 'fauzan', NULL, NULL, NULL, NULL),
(191, 2, '2021', '3', 'Civic Civic Hatchback S - CVT', 1910000000.00, '2021-04-29 00:00:00', 'fauzan', NULL, NULL, NULL, NULL),
(192, 2, '2021', '3', 'Civic Type R', 1920000000.00, '2021-04-29 00:00:00', 'fauzan', NULL, NULL, NULL, NULL),
(193, 2, '2021', '3', 'CR-V 1.5L Turbo', 1930000000.00, '2021-04-29 00:00:00', 'fauzan', NULL, NULL, NULL, NULL),
(194, 2, '2021', '3', 'CR-V 1.5L Turbo V-Tec Prestige', 1940000000.00, '2021-04-29 00:00:00', 'fauzan', NULL, NULL, NULL, NULL),
(195, 2, '2021', '3', 'CR-V 2.0I CVT', 1950000000.00, '2021-04-29 00:00:00', 'fauzan', NULL, NULL, NULL, NULL),
(196, 2, '2021', '4', 'ECLIPSE CROSS ', 1960000000.00, '2021-04-29 00:00:00', 'fauzan', NULL, NULL, NULL, NULL),
(197, 2, '2021', '4', 'L300 CC (4X2) MT ', 1970000000.00, '2021-04-29 00:00:00', 'fauzan', NULL, NULL, NULL, NULL),
(198, 2, '2021', '4', 'L300 PU FB-R(4X2) MT ', 1980000000.00, '2021-04-29 00:00:00', 'fauzan', NULL, NULL, NULL, NULL),
(199, 2, '2021', '4', 'L300 PU STD-R 4X2 MT ', 1990000000.00, '2021-04-29 00:00:00', 'fauzan', NULL, NULL, NULL, NULL),
(200, 2, '2021', '4', 'OUTLANDER PHEV ', 2000000000.00, '2021-04-29 00:00:00', 'fauzan', NULL, NULL, NULL, NULL),
(201, 2, '2021', '4', 'OUTLANDER SPORT GLS ', 2010000000.00, '2021-04-29 00:00:00', 'fauzan', NULL, NULL, NULL, NULL),
(202, 2, '2021', '4', 'OUTLANDER SPORT GLX ', 2020000000.00, '2021-04-29 00:00:00', 'fauzan', NULL, NULL, NULL, NULL),
(203, 2, '2021', '4', 'OUTLANDER SPORT PX ACTION ', 2030000000.00, '2021-04-29 00:00:00', 'fauzan', NULL, NULL, NULL, NULL),
(204, 2, '2021', '4', 'Pajero Rockford Limited Edition', 2040000000.00, '2021-04-29 00:00:00', 'fauzan', NULL, NULL, NULL, NULL),
(205, 2, '2021', '4', 'PAJERO SPORT DAKAR 4X2 AT ', 2050000000.00, '2021-04-29 00:00:00', 'fauzan', NULL, NULL, NULL, NULL),
(206, 2, '2021', '4', 'PAJERO SPORT DAKAR 4X4 AT ', 2060000000.00, '2021-04-29 00:00:00', 'fauzan', NULL, NULL, NULL, NULL),
(207, 2, '2021', '4', 'PAJERO SPORT DAKAR ULTIMATE ', 2070000000.00, '2021-04-29 00:00:00', 'fauzan', NULL, NULL, NULL, NULL),
(208, 2, '2021', '4', 'PAJERO SPORT EXCEED 4X2 AT ', 2080000000.00, '2021-04-29 00:00:00', 'fauzan', NULL, NULL, NULL, NULL),
(209, 2, '2021', '4', 'PAJERO SPORT EXCEED 4X2 MT ', 2090000000.00, '2021-04-29 00:00:00', 'fauzan', NULL, NULL, NULL, NULL),
(210, 2, '2021', '4', 'PAJERO SPORT GLX 4X4 MT ', 2100000000.00, '2021-04-29 00:00:00', 'fauzan', NULL, NULL, NULL, NULL),
(211, 2, '2021', '4', 'XPANDER CROSS A/T PREMIUM PACKAGE ', 2110000000.00, '2021-04-29 00:00:00', 'fauzan', NULL, NULL, NULL, NULL),
(212, 2, '2021', '4', 'XPANDER CROSS AT ', 2120000000.00, '2021-04-29 00:00:00', 'fauzan', NULL, NULL, NULL, NULL),
(213, 2, '2021', '4', 'XPANDER CROSS MT ', 2130000000.00, '2021-04-29 00:00:00', 'fauzan', NULL, NULL, NULL, NULL),
(214, 2, '2021', '4', 'XPANDER EXCEED AT ', 2140000000.00, '2021-04-29 00:00:00', 'fauzan', NULL, NULL, NULL, NULL),
(215, 2, '2021', '4', 'XPANDER EXCEED MT ', 2150000000.00, '2021-04-29 00:00:00', 'fauzan', NULL, NULL, NULL, NULL),
(216, 2, '2021', '4', 'XPANDER GLS AT ', 2160000000.00, '2021-04-29 00:00:00', 'fauzan', NULL, NULL, NULL, NULL),
(217, 2, '2021', '4', 'XPANDER GLS MT ', 2170000000.00, '2021-04-29 00:00:00', 'fauzan', NULL, NULL, NULL, NULL),
(218, 2, '2021', '4', 'XPANDER GLX MT ', 2180000000.00, '2021-04-29 00:00:00', 'fauzan', NULL, NULL, NULL, NULL),
(219, 2, '2021', '4', 'XPANDER SPORT AT ', 2190000000.00, '2021-04-29 00:00:00', 'fauzan', NULL, NULL, NULL, NULL),
(220, 2, '2021', '4', 'XPANDER SPORT MT ', 2200000000.00, '2021-04-29 00:00:00', 'fauzan', NULL, NULL, NULL, NULL),
(221, 2, '2021', '4', 'XPANDER ULTIMATE ', 2210000000.00, '2021-04-29 00:00:00', 'fauzan', NULL, NULL, NULL, NULL),
(222, 2, '2021', '5', 'ALL NEW ERTIGA GA - MT', 2220000000.00, '2021-04-29 00:00:00', 'fauzan', NULL, NULL, NULL, NULL),
(223, 2, '2021', '5', 'ALL NEW ERTIGA GL - AT', 2230000000.00, '2021-04-29 00:00:00', 'fauzan', NULL, NULL, NULL, NULL),
(224, 2, '2021', '5', 'ALL NEW ERTIGA GL - MT', 2240000000.00, '2021-04-29 00:00:00', 'fauzan', NULL, NULL, NULL, NULL),
(225, 2, '2021', '5', 'ALL NEW ERTIGA GX - AT', 2250000000.00, '2021-04-29 00:00:00', 'fauzan', NULL, NULL, NULL, NULL),
(226, 2, '2021', '5', 'ALL NEW ERTIGA GX - MT', 2260000000.00, '2021-04-29 00:00:00', 'fauzan', NULL, NULL, NULL, NULL),
(227, 2, '2021', '5', 'ALL NEW ERTIGA SUZUKI SPORT AT', 2270000000.00, '2021-04-29 00:00:00', 'fauzan', NULL, NULL, NULL, NULL),
(228, 2, '2021', '5', 'ALL NEW ERTIGA SUZUKI SPORT MT', 2280000000.00, '2021-04-29 00:00:00', 'fauzan', NULL, NULL, NULL, NULL),
(229, 2, '2021', '5', 'APV ARENA Blind Van', 2290000000.00, '2021-04-29 00:00:00', 'fauzan', NULL, NULL, NULL, NULL),
(230, 2, '2021', '5', 'APV ARENA GA', 2300000000.00, '2021-04-29 00:00:00', 'fauzan', NULL, NULL, NULL, NULL),
(231, 2, '2021', '5', 'APV ARENA GL', 2310000000.00, '2021-04-29 00:00:00', 'fauzan', NULL, NULL, NULL, NULL),
(232, 2, '2021', '5', 'APV ARENA GX', 2320000000.00, '2021-04-29 00:00:00', 'fauzan', NULL, NULL, NULL, NULL),
(233, 2, '2021', '5', 'APV ARENA SGX', 2330000000.00, '2021-04-29 00:00:00', 'fauzan', NULL, NULL, NULL, NULL),
(234, 2, '2021', '5', 'APV NEW LUXURY SGX LUX2 R15. MT', 2340000000.00, '2021-04-29 00:00:00', 'fauzan', NULL, NULL, NULL, NULL),
(235, 2, '2021', '5', 'APV NEW LUXURY SGX LUX2 R17. MT', 2350000000.00, '2021-04-29 00:00:00', 'fauzan', NULL, NULL, NULL, NULL),
(236, 2, '2021', '5', 'Jimny AT (Single Tone)', 2360000000.00, '2021-04-29 00:00:00', 'fauzan', NULL, NULL, NULL, NULL),
(237, 2, '2021', '5', 'Jimny MT (Single Tone)', 2370000000.00, '2021-04-29 00:00:00', 'fauzan', NULL, NULL, NULL, NULL),
(238, 2, '2021', '5', 'Jimny MT (Two Tone)', 2380000000.00, '2021-04-29 00:00:00', 'fauzan', NULL, NULL, NULL, NULL),
(239, 2, '2021', '5', 'KARIMUN WAGON R BLIND VAN', 2390000000.00, '2021-04-29 00:00:00', 'fauzan', NULL, NULL, NULL, NULL),
(240, 2, '2021', '5', 'KARIMUN WAGON R GA', 2400000000.00, '2021-04-29 00:00:00', 'fauzan', NULL, NULL, NULL, NULL),
(241, 2, '2021', '5', 'KARIMUN WAGON R GL AGS', 2410000000.00, '2021-04-29 00:00:00', 'fauzan', NULL, NULL, NULL, NULL),
(242, 2, '2021', '5', 'KARIMUN WAGON R GL M/T', 2420000000.00, '2021-04-29 00:00:00', 'fauzan', NULL, NULL, NULL, NULL),
(243, 2, '2021', '5', 'KARIMUN WAGON R GS AGS', 2430000000.00, '2021-04-29 00:00:00', 'fauzan', NULL, NULL, NULL, NULL),
(244, 2, '2021', '5', 'KARIMUN WAGON R GS M/T', 2440000000.00, '2021-04-29 00:00:00', 'fauzan', NULL, NULL, NULL, NULL),
(245, 2, '2021', '5', 'NEW BALENO A/T', 2450000000.00, '2021-04-29 00:00:00', 'fauzan', NULL, NULL, NULL, NULL),
(246, 2, '2021', '5', 'NEW BALENO M/T', 2460000000.00, '2021-04-29 00:00:00', 'fauzan', NULL, NULL, NULL, NULL),
(247, 2, '2021', '5', 'New Carry Luxury FD PS LUXURY', 2470000000.00, '2021-04-29 00:00:00', 'fauzan', NULL, NULL, NULL, NULL),
(248, 2, '2021', '5', 'New Carry Luxury WD PS LUXURY', 2480000000.00, '2021-04-29 00:00:00', 'fauzan', NULL, NULL, NULL, NULL),
(249, 2, '2021', '5', 'New Carry Pick-Up CH', 2490000000.00, '2021-04-29 00:00:00', 'fauzan', NULL, NULL, NULL, NULL),
(250, 2, '2021', '5', 'New Carry Pick-Up CH PS', 2500000000.00, '2021-04-29 00:00:00', 'fauzan', NULL, NULL, NULL, NULL),
(251, 2, '2021', '5', 'New Carry Pick-Up Flat-Deck', 2510000000.00, '2021-04-29 00:00:00', 'fauzan', NULL, NULL, NULL, NULL),
(252, 2, '2021', '5', 'New Carry Pick-Up Flat-Deck AC/PS', 2520000000.00, '2021-04-29 00:00:00', 'fauzan', NULL, NULL, NULL, NULL),
(253, 2, '2021', '5', 'New Carry Pick-Up Wide-Deck', 2530000000.00, '2021-04-29 00:00:00', 'fauzan', NULL, NULL, NULL, NULL),
(254, 2, '2021', '5', 'New Ignis GL AGS', 2540000000.00, '2021-04-29 00:00:00', 'fauzan', NULL, NULL, NULL, NULL),
(255, 2, '2021', '5', 'New Ignis GL MT', 2550000000.00, '2021-04-29 00:00:00', 'fauzan', NULL, NULL, NULL, NULL),
(256, 2, '2021', '5', 'New Ignis GX AGS', 2560000000.00, '2021-04-29 00:00:00', 'fauzan', NULL, NULL, NULL, NULL),
(257, 2, '2021', '5', 'New Ignis GX MT', 2570000000.00, '2021-04-29 00:00:00', 'fauzan', NULL, NULL, NULL, NULL),
(258, 2, '2021', '5', 'New SX4 S-CROSS AT', 2580000000.00, '2021-04-29 00:00:00', 'fauzan', NULL, NULL, NULL, NULL),
(259, 2, '2021', '5', 'New SX4 S-CROSS MT', 2590000000.00, '2021-04-29 00:00:00', 'fauzan', NULL, NULL, NULL, NULL),
(260, 2, '2021', '5', 'XL7 ALPHA A/T', 2600000000.00, '2021-04-29 00:00:00', 'fauzan', NULL, NULL, NULL, NULL),
(261, 2, '2021', '5', 'XL7 ALPHA M/T', 2610000000.00, '2021-04-29 00:00:00', 'fauzan', NULL, NULL, NULL, NULL),
(262, 2, '2021', '5', 'XL7 BETA A/T', 2620000000.00, '2021-04-29 00:00:00', 'fauzan', NULL, NULL, NULL, NULL),
(263, 2, '2021', '5', 'XL7 BETA M/T', 2630000000.00, '2021-04-29 00:00:00', 'fauzan', NULL, NULL, NULL, NULL),
(264, 2, '2021', '5', 'XL7 ZETA A/T', 2640000000.00, '2021-04-29 00:00:00', 'fauzan', NULL, NULL, NULL, NULL),
(265, 2, '2021', '5', 'XL7 ZETA M/T', 2650000000.00, '2021-04-29 00:00:00', 'fauzan', NULL, NULL, NULL, NULL),
(266, 2, '2021', '9', 'Almaz Smart Enjoy 6 MT', 2660000000.00, '2021-04-29 00:00:00', 'fauzan', NULL, NULL, NULL, NULL),
(267, 2, '2021', '9', 'Almaz Smart Enjoy CVT 7', 2670000000.00, '2021-04-29 00:00:00', 'fauzan', NULL, NULL, NULL, NULL),
(268, 2, '2021', '9', 'Almaz Smart Exclusive CVT', 2680000000.00, '2021-04-29 00:00:00', 'fauzan', NULL, NULL, NULL, NULL),
(269, 2, '2021', '10', 'Grand Livina All New Livina EL AT', 2690000000.00, '2021-04-29 00:00:00', 'fauzan', NULL, NULL, NULL, NULL),
(270, 2, '2021', '10', 'Grand Livina All New Livina EL AT (White Pearl)', 2700000000.00, '2021-04-29 00:00:00', 'fauzan', NULL, NULL, NULL, NULL),
(271, 2, '2021', '10', 'Grand Livina All New Livina EL MT', 2710000000.00, '2021-04-29 00:00:00', 'fauzan', NULL, NULL, NULL, NULL),
(272, 2, '2021', '10', 'Grand Livina All New Livina VE AT', 2720000000.00, '2021-04-29 00:00:00', 'fauzan', NULL, NULL, NULL, NULL),
(273, 2, '2021', '10', 'Grand Livina All New Livina VL AT', 2730000000.00, '2021-04-29 00:00:00', 'fauzan', NULL, NULL, NULL, NULL),
(274, 2, '2021', '10', 'Navara  2.5 VL AT', 2740000000.00, '2021-04-29 00:00:00', 'fauzan', NULL, NULL, NULL, NULL),
(275, 2, '2021', '10', 'Serena  2.0 Autech CVT MC', 2750000000.00, '2021-04-29 00:00:00', 'fauzan', NULL, NULL, NULL, NULL),
(276, 2, '2021', '10', 'Serena  2.0 HWS CVT MC', 2760000000.00, '2021-04-29 00:00:00', 'fauzan', NULL, NULL, NULL, NULL),
(277, 2, '2021', '10', 'Serena All New HWS CVT', 2770000000.00, '2021-04-29 00:00:00', 'fauzan', NULL, NULL, NULL, NULL),
(278, 2, '2021', '10', 'Terra  2.5 (4x2) VL AT', 2780000000.00, '2021-04-29 00:00:00', 'fauzan', NULL, NULL, NULL, NULL),
(279, 2, '2021', '10', 'X-Trail 2.0 CVT', 2790000000.00, '2021-04-29 00:00:00', 'fauzan', NULL, NULL, NULL, NULL),
(280, 2, '2021', '10', 'X-Trail 2.0 MT', 2800000000.00, '2021-04-29 00:00:00', 'fauzan', NULL, NULL, NULL, NULL),
(281, 2, '2021', '10', 'X-Trail 2.5 CVT', 2810000000.00, '2021-04-29 00:00:00', 'fauzan', NULL, NULL, NULL, NULL),
(282, 2, '2021', '10', 'X-Trail 2.5 VL CVT', 2820000000.00, '2021-04-29 00:00:00', 'fauzan', NULL, NULL, NULL, NULL),
(283, 2, '2021', '12', 'CX-30 GT A/T', 2830000000.00, '2021-04-29 00:00:00', 'fauzan', NULL, NULL, NULL, NULL),
(284, 2, '2021', '12', 'CX-30 Touring A/T', 2840000000.00, '2021-04-29 00:00:00', 'fauzan', NULL, NULL, NULL, NULL),
(285, 2, '2021', '12', 'CX-5 Elite A/T', 2850000000.00, '2021-04-29 00:00:00', 'fauzan', NULL, NULL, NULL, NULL),
(286, 2, '2021', '12', 'CX-5 GT SUV A/T', 2860000000.00, '2021-04-29 00:00:00', 'fauzan', NULL, NULL, NULL, NULL),
(287, 2, '2021', '12', 'CX-5 Touring SUV A/T', 2870000000.00, '2021-04-29 00:00:00', 'fauzan', NULL, NULL, NULL, NULL),
(288, 2, '2021', '12', 'CX-8 Elite SUV A/T', 2880000000.00, '2021-04-29 00:00:00', 'fauzan', NULL, NULL, NULL, NULL),
(289, 2, '2021', '12', 'CX-8 Touring A/T', 2890000000.00, '2021-04-29 00:00:00', 'fauzan', NULL, NULL, NULL, NULL),
(290, 2, '2021', '12', 'Mazda2 1.5 GT AT Wagon/Hatchback A/T', 2900000000.00, '2021-04-29 00:00:00', 'fauzan', NULL, NULL, NULL, NULL),
(291, 2, '2021', '12', 'Mazda2 1.5 R AT Hatchback/Wagon A/T', 2910000000.00, '2021-04-29 00:00:00', 'fauzan', NULL, NULL, NULL, NULL),
(292, 2, '2021', '12', 'Mazda6 Estate Hatchback/Wagon A/T', 2920000000.00, '2021-04-29 00:00:00', 'fauzan', NULL, NULL, NULL, NULL),
(293, 2, '2021', '12', 'Mazda6 Sedan A/T', 2930000000.00, '2021-04-29 00:00:00', 'fauzan', NULL, NULL, NULL, NULL),
(294, 2, '2021', '12', 'Model & Tipe Lainnya', 2940000000.00, '2021-04-29 00:00:00', 'fauzan', NULL, NULL, NULL, NULL),
(295, 2, '2021', '14', 'A 200 Hatchback A/T', 2950000000.00, '2021-04-29 00:00:00', 'fauzan', NULL, NULL, NULL, NULL),
(296, 2, '2021', '14', 'A 200 Sedan A/T', 2960000000.00, '2021-04-29 00:00:00', 'fauzan', NULL, NULL, NULL, NULL),
(297, 2, '2021', '14', 'AMG GT R Coupe Dual Clutch', 2970000000.00, '2021-04-29 00:00:00', 'fauzan', NULL, NULL, NULL, NULL),
(298, 2, '2021', '14', 'AMG GT S Coupe Dual Clutch', 2980000000.00, '2021-04-29 00:00:00', 'fauzan', NULL, NULL, NULL, NULL),
(299, 2, '2021', '14', 'B Class B 200 Progressive Line Wagon/Hatchba', 2990000000.00, '2021-04-29 00:00:00', 'fauzan', NULL, NULL, NULL, NULL),
(300, 2, '2021', '14', 'C200 AVANTGARDE A/T', 3000000000.00, '2021-04-29 00:00:00', 'fauzan', NULL, NULL, NULL, NULL),
(301, 2, '2021', '14', 'C300 Coupe AMG A/T', 3010000000.00, '2021-04-29 00:00:00', 'fauzan', NULL, NULL, NULL, NULL),
(302, 2, '2021', '14', 'CLA 200 AMG Line A/T', 3020000000.00, '2021-04-29 00:00:00', 'fauzan', NULL, NULL, NULL, NULL),
(303, 2, '2021', '14', 'CLS Sedan 350 AMG A/T', 3030000000.00, '2021-04-29 00:00:00', 'fauzan', NULL, NULL, NULL, NULL),
(304, 2, '2021', '14', 'E200 AVANTGARDE A/T', 3040000000.00, '2021-04-29 00:00:00', 'fauzan', NULL, NULL, NULL, NULL),
(305, 2, '2021', '14', 'E250 AVANTGARDE A/T', 3050000000.00, '2021-04-29 00:00:00', 'fauzan', NULL, NULL, NULL, NULL),
(306, 2, '2021', '14', 'E300 AVANTGARDE A/T', 3060000000.00, '2021-04-29 00:00:00', 'fauzan', NULL, NULL, NULL, NULL),
(307, 2, '2021', '14', 'GLA 200 AMG Line SUV A/T', 3070000000.00, '2021-04-29 00:00:00', 'fauzan', NULL, NULL, NULL, NULL),
(308, 2, '2021', '14', 'GLA Urban Line SUV A/T', 3080000000.00, '2021-04-29 00:00:00', 'fauzan', NULL, NULL, NULL, NULL),
(309, 2, '2021', '14', 'GLC 200 Exclusive  A/T', 3090000000.00, '2021-04-29 00:00:00', 'fauzan', NULL, NULL, NULL, NULL),
(310, 2, '2021', '14', 'GLC 300 Coupe A/T', 3100000000.00, '2021-04-29 00:00:00', 'fauzan', NULL, NULL, NULL, NULL),
(311, 2, '2021', '14', 'GLC 43  A/T', 3110000000.00, '2021-04-29 00:00:00', 'fauzan', NULL, NULL, NULL, NULL),
(312, 2, '2021', '14', 'GLE 250 D A/T', 3120000000.00, '2021-04-29 00:00:00', 'fauzan', NULL, NULL, NULL, NULL),
(313, 2, '2021', '14', 'GLE 400 Coupe AMG A/T', 3130000000.00, '2021-04-29 00:00:00', 'fauzan', NULL, NULL, NULL, NULL),
(314, 2, '2021', '14', 'GLE 400 Exclusive Line - 9G  A/T', 3140000000.00, '2021-04-29 00:00:00', 'fauzan', NULL, NULL, NULL, NULL),
(315, 2, '2021', '14', 'GLS 400 AMG Line A/T', 3150000000.00, '2021-04-29 00:00:00', 'fauzan', NULL, NULL, NULL, NULL),
(316, 2, '2021', '14', 'GLS-63 A/T', 3160000000.00, '2021-04-29 00:00:00', 'fauzan', NULL, NULL, NULL, NULL),
(317, 2, '2021', '14', 'Maybach S-560 A/T', 3170000000.00, '2021-04-29 00:00:00', 'fauzan', NULL, NULL, NULL, NULL),
(318, 2, '2021', '14', 'S 450 L A/T', 3180000000.00, '2021-04-29 00:00:00', 'fauzan', NULL, NULL, NULL, NULL),
(319, 2, '2021', '14', 'SL 350  A/T', 3190000000.00, '2021-04-29 00:00:00', 'fauzan', NULL, NULL, NULL, NULL),
(320, 2, '2021', '14', 'SL 400 AMG A/T', 3200000000.00, '2021-04-29 00:00:00', 'fauzan', NULL, NULL, NULL, NULL),
(321, 2, '2021', '14', 'SL 63 AMG A/T', 3210000000.00, '2021-04-29 00:00:00', 'fauzan', NULL, NULL, NULL, NULL),
(322, 2, '2021', '14', 'V-Class Vito V220 M/T', 3220000000.00, '2021-04-29 00:00:00', 'fauzan', NULL, NULL, NULL, NULL),
(323, 2, '2021', '15', '3 series 320d Sport A/T', 3230000000.00, '2021-04-29 00:00:00', 'fauzan', NULL, NULL, NULL, NULL),
(324, 2, '2021', '15', '3 series 320i Sport M Performance', 3240000000.00, '2021-04-29 00:00:00', 'fauzan', NULL, NULL, NULL, NULL),
(325, 2, '2021', '15', '3 series 330i M Performance', 3250000000.00, '2021-04-29 00:00:00', 'fauzan', NULL, NULL, NULL, NULL),
(326, 2, '2021', '15', '3 series 330i M SPORT', 3260000000.00, '2021-04-29 00:00:00', 'fauzan', NULL, NULL, NULL, NULL),
(327, 2, '2021', '15', '3 series 330i M SPORT SHADOW', 3270000000.00, '2021-04-29 00:00:00', 'fauzan', NULL, NULL, NULL, NULL),
(328, 2, '2021', '15', '3 series 340i Sport M Individual', 3280000000.00, '2021-04-29 00:00:00', 'fauzan', NULL, NULL, NULL, NULL),
(329, 2, '2021', '15', '4 Series 430i Convertible Sport', 3290000000.00, '2021-04-29 00:00:00', 'fauzan', NULL, NULL, NULL, NULL),
(330, 2, '2021', '15', '4 Series 440i Coupe M Sport', 3300000000.00, '2021-04-29 00:00:00', 'fauzan', NULL, NULL, NULL, NULL),
(331, 2, '2021', '15', '5 series 530i Luxury', 3310000000.00, '2021-04-29 00:00:00', 'fauzan', NULL, NULL, NULL, NULL),
(332, 2, '2021', '15', '5 series 530i M Sport', 3320000000.00, '2021-04-29 00:00:00', 'fauzan', NULL, NULL, NULL, NULL),
(333, 2, '2021', '15', '6 series 630i Gran Turismo Luxury', 3330000000.00, '2021-04-29 00:00:00', 'fauzan', NULL, NULL, NULL, NULL),
(334, 2, '2021', '15', '7 series 740Li (2018)', 3340000000.00, '2021-04-29 00:00:00', 'fauzan', NULL, NULL, NULL, NULL),
(335, 2, '2021', '15', '7 series 740Li Executive', 3350000000.00, '2021-04-29 00:00:00', 'fauzan', NULL, NULL, NULL, NULL),
(336, 2, '2021', '15', '7 series 740Li Pure Excellence', 3360000000.00, '2021-04-29 00:00:00', 'fauzan', NULL, NULL, NULL, NULL),
(337, 2, '2021', '15', 'I series i8', 3370000000.00, '2021-04-29 00:00:00', 'fauzan', NULL, NULL, NULL, NULL),
(338, 2, '2021', '15', 'M series M2 Coupe', 3380000000.00, '2021-04-29 00:00:00', 'fauzan', NULL, NULL, NULL, NULL),
(339, 2, '2021', '15', 'X1 sDrive 18i xLine*', 3390000000.00, '2021-04-29 00:00:00', 'fauzan', NULL, NULL, NULL, NULL),
(340, 2, '2021', '15', 'X1 X1 sDrive18i Dynamic', 3400000000.00, '2021-04-29 00:00:00', 'fauzan', NULL, NULL, NULL, NULL),
(341, 2, '2021', '15', 'X3 sDrive20i*', 3410000000.00, '2021-04-29 00:00:00', 'fauzan', NULL, NULL, NULL, NULL),
(342, 2, '2021', '15', 'X3 XDrive 2.0d X Line', 3420000000.00, '2021-04-29 00:00:00', 'fauzan', NULL, NULL, NULL, NULL),
(343, 2, '2021', '15', 'X3 XDrive 2.0i X Line', 3430000000.00, '2021-04-29 00:00:00', 'fauzan', NULL, NULL, NULL, NULL),
(344, 2, '2021', '15', 'X4 xDrive 28i M Sport', 3440000000.00, '2021-04-29 00:00:00', 'fauzan', NULL, NULL, NULL, NULL),
(345, 2, '2021', '15', 'X5 xDrive 25d', 3450000000.00, '2021-04-29 00:00:00', 'fauzan', NULL, NULL, NULL, NULL),
(346, 2, '2021', '15', 'X5 xDrive 35i M Sport', 3460000000.00, '2021-04-29 00:00:00', 'fauzan', NULL, NULL, NULL, NULL),
(347, 2, '2021', '15', 'X5 xDrive 35i xLine', 3470000000.00, '2021-04-29 00:00:00', 'fauzan', NULL, NULL, NULL, NULL),
(348, 2, '2021', '15', 'X6 xDrive 35i M Sport', 3480000000.00, '2021-04-29 00:00:00', 'fauzan', NULL, NULL, NULL, NULL),
(349, 2, '2021', '18', 'ALL NEW SANTA FE GLS GASOLINE', 3490000000.00, '2021-04-29 00:00:00', 'fauzan', NULL, NULL, NULL, NULL),
(350, 2, '2021', '18', 'ALL NEW SANTA FE XG CRDi', 3500000000.00, '2021-04-29 00:00:00', 'fauzan', NULL, NULL, NULL, NULL),
(351, 2, '2021', '18', 'ALL NEW SANTA FE XG GASOLINE', 3510000000.00, '2021-04-29 00:00:00', 'fauzan', NULL, NULL, NULL, NULL),
(352, 2, '2021', '18', 'GRAND SANTA FE CRDi', 3520000000.00, '2021-04-29 00:00:00', 'fauzan', NULL, NULL, NULL, NULL),
(353, 2, '2021', '18', 'H-100 CHASSIS AC', 3530000000.00, '2021-04-29 00:00:00', 'fauzan', NULL, NULL, NULL, NULL),
(354, 2, '2021', '18', 'H-100 VAN AMBULANCE', 3540000000.00, '2021-04-29 00:00:00', 'fauzan', NULL, NULL, NULL, NULL),
(355, 2, '2021', '18', 'H-100 VAN AMBULANCE HIGH ROOF', 3550000000.00, '2021-04-29 00:00:00', 'fauzan', NULL, NULL, NULL, NULL),
(356, 2, '2021', '18', 'H-100 VAN MINIBUS', 3560000000.00, '2021-04-29 00:00:00', 'fauzan', NULL, NULL, NULL, NULL),
(357, 2, '2021', '18', 'H-100 VAN MINIBUS HIGH ROOF', 3570000000.00, '2021-04-29 00:00:00', 'fauzan', NULL, NULL, NULL, NULL),
(358, 2, '2021', '18', 'NEW GRAND i-10 GLX', 3580000000.00, '2021-04-29 00:00:00', 'fauzan', NULL, NULL, NULL, NULL),
(359, 2, '2021', '18', 'NEW H-1 ELEGANCE CRDi', 3590000000.00, '2021-04-29 00:00:00', 'fauzan', NULL, NULL, NULL, NULL),
(360, 2, '2021', '18', 'NEW H-1 ROYALE LIMITED CRDi', 3600000000.00, '2021-04-29 00:00:00', 'fauzan', NULL, NULL, NULL, NULL),
(361, 2, '2021', '18', 'NEW H-1 XG CRDi', 3610000000.00, '2021-04-29 00:00:00', 'fauzan', NULL, NULL, NULL, NULL),
(362, 2, '2021', '18', 'NEW TUCSON CRDi GLS', 3620000000.00, '2021-04-29 00:00:00', 'fauzan', NULL, NULL, NULL, NULL),
(363, 2, '2021', '18', 'NEW TUCSON GASOLINE GLS', 3630000000.00, '2021-04-29 00:00:00', 'fauzan', NULL, NULL, NULL, NULL),
(364, 2, '2021', '18', 'STAREX MOVER CRDi', 3640000000.00, '2021-04-29 00:00:00', 'fauzan', NULL, NULL, NULL, NULL),
(365, 2, '2021', '19', 'LEXUS ES 250 ', 3650000000.00, '2021-04-29 00:00:00', 'fauzan', NULL, NULL, NULL, NULL),
(366, 2, '2021', '19', 'LEXUS ES 300H ULTRA LUXURY ', 3660000000.00, '2021-04-29 00:00:00', 'fauzan', NULL, NULL, NULL, NULL),
(367, 2, '2021', '19', 'LEXUS GS 200T ', 3670000000.00, '2021-04-29 00:00:00', 'fauzan', NULL, NULL, NULL, NULL),
(368, 2, '2021', '19', 'LEXUS GS F ', 3680000000.00, '2021-04-29 00:00:00', 'fauzan', NULL, NULL, NULL, NULL),
(369, 2, '2021', '19', 'LEXUS LC 500 ', 3690000000.00, '2021-04-29 00:00:00', 'fauzan', NULL, NULL, NULL, NULL),
(370, 2, '2021', '19', 'LEXUS LM 350 ', 3700000000.00, '2021-04-29 00:00:00', 'fauzan', NULL, NULL, NULL, NULL),
(371, 2, '2021', '19', 'LEXUS LS 500 ', 3710000000.00, '2021-04-29 00:00:00', 'fauzan', NULL, NULL, NULL, NULL),
(372, 2, '2021', '19', 'LEXUS LS 500 ', 3720000000.00, '2021-04-29 00:00:00', 'fauzan', NULL, NULL, NULL, NULL),
(373, 2, '2021', '19', 'LEXUS LX 570 ', 3730000000.00, '2021-04-29 00:00:00', 'fauzan', NULL, NULL, NULL, NULL),
(374, 2, '2021', '19', 'LEXUS LX 570 SPORT ', 3740000000.00, '2021-04-29 00:00:00', 'fauzan', NULL, NULL, NULL, NULL),
(375, 2, '2021', '19', 'LEXUS NX 300 ', 3750000000.00, '2021-04-29 00:00:00', 'fauzan', NULL, NULL, NULL, NULL),
(376, 2, '2021', '19', 'LEXUS NX 300 F-SPORT ', 3760000000.00, '2021-04-29 00:00:00', 'fauzan', NULL, NULL, NULL, NULL),
(377, 2, '2021', '19', 'LEXUS RX 300 F SPORT ', 3770000000.00, '2021-04-29 00:00:00', 'fauzan', NULL, NULL, NULL, NULL),
(378, 2, '2021', '19', 'LEXUS RX 300 LUXURY ', 3780000000.00, '2021-04-29 00:00:00', 'fauzan', NULL, NULL, NULL, NULL),
(379, 2, '2021', '19', 'LEXUS UX 200 F SPORT ', 3790000000.00, '2021-04-29 00:00:00', 'fauzan', NULL, NULL, NULL, NULL),
(380, 2, '2021', '19', 'LEXUS UX 200 LUXURY ', 3800000000.00, '2021-04-29 00:00:00', 'fauzan', NULL, NULL, NULL, NULL),
(381, 2, '2021', '27', 'Grand Sedona AT 3342 cc, 266 hp', 3810000000.00, '2021-04-29 00:00:00', 'fauzan', NULL, NULL, NULL, NULL),
(382, 2, '2021', '27', 'Grand Sedona Ultimate 3342 cc, 266 hp', 3820000000.00, '2021-04-29 00:00:00', 'fauzan', NULL, NULL, NULL, NULL),
(383, 2, '2021', '27', 'Rio AT Sunroof 1348 cc, 99 hp', 3830000000.00, '2021-04-29 00:00:00', 'fauzan', NULL, NULL, NULL, NULL),
(384, 2, '2021', '27', 'Rio MT Sunroof 1348 cc, 99 hp', 3840000000.00, '2021-04-29 00:00:00', 'fauzan', NULL, NULL, NULL, NULL),
(385, 2, '2021', '27', 'Seltos E 1353 cc, 138 hp', 3850000000.00, '2021-04-29 00:00:00', 'fauzan', NULL, NULL, NULL, NULL),
(386, 2, '2021', '27', 'Seltos EX 1354 cc, 138 hp', 3860000000.00, '2021-04-29 00:00:00', 'fauzan', NULL, NULL, NULL, NULL),
(387, 2, '2021', '27', 'Seltos EX Plus 1355 cc, 138 hp', 3870000000.00, '2021-04-29 00:00:00', 'fauzan', NULL, NULL, NULL, NULL),
(388, 2, '2021', '35', 'A4 2.0 TFSI Quattro', 3880000000.00, '2021-04-29 00:00:00', 'fauzan', NULL, NULL, NULL, NULL),
(389, 2, '2021', '35', 'A5 2.0 Couple TFSI Auattro', 3890000000.00, '2021-04-29 00:00:00', 'fauzan', NULL, NULL, NULL, NULL),
(390, 2, '2021', '35', 'A8 3.0 TFSI Quattro', 3900000000.00, '2021-04-29 00:00:00', 'fauzan', NULL, NULL, NULL, NULL),
(391, 2, '2021', '35', 'Q5 2.0 T FSI Quattro', 3910000000.00, '2021-04-29 00:00:00', 'fauzan', NULL, NULL, NULL, NULL),
(392, 2, '2021', '35', 'Q7 3.0 TFSI Quattro', 3920000000.00, '2021-04-29 00:00:00', 'fauzan', NULL, NULL, NULL, NULL),
(393, 2, '2020', '1', 'Agya 1.0 G M/T', 11000000.00, '2021-04-29 00:00:00', 'fauzan', NULL, NULL, NULL, NULL),
(394, 2, '2020', '1', 'Agya 1.2 G A/T', 22000000.00, '2021-04-29 00:00:00', 'fauzan', NULL, NULL, NULL, NULL),
(395, 2, '2020', '1', 'Agya 1.2 G M/T', 33000000.00, '2021-04-29 00:00:00', 'fauzan', NULL, NULL, NULL, NULL),
(396, 2, '2020', '1', 'Agya 1.2 G TRD A/T', 44000000.00, '2021-04-29 00:00:00', 'fauzan', NULL, NULL, NULL, NULL),
(397, 2, '2020', '1', 'Agya 1.2 G TRD M/T', 55000000.00, '2021-04-29 00:00:00', 'fauzan', NULL, NULL, NULL, NULL),
(398, 2, '2020', '1', 'Alphard 2.5 G A/T', 66000000.00, '2021-04-29 00:00:00', 'fauzan', NULL, NULL, NULL, NULL),
(399, 2, '2020', '1', 'Alphard 2.5 X A/T', 77000000.00, '2021-04-29 00:00:00', 'fauzan', NULL, NULL, NULL, NULL),
(400, 2, '2020', '1', 'Alphard 3,5 Q CVT', 88000000.00, '2021-04-29 00:00:00', 'fauzan', NULL, NULL, NULL, NULL),
(401, 2, '2020', '1', 'Altis 1.8 G A/T', 99000000.00, '2021-04-29 00:00:00', 'fauzan', NULL, NULL, NULL, NULL),
(402, 2, '2020', '1', 'Altis 1.8 G M/T', 110000000.00, '2021-04-29 00:00:00', 'fauzan', NULL, NULL, NULL, NULL),
(403, 2, '2020', '1', 'Altis 1.8 V A/T', 121000000.00, '2021-04-29 00:00:00', 'fauzan', NULL, NULL, NULL, NULL),
(404, 2, '2020', '1', 'Altis Hybrid A/T', 132000000.00, '2021-04-29 00:00:00', 'fauzan', NULL, NULL, NULL, NULL),
(405, 2, '2020', '1', 'Avanza 1.3 E STD AT', 143000000.00, '2021-04-29 00:00:00', 'fauzan', NULL, NULL, NULL, NULL),
(406, 2, '2020', '1', 'Avanza 1.3 E STD MT', 154000000.00, '2021-04-29 00:00:00', 'fauzan', NULL, NULL, NULL, NULL),
(407, 2, '2020', '1', 'Avanza 1.3 G AT', 165000000.00, '2021-04-29 00:00:00', 'fauzan', NULL, NULL, NULL, NULL),
(408, 2, '2020', '1', 'Avanza 1.3 G MT', 176000000.00, '2021-04-29 00:00:00', 'fauzan', NULL, NULL, NULL, NULL),
(409, 2, '2020', '1', 'Avanza 1.3 VELOZ AT', 187000000.00, '2021-04-29 00:00:00', 'fauzan', NULL, NULL, NULL, NULL),
(410, 2, '2020', '1', 'Avanza 1.3 VELOZ MT', 198000000.00, '2021-04-29 00:00:00', 'fauzan', NULL, NULL, NULL, NULL),
(411, 2, '2020', '1', 'Avanza 1.3E AT', 209000000.00, '2021-04-29 00:00:00', 'fauzan', NULL, NULL, NULL, NULL),
(412, 2, '2020', '1', 'Avanza 1.3E MT', 220000000.00, '2021-04-29 00:00:00', 'fauzan', NULL, NULL, NULL, NULL),
(413, 2, '2020', '1', 'Avanza 1.5 G MT', 231000000.00, '2021-04-29 00:00:00', 'fauzan', NULL, NULL, NULL, NULL),
(414, 2, '2020', '1', 'Avanza 1.5 VELOZ AT', 242000000.00, '2021-04-29 00:00:00', 'fauzan', NULL, NULL, NULL, NULL),
(415, 2, '2020', '1', 'Avanza 1.5 VELOZ MT', 253000000.00, '2021-04-29 00:00:00', 'fauzan', NULL, NULL, NULL, NULL),
(416, 2, '2020', '1', 'C-HR 1.8 AT Dual Tone', 264000000.00, '2021-04-29 00:00:00', 'fauzan', NULL, NULL, NULL, NULL),
(417, 2, '2020', '1', 'C-HR 1.8 AT SINGLE TONE', 275000000.00, '2021-04-29 00:00:00', 'fauzan', NULL, NULL, NULL, NULL),
(418, 2, '2020', '1', 'C-HR 1.8 HV AT Dual Tone', 286000000.00, '2021-04-29 00:00:00', 'fauzan', NULL, NULL, NULL, NULL),
(419, 2, '2020', '1', 'C-HR 1.8 HV AT Single Tone', 297000000.00, '2021-04-29 00:00:00', 'fauzan', NULL, NULL, NULL, NULL),
(420, 2, '2020', '1', 'Calya 1.2 E M/T', 308000000.00, '2021-04-29 00:00:00', 'fauzan', NULL, NULL, NULL, NULL),
(421, 2, '2020', '1', 'Calya 1.2 E STD M/T', 319000000.00, '2021-04-29 00:00:00', 'fauzan', NULL, NULL, NULL, NULL),
(422, 2, '2020', '1', 'Calya 1.2 G A/T', 330000000.00, '2021-04-29 00:00:00', 'fauzan', NULL, NULL, NULL, NULL),
(423, 2, '2020', '1', 'Calya 1.2 G M/T', 341000000.00, '2021-04-29 00:00:00', 'fauzan', NULL, NULL, NULL, NULL),
(424, 2, '2020', '1', 'Camry 2.5 G A/T', 352000000.00, '2021-04-29 00:00:00', 'fauzan', NULL, NULL, NULL, NULL),
(425, 2, '2020', '1', 'Camry 2.5 V A/T', 363000000.00, '2021-04-29 00:00:00', 'fauzan', NULL, NULL, NULL, NULL);
INSERT INTO `tm_mv_old` (`id`, `mv_category_id`, `year`, `merk_id`, `model`, `price`, `created_at`, `created_by`, `updated_at`, `updated_by`, `deleted_at`, `deleted_by`) VALUES
(426, 2, '2020', '1', 'Camry 2.5L AT HYBRID', 374000000.00, '2021-04-29 00:00:00', 'fauzan', NULL, NULL, NULL, NULL),
(427, 2, '2020', '1', 'Corolla Altis 1.8 G A/T', 385000000.00, '2021-04-29 00:00:00', 'fauzan', NULL, NULL, NULL, NULL),
(428, 2, '2020', '1', 'Corolla Altis 1.8 G MT', 396000000.00, '2021-04-29 00:00:00', 'fauzan', NULL, NULL, NULL, NULL),
(429, 2, '2020', '1', 'Corolla Altis 1.8 V A/T', 407000000.00, '2021-04-29 00:00:00', 'fauzan', NULL, NULL, NULL, NULL),
(430, 2, '2020', '1', 'Etios 1.2 E Tom`s', 418000000.00, '2021-04-29 00:00:00', 'fauzan', NULL, NULL, NULL, NULL),
(431, 2, '2020', '1', 'Fortuner 2.4 G 4x2 A/T DSL', 429000000.00, '2021-04-29 00:00:00', 'fauzan', NULL, NULL, NULL, NULL),
(432, 2, '2020', '1', 'Fortuner 2.4 G 4x2 M/T DSL', 440000000.00, '2021-04-29 00:00:00', 'fauzan', NULL, NULL, NULL, NULL),
(433, 2, '2020', '1', 'Fortuner 2.4 VRZ 4x2 A/T DSL', 451000000.00, '2021-04-29 00:00:00', 'fauzan', NULL, NULL, NULL, NULL),
(434, 2, '2020', '1', 'Fortuner 2.4 VRZ 4x4 CVT DSL', 462000000.00, '2021-04-29 00:00:00', 'fauzan', NULL, NULL, NULL, NULL),
(435, 2, '2020', '1', 'Fortuner 2.7 4x2 SRZ CVT BSN', 473000000.00, '2021-04-29 00:00:00', 'fauzan', NULL, NULL, NULL, NULL),
(436, 2, '2020', '1', 'Fortuner 2.7 4x2 SRZ CVT BSN', 484000000.00, '2021-04-29 00:00:00', 'fauzan', NULL, NULL, NULL, NULL),
(437, 2, '2020', '1', 'Fortuner 4x2 2.4 G AT DSL', 495000000.00, '2021-04-29 00:00:00', 'fauzan', NULL, NULL, NULL, NULL),
(438, 2, '2020', '1', 'Fortuner 4x2 2.4 G MT DSL', 506000000.00, '2021-04-29 00:00:00', 'fauzan', NULL, NULL, NULL, NULL),
(439, 2, '2020', '1', 'Fortuner 4X2 2.4 VRZ A/T DSL TRD', 517000000.00, '2021-04-29 00:00:00', 'fauzan', NULL, NULL, NULL, NULL),
(440, 2, '2020', '1', 'Fortuner 4x2 2.4 VRZ AT DSL', 528000000.00, '2021-04-29 00:00:00', 'fauzan', NULL, NULL, NULL, NULL),
(441, 2, '2020', '1', 'Fortuner 4x2 2.7 SRZ A/T BSN TRD', 539000000.00, '2021-04-29 00:00:00', 'fauzan', NULL, NULL, NULL, NULL),
(442, 2, '2020', '1', 'Fortuner 4x2 2.7 SRZ AT BSN TRD', 550000000.00, '2021-04-29 00:00:00', 'fauzan', NULL, NULL, NULL, NULL),
(443, 2, '2020', '1', 'Fortuner 4x4 2.4 G AT DSL', 561000000.00, '2021-04-29 00:00:00', 'fauzan', NULL, NULL, NULL, NULL),
(444, 2, '2020', '1', 'Fortuner 4x4 2.4 VRZ AT DSL', 572000000.00, '2021-04-29 00:00:00', 'fauzan', NULL, NULL, NULL, NULL),
(445, 2, '2020', '1', 'Fortuner 4x4 2.4 VRZ AT DSL', 583000000.00, '2021-04-29 00:00:00', 'fauzan', NULL, NULL, NULL, NULL),
(446, 2, '2020', '1', 'FT 86 86 AT Black Interior', 594000000.00, '2021-04-29 00:00:00', 'fauzan', NULL, NULL, NULL, NULL),
(447, 2, '2020', '1', 'FT 86 86 AT TRD Black Interior', 605000000.00, '2021-04-29 00:00:00', 'fauzan', NULL, NULL, NULL, NULL),
(448, 2, '2020', '1', 'FT 86 86 AT TRD Black&Red Inter', 616000000.00, '2021-04-29 00:00:00', 'fauzan', NULL, NULL, NULL, NULL),
(449, 2, '2020', '1', 'FT 86 86 MT Black Interior', 627000000.00, '2021-04-29 00:00:00', 'fauzan', NULL, NULL, NULL, NULL),
(450, 2, '2020', '1', 'FT 86 A/T', 638000000.00, '2021-04-29 00:00:00', 'fauzan', NULL, NULL, NULL, NULL),
(451, 2, '2020', '1', 'FT 86 A/T TRD', 649000000.00, '2021-04-29 00:00:00', 'fauzan', NULL, NULL, NULL, NULL),
(452, 2, '2020', '1', 'FT 86 M/T', 660000000.00, '2021-04-29 00:00:00', 'fauzan', NULL, NULL, NULL, NULL),
(453, 2, '2020', '1', 'Grand New Avanza 1.3 E A/T', 671000000.00, '2021-04-29 00:00:00', 'fauzan', NULL, NULL, NULL, NULL),
(454, 2, '2020', '1', 'Grand New Avanza 1.3 E M/T STD', 682000000.00, '2021-04-29 00:00:00', 'fauzan', NULL, NULL, NULL, NULL),
(455, 2, '2020', '1', 'Innova 2.0 G AT', 693000000.00, '2021-04-29 00:00:00', 'fauzan', NULL, NULL, NULL, NULL),
(456, 2, '2020', '1', 'Innova 2.0 G M/T', 704000000.00, '2021-04-29 00:00:00', 'fauzan', NULL, NULL, NULL, NULL),
(457, 2, '2020', '1', 'Innova 2.0 Q AT Basic', 715000000.00, '2021-04-29 00:00:00', 'fauzan', NULL, NULL, NULL, NULL),
(458, 2, '2020', '1', 'Innova 2.0 Q AT VENTURER', 726000000.00, '2021-04-29 00:00:00', 'fauzan', NULL, NULL, NULL, NULL),
(459, 2, '2020', '1', 'Innova 2.0 Q MT Basic', 737000000.00, '2021-04-29 00:00:00', 'fauzan', NULL, NULL, NULL, NULL),
(460, 2, '2020', '1', 'Innova 2.0 Q MT VENTURER', 748000000.00, '2021-04-29 00:00:00', 'fauzan', NULL, NULL, NULL, NULL),
(461, 2, '2020', '1', 'Innova 2.0 V AT', 759000000.00, '2021-04-29 00:00:00', 'fauzan', NULL, NULL, NULL, NULL),
(462, 2, '2020', '1', 'Innova 2.0 V MT', 770000000.00, '2021-04-29 00:00:00', 'fauzan', NULL, NULL, NULL, NULL),
(463, 2, '2020', '1', 'Innova 2.4 G AT DIESEL', 781000000.00, '2021-04-29 00:00:00', 'fauzan', NULL, NULL, NULL, NULL),
(464, 2, '2020', '1', 'Innova 2.4 G MT DIESEL', 792000000.00, '2021-04-29 00:00:00', 'fauzan', NULL, NULL, NULL, NULL),
(465, 2, '2020', '1', 'Innova 2.4 Q AT DIESEL VENTURER', 803000000.00, '2021-04-29 00:00:00', 'fauzan', NULL, NULL, NULL, NULL),
(466, 2, '2020', '1', 'Innova 2.4 Q MT DIESEL VENTURER', 814000000.00, '2021-04-29 00:00:00', 'fauzan', NULL, NULL, NULL, NULL),
(467, 2, '2020', '1', 'Innova 2.4 V AT DIESEL', 825000000.00, '2021-04-29 00:00:00', 'fauzan', NULL, NULL, NULL, NULL),
(468, 2, '2020', '1', 'Innova 2.4 V MT DIESEL', 836000000.00, '2021-04-29 00:00:00', 'fauzan', NULL, NULL, NULL, NULL),
(469, 2, '2020', '1', 'Land Cruiser 200 Full Diesel A/T', 847000000.00, '2021-04-29 00:00:00', 'fauzan', NULL, NULL, NULL, NULL),
(470, 2, '2020', '1', 'Land Cruiser 200 STD Diesel A/T', 858000000.00, '2021-04-29 00:00:00', 'fauzan', NULL, NULL, NULL, NULL),
(471, 2, '2020', '1', 'Rush All New 1.5 AT TRD', 869000000.00, '2021-04-29 00:00:00', 'fauzan', NULL, NULL, NULL, NULL),
(472, 2, '2020', '1', 'Rush All New 1.5 AT TRD', 880000000.00, '2021-04-29 00:00:00', 'fauzan', NULL, NULL, NULL, NULL),
(473, 2, '2020', '1', 'Rush ALL NEW 1.5 G M/T', 891000000.00, '2021-04-29 00:00:00', 'fauzan', NULL, NULL, NULL, NULL),
(474, 2, '2020', '1', 'Rush All New 1.5 MT TRD', 902000000.00, '2021-04-29 00:00:00', 'fauzan', NULL, NULL, NULL, NULL),
(475, 2, '2020', '1', 'Sienta 1.5 E CVT (BLACK TRIM)', 913000000.00, '2021-04-29 00:00:00', 'fauzan', NULL, NULL, NULL, NULL),
(476, 2, '2020', '1', 'Sienta 1.5 E MT (BLACK TRIM)', 924000000.00, '2021-04-29 00:00:00', 'fauzan', NULL, NULL, NULL, NULL),
(477, 2, '2020', '1', 'Sienta 1.5 G CVT', 935000000.00, '2021-04-29 00:00:00', 'fauzan', NULL, NULL, NULL, NULL),
(478, 2, '2020', '1', 'Sienta 1.5 G CVT (BLACK TRIM)', 946000000.00, '2021-04-29 00:00:00', 'fauzan', NULL, NULL, NULL, NULL),
(479, 2, '2020', '1', 'Sienta 1.5 G M/T', 957000000.00, '2021-04-29 00:00:00', 'fauzan', NULL, NULL, NULL, NULL),
(480, 2, '2020', '1', 'Sienta 1.5 G MT (BLACK TRIM)', 968000000.00, '2021-04-29 00:00:00', 'fauzan', NULL, NULL, NULL, NULL),
(481, 2, '2020', '1', 'Sienta 1.5 Q CVT', 979000000.00, '2021-04-29 00:00:00', 'fauzan', NULL, NULL, NULL, NULL),
(482, 2, '2020', '1', 'Sienta 1.5 Q CVT (BlackTrim)', 990000000.00, '2021-04-29 00:00:00', 'fauzan', NULL, NULL, NULL, NULL),
(483, 2, '2020', '1', 'Sienta 1.5 V CVT', 1001000000.00, '2021-04-29 00:00:00', 'fauzan', NULL, NULL, NULL, NULL),
(484, 2, '2020', '1', 'Sienta 1.5 V CVT (Black Trim)', 1012000000.00, '2021-04-29 00:00:00', 'fauzan', NULL, NULL, NULL, NULL),
(485, 2, '2020', '1', 'Sienta 1.5 V M/T', 1023000000.00, '2021-04-29 00:00:00', 'fauzan', NULL, NULL, NULL, NULL),
(486, 2, '2020', '1', 'Sienta 1.5 V M/T (Black Trim)', 1034000000.00, '2021-04-29 00:00:00', 'fauzan', NULL, NULL, NULL, NULL),
(487, 2, '2020', '1', 'Sienta Q CVT (Fromage Trim)', 1045000000.00, '2021-04-29 00:00:00', 'fauzan', NULL, NULL, NULL, NULL),
(488, 2, '2020', '1', 'Sienta V CVT (Fromage Trim)', 1056000000.00, '2021-04-29 00:00:00', 'fauzan', NULL, NULL, NULL, NULL),
(489, 2, '2020', '1', 'Vellfire 2.5 G A/T', 1067000000.00, '2021-04-29 00:00:00', 'fauzan', NULL, NULL, NULL, NULL),
(490, 2, '2020', '1', 'Vellfire 2.5 G A/T Limited', 1078000000.00, '2021-04-29 00:00:00', 'fauzan', NULL, NULL, NULL, NULL),
(491, 2, '2020', '1', 'Vios 1.5 E CVT', 1089000000.00, '2021-04-29 00:00:00', 'fauzan', NULL, NULL, NULL, NULL),
(492, 2, '2020', '1', 'Vios 1.5 E M/T', 1100000000.00, '2021-04-29 00:00:00', 'fauzan', NULL, NULL, NULL, NULL),
(493, 2, '2020', '1', 'Vios 1.5 G A/T', 1111000000.00, '2021-04-29 00:00:00', 'fauzan', NULL, NULL, NULL, NULL),
(494, 2, '2020', '1', 'Vios 1.5 G CVT', 1122000000.00, '2021-04-29 00:00:00', 'fauzan', NULL, NULL, NULL, NULL),
(495, 2, '2020', '1', 'Vios 1.5 G M/T', 1133000000.00, '2021-04-29 00:00:00', 'fauzan', NULL, NULL, NULL, NULL),
(496, 2, '2020', '1', 'Voxy 2.0 A/T', 1144000000.00, '2021-04-29 00:00:00', 'fauzan', NULL, NULL, NULL, NULL),
(497, 2, '2020', '1', 'Yaris 1.5 E M/T', 1155000000.00, '2021-04-29 00:00:00', 'fauzan', NULL, NULL, NULL, NULL),
(498, 2, '2020', '1', 'Yaris 1.5 S A/T TRD', 1166000000.00, '2021-04-29 00:00:00', 'fauzan', NULL, NULL, NULL, NULL),
(499, 2, '2020', '1', 'Yaris 1.5 S M/T TRD', 1177000000.00, '2021-04-29 00:00:00', 'fauzan', NULL, NULL, NULL, NULL),
(500, 2, '2020', '1', 'Yaris E CVT', 1188000000.00, '2021-04-29 00:00:00', 'fauzan', NULL, NULL, NULL, NULL),
(501, 2, '2020', '1', 'Yaris E M/T', 1199000000.00, '2021-04-29 00:00:00', 'fauzan', NULL, NULL, NULL, NULL),
(502, 2, '2020', '1', 'Yaris G CVT', 1210000000.00, '2021-04-29 00:00:00', 'fauzan', NULL, NULL, NULL, NULL),
(503, 2, '2020', '1', 'Yaris G M/T', 1221000000.00, '2021-04-29 00:00:00', 'fauzan', NULL, NULL, NULL, NULL),
(504, 2, '2020', '1', 'Yaris New TRD SPORTIVO CVT', 1232000000.00, '2021-04-29 00:00:00', 'fauzan', NULL, NULL, NULL, NULL),
(505, 2, '2020', '1', 'Yaris New TRD SPORTIVO M/T', 1243000000.00, '2021-04-29 00:00:00', 'fauzan', NULL, NULL, NULL, NULL),
(506, 2, '2020', '1', 'Yaris New Yaris E Grade CVT', 1254000000.00, '2021-04-29 00:00:00', 'fauzan', NULL, NULL, NULL, NULL),
(507, 2, '2020', '1', 'Yaris New Yaris G Grade CVT', 1265000000.00, '2021-04-29 00:00:00', 'fauzan', NULL, NULL, NULL, NULL),
(508, 2, '2020', '1', 'Yaris New Yaris G Grade M/T', 1276000000.00, '2021-04-29 00:00:00', 'fauzan', NULL, NULL, NULL, NULL),
(509, 2, '2020', '1', 'Yaris S TRD CVT', 1287000000.00, '2021-04-29 00:00:00', 'fauzan', NULL, NULL, NULL, NULL),
(510, 2, '2020', '1', 'Yaris S TRD MT', 1298000000.00, '2021-04-29 00:00:00', 'fauzan', NULL, NULL, NULL, NULL),
(511, 2, '2020', '2', 'Ayla 1.0D M/T', 1309000000.00, '2021-04-29 00:00:00', 'fauzan', NULL, NULL, NULL, NULL),
(512, 2, '2020', '2', 'Ayla 1.0D+ M/T', 1320000000.00, '2021-04-29 00:00:00', 'fauzan', NULL, NULL, NULL, NULL),
(513, 2, '2020', '2', 'Ayla 1.0M A/T', 1331000000.00, '2021-04-29 00:00:00', 'fauzan', NULL, NULL, NULL, NULL),
(514, 2, '2020', '2', 'Ayla 1.0M M/T', 1342000000.00, '2021-04-29 00:00:00', 'fauzan', NULL, NULL, NULL, NULL),
(515, 2, '2020', '2', 'Ayla 1.0X A/T', 1353000000.00, '2021-04-29 00:00:00', 'fauzan', NULL, NULL, NULL, NULL),
(516, 2, '2020', '2', 'Ayla 1.0X AT DLX', 1364000000.00, '2021-04-29 00:00:00', 'fauzan', NULL, NULL, NULL, NULL),
(517, 2, '2020', '2', 'Ayla 1.0X M/T', 1375000000.00, '2021-04-29 00:00:00', 'fauzan', NULL, NULL, NULL, NULL),
(518, 2, '2020', '2', 'Ayla 1.0X MT DLX', 1386000000.00, '2021-04-29 00:00:00', 'fauzan', NULL, NULL, NULL, NULL),
(519, 2, '2020', '2', 'Ayla 1.2R A/T', 1397000000.00, '2021-04-29 00:00:00', 'fauzan', NULL, NULL, NULL, NULL),
(520, 2, '2020', '2', 'Ayla 1.2R Deluxe M/T', 1408000000.00, '2021-04-29 00:00:00', 'fauzan', NULL, NULL, NULL, NULL),
(521, 2, '2020', '2', 'Ayla 1.2R M/T', 1419000000.00, '2021-04-29 00:00:00', 'fauzan', NULL, NULL, NULL, NULL),
(522, 2, '2020', '2', 'Ayla 1.2X AT', 1430000000.00, '2021-04-29 00:00:00', 'fauzan', NULL, NULL, NULL, NULL),
(523, 2, '2020', '2', 'Ayla 1.2X MT', 1441000000.00, '2021-04-29 00:00:00', 'fauzan', NULL, NULL, NULL, NULL),
(524, 2, '2020', '2', 'Gran Max Blind Van 1.3', 1452000000.00, '2021-04-29 00:00:00', 'fauzan', NULL, NULL, NULL, NULL),
(525, 2, '2020', '2', 'Gran Max Blind Van 1.3 AC', 1463000000.00, '2021-04-29 00:00:00', 'fauzan', NULL, NULL, NULL, NULL),
(526, 2, '2020', '2', 'Gran Max MB 1.3 D FF FH', 1474000000.00, '2021-04-29 00:00:00', 'fauzan', NULL, NULL, NULL, NULL),
(527, 2, '2020', '2', 'Gran Max MB 1.3 D FH', 1485000000.00, '2021-04-29 00:00:00', 'fauzan', NULL, NULL, NULL, NULL),
(528, 2, '2020', '2', 'Gran Max MB 1.5 D PS FH', 1496000000.00, '2021-04-29 00:00:00', 'fauzan', NULL, NULL, NULL, NULL),
(529, 2, '2020', '2', 'Gran Max Pick Up 1.3 STD/3W FH', 1507000000.00, '2021-04-29 00:00:00', 'fauzan', NULL, NULL, NULL, NULL),
(530, 2, '2020', '2', 'Gran Max PU 1.3 STD/3 WAY', 1518000000.00, '2021-04-29 00:00:00', 'fauzan', NULL, NULL, NULL, NULL),
(531, 2, '2020', '2', 'Gran Max PU 1.5 AC PS', 1529000000.00, '2021-04-29 00:00:00', 'fauzan', NULL, NULL, NULL, NULL),
(532, 2, '2020', '2', 'Gran Max PU 1.5 STD/3 WAY', 1540000000.00, '2021-04-29 00:00:00', 'fauzan', NULL, NULL, NULL, NULL),
(533, 2, '2020', '2', 'Gran Max PU BOX 1.3 Alumunium', 1551000000.00, '2021-04-29 00:00:00', 'fauzan', NULL, NULL, NULL, NULL),
(534, 2, '2020', '2', 'Gran Max PU BOX 1.3 Slinding', 1562000000.00, '2021-04-29 00:00:00', 'fauzan', NULL, NULL, NULL, NULL),
(535, 2, '2020', '2', 'Gran Max PU BOX 1.5 Alumunium', 1573000000.00, '2021-04-29 00:00:00', 'fauzan', NULL, NULL, NULL, NULL),
(536, 2, '2020', '2', 'Gran Max PU BOX 1.5 Sliding', 1584000000.00, '2021-04-29 00:00:00', 'fauzan', NULL, NULL, NULL, NULL),
(537, 2, '2020', '2', 'Gran Max PU PS AC 1.5 Alumunium', 1595000000.00, '2021-04-29 00:00:00', 'fauzan', NULL, NULL, NULL, NULL),
(538, 2, '2020', '2', 'Gran Max PU PS AC 1.5 Sliding', 1606000000.00, '2021-04-29 00:00:00', 'fauzan', NULL, NULL, NULL, NULL),
(539, 2, '2020', '2', 'Hi Max PU 1.0 STD', 1617000000.00, '2021-04-29 00:00:00', 'fauzan', NULL, NULL, NULL, NULL),
(540, 2, '2020', '2', 'Hi Max PU 1.0 STD AC PS', 1628000000.00, '2021-04-29 00:00:00', 'fauzan', NULL, NULL, NULL, NULL),
(541, 2, '2020', '2', 'Luxio 1.5 D M/T MC AMBULANCE C', 1639000000.00, '2021-04-29 00:00:00', 'fauzan', NULL, NULL, NULL, NULL),
(542, 2, '2020', '2', 'Luxio 1.5 X A/T MC', 1650000000.00, '2021-04-29 00:00:00', 'fauzan', NULL, NULL, NULL, NULL),
(543, 2, '2020', '2', 'Luxio 1.5D MT MC', 1661000000.00, '2021-04-29 00:00:00', 'fauzan', NULL, NULL, NULL, NULL),
(544, 2, '2020', '2', 'Sigra 1.2R M/T DLX', 1672000000.00, '2021-04-29 00:00:00', 'fauzan', NULL, NULL, NULL, NULL),
(545, 2, '2020', '2', 'Terios R A/T', 1683000000.00, '2021-04-29 00:00:00', 'fauzan', NULL, NULL, NULL, NULL),
(546, 2, '2020', '2', 'Terios R AT DLX', 1694000000.00, '2021-04-29 00:00:00', 'fauzan', NULL, NULL, NULL, NULL),
(547, 2, '2020', '2', 'Terios R M/T', 1705000000.00, '2021-04-29 00:00:00', 'fauzan', NULL, NULL, NULL, NULL),
(548, 2, '2020', '2', 'Terios R MT DLX', 1716000000.00, '2021-04-29 00:00:00', 'fauzan', NULL, NULL, NULL, NULL),
(549, 2, '2020', '2', 'Terios X AT DELUX', 1727000000.00, '2021-04-29 00:00:00', 'fauzan', NULL, NULL, NULL, NULL),
(550, 2, '2020', '2', 'Terios X M/T', 1738000000.00, '2021-04-29 00:00:00', 'fauzan', NULL, NULL, NULL, NULL),
(551, 2, '2020', '2', 'Terios X MT DELUX', 1749000000.00, '2021-04-29 00:00:00', 'fauzan', NULL, NULL, NULL, NULL),
(552, 2, '2020', '2', 'Xenia R AT 1.3 CUSTOM', 1760000000.00, '2021-04-29 00:00:00', 'fauzan', NULL, NULL, NULL, NULL),
(553, 2, '2020', '2', 'Xenia R AT 1.3 DLX', 1771000000.00, '2021-04-29 00:00:00', 'fauzan', NULL, NULL, NULL, NULL),
(554, 2, '2020', '2', 'Xenia R AT 1.3 SPORTY', 1782000000.00, '2021-04-29 00:00:00', 'fauzan', NULL, NULL, NULL, NULL),
(555, 2, '2020', '2', 'Xenia R AT 1.3 SPORTY', 1793000000.00, '2021-04-29 00:00:00', 'fauzan', NULL, NULL, NULL, NULL),
(556, 2, '2020', '2', 'Xenia R AT 1.3 STD', 1804000000.00, '2021-04-29 00:00:00', 'fauzan', NULL, NULL, NULL, NULL),
(557, 2, '2020', '2', 'Xenia R M/T 1.5 DEluxe', 1815000000.00, '2021-04-29 00:00:00', 'fauzan', NULL, NULL, NULL, NULL),
(558, 2, '2020', '2', 'Xenia R MT 1.3 CUSTOM', 1826000000.00, '2021-04-29 00:00:00', 'fauzan', NULL, NULL, NULL, NULL),
(559, 2, '2020', '2', 'Xenia R MT 1.3 SPORTY', 1837000000.00, '2021-04-29 00:00:00', 'fauzan', NULL, NULL, NULL, NULL),
(560, 2, '2020', '2', 'Xenia R MT 1.3 STD', 1848000000.00, '2021-04-29 00:00:00', 'fauzan', NULL, NULL, NULL, NULL),
(561, 2, '2020', '2', 'Xenia R MT 1.3 STD', 1859000000.00, '2021-04-29 00:00:00', 'fauzan', NULL, NULL, NULL, NULL),
(562, 2, '2020', '2', 'Xenia X MT 1.3 DLX', 1870000000.00, '2021-04-29 00:00:00', 'fauzan', NULL, NULL, NULL, NULL),
(563, 2, '2020', '3', 'Accord 1.5 TC EL CVT TURBO', 1881000000.00, '2021-04-29 00:00:00', 'fauzan', NULL, NULL, NULL, NULL),
(564, 2, '2020', '3', 'Accord 2.4L VTi-L ES A/T', 1892000000.00, '2021-04-29 00:00:00', 'fauzan', NULL, NULL, NULL, NULL),
(565, 2, '2020', '3', 'BR-V 1.5 E 6 M/T', 1903000000.00, '2021-04-29 00:00:00', 'fauzan', NULL, NULL, NULL, NULL),
(566, 2, '2020', '3', 'BR-V 1.5 E CVT', 1914000000.00, '2021-04-29 00:00:00', 'fauzan', NULL, NULL, NULL, NULL),
(567, 2, '2020', '3', 'BR-V 1.5 E MT', 1925000000.00, '2021-04-29 00:00:00', 'fauzan', NULL, NULL, NULL, NULL),
(568, 2, '2020', '3', 'BR-V 1.5 Prestige CVT', 1936000000.00, '2021-04-29 00:00:00', 'fauzan', NULL, NULL, NULL, NULL),
(569, 2, '2020', '3', 'BR-V 1.5 S M/T', 1947000000.00, '2021-04-29 00:00:00', 'fauzan', NULL, NULL, NULL, NULL),
(570, 2, '2020', '3', 'BR-V 1.5 S MT (Special Color)', 1958000000.00, '2021-04-29 00:00:00', 'fauzan', NULL, NULL, NULL, NULL),
(571, 2, '2020', '3', 'Brio RS CVT', 1969000000.00, '2021-04-29 00:00:00', 'fauzan', NULL, NULL, NULL, NULL),
(572, 2, '2020', '3', 'Brio RS CVT (two-tone)', 1980000000.00, '2021-04-29 00:00:00', 'fauzan', NULL, NULL, NULL, NULL),
(573, 2, '2020', '3', 'Brio RS M/T', 1991000000.00, '2021-04-29 00:00:00', 'fauzan', NULL, NULL, NULL, NULL),
(574, 2, '2020', '3', 'Brio RS M/T (two-tone)', 2002000000.00, '2021-04-29 00:00:00', 'fauzan', NULL, NULL, NULL, NULL),
(575, 2, '2020', '3', 'Brio Satya E 1.2 CVT', 2013000000.00, '2021-04-29 00:00:00', 'fauzan', NULL, NULL, NULL, NULL),
(576, 2, '2020', '3', 'Brio Satya E 1.2 MT', 2024000000.00, '2021-04-29 00:00:00', 'fauzan', NULL, NULL, NULL, NULL),
(577, 2, '2020', '3', 'Brio Satya S 1.2 MT', 2035000000.00, '2021-04-29 00:00:00', 'fauzan', NULL, NULL, NULL, NULL),
(578, 2, '2020', '3', 'City 1.5 E CVT', 2046000000.00, '2021-04-29 00:00:00', 'fauzan', NULL, NULL, NULL, NULL),
(579, 2, '2020', '3', 'City 1.5 E M/T', 2057000000.00, '2021-04-29 00:00:00', 'fauzan', NULL, NULL, NULL, NULL),
(580, 2, '2020', '3', 'Civic 1.5L ES TURBO CVT', 2068000000.00, '2021-04-29 00:00:00', 'fauzan', NULL, NULL, NULL, NULL),
(581, 2, '2020', '3', 'Civic 1.5L Turbo Prestige AT', 2079000000.00, '2021-04-29 00:00:00', 'fauzan', NULL, NULL, NULL, NULL),
(582, 2, '2020', '3', 'Civic Civic Hatchback E - CVT', 2090000000.00, '2021-04-29 00:00:00', 'fauzan', NULL, NULL, NULL, NULL),
(583, 2, '2020', '3', 'Civic Civic Hatchback S - CVT', 2101000000.00, '2021-04-29 00:00:00', 'fauzan', NULL, NULL, NULL, NULL),
(584, 2, '2020', '3', 'Civic Type R', 2112000000.00, '2021-04-29 00:00:00', 'fauzan', NULL, NULL, NULL, NULL),
(585, 2, '2020', '3', 'CR-V 1.5L Turbo', 2123000000.00, '2021-04-29 00:00:00', 'fauzan', NULL, NULL, NULL, NULL),
(586, 2, '2020', '3', 'CR-V 1.5L Turbo V-Tec Prestige', 2134000000.00, '2021-04-29 00:00:00', 'fauzan', NULL, NULL, NULL, NULL),
(587, 2, '2020', '3', 'CR-V 2.0I CVT', 2145000000.00, '2021-04-29 00:00:00', 'fauzan', NULL, NULL, NULL, NULL),
(588, 2, '2020', '4', 'ECLIPSE CROSS ', 2156000000.00, '2021-04-29 00:00:00', 'fauzan', NULL, NULL, NULL, NULL),
(589, 2, '2020', '4', 'L300 CC (4X2) MT ', 2167000000.00, '2021-04-29 00:00:00', 'fauzan', NULL, NULL, NULL, NULL),
(590, 2, '2020', '4', 'L300 PU FB-R(4X2) MT ', 2178000000.00, '2021-04-29 00:00:00', 'fauzan', NULL, NULL, NULL, NULL),
(591, 2, '2020', '4', 'L300 PU STD-R 4X2 MT ', 2189000000.00, '2021-04-29 00:00:00', 'fauzan', NULL, NULL, NULL, NULL),
(592, 2, '2020', '4', 'OUTLANDER PHEV ', 2200000000.00, '2021-04-29 00:00:00', 'fauzan', NULL, NULL, NULL, NULL),
(593, 2, '2020', '4', 'OUTLANDER SPORT GLS ', 2211000000.00, '2021-04-29 00:00:00', 'fauzan', NULL, NULL, NULL, NULL),
(594, 2, '2020', '4', 'OUTLANDER SPORT GLX ', 2222000000.00, '2021-04-29 00:00:00', 'fauzan', NULL, NULL, NULL, NULL),
(595, 2, '2020', '4', 'OUTLANDER SPORT PX ACTION ', 2233000000.00, '2021-04-29 00:00:00', 'fauzan', NULL, NULL, NULL, NULL),
(596, 2, '2020', '4', 'Pajero Rockford Limited Edition', 2244000000.00, '2021-04-29 00:00:00', 'fauzan', NULL, NULL, NULL, NULL),
(597, 2, '2020', '4', 'PAJERO SPORT DAKAR 4X2 AT ', 2255000000.00, '2021-04-29 00:00:00', 'fauzan', NULL, NULL, NULL, NULL),
(598, 2, '2020', '4', 'PAJERO SPORT DAKAR 4X4 AT ', 2266000000.00, '2021-04-29 00:00:00', 'fauzan', NULL, NULL, NULL, NULL),
(599, 2, '2020', '4', 'PAJERO SPORT DAKAR ULTIMATE ', 2277000000.00, '2021-04-29 00:00:00', 'fauzan', NULL, NULL, NULL, NULL),
(600, 2, '2020', '4', 'PAJERO SPORT EXCEED 4X2 AT ', 2288000000.00, '2021-04-29 00:00:00', 'fauzan', NULL, NULL, NULL, NULL),
(601, 2, '2020', '4', 'PAJERO SPORT EXCEED 4X2 MT ', 2299000000.00, '2021-04-29 00:00:00', 'fauzan', NULL, NULL, NULL, NULL),
(602, 2, '2020', '4', 'PAJERO SPORT GLX 4X4 MT ', 2310000000.00, '2021-04-29 00:00:00', 'fauzan', NULL, NULL, NULL, NULL),
(603, 2, '2020', '4', 'XPANDER CROSS A/T PREMIUM PACKAGE ', 2321000000.00, '2021-04-29 00:00:00', 'fauzan', NULL, NULL, NULL, NULL),
(604, 2, '2020', '4', 'XPANDER CROSS AT ', 2332000000.00, '2021-04-29 00:00:00', 'fauzan', NULL, NULL, NULL, NULL),
(605, 2, '2020', '4', 'XPANDER CROSS MT ', 2343000000.00, '2021-04-29 00:00:00', 'fauzan', NULL, NULL, NULL, NULL),
(606, 2, '2020', '4', 'XPANDER EXCEED AT ', 2354000000.00, '2021-04-29 00:00:00', 'fauzan', NULL, NULL, NULL, NULL),
(607, 2, '2020', '4', 'XPANDER EXCEED MT ', 2365000000.00, '2021-04-29 00:00:00', 'fauzan', NULL, NULL, NULL, NULL),
(608, 2, '2020', '4', 'XPANDER GLS AT ', 2376000000.00, '2021-04-29 00:00:00', 'fauzan', NULL, NULL, NULL, NULL),
(609, 2, '2020', '4', 'XPANDER GLS MT ', 2387000000.00, '2021-04-29 00:00:00', 'fauzan', NULL, NULL, NULL, NULL),
(610, 2, '2020', '4', 'XPANDER GLX MT ', 2398000000.00, '2021-04-29 00:00:00', 'fauzan', NULL, NULL, NULL, NULL),
(611, 2, '2020', '4', 'XPANDER SPORT AT ', 2409000000.00, '2021-04-29 00:00:00', 'fauzan', NULL, NULL, NULL, NULL),
(612, 2, '2020', '4', 'XPANDER SPORT MT ', 2420000000.00, '2021-04-29 00:00:00', 'fauzan', NULL, NULL, NULL, NULL),
(613, 2, '2020', '4', 'XPANDER ULTIMATE ', 2431000000.00, '2021-04-29 00:00:00', 'fauzan', NULL, NULL, NULL, NULL),
(614, 2, '2020', '5', 'SUZUKI - ALL NEW ERTIGA GA - MT', 2442000000.00, '2021-04-29 00:00:00', 'fauzan', NULL, NULL, NULL, NULL),
(615, 2, '2020', '5', 'SUZUKI - ALL NEW ERTIGA GL - AT', 2453000000.00, '2021-04-29 00:00:00', 'fauzan', NULL, NULL, NULL, NULL),
(616, 2, '2020', '5', 'SUZUKI - ALL NEW ERTIGA GL - MT', 2464000000.00, '2021-04-29 00:00:00', 'fauzan', NULL, NULL, NULL, NULL),
(617, 2, '2020', '5', 'SUZUKI - ALL NEW ERTIGA GX - AT', 2475000000.00, '2021-04-29 00:00:00', 'fauzan', NULL, NULL, NULL, NULL),
(618, 2, '2020', '5', 'SUZUKI - ALL NEW ERTIGA GX - MT', 2486000000.00, '2021-04-29 00:00:00', 'fauzan', NULL, NULL, NULL, NULL),
(619, 2, '2020', '5', 'SUZUKI - ALL NEW ERTIGA SUZUKI SPORT AT', 2497000000.00, '2021-04-29 00:00:00', 'fauzan', NULL, NULL, NULL, NULL),
(620, 2, '2020', '5', 'SUZUKI - ALL NEW ERTIGA SUZUKI SPORT MT', 2508000000.00, '2021-04-29 00:00:00', 'fauzan', NULL, NULL, NULL, NULL),
(621, 2, '2020', '5', 'SUZUKI - APV ARENA Blind Van', 2519000000.00, '2021-04-29 00:00:00', 'fauzan', NULL, NULL, NULL, NULL),
(622, 2, '2020', '5', 'SUZUKI - APV ARENA GA', 2530000000.00, '2021-04-29 00:00:00', 'fauzan', NULL, NULL, NULL, NULL),
(623, 2, '2020', '5', 'SUZUKI - APV ARENA GL', 2541000000.00, '2021-04-29 00:00:00', 'fauzan', NULL, NULL, NULL, NULL),
(624, 2, '2020', '5', 'SUZUKI - APV ARENA GX', 2552000000.00, '2021-04-29 00:00:00', 'fauzan', NULL, NULL, NULL, NULL),
(625, 2, '2020', '5', 'SUZUKI - APV ARENA SGX', 2563000000.00, '2021-04-29 00:00:00', 'fauzan', NULL, NULL, NULL, NULL),
(626, 2, '2020', '5', 'SUZUKI - APV NEW LUXURY SGX LUX2 R15. MT', 2574000000.00, '2021-04-29 00:00:00', 'fauzan', NULL, NULL, NULL, NULL),
(627, 2, '2020', '5', 'SUZUKI - APV NEW LUXURY SGX LUX2 R17. MT', 2585000000.00, '2021-04-29 00:00:00', 'fauzan', NULL, NULL, NULL, NULL),
(628, 2, '2020', '5', 'SUZUKI - Jimny AT (Single Tone)', 2596000000.00, '2021-04-29 00:00:00', 'fauzan', NULL, NULL, NULL, NULL),
(629, 2, '2020', '5', 'SUZUKI - Jimny MT (Single Tone)', 2607000000.00, '2021-04-29 00:00:00', 'fauzan', NULL, NULL, NULL, NULL),
(630, 2, '2020', '5', 'SUZUKI - Jimny MT (Two Tone)', 2618000000.00, '2021-04-29 00:00:00', 'fauzan', NULL, NULL, NULL, NULL),
(631, 2, '2020', '5', 'SUZUKI - KARIMUN WAGON R BLIND VAN', 2629000000.00, '2021-04-29 00:00:00', 'fauzan', NULL, NULL, NULL, NULL),
(632, 2, '2020', '5', 'SUZUKI - KARIMUN WAGON R GA', 2640000000.00, '2021-04-29 00:00:00', 'fauzan', NULL, NULL, NULL, NULL),
(633, 2, '2020', '5', 'SUZUKI - KARIMUN WAGON R GL AGS', 2651000000.00, '2021-04-29 00:00:00', 'fauzan', NULL, NULL, NULL, NULL),
(634, 2, '2020', '5', 'SUZUKI - KARIMUN WAGON R GL M/T', 2662000000.00, '2021-04-29 00:00:00', 'fauzan', NULL, NULL, NULL, NULL),
(635, 2, '2020', '5', 'SUZUKI - KARIMUN WAGON R GS AGS', 2673000000.00, '2021-04-29 00:00:00', 'fauzan', NULL, NULL, NULL, NULL),
(636, 2, '2020', '5', 'SUZUKI - KARIMUN WAGON R GS M/T', 2684000000.00, '2021-04-29 00:00:00', 'fauzan', NULL, NULL, NULL, NULL),
(637, 2, '2020', '5', 'SUZUKI - NEW BALENO A/T', 2695000000.00, '2021-04-29 00:00:00', 'fauzan', NULL, NULL, NULL, NULL),
(638, 2, '2020', '5', 'SUZUKI - NEW BALENO M/T', 2706000000.00, '2021-04-29 00:00:00', 'fauzan', NULL, NULL, NULL, NULL),
(639, 2, '2020', '5', 'SUZUKI - New Carry Luxury FD PS LUXURY', 2717000000.00, '2021-04-29 00:00:00', 'fauzan', NULL, NULL, NULL, NULL),
(640, 2, '2020', '5', 'SUZUKI - New Carry Luxury WD PS LUXURY', 2728000000.00, '2021-04-29 00:00:00', 'fauzan', NULL, NULL, NULL, NULL),
(641, 2, '2020', '5', 'SUZUKI - New Carry Pick-Up CH', 2739000000.00, '2021-04-29 00:00:00', 'fauzan', NULL, NULL, NULL, NULL),
(642, 2, '2020', '5', 'SUZUKI - New Carry Pick-Up CH PS', 2750000000.00, '2021-04-29 00:00:00', 'fauzan', NULL, NULL, NULL, NULL),
(643, 2, '2020', '5', 'SUZUKI - New Carry Pick-Up Flat-Deck', 2761000000.00, '2021-04-29 00:00:00', 'fauzan', NULL, NULL, NULL, NULL),
(644, 2, '2020', '5', 'SUZUKI - New Carry Pick-Up Flat-Deck AC/PS', 2772000000.00, '2021-04-29 00:00:00', 'fauzan', NULL, NULL, NULL, NULL),
(645, 2, '2020', '5', 'SUZUKI - New Carry Pick-Up Wide-Deck', 2783000000.00, '2021-04-29 00:00:00', 'fauzan', NULL, NULL, NULL, NULL),
(646, 2, '2020', '5', 'SUZUKI - New Ignis GL AGS', 2794000000.00, '2021-04-29 00:00:00', 'fauzan', NULL, NULL, NULL, NULL),
(647, 2, '2020', '5', 'SUZUKI - New Ignis GL MT', 2805000000.00, '2021-04-29 00:00:00', 'fauzan', NULL, NULL, NULL, NULL),
(648, 2, '2020', '5', 'SUZUKI - New Ignis GX AGS', 2816000000.00, '2021-04-29 00:00:00', 'fauzan', NULL, NULL, NULL, NULL),
(649, 2, '2020', '5', 'SUZUKI - New Ignis GX MT', 2827000000.00, '2021-04-29 00:00:00', 'fauzan', NULL, NULL, NULL, NULL),
(650, 2, '2020', '5', 'SUZUKI - New SX4 S-CROSS AT', 2838000000.00, '2021-04-29 00:00:00', 'fauzan', NULL, NULL, NULL, NULL),
(651, 2, '2020', '5', 'SUZUKI - New SX4 S-CROSS MT', 2849000000.00, '2021-04-29 00:00:00', 'fauzan', NULL, NULL, NULL, NULL),
(652, 2, '2020', '5', 'SUZUKI - XL7 ALPHA A/T', 2860000000.00, '2021-04-29 00:00:00', 'fauzan', NULL, NULL, NULL, NULL),
(653, 2, '2020', '5', 'SUZUKI - XL7 ALPHA M/T', 2871000000.00, '2021-04-29 00:00:00', 'fauzan', NULL, NULL, NULL, NULL),
(654, 2, '2020', '5', 'SUZUKI - XL7 BETA A/T', 2882000000.00, '2021-04-29 00:00:00', 'fauzan', NULL, NULL, NULL, NULL),
(655, 2, '2020', '5', 'SUZUKI - XL7 BETA M/T', 2893000000.00, '2021-04-29 00:00:00', 'fauzan', NULL, NULL, NULL, NULL),
(656, 2, '2020', '5', 'SUZUKI - XL7 ZETA A/T', 2904000000.00, '2021-04-29 00:00:00', 'fauzan', NULL, NULL, NULL, NULL),
(657, 2, '2020', '5', 'SUZUKI - XL7 ZETA M/T', 2915000000.00, '2021-04-29 00:00:00', 'fauzan', NULL, NULL, NULL, NULL),
(658, 2, '2020', '9', 'WULING - Almaz Smart Enjoy 6 MT', 2926000000.00, '2021-04-29 00:00:00', 'fauzan', NULL, NULL, NULL, NULL),
(659, 2, '2020', '9', 'WULING - Almaz Smart Enjoy CVT 7', 2937000000.00, '2021-04-29 00:00:00', 'fauzan', NULL, NULL, NULL, NULL),
(660, 2, '2020', '9', 'WULING - Almaz Smart Exclusive CVT', 2948000000.00, '2021-04-29 00:00:00', 'fauzan', NULL, NULL, NULL, NULL),
(661, 2, '2020', '10', 'Grand Livina All New Livina EL AT', 2959000000.00, '2021-04-29 00:00:00', 'fauzan', NULL, NULL, NULL, NULL),
(662, 2, '2020', '10', 'Grand Livina All New Livina EL AT (White Pearl)', 2970000000.00, '2021-04-29 00:00:00', 'fauzan', NULL, NULL, NULL, NULL),
(663, 2, '2020', '10', 'Grand Livina All New Livina EL MT', 2981000000.00, '2021-04-29 00:00:00', 'fauzan', NULL, NULL, NULL, NULL),
(664, 2, '2020', '10', 'Grand Livina All New Livina VE AT', 2992000000.00, '2021-04-29 00:00:00', 'fauzan', NULL, NULL, NULL, NULL),
(665, 2, '2020', '10', 'Grand Livina All New Livina VL AT', 3003000000.00, '2021-04-29 00:00:00', 'fauzan', NULL, NULL, NULL, NULL),
(666, 2, '2020', '10', 'Navara  2.5 VL AT', 3014000000.00, '2021-04-29 00:00:00', 'fauzan', NULL, NULL, NULL, NULL),
(667, 2, '2020', '10', 'Serena  2.0 Autech CVT MC', 3025000000.00, '2021-04-29 00:00:00', 'fauzan', NULL, NULL, NULL, NULL),
(668, 2, '2020', '10', 'Serena  2.0 HWS CVT MC', 3036000000.00, '2021-04-29 00:00:00', 'fauzan', NULL, NULL, NULL, NULL),
(669, 2, '2020', '10', 'Serena All New HWS CVT', 3047000000.00, '2021-04-29 00:00:00', 'fauzan', NULL, NULL, NULL, NULL),
(670, 2, '2020', '10', 'Terra  2.5 (4x2) VL AT', 3058000000.00, '2021-04-29 00:00:00', 'fauzan', NULL, NULL, NULL, NULL),
(671, 2, '2020', '10', 'X-Trail 2.0 CVT', 3069000000.00, '2021-04-29 00:00:00', 'fauzan', NULL, NULL, NULL, NULL),
(672, 2, '2020', '10', 'X-Trail 2.0 MT', 3080000000.00, '2021-04-29 00:00:00', 'fauzan', NULL, NULL, NULL, NULL),
(673, 2, '2020', '10', 'X-Trail 2.5 CVT', 3091000000.00, '2021-04-29 00:00:00', 'fauzan', NULL, NULL, NULL, NULL),
(674, 2, '2020', '10', 'X-Trail 2.5 VL CVT', 3102000000.00, '2021-04-29 00:00:00', 'fauzan', NULL, NULL, NULL, NULL),
(675, 2, '2020', '12', 'MAZDA - CX-30 GT A/T', 3113000000.00, '2021-04-29 00:00:00', 'fauzan', NULL, NULL, NULL, NULL),
(676, 2, '2020', '12', 'MAZDA - CX-30 Touring A/T', 3124000000.00, '2021-04-29 00:00:00', 'fauzan', NULL, NULL, NULL, NULL),
(677, 2, '2020', '12', 'MAZDA - CX-5 Elite A/T', 3135000000.00, '2021-04-29 00:00:00', 'fauzan', NULL, NULL, NULL, NULL),
(678, 2, '2020', '12', 'MAZDA - CX-5 GT SUV A/T', 3146000000.00, '2021-04-29 00:00:00', 'fauzan', NULL, NULL, NULL, NULL),
(679, 2, '2020', '12', 'MAZDA - CX-5 Touring SUV A/T', 3157000000.00, '2021-04-29 00:00:00', 'fauzan', NULL, NULL, NULL, NULL),
(680, 2, '2020', '12', 'MAZDA - CX-8 Elite SUV A/T', 3168000000.00, '2021-04-29 00:00:00', 'fauzan', NULL, NULL, NULL, NULL),
(681, 2, '2020', '12', 'MAZDA - CX-8 Touring A/T', 3179000000.00, '2021-04-29 00:00:00', 'fauzan', NULL, NULL, NULL, NULL),
(682, 2, '2020', '12', 'MAZDA - Mazda2 1.5 GT AT Wagon/Hatchback A/T', 3190000000.00, '2021-04-29 00:00:00', 'fauzan', NULL, NULL, NULL, NULL),
(683, 2, '2020', '12', 'MAZDA - Mazda2 1.5 R AT Hatchback/Wagon A/T', 3201000000.00, '2021-04-29 00:00:00', 'fauzan', NULL, NULL, NULL, NULL),
(684, 2, '2020', '12', 'MAZDA - Mazda6 Estate Hatchback/Wagon A/T', 3212000000.00, '2021-04-29 00:00:00', 'fauzan', NULL, NULL, NULL, NULL),
(685, 2, '2020', '12', 'MAZDA - Mazda6 Sedan A/T', 3223000000.00, '2021-04-29 00:00:00', 'fauzan', NULL, NULL, NULL, NULL),
(686, 2, '2020', '12', 'MAZDA - Model & Tipe Lainnya', 3234000000.00, '2021-04-29 00:00:00', 'fauzan', NULL, NULL, NULL, NULL),
(687, 2, '2020', '14', 'A 200 Hatchback A/T', 3245000000.00, '2021-04-29 00:00:00', 'fauzan', NULL, NULL, NULL, NULL),
(688, 2, '2020', '14', 'A 200 Sedan A/T', 3256000000.00, '2021-04-29 00:00:00', 'fauzan', NULL, NULL, NULL, NULL),
(689, 2, '2020', '14', 'AMG GT R Coupe Dual Clutch', 3267000000.00, '2021-04-29 00:00:00', 'fauzan', NULL, NULL, NULL, NULL),
(690, 2, '2020', '14', 'AMG GT S Coupe Dual Clutch', 3278000000.00, '2021-04-29 00:00:00', 'fauzan', NULL, NULL, NULL, NULL),
(691, 2, '2020', '14', 'B Class B 200 Progressive Line Wagon/Hatchba', 3289000000.00, '2021-04-29 00:00:00', 'fauzan', NULL, NULL, NULL, NULL),
(692, 2, '2020', '14', 'C200 AVANTGARDE A/T', 3300000000.00, '2021-04-29 00:00:00', 'fauzan', NULL, NULL, NULL, NULL),
(693, 2, '2020', '14', 'C300 Coupe AMG A/T', 3311000000.00, '2021-04-29 00:00:00', 'fauzan', NULL, NULL, NULL, NULL),
(694, 2, '2020', '14', 'CLA 200 AMG Line A/T', 3322000000.00, '2021-04-29 00:00:00', 'fauzan', NULL, NULL, NULL, NULL),
(695, 2, '2020', '14', 'CLS Sedan 350 AMG A/T', 3333000000.00, '2021-04-29 00:00:00', 'fauzan', NULL, NULL, NULL, NULL),
(696, 2, '2020', '14', 'E200 AVANTGARDE A/T', 3344000000.00, '2021-04-29 00:00:00', 'fauzan', NULL, NULL, NULL, NULL),
(697, 2, '2020', '14', 'E250 AVANTGARDE A/T', 3355000000.00, '2021-04-29 00:00:00', 'fauzan', NULL, NULL, NULL, NULL),
(698, 2, '2020', '14', 'E300 AVANTGARDE A/T', 3366000000.00, '2021-04-29 00:00:00', 'fauzan', NULL, NULL, NULL, NULL),
(699, 2, '2020', '14', 'GLA 200 AMG Line SUV A/T', 3377000000.00, '2021-04-29 00:00:00', 'fauzan', NULL, NULL, NULL, NULL),
(700, 2, '2020', '14', 'GLA Urban Line SUV A/T', 3388000000.00, '2021-04-29 00:00:00', 'fauzan', NULL, NULL, NULL, NULL),
(701, 2, '2020', '14', 'GLC 200 Exclusive  A/T', 3399000000.00, '2021-04-29 00:00:00', 'fauzan', NULL, NULL, NULL, NULL),
(702, 2, '2020', '14', 'GLC 300 Coupe A/T', 3410000000.00, '2021-04-29 00:00:00', 'fauzan', NULL, NULL, NULL, NULL),
(703, 2, '2020', '14', 'GLC 43  A/T', 3421000000.00, '2021-04-29 00:00:00', 'fauzan', NULL, NULL, NULL, NULL),
(704, 2, '2020', '14', 'GLE 250 D A/T', 3432000000.00, '2021-04-29 00:00:00', 'fauzan', NULL, NULL, NULL, NULL),
(705, 2, '2020', '14', 'GLE 400 Coupe AMG A/T', 3443000000.00, '2021-04-29 00:00:00', 'fauzan', NULL, NULL, NULL, NULL),
(706, 2, '2020', '14', 'GLE 400 Exclusive Line - 9G  A/T', 3454000000.00, '2021-04-29 00:00:00', 'fauzan', NULL, NULL, NULL, NULL),
(707, 2, '2020', '14', 'GLS 400 AMG Line A/T', 3465000000.00, '2021-04-29 00:00:00', 'fauzan', NULL, NULL, NULL, NULL),
(708, 2, '2020', '14', 'GLS-63 A/T', 3476000000.00, '2021-04-29 00:00:00', 'fauzan', NULL, NULL, NULL, NULL),
(709, 2, '2020', '14', 'Maybach S-560 A/T', 3487000000.00, '2021-04-29 00:00:00', 'fauzan', NULL, NULL, NULL, NULL),
(710, 2, '2020', '14', 'S 450 L A/T', 3498000000.00, '2021-04-29 00:00:00', 'fauzan', NULL, NULL, NULL, NULL),
(711, 2, '2020', '14', 'SL 350  A/T', 3509000000.00, '2021-04-29 00:00:00', 'fauzan', NULL, NULL, NULL, NULL),
(712, 2, '2020', '14', 'SL 400 AMG A/T', 3520000000.00, '2021-04-29 00:00:00', 'fauzan', NULL, NULL, NULL, NULL),
(713, 2, '2020', '14', 'SL 63 AMG A/T', 3531000000.00, '2021-04-29 00:00:00', 'fauzan', NULL, NULL, NULL, NULL),
(714, 2, '2020', '14', 'V-Class Vito V220 M/T', 3542000000.00, '2021-04-29 00:00:00', 'fauzan', NULL, NULL, NULL, NULL),
(715, 2, '2020', '15', '3 series 320d Sport A/T', 3553000000.00, '2021-04-29 00:00:00', 'fauzan', NULL, NULL, NULL, NULL),
(716, 2, '2020', '15', '3 series 320i Sport M Performance', 3564000000.00, '2021-04-29 00:00:00', 'fauzan', NULL, NULL, NULL, NULL),
(717, 2, '2020', '15', '3 series 330i M Performance', 3575000000.00, '2021-04-29 00:00:00', 'fauzan', NULL, NULL, NULL, NULL),
(718, 2, '2020', '15', '3 series 330i M SPORT', 3586000000.00, '2021-04-29 00:00:00', 'fauzan', NULL, NULL, NULL, NULL),
(719, 2, '2020', '15', '3 series 330i M SPORT SHADOW', 3597000000.00, '2021-04-29 00:00:00', 'fauzan', NULL, NULL, NULL, NULL),
(720, 2, '2020', '15', '3 series 340i Sport M Individual', 3608000000.00, '2021-04-29 00:00:00', 'fauzan', NULL, NULL, NULL, NULL),
(721, 2, '2020', '15', '4 Series 430i Convertible Sport', 3619000000.00, '2021-04-29 00:00:00', 'fauzan', NULL, NULL, NULL, NULL),
(722, 2, '2020', '15', '4 Series 440i Coupe M Sport', 3630000000.00, '2021-04-29 00:00:00', 'fauzan', NULL, NULL, NULL, NULL),
(723, 2, '2020', '15', '5 series 530i Luxury', 3641000000.00, '2021-04-29 00:00:00', 'fauzan', NULL, NULL, NULL, NULL),
(724, 2, '2020', '15', '5 series 530i M Sport', 3652000000.00, '2021-04-29 00:00:00', 'fauzan', NULL, NULL, NULL, NULL),
(725, 2, '2020', '15', '6 series 630i Gran Turismo Luxury', 3663000000.00, '2021-04-29 00:00:00', 'fauzan', NULL, NULL, NULL, NULL),
(726, 2, '2020', '15', '7 series 740Li (2018)', 3674000000.00, '2021-04-29 00:00:00', 'fauzan', NULL, NULL, NULL, NULL),
(727, 2, '2020', '15', '7 series 740Li Executive', 3685000000.00, '2021-04-29 00:00:00', 'fauzan', NULL, NULL, NULL, NULL),
(728, 2, '2020', '15', '7 series 740Li Pure Excellence', 3696000000.00, '2021-04-29 00:00:00', 'fauzan', NULL, NULL, NULL, NULL),
(729, 2, '2020', '15', 'I series i8', 3707000000.00, '2021-04-29 00:00:00', 'fauzan', NULL, NULL, NULL, NULL),
(730, 2, '2020', '15', 'M series M2 Coupe', 3718000000.00, '2021-04-29 00:00:00', 'fauzan', NULL, NULL, NULL, NULL),
(731, 2, '2020', '15', 'X1 sDrive 18i xLine*', 3729000000.00, '2021-04-29 00:00:00', 'fauzan', NULL, NULL, NULL, NULL),
(732, 2, '2020', '15', 'X1 X1 sDrive18i Dynamic', 3740000000.00, '2021-04-29 00:00:00', 'fauzan', NULL, NULL, NULL, NULL),
(733, 2, '2020', '15', 'X3 sDrive20i*', 3751000000.00, '2021-04-29 00:00:00', 'fauzan', NULL, NULL, NULL, NULL),
(734, 2, '2020', '15', 'X3 XDrive 2.0d X Line', 3762000000.00, '2021-04-29 00:00:00', 'fauzan', NULL, NULL, NULL, NULL),
(735, 2, '2020', '15', 'X3 XDrive 2.0i X Line', 3773000000.00, '2021-04-29 00:00:00', 'fauzan', NULL, NULL, NULL, NULL),
(736, 2, '2020', '15', 'X4 xDrive 28i M Sport', 3784000000.00, '2021-04-29 00:00:00', 'fauzan', NULL, NULL, NULL, NULL),
(737, 2, '2020', '15', 'X5 xDrive 25d', 3795000000.00, '2021-04-29 00:00:00', 'fauzan', NULL, NULL, NULL, NULL),
(738, 2, '2020', '15', 'X5 xDrive 35i M Sport', 3806000000.00, '2021-04-29 00:00:00', 'fauzan', NULL, NULL, NULL, NULL),
(739, 2, '2020', '15', 'X5 xDrive 35i xLine', 3817000000.00, '2021-04-29 00:00:00', 'fauzan', NULL, NULL, NULL, NULL),
(740, 2, '2020', '15', 'X6 xDrive 35i M Sport', 3828000000.00, '2021-04-29 00:00:00', 'fauzan', NULL, NULL, NULL, NULL),
(741, 2, '2020', '18', 'ALL NEW SANTA FE GLS GASOLINE', 3839000000.00, '2021-04-29 00:00:00', 'fauzan', NULL, NULL, NULL, NULL),
(742, 2, '2020', '18', 'ALL NEW SANTA FE XG CRDi', 3850000000.00, '2021-04-29 00:00:00', 'fauzan', NULL, NULL, NULL, NULL),
(743, 2, '2020', '18', 'ALL NEW SANTA FE XG GASOLINE', 3861000000.00, '2021-04-29 00:00:00', 'fauzan', NULL, NULL, NULL, NULL),
(744, 2, '2020', '18', 'GRAND SANTA FE CRDi', 3872000000.00, '2021-04-29 00:00:00', 'fauzan', NULL, NULL, NULL, NULL),
(745, 2, '2020', '18', 'H-100 CHASSIS AC', 3883000000.00, '2021-04-29 00:00:00', 'fauzan', NULL, NULL, NULL, NULL),
(746, 2, '2020', '18', 'H-100 VAN AMBULANCE', 3894000000.00, '2021-04-29 00:00:00', 'fauzan', NULL, NULL, NULL, NULL),
(747, 2, '2020', '18', 'H-100 VAN AMBULANCE HIGH ROOF', 3905000000.00, '2021-04-29 00:00:00', 'fauzan', NULL, NULL, NULL, NULL),
(748, 2, '2020', '18', 'H-100 VAN MINIBUS', 3916000000.00, '2021-04-29 00:00:00', 'fauzan', NULL, NULL, NULL, NULL),
(749, 2, '2020', '18', 'H-100 VAN MINIBUS HIGH ROOF', 3927000000.00, '2021-04-29 00:00:00', 'fauzan', NULL, NULL, NULL, NULL),
(750, 2, '2020', '18', 'NEW GRAND i-10 GLX', 3938000000.00, '2021-04-29 00:00:00', 'fauzan', NULL, NULL, NULL, NULL),
(751, 2, '2020', '18', 'NEW H-1 ELEGANCE CRDi', 3949000000.00, '2021-04-29 00:00:00', 'fauzan', NULL, NULL, NULL, NULL),
(752, 2, '2020', '18', 'NEW H-1 ROYALE LIMITED CRDi', 3960000000.00, '2021-04-29 00:00:00', 'fauzan', NULL, NULL, NULL, NULL),
(753, 2, '2020', '18', 'NEW H-1 XG CRDi', 3971000000.00, '2021-04-29 00:00:00', 'fauzan', NULL, NULL, NULL, NULL),
(754, 2, '2020', '18', 'NEW TUCSON CRDi GLS', 3982000000.00, '2021-04-29 00:00:00', 'fauzan', NULL, NULL, NULL, NULL),
(755, 2, '2020', '18', 'NEW TUCSON GASOLINE GLS', 3993000000.00, '2021-04-29 00:00:00', 'fauzan', NULL, NULL, NULL, NULL),
(756, 2, '2020', '18', 'STAREX MOVER CRDi', 4004000000.00, '2021-04-29 00:00:00', 'fauzan', NULL, NULL, NULL, NULL),
(757, 2, '2020', '19', 'LEXUS ES 250 ', 4015000000.00, '2021-04-29 00:00:00', 'fauzan', NULL, NULL, NULL, NULL),
(758, 2, '2020', '19', 'LEXUS ES 300H ULTRA LUXURY ', 4026000000.00, '2021-04-29 00:00:00', 'fauzan', NULL, NULL, NULL, NULL),
(759, 2, '2020', '19', 'LEXUS GS 200T ', 4037000000.00, '2021-04-29 00:00:00', 'fauzan', NULL, NULL, NULL, NULL),
(760, 2, '2020', '19', 'LEXUS GS F ', 4048000000.00, '2021-04-29 00:00:00', 'fauzan', NULL, NULL, NULL, NULL),
(761, 2, '2020', '19', 'LEXUS LC 500 ', 4059000000.00, '2021-04-29 00:00:00', 'fauzan', NULL, NULL, NULL, NULL),
(762, 2, '2020', '19', 'LEXUS LM 350 ', 4070000000.00, '2021-04-29 00:00:00', 'fauzan', NULL, NULL, NULL, NULL),
(763, 2, '2020', '19', 'LEXUS LS 500 ', 4081000000.00, '2021-04-29 00:00:00', 'fauzan', NULL, NULL, NULL, NULL),
(764, 2, '2020', '19', 'LEXUS LS 500 ', 4092000000.00, '2021-04-29 00:00:00', 'fauzan', NULL, NULL, NULL, NULL),
(765, 2, '2020', '19', 'LEXUS LX 570 ', 4103000000.00, '2021-04-29 00:00:00', 'fauzan', NULL, NULL, NULL, NULL),
(766, 2, '2020', '19', 'LEXUS LX 570 SPORT ', 4114000000.00, '2021-04-29 00:00:00', 'fauzan', NULL, NULL, NULL, NULL),
(767, 2, '2020', '19', 'LEXUS NX 300 ', 4125000000.00, '2021-04-29 00:00:00', 'fauzan', NULL, NULL, NULL, NULL),
(768, 2, '2020', '19', 'LEXUS NX 300 F-SPORT ', 4136000000.00, '2021-04-29 00:00:00', 'fauzan', NULL, NULL, NULL, NULL),
(769, 2, '2020', '19', 'LEXUS RX 300 F SPORT ', 4147000000.00, '2021-04-29 00:00:00', 'fauzan', NULL, NULL, NULL, NULL),
(770, 2, '2020', '19', 'LEXUS RX 300 LUXURY ', 4158000000.00, '2021-04-29 00:00:00', 'fauzan', NULL, NULL, NULL, NULL),
(771, 2, '2020', '19', 'LEXUS UX 200 F SPORT ', 4169000000.00, '2021-04-29 00:00:00', 'fauzan', NULL, NULL, NULL, NULL),
(772, 2, '2020', '19', 'LEXUS UX 200 LUXURY ', 4180000000.00, '2021-04-29 00:00:00', 'fauzan', NULL, NULL, NULL, NULL),
(773, 2, '2020', '27', 'Grand Sedona AT 3342 cc, 266 hp', 4191000000.00, '2021-04-29 00:00:00', 'fauzan', NULL, NULL, NULL, NULL),
(774, 2, '2020', '27', 'Grand Sedona Ultimate 3342 cc, 266 hp', 4202000000.00, '2021-04-29 00:00:00', 'fauzan', NULL, NULL, NULL, NULL),
(775, 2, '2020', '27', 'Rio AT Sunroof 1348 cc, 99 hp', 4213000000.00, '2021-04-29 00:00:00', 'fauzan', NULL, NULL, NULL, NULL),
(776, 2, '2020', '27', 'Rio MT Sunroof 1348 cc, 99 hp', 4224000000.00, '2021-04-29 00:00:00', 'fauzan', NULL, NULL, NULL, NULL),
(777, 2, '2020', '27', 'Seltos E 1353 cc, 138 hp', 4235000000.00, '2021-04-29 00:00:00', 'fauzan', NULL, NULL, NULL, NULL),
(778, 2, '2020', '27', 'Seltos EX 1354 cc, 138 hp', 4246000000.00, '2021-04-29 00:00:00', 'fauzan', NULL, NULL, NULL, NULL),
(779, 2, '2020', '27', 'Seltos EX Plus 1355 cc, 138 hp', 4257000000.00, '2021-04-29 00:00:00', 'fauzan', NULL, NULL, NULL, NULL),
(780, 2, '2020', '35', 'A4 2.0 TFSI Quattro', 4268000000.00, '2021-04-29 00:00:00', 'fauzan', NULL, NULL, NULL, NULL),
(781, 2, '2020', '35', 'A5 2.0 Couple TFSI Auattro', 4279000000.00, '2021-04-29 00:00:00', 'fauzan', NULL, NULL, NULL, NULL),
(782, 2, '2020', '35', 'A8 3.0 TFSI Quattro', 4290000000.00, '2021-04-29 00:00:00', 'fauzan', NULL, NULL, NULL, NULL),
(783, 2, '2020', '35', 'Q5 2.0 T FSI Quattro', 4301000000.00, '2021-04-29 00:00:00', 'fauzan', NULL, NULL, NULL, NULL),
(784, 2, '2020', '35', 'Q7 3.0 TFSI Quattro', 4312000000.00, '2021-04-29 00:00:00', 'fauzan', NULL, NULL, NULL, NULL),
(785, 1, '2021', '3', 'ADV 150 ABS + ACC', 1000000.00, '2021-04-29 00:00:00', 'fauzan', NULL, NULL, NULL, NULL),
(786, 1, '2021', '3', 'ADV 150 CBS', 2000000.00, '2021-04-29 00:00:00', 'fauzan', NULL, NULL, NULL, NULL),
(787, 1, '2021', '3', 'BeAT eSP CBS', 3000000.00, '2021-04-29 00:00:00', 'fauzan', NULL, NULL, NULL, NULL),
(788, 1, '2021', '3', 'BeAT eSP CBS ISS', 4000000.00, '2021-04-29 00:00:00', 'fauzan', NULL, NULL, NULL, NULL),
(789, 1, '2021', '3', 'BeAT eSP CBS ISS Deluxe', 5000000.00, '2021-04-29 00:00:00', 'fauzan', NULL, NULL, NULL, NULL),
(790, 1, '2021', '3', 'BeAT Street eSP', 6000000.00, '2021-04-29 00:00:00', 'fauzan', NULL, NULL, NULL, NULL),
(791, 1, '2021', '3', 'CB150 Verza CW', 7000000.00, '2021-04-29 00:00:00', 'fauzan', NULL, NULL, NULL, NULL),
(792, 1, '2021', '3', 'CB150 Verza SW', 8000000.00, '2021-04-29 00:00:00', 'fauzan', NULL, NULL, NULL, NULL),
(793, 1, '2021', '3', 'CBR 150R ABS Hitam ACC', 9000000.00, '2021-04-29 00:00:00', 'fauzan', NULL, NULL, NULL, NULL),
(794, 1, '2021', '3', 'CBR 150R ABS Red ACC', 10000000.00, '2021-04-29 00:00:00', 'fauzan', NULL, NULL, NULL, NULL),
(795, 1, '2021', '3', 'CBR 150R ABS Repsol ACC', 11000000.00, '2021-04-29 00:00:00', 'fauzan', NULL, NULL, NULL, NULL),
(796, 1, '2021', '3', 'CBR 150R STD Hitam ACC', 12000000.00, '2021-04-29 00:00:00', 'fauzan', NULL, NULL, NULL, NULL),
(797, 1, '2021', '3', 'CBR 150R STD Red ACC', 13000000.00, '2021-04-29 00:00:00', 'fauzan', NULL, NULL, NULL, NULL),
(798, 1, '2021', '3', 'CBR 150R STD Repsol ACC', 14000000.00, '2021-04-29 00:00:00', 'fauzan', NULL, NULL, NULL, NULL),
(799, 1, '2021', '3', 'CBR 250RR ABS Gun Mat Black Metallic & Mat Red ACC', 15000000.00, '2021-04-29 00:00:00', 'fauzan', NULL, NULL, NULL, NULL),
(800, 1, '2021', '3', 'CBR 250RR ABS Racing Red ACC', 16000000.00, '2021-04-29 00:00:00', 'fauzan', NULL, NULL, NULL, NULL),
(801, 1, '2021', '3', 'CBR 250RR STD Black Freedom ACC', 17000000.00, '2021-04-29 00:00:00', 'fauzan', NULL, NULL, NULL, NULL),
(802, 1, '2021', '3', 'CBR 250RR STD Gun Mat Black Metallic & Mat Red ACC', 18000000.00, '2021-04-29 00:00:00', 'fauzan', NULL, NULL, NULL, NULL),
(803, 1, '2021', '3', 'CBR 250RR STD Racing Red ACC', 19000000.00, '2021-04-29 00:00:00', 'fauzan', NULL, NULL, NULL, NULL),
(804, 1, '2021', '3', 'CRF150L ACC', 20000000.00, '2021-04-29 00:00:00', 'fauzan', NULL, NULL, NULL, NULL),
(805, 1, '2021', '3', 'CRF250 Rally', 21000000.00, '2021-04-29 00:00:00', 'fauzan', NULL, NULL, NULL, NULL),
(806, 1, '2021', '3', 'Forza 250', 22000000.00, '2021-04-29 00:00:00', 'fauzan', NULL, NULL, NULL, NULL),
(807, 1, '2021', '3', 'Genio CBS + ACC', 23000000.00, '2021-04-29 00:00:00', 'fauzan', NULL, NULL, NULL, NULL),
(808, 1, '2021', '3', 'Genio CBS ISS + ACC', 24000000.00, '2021-04-29 00:00:00', 'fauzan', NULL, NULL, NULL, NULL),
(809, 1, '2021', '3', 'Monkey', 25000000.00, '2021-04-29 00:00:00', 'fauzan', NULL, NULL, NULL, NULL),
(810, 1, '2021', '3', 'New CB150R StreetFire + ACC', 26000000.00, '2021-04-29 00:00:00', 'fauzan', NULL, NULL, NULL, NULL),
(811, 1, '2021', '3', 'New CB150R StreetFire Special Edition + ACC', 27000000.00, '2021-04-29 00:00:00', 'fauzan', NULL, NULL, NULL, NULL),
(812, 1, '2021', '3', 'New Vario 125 CBS', 28000000.00, '2021-04-29 00:00:00', 'fauzan', NULL, NULL, NULL, NULL),
(813, 1, '2021', '3', 'New Vario 125 CBS ISS', 29000000.00, '2021-04-29 00:00:00', 'fauzan', NULL, NULL, NULL, NULL),
(814, 1, '2021', '3', 'New Vario 150 eSP ACC', 30000000.00, '2021-04-29 00:00:00', 'fauzan', NULL, NULL, NULL, NULL),
(815, 1, '2021', '3', 'PCX 150 ABS ACC', 31000000.00, '2021-04-29 00:00:00', 'fauzan', NULL, NULL, NULL, NULL),
(816, 1, '2021', '3', 'PCX 150 CBS', 32000000.00, '2021-04-29 00:00:00', 'fauzan', NULL, NULL, NULL, NULL),
(817, 1, '2021', '3', 'PCX 150 Hybrid', 33000000.00, '2021-04-29 00:00:00', 'fauzan', NULL, NULL, NULL, NULL),
(818, 1, '2021', '3', 'Revo FIT', 34000000.00, '2021-04-29 00:00:00', 'fauzan', NULL, NULL, NULL, NULL),
(819, 1, '2021', '3', 'Revo X', 35000000.00, '2021-04-29 00:00:00', 'fauzan', NULL, NULL, NULL, NULL),
(820, 1, '2021', '3', 'Scoopy eSP + ACC', 36000000.00, '2021-04-29 00:00:00', 'fauzan', NULL, NULL, NULL, NULL),
(821, 1, '2021', '3', 'SH150i', 37000000.00, '2021-04-29 00:00:00', 'fauzan', NULL, NULL, NULL, NULL),
(822, 1, '2021', '3', 'Sonic 150 Honda Racing Red', 38000000.00, '2021-04-29 00:00:00', 'fauzan', NULL, NULL, NULL, NULL),
(823, 1, '2021', '3', 'Sonic 150 Matte Black', 39000000.00, '2021-04-29 00:00:00', 'fauzan', NULL, NULL, NULL, NULL),
(824, 1, '2021', '3', 'Sonic 150 STD', 40000000.00, '2021-04-29 00:00:00', 'fauzan', NULL, NULL, NULL, NULL),
(825, 1, '2021', '3', 'Super Cub 125', 41000000.00, '2021-04-29 00:00:00', 'fauzan', NULL, NULL, NULL, NULL),
(826, 1, '2021', '3', 'Supra GTR 150 Exclusive Monotone', 42000000.00, '2021-04-29 00:00:00', 'fauzan', NULL, NULL, NULL, NULL),
(827, 1, '2021', '3', 'Supra GTR 150 Sporty', 43000000.00, '2021-04-29 00:00:00', 'fauzan', NULL, NULL, NULL, NULL),
(828, 1, '2021', '3', 'Supra X 125 FI CW', 44000000.00, '2021-04-29 00:00:00', 'fauzan', NULL, NULL, NULL, NULL),
(829, 1, '2021', '3', 'Supra X 125 FI STD', 45000000.00, '2021-04-29 00:00:00', 'fauzan', NULL, NULL, NULL, NULL),
(830, 1, '2021', '5', 'Address FI Black Peredator', 46000000.00, '2021-04-29 00:00:00', 'fauzan', NULL, NULL, NULL, NULL),
(831, 1, '2021', '5', 'Address FI Standard', 47000000.00, '2021-04-29 00:00:00', 'fauzan', NULL, NULL, NULL, NULL),
(832, 1, '2021', '5', 'Address Playful', 48000000.00, '2021-04-29 00:00:00', 'fauzan', NULL, NULL, NULL, NULL),
(833, 1, '2021', '5', 'All New Satria F150 Predator Series', 49000000.00, '2021-04-29 00:00:00', 'fauzan', NULL, NULL, NULL, NULL),
(834, 1, '2021', '5', 'All New Satria F150 Special Edition', 50000000.00, '2021-04-29 00:00:00', 'fauzan', NULL, NULL, NULL, NULL),
(835, 1, '2021', '5', 'GSX-R150 ABS', 51000000.00, '2021-04-29 00:00:00', 'fauzan', NULL, NULL, NULL, NULL),
(836, 1, '2021', '5', 'GSX-R150 Keyless Ignition System', 52000000.00, '2021-04-29 00:00:00', 'fauzan', NULL, NULL, NULL, NULL),
(837, 1, '2021', '5', 'GSX-R150 Shuttered Key', 53000000.00, '2021-04-29 00:00:00', 'fauzan', NULL, NULL, NULL, NULL),
(838, 1, '2021', '5', 'GSX-S150 Keyless', 54000000.00, '2021-04-29 00:00:00', 'fauzan', NULL, NULL, NULL, NULL),
(839, 1, '2021', '5', 'GSX-S150 Shutter Key', 55000000.00, '2021-04-29 00:00:00', 'fauzan', NULL, NULL, NULL, NULL),
(840, 1, '2021', '5', 'GSX150 Bandit ', 56000000.00, '2021-04-29 00:00:00', 'fauzan', NULL, NULL, NULL, NULL),
(841, 1, '2021', '5', 'New Smash R FI', 57000000.00, '2021-04-29 00:00:00', 'fauzan', NULL, NULL, NULL, NULL),
(842, 1, '2021', '5', 'New Smash SR FI', 58000000.00, '2021-04-29 00:00:00', 'fauzan', NULL, NULL, NULL, NULL),
(843, 1, '2021', '5', 'NEX II CROSS Accessories', 59000000.00, '2021-04-29 00:00:00', 'fauzan', NULL, NULL, NULL, NULL);
INSERT INTO `tm_mv_old` (`id`, `mv_category_id`, `year`, `merk_id`, `model`, `price`, `created_at`, `created_by`, `updated_at`, `updated_by`, `deleted_at`, `deleted_by`) VALUES
(844, 1, '2021', '5', 'NEX II CROSS Standard', 60000000.00, '2021-04-29 00:00:00', 'fauzan', NULL, NULL, NULL, NULL),
(845, 1, '2021', '5', 'NEX II Elegant Premium', 61000000.00, '2021-04-29 00:00:00', 'fauzan', NULL, NULL, NULL, NULL),
(846, 1, '2021', '5', 'NEX II Elegant Standard', 62000000.00, '2021-04-29 00:00:00', 'fauzan', NULL, NULL, NULL, NULL),
(847, 1, '2021', '5', 'NEX II Fancy Dynamic ', 63000000.00, '2021-04-29 00:00:00', 'fauzan', NULL, NULL, NULL, NULL),
(848, 1, '2021', '5', 'NEX II Fancy Dynamic Standard', 64000000.00, '2021-04-29 00:00:00', 'fauzan', NULL, NULL, NULL, NULL),
(849, 1, '2021', '36', 'Diavel 1262 cc', 66000000.00, '2021-04-29 00:00:00', 'fauzan', NULL, NULL, NULL, NULL),
(850, 1, '2021', '36', 'Diavel Carbon 1.198,4 cc', 67000000.00, '2021-04-29 00:00:00', 'fauzan', NULL, NULL, NULL, NULL),
(851, 1, '2021', '36', 'Diavel Diesel 1.198,4 cc', 68000000.00, '2021-04-29 00:00:00', 'fauzan', NULL, NULL, NULL, NULL),
(852, 1, '2021', '36', 'Hypermotard 939 937 cc', 69000000.00, '2021-04-29 00:00:00', 'fauzan', NULL, NULL, NULL, NULL),
(853, 1, '2021', '36', 'Monster 1200 1200 cc', 70000000.00, '2021-04-29 00:00:00', 'fauzan', NULL, NULL, NULL, NULL),
(854, 1, '2021', '36', 'Monster 797 803 cc', 71000000.00, '2021-04-29 00:00:00', 'fauzan', NULL, NULL, NULL, NULL),
(855, 1, '2021', '36', 'Monster 821 821 cc', 72000000.00, '2021-04-29 00:00:00', 'fauzan', NULL, NULL, NULL, NULL),
(856, 1, '2021', '36', 'Monster 821 Dark 821 cc', 73000000.00, '2021-04-29 00:00:00', 'fauzan', NULL, NULL, NULL, NULL),
(857, 1, '2021', '36', 'Multistrada 1200 1198 cc', 74000000.00, '2021-04-29 00:00:00', 'fauzan', NULL, NULL, NULL, NULL),
(858, 1, '2021', '36', 'Multistrada 1200 Enduro 1198 cc', 75000000.00, '2021-04-29 00:00:00', 'fauzan', NULL, NULL, NULL, NULL),
(859, 1, '2021', '36', 'Multistrada 1200 S 1198 cc', 76000000.00, '2021-04-29 00:00:00', 'fauzan', NULL, NULL, NULL, NULL),
(860, 1, '2021', '36', 'Multistrada 950 937 cc', 77000000.00, '2021-04-29 00:00:00', 'fauzan', NULL, NULL, NULL, NULL),
(861, 1, '2021', '36', 'Panigale 959 955 cc', 78000000.00, '2021-04-29 00:00:00', 'fauzan', NULL, NULL, NULL, NULL),
(862, 1, '2021', '36', 'Panigale R 1198 cc', 79000000.00, '2021-04-29 00:00:00', 'fauzan', NULL, NULL, NULL, NULL),
(863, 1, '2021', '36', 'Scrambler Cafe Racer 803 cc', 80000000.00, '2021-04-29 00:00:00', 'fauzan', NULL, NULL, NULL, NULL),
(864, 1, '2021', '36', 'Scrambler Classic 803 cc', 81000000.00, '2021-04-29 00:00:00', 'fauzan', NULL, NULL, NULL, NULL),
(865, 1, '2021', '36', 'Scrambler Desert Sled 803 cc', 82000000.00, '2021-04-29 00:00:00', 'fauzan', NULL, NULL, NULL, NULL),
(866, 1, '2021', '36', 'Scrambler Full Throttle 803 cc', 83000000.00, '2021-04-29 00:00:00', 'fauzan', NULL, NULL, NULL, NULL),
(867, 1, '2021', '36', 'Scrambler Icon 803 cc', 84000000.00, '2021-04-29 00:00:00', 'fauzan', NULL, NULL, NULL, NULL),
(868, 1, '2021', '36', 'Scrambler Sixty2 399 cc', 85000000.00, '2021-04-29 00:00:00', 'fauzan', NULL, NULL, NULL, NULL),
(869, 1, '2021', '36', 'Scrambler Urban Enduro 803 cc', 86000000.00, '2021-04-29 00:00:00', 'fauzan', NULL, NULL, NULL, NULL),
(870, 1, '2021', '36', 'XDiavelS 1262 cc', 87000000.00, '2021-04-29 00:00:00', 'fauzan', NULL, NULL, NULL, NULL),
(871, 1, '2021', '37', 'D-Tracker', 90000000.00, '2021-04-29 00:00:00', 'fauzan', NULL, NULL, NULL, NULL),
(872, 1, '2021', '37', 'D-Tracker SE', 91000000.00, '2021-04-29 00:00:00', 'fauzan', NULL, NULL, NULL, NULL),
(873, 1, '2021', '37', 'D-Tracker X', 92000000.00, '2021-04-29 00:00:00', 'fauzan', NULL, NULL, NULL, NULL),
(874, 1, '2021', '37', 'KLX 150', 93000000.00, '2021-04-29 00:00:00', 'fauzan', NULL, NULL, NULL, NULL),
(875, 1, '2021', '37', 'KLX 150 BF', 94000000.00, '2021-04-29 00:00:00', 'fauzan', NULL, NULL, NULL, NULL),
(876, 1, '2021', '37', 'KLX 150 BF SE', 95000000.00, '2021-04-29 00:00:00', 'fauzan', NULL, NULL, NULL, NULL),
(877, 1, '2021', '37', 'KLX 150 BF SE Extreme', 96000000.00, '2021-04-29 00:00:00', 'fauzan', NULL, NULL, NULL, NULL),
(878, 1, '2021', '37', 'KLX 150L', 97000000.00, '2021-04-29 00:00:00', 'fauzan', NULL, NULL, NULL, NULL),
(879, 1, '2021', '37', 'KLX 150L SE', 98000000.00, '2021-04-29 00:00:00', 'fauzan', NULL, NULL, NULL, NULL),
(880, 1, '2021', '37', 'KLX 230', 99000000.00, '2021-04-29 00:00:00', 'fauzan', NULL, NULL, NULL, NULL),
(881, 1, '2021', '37', 'KLX 230 SE', 100000000.00, '2021-04-29 00:00:00', 'fauzan', NULL, NULL, NULL, NULL),
(882, 1, '2021', '37', 'KLX 250', 101000000.00, '2021-04-29 00:00:00', 'fauzan', NULL, NULL, NULL, NULL),
(883, 1, '2021', '37', 'KSR Pro', 102000000.00, '2021-04-29 00:00:00', 'fauzan', NULL, NULL, NULL, NULL),
(884, 1, '2021', '37', 'Ninja 1000', 103000000.00, '2021-04-29 00:00:00', 'fauzan', NULL, NULL, NULL, NULL),
(885, 1, '2021', '37', 'Ninja 250', 104000000.00, '2021-04-29 00:00:00', 'fauzan', NULL, NULL, NULL, NULL),
(886, 1, '2021', '37', 'Ninja 250 ABS SE (MY 2018)', 105000000.00, '2021-04-29 00:00:00', 'fauzan', NULL, NULL, NULL, NULL),
(887, 1, '2021', '37', 'Ninja 250 ABS SE MD.P (MY 2018)', 106000000.00, '2021-04-29 00:00:00', 'fauzan', NULL, NULL, NULL, NULL),
(888, 1, '2021', '37', 'Ninja 250 ABS SE MD.P Smart Key', 107000000.00, '2021-04-29 00:00:00', 'fauzan', NULL, NULL, NULL, NULL),
(889, 1, '2021', '37', 'Ninja 250 ABS SE Smart Key', 108000000.00, '2021-04-29 00:00:00', 'fauzan', NULL, NULL, NULL, NULL),
(890, 1, '2021', '37', 'Ninja 250 SE (MY 2018)', 109000000.00, '2021-04-29 00:00:00', 'fauzan', NULL, NULL, NULL, NULL),
(891, 1, '2021', '37', 'Ninja 250 SE MD.P Smart Key', 110000000.00, '2021-04-29 00:00:00', 'fauzan', NULL, NULL, NULL, NULL),
(892, 1, '2021', '37', 'Ninja 250 SL', 111000000.00, '2021-04-29 00:00:00', 'fauzan', NULL, NULL, NULL, NULL),
(893, 1, '2021', '37', 'Ninja 250 SL KRT Edition', 112000000.00, '2021-04-29 00:00:00', 'fauzan', NULL, NULL, NULL, NULL),
(894, 1, '2021', '37', 'Ninja 650 ABS (MY 2017)', 113000000.00, '2021-04-29 00:00:00', 'fauzan', NULL, NULL, NULL, NULL),
(895, 1, '2021', '37', 'Ninja 650 ABS KRT Edition', 114000000.00, '2021-04-29 00:00:00', 'fauzan', NULL, NULL, NULL, NULL),
(896, 1, '2021', '37', 'Ninja H2', 115000000.00, '2021-04-29 00:00:00', 'fauzan', NULL, NULL, NULL, NULL),
(897, 1, '2021', '37', 'Ninja ZX-14R', 116000000.00, '2021-04-29 00:00:00', 'fauzan', NULL, NULL, NULL, NULL),
(898, 1, '2021', '37', 'Ninja ZX-14R Ohlins', 117000000.00, '2021-04-29 00:00:00', 'fauzan', NULL, NULL, NULL, NULL),
(899, 1, '2021', '37', 'Ninja ZX-14R SE', 118000000.00, '2021-04-29 00:00:00', 'fauzan', NULL, NULL, NULL, NULL),
(900, 1, '2021', '37', 'Ninja ZX-6R (636) ABS', 119000000.00, '2021-04-29 00:00:00', 'fauzan', NULL, NULL, NULL, NULL),
(901, 1, '2021', '37', 'Versys-X250', 120000000.00, '2021-04-29 00:00:00', 'fauzan', NULL, NULL, NULL, NULL),
(902, 1, '2021', '37', 'Versys 1000', 121000000.00, '2021-04-29 00:00:00', 'fauzan', NULL, NULL, NULL, NULL),
(903, 1, '2021', '37', 'Versys 1000 (MY 2019)', 122000000.00, '2021-04-29 00:00:00', 'fauzan', NULL, NULL, NULL, NULL),
(904, 1, '2021', '37', 'Versys ABS', 123000000.00, '2021-04-29 00:00:00', 'fauzan', NULL, NULL, NULL, NULL),
(905, 1, '2021', '37', 'Vulcan S', 124000000.00, '2021-04-29 00:00:00', 'fauzan', NULL, NULL, NULL, NULL),
(906, 1, '2021', '37', 'Vulcan S SE', 125000000.00, '2021-04-29 00:00:00', 'fauzan', NULL, NULL, NULL, NULL),
(907, 1, '2021', '37', 'W175', 126000000.00, '2021-04-29 00:00:00', 'fauzan', NULL, NULL, NULL, NULL),
(908, 1, '2021', '37', 'W175 Cafe', 127000000.00, '2021-04-29 00:00:00', 'fauzan', NULL, NULL, NULL, NULL),
(909, 1, '2021', '37', 'W175 SE', 128000000.00, '2021-04-29 00:00:00', 'fauzan', NULL, NULL, NULL, NULL),
(910, 1, '2021', '37', 'W250', 129000000.00, '2021-04-29 00:00:00', 'fauzan', NULL, NULL, NULL, NULL),
(911, 1, '2021', '37', 'W250 SE', 130000000.00, '2021-04-29 00:00:00', 'fauzan', NULL, NULL, NULL, NULL),
(912, 1, '2021', '37', 'W800 Cafe (MY 2019)', 131000000.00, '2021-04-29 00:00:00', 'fauzan', NULL, NULL, NULL, NULL),
(913, 1, '2021', '37', 'Z1000', 132000000.00, '2021-04-29 00:00:00', 'fauzan', NULL, NULL, NULL, NULL),
(914, 1, '2021', '37', 'Z125 Pro', 133000000.00, '2021-04-29 00:00:00', 'fauzan', NULL, NULL, NULL, NULL),
(915, 1, '2021', '37', 'Z125 Pro SE', 134000000.00, '2021-04-29 00:00:00', 'fauzan', NULL, NULL, NULL, NULL),
(916, 1, '2021', '37', 'Z650 ABS', 135000000.00, '2021-04-29 00:00:00', 'fauzan', NULL, NULL, NULL, NULL),
(917, 1, '2021', '37', 'Z900', 136000000.00, '2021-04-29 00:00:00', 'fauzan', NULL, NULL, NULL, NULL),
(918, 1, '2021', '37', 'Z900 RS', 137000000.00, '2021-04-29 00:00:00', 'fauzan', NULL, NULL, NULL, NULL),
(919, 1, '2021', '37', 'Z900 RS Cafe', 138000000.00, '2021-04-29 00:00:00', 'fauzan', NULL, NULL, NULL, NULL),
(920, 1, '2021', '38', 'Vespa GTS 150 ABS', 142000000.00, '2021-04-29 00:00:00', 'fauzan', NULL, NULL, NULL, NULL),
(921, 1, '2021', '38', 'Vespa GTS 300 Super Tech', 143000000.00, '2021-04-29 00:00:00', 'fauzan', NULL, NULL, NULL, NULL),
(922, 1, '2021', '38', 'Vespa LX 125 i-get', 144000000.00, '2021-04-29 00:00:00', 'fauzan', NULL, NULL, NULL, NULL),
(923, 1, '2021', '38', 'Vespa Primavera 150 ABS', 145000000.00, '2021-04-29 00:00:00', 'fauzan', NULL, NULL, NULL, NULL),
(924, 1, '2021', '38', 'Vespa Primavera S 15 ABS', 146000000.00, '2021-04-29 00:00:00', 'fauzan', NULL, NULL, NULL, NULL),
(925, 1, '2021', '38', 'Vespa S 125 oget', 147000000.00, '2021-04-29 00:00:00', 'fauzan', NULL, NULL, NULL, NULL),
(926, 1, '2021', '38', 'Vespa Sprint 150 ABS', 148000000.00, '2021-04-29 00:00:00', 'fauzan', NULL, NULL, NULL, NULL),
(927, 1, '2021', '38', 'Vespa Sprint S 150 ABS', 149000000.00, '2021-04-29 00:00:00', 'fauzan', NULL, NULL, NULL, NULL),
(928, 1, '2021', '39', 'Aerox 155 VVA ', 152000000.00, '2021-04-29 00:00:00', 'fauzan', NULL, NULL, NULL, NULL),
(929, 1, '2021', '39', 'Aerox 155 VVA DOXOU Version ', 153000000.00, '2021-04-29 00:00:00', 'fauzan', NULL, NULL, NULL, NULL),
(930, 1, '2021', '39', 'Aerox 155 VVA R Verison Movistar Livery ', 154000000.00, '2021-04-29 00:00:00', 'fauzan', NULL, NULL, NULL, NULL),
(931, 1, '2021', '39', 'Aerox 155 VVA R Version ', 155000000.00, '2021-04-29 00:00:00', 'fauzan', NULL, NULL, NULL, NULL),
(932, 1, '2021', '39', 'Aerox 155 VVA-R Verison Movistar ', 156000000.00, '2021-04-29 00:00:00', 'fauzan', NULL, NULL, NULL, NULL),
(933, 1, '2021', '39', 'Aerox 155 VVA-S Version ', 157000000.00, '2021-04-29 00:00:00', 'fauzan', NULL, NULL, NULL, NULL),
(934, 1, '2021', '39', 'All New Byson Fi ', 158000000.00, '2021-04-29 00:00:00', 'fauzan', NULL, NULL, NULL, NULL),
(935, 1, '2021', '39', 'All New R15 ', 159000000.00, '2021-04-29 00:00:00', 'fauzan', NULL, NULL, NULL, NULL),
(936, 1, '2021', '39', 'All New R15 Movistar ', 160000000.00, '2021-04-29 00:00:00', 'fauzan', NULL, NULL, NULL, NULL),
(937, 1, '2021', '39', 'All New R15 Movistar Livery ', 161000000.00, '2021-04-29 00:00:00', 'fauzan', NULL, NULL, NULL, NULL),
(938, 1, '2021', '39', 'All New Soul GT AKS ', 162000000.00, '2021-04-29 00:00:00', 'fauzan', NULL, NULL, NULL, NULL),
(939, 1, '2021', '39', 'All New Soul GT AKS SSS ', 163000000.00, '2021-04-29 00:00:00', 'fauzan', NULL, NULL, NULL, NULL),
(940, 1, '2021', '39', 'All New Vixion ', 164000000.00, '2021-04-29 00:00:00', 'fauzan', NULL, NULL, NULL, NULL),
(941, 1, '2021', '39', 'All New Vixion Movistar ', 165000000.00, '2021-04-29 00:00:00', 'fauzan', NULL, NULL, NULL, NULL),
(942, 1, '2021', '39', 'All New Vixion Movistar Livery ', 166000000.00, '2021-04-29 00:00:00', 'fauzan', NULL, NULL, NULL, NULL),
(943, 1, '2021', '39', 'All New Vixion R ', 167000000.00, '2021-04-29 00:00:00', 'fauzan', NULL, NULL, NULL, NULL),
(944, 1, '2021', '39', 'All New X-Ride 125 ', 168000000.00, '2021-04-29 00:00:00', 'fauzan', NULL, NULL, NULL, NULL),
(945, 1, '2021', '39', 'FREEGO ', 169000000.00, '2021-04-29 00:00:00', 'fauzan', NULL, NULL, NULL, NULL),
(946, 1, '2021', '39', 'FREEGO S VERSION ', 170000000.00, '2021-04-29 00:00:00', 'fauzan', NULL, NULL, NULL, NULL),
(947, 1, '2021', '39', 'FREEGO S VERSION ABS ', 171000000.00, '2021-04-29 00:00:00', 'fauzan', NULL, NULL, NULL, NULL),
(948, 1, '2021', '39', 'Jupiter MX 150 ', 172000000.00, '2021-04-29 00:00:00', 'fauzan', NULL, NULL, NULL, NULL),
(949, 1, '2021', '39', 'Jupiter Z1 ', 173000000.00, '2021-04-29 00:00:00', 'fauzan', NULL, NULL, NULL, NULL),
(950, 1, '2021', '39', 'Lexi ', 174000000.00, '2021-04-29 00:00:00', 'fauzan', NULL, NULL, NULL, NULL),
(951, 1, '2021', '39', 'Lexi S ', 175000000.00, '2021-04-29 00:00:00', 'fauzan', NULL, NULL, NULL, NULL),
(952, 1, '2021', '39', 'Lexi S - ABS', 176000000.00, '2021-04-29 00:00:00', 'fauzan', NULL, NULL, NULL, NULL),
(953, 1, '2021', '39', 'Mio M3 125 ', 177000000.00, '2021-04-29 00:00:00', 'fauzan', NULL, NULL, NULL, NULL),
(954, 1, '2021', '39', 'Mio M3 125 AKS SSS ', 178000000.00, '2021-04-29 00:00:00', 'fauzan', NULL, NULL, NULL, NULL),
(955, 1, '2021', '39', 'Mio S Smart ', 179000000.00, '2021-04-29 00:00:00', 'fauzan', NULL, NULL, NULL, NULL),
(956, 1, '2021', '39', 'Mio Z ', 180000000.00, '2021-04-29 00:00:00', 'fauzan', NULL, NULL, NULL, NULL),
(957, 1, '2021', '39', 'MT 25 ', 181000000.00, '2021-04-29 00:00:00', 'fauzan', NULL, NULL, NULL, NULL),
(958, 1, '2021', '39', 'MT-15 ', 182000000.00, '2021-04-29 00:00:00', 'fauzan', NULL, NULL, NULL, NULL),
(959, 1, '2021', '39', 'MX King 150 ', 183000000.00, '2021-04-29 00:00:00', 'fauzan', NULL, NULL, NULL, NULL),
(960, 1, '2021', '39', 'MX King 150 DOXOU Version ', 184000000.00, '2021-04-29 00:00:00', 'fauzan', NULL, NULL, NULL, NULL),
(961, 1, '2021', '39', 'MX King 150 GP Version ', 185000000.00, '2021-04-29 00:00:00', 'fauzan', NULL, NULL, NULL, NULL),
(962, 1, '2021', '39', 'MX King 150 Gp Version Livery ', 186000000.00, '2021-04-29 00:00:00', 'fauzan', NULL, NULL, NULL, NULL),
(963, 1, '2021', '39', 'New Fino Grande Tubeless & Ban Lebar 125 Blue Core ', 187000000.00, '2021-04-29 00:00:00', 'fauzan', NULL, NULL, NULL, NULL),
(964, 1, '2021', '39', 'New Fino Premium Tubeless & Ban Lebar 125 Blue Core', 188000000.00, '2021-04-29 00:00:00', 'fauzan', NULL, NULL, NULL, NULL),
(965, 1, '2021', '39', 'New Fino Sporty Tubeless & Ban Lebar 125 Blue Core ', 189000000.00, '2021-04-29 00:00:00', 'fauzan', NULL, NULL, NULL, NULL),
(966, 1, '2021', '39', 'New YZF R25 ', 190000000.00, '2021-04-29 00:00:00', 'fauzan', NULL, NULL, NULL, NULL),
(967, 1, '2021', '39', 'New YZF R25 ABS ', 191000000.00, '2021-04-29 00:00:00', 'fauzan', NULL, NULL, NULL, NULL),
(968, 1, '2021', '39', 'Nmax 155 ', 192000000.00, '2021-04-29 00:00:00', 'fauzan', NULL, NULL, NULL, NULL),
(969, 1, '2021', '39', 'Nmax 155 ABS ', 193000000.00, '2021-04-29 00:00:00', 'fauzan', NULL, NULL, NULL, NULL),
(970, 1, '2021', '39', 'Tmax ', 194000000.00, '2021-04-29 00:00:00', 'fauzan', NULL, NULL, NULL, NULL),
(971, 1, '2021', '39', 'Vega Force ', 195000000.00, '2021-04-29 00:00:00', 'fauzan', NULL, NULL, NULL, NULL),
(972, 1, '2021', '39', 'X Ride 125', 196000000.00, '2021-04-29 00:00:00', 'fauzan', NULL, NULL, NULL, NULL),
(973, 1, '2021', '39', 'Xabre ', 197000000.00, '2021-04-29 00:00:00', 'fauzan', NULL, NULL, NULL, NULL),
(974, 1, '2021', '39', 'Xmax ', 198000000.00, '2021-04-29 00:00:00', 'fauzan', NULL, NULL, NULL, NULL),
(975, 1, '2021', '39', 'YZF R25 Movistar ', 199000000.00, '2021-04-29 00:00:00', 'fauzan', NULL, NULL, NULL, NULL),
(976, 1, '2021', '39', 'YZF R25 Movistar Livery ', 200000000.00, '2021-04-29 00:00:00', 'fauzan', NULL, NULL, NULL, NULL),
(977, 1, '2020', '3', 'ADV 150 ABS + ACC', 1100000.00, '2021-04-29 00:00:00', 'fauzan', NULL, NULL, NULL, NULL),
(978, 1, '2020', '3', 'ADV 150 CBS', 2200000.00, '2021-04-29 00:00:00', 'fauzan', NULL, NULL, NULL, NULL),
(979, 1, '2020', '3', 'BeAT eSP CBS', 3300000.00, '2021-04-29 00:00:00', 'fauzan', NULL, NULL, NULL, NULL),
(980, 1, '2020', '3', 'BeAT eSP CBS ISS', 4400000.00, '2021-04-29 00:00:00', 'fauzan', NULL, NULL, NULL, NULL),
(981, 1, '2020', '3', 'BeAT eSP CBS ISS Deluxe', 5500000.00, '2021-04-29 00:00:00', 'fauzan', NULL, NULL, NULL, NULL),
(982, 1, '2020', '3', 'BeAT Street eSP', 6600000.00, '2021-04-29 00:00:00', 'fauzan', NULL, NULL, NULL, NULL),
(983, 1, '2020', '3', 'CB150 Verza CW', 7700000.00, '2021-04-29 00:00:00', 'fauzan', NULL, NULL, NULL, NULL),
(984, 1, '2020', '3', 'CB150 Verza SW', 8800000.00, '2021-04-29 00:00:00', 'fauzan', NULL, NULL, NULL, NULL),
(985, 1, '2020', '3', 'CBR 150R ABS Hitam ACC', 9900000.00, '2021-04-29 00:00:00', 'fauzan', NULL, NULL, NULL, NULL),
(986, 1, '2020', '3', 'CBR 150R ABS Red ACC', 11000000.00, '2021-04-29 00:00:00', 'fauzan', NULL, NULL, NULL, NULL),
(987, 1, '2020', '3', 'CBR 150R ABS Repsol ACC', 12100000.00, '2021-04-29 00:00:00', 'fauzan', NULL, NULL, NULL, NULL),
(988, 1, '2020', '3', 'CBR 150R STD Hitam ACC', 13200000.00, '2021-04-29 00:00:00', 'fauzan', NULL, NULL, NULL, NULL),
(989, 1, '2020', '3', 'CBR 150R STD Red ACC', 14300000.00, '2021-04-29 00:00:00', 'fauzan', NULL, NULL, NULL, NULL),
(990, 1, '2020', '3', 'CBR 150R STD Repsol ACC', 15400000.00, '2021-04-29 00:00:00', 'fauzan', NULL, NULL, NULL, NULL),
(991, 1, '2020', '3', 'CBR 250RR ABS Gun Mat Black Metallic & Mat Red ACC', 16500000.00, '2021-04-29 00:00:00', 'fauzan', NULL, NULL, NULL, NULL),
(992, 1, '2020', '3', 'CBR 250RR ABS Racing Red ACC', 17600000.00, '2021-04-29 00:00:00', 'fauzan', NULL, NULL, NULL, NULL),
(993, 1, '2020', '3', 'CBR 250RR STD Black Freedom ACC', 18700000.00, '2021-04-29 00:00:00', 'fauzan', NULL, NULL, NULL, NULL),
(994, 1, '2020', '3', 'CBR 250RR STD Gun Mat Black Metallic & Mat Red ACC', 19800000.00, '2021-04-29 00:00:00', 'fauzan', NULL, NULL, NULL, NULL),
(995, 1, '2020', '3', 'CBR 250RR STD Racing Red ACC', 20900000.00, '2021-04-29 00:00:00', 'fauzan', NULL, NULL, NULL, NULL),
(996, 1, '2020', '3', 'CRF150L ACC', 22000000.00, '2021-04-29 00:00:00', 'fauzan', NULL, NULL, NULL, NULL),
(997, 1, '2020', '3', 'CRF250 Rally', 23100000.00, '2021-04-29 00:00:00', 'fauzan', NULL, NULL, NULL, NULL),
(998, 1, '2020', '3', 'Forza 250', 24200000.00, '2021-04-29 00:00:00', 'fauzan', NULL, NULL, NULL, NULL),
(999, 1, '2020', '3', 'Genio CBS + ACC', 25300000.00, '2021-04-29 00:00:00', 'fauzan', NULL, NULL, NULL, NULL),
(1000, 1, '2020', '3', 'Genio CBS ISS + ACC', 26400000.00, '2021-04-29 00:00:00', 'fauzan', NULL, NULL, NULL, NULL),
(1001, 1, '2020', '3', 'Monkey', 27500000.00, '2021-04-29 00:00:00', 'fauzan', NULL, NULL, NULL, NULL),
(1002, 1, '2020', '3', 'New CB150R StreetFire + ACC', 28600000.00, '2021-04-29 00:00:00', 'fauzan', NULL, NULL, NULL, NULL),
(1003, 1, '2020', '3', 'New CB150R StreetFire Special Edition + ACC', 29700000.00, '2021-04-29 00:00:00', 'fauzan', NULL, NULL, NULL, NULL),
(1004, 1, '2020', '3', 'New Vario 125 CBS', 30800000.00, '2021-04-29 00:00:00', 'fauzan', NULL, NULL, NULL, NULL),
(1005, 1, '2020', '3', 'New Vario 125 CBS ISS', 31900000.00, '2021-04-29 00:00:00', 'fauzan', NULL, NULL, NULL, NULL),
(1006, 1, '2020', '3', 'New Vario 150 eSP ACC', 33000000.00, '2021-04-29 00:00:00', 'fauzan', NULL, NULL, NULL, NULL),
(1007, 1, '2020', '3', 'PCX 150 ABS ACC', 34100000.00, '2021-04-29 00:00:00', 'fauzan', NULL, NULL, NULL, NULL),
(1008, 1, '2020', '3', 'PCX 150 CBS', 35200000.00, '2021-04-29 00:00:00', 'fauzan', NULL, NULL, NULL, NULL),
(1009, 1, '2020', '3', 'PCX 150 Hybrid', 36300000.00, '2021-04-29 00:00:00', 'fauzan', NULL, NULL, NULL, NULL),
(1010, 1, '2020', '3', 'Revo FIT', 37400000.00, '2021-04-29 00:00:00', 'fauzan', NULL, NULL, NULL, NULL),
(1011, 1, '2020', '3', 'Revo X', 38500000.00, '2021-04-29 00:00:00', 'fauzan', NULL, NULL, NULL, NULL),
(1012, 1, '2020', '3', 'Scoopy eSP + ACC', 39600000.00, '2021-04-29 00:00:00', 'fauzan', NULL, NULL, NULL, NULL),
(1013, 1, '2020', '3', 'SH150i', 40700000.00, '2021-04-29 00:00:00', 'fauzan', NULL, NULL, NULL, NULL),
(1014, 1, '2020', '3', 'Sonic 150 Honda Racing Red', 41800000.00, '2021-04-29 00:00:00', 'fauzan', NULL, NULL, NULL, NULL),
(1015, 1, '2020', '3', 'Sonic 150 Matte Black', 42900000.00, '2021-04-29 00:00:00', 'fauzan', NULL, NULL, NULL, NULL),
(1016, 1, '2020', '3', 'Sonic 150 STD', 44000000.00, '2021-04-29 00:00:00', 'fauzan', NULL, NULL, NULL, NULL),
(1017, 1, '2020', '3', 'Super Cub 125', 45100000.00, '2021-04-29 00:00:00', 'fauzan', NULL, NULL, NULL, NULL),
(1018, 1, '2020', '3', 'Supra GTR 150 Exclusive Monotone', 46200000.00, '2021-04-29 00:00:00', 'fauzan', NULL, NULL, NULL, NULL),
(1019, 1, '2020', '3', 'Supra GTR 150 Sporty', 47300000.00, '2021-04-29 00:00:00', 'fauzan', NULL, NULL, NULL, NULL),
(1020, 1, '2020', '3', 'Supra X 125 FI CW', 48400000.00, '2021-04-29 00:00:00', 'fauzan', NULL, NULL, NULL, NULL),
(1021, 1, '2020', '3', 'Supra X 125 FI STD', 49500000.00, '2021-04-29 00:00:00', 'fauzan', NULL, NULL, NULL, NULL),
(1022, 1, '2020', '5', 'Address FI Black Peredator', 50600000.00, '2021-04-29 00:00:00', 'fauzan', NULL, NULL, NULL, NULL),
(1023, 1, '2020', '5', 'Address FI Standard', 51700000.00, '2021-04-29 00:00:00', 'fauzan', NULL, NULL, NULL, NULL),
(1024, 1, '2020', '5', 'Address Playful', 52800000.00, '2021-04-29 00:00:00', 'fauzan', NULL, NULL, NULL, NULL),
(1025, 1, '2020', '5', 'All New Satria F150 Predator Series', 53900000.00, '2021-04-29 00:00:00', 'fauzan', NULL, NULL, NULL, NULL),
(1026, 1, '2020', '5', 'All New Satria F150 Special Edition', 55000000.00, '2021-04-29 00:00:00', 'fauzan', NULL, NULL, NULL, NULL),
(1027, 1, '2020', '5', 'GSX-R150 ABS', 56100000.00, '2021-04-29 00:00:00', 'fauzan', NULL, NULL, NULL, NULL),
(1028, 1, '2020', '5', 'GSX-R150 Keyless Ignition System', 57200000.00, '2021-04-29 00:00:00', 'fauzan', NULL, NULL, NULL, NULL),
(1029, 1, '2020', '5', 'GSX-R150 Shuttered Key', 58300000.00, '2021-04-29 00:00:00', 'fauzan', NULL, NULL, NULL, NULL),
(1030, 1, '2020', '5', 'GSX-S150 Keyless', 59400000.00, '2021-04-29 00:00:00', 'fauzan', NULL, NULL, NULL, NULL),
(1031, 1, '2020', '5', 'GSX-S150 Shutter Key', 60500000.00, '2021-04-29 00:00:00', 'fauzan', NULL, NULL, NULL, NULL),
(1032, 1, '2020', '5', 'GSX150 Bandit ', 61600000.00, '2021-04-29 00:00:00', 'fauzan', NULL, NULL, NULL, NULL),
(1033, 1, '2020', '5', 'New Smash R FI', 62700000.00, '2021-04-29 00:00:00', 'fauzan', NULL, NULL, NULL, NULL),
(1034, 1, '2020', '5', 'New Smash SR FI', 63800000.00, '2021-04-29 00:00:00', 'fauzan', NULL, NULL, NULL, NULL),
(1035, 1, '2020', '5', 'NEX II CROSS Accessories', 64900000.00, '2021-04-29 00:00:00', 'fauzan', NULL, NULL, NULL, NULL),
(1036, 1, '2020', '5', 'NEX II CROSS Standard', 66000000.00, '2021-04-29 00:00:00', 'fauzan', NULL, NULL, NULL, NULL),
(1037, 1, '2020', '5', 'NEX II Elegant Premium', 67100000.00, '2021-04-29 00:00:00', 'fauzan', NULL, NULL, NULL, NULL),
(1038, 1, '2020', '5', 'NEX II Elegant Standard', 68200000.00, '2021-04-29 00:00:00', 'fauzan', NULL, NULL, NULL, NULL),
(1039, 1, '2020', '5', 'NEX II Fancy Dynamic ', 69300000.00, '2021-04-29 00:00:00', 'fauzan', NULL, NULL, NULL, NULL),
(1040, 1, '2020', '5', 'NEX II Fancy Dynamic Standard', 70400000.00, '2021-04-29 00:00:00', 'fauzan', NULL, NULL, NULL, NULL),
(1041, 1, '2020', '36', 'Diavel 1262 cc', 71500000.00, '2021-04-29 00:00:00', 'fauzan', NULL, NULL, NULL, NULL),
(1042, 1, '2020', '36', 'Diavel Carbon 1.198,4 cc', 72600000.00, '2021-04-29 00:00:00', 'fauzan', NULL, NULL, NULL, NULL),
(1043, 1, '2020', '36', 'Diavel Diesel 1.198,4 cc', 73700000.00, '2021-04-29 00:00:00', 'fauzan', NULL, NULL, NULL, NULL),
(1044, 1, '2020', '36', 'Hypermotard 939 937 cc', 74800000.00, '2021-04-29 00:00:00', 'fauzan', NULL, NULL, NULL, NULL),
(1045, 1, '2020', '36', 'Monster 1200 1200 cc', 75900000.00, '2021-04-29 00:00:00', 'fauzan', NULL, NULL, NULL, NULL),
(1046, 1, '2020', '36', 'Monster 797 803 cc', 77000000.00, '2021-04-29 00:00:00', 'fauzan', NULL, NULL, NULL, NULL),
(1047, 1, '2020', '36', 'Monster 821 821 cc', 78100000.00, '2021-04-29 00:00:00', 'fauzan', NULL, NULL, NULL, NULL),
(1048, 1, '2020', '36', 'Monster 821 Dark 821 cc', 79200000.00, '2021-04-29 00:00:00', 'fauzan', NULL, NULL, NULL, NULL),
(1049, 1, '2020', '36', 'Multistrada 1200 1198 cc', 80300000.00, '2021-04-29 00:00:00', 'fauzan', NULL, NULL, NULL, NULL),
(1050, 1, '2020', '36', 'Multistrada 1200 Enduro 1198 cc', 81400000.00, '2021-04-29 00:00:00', 'fauzan', NULL, NULL, NULL, NULL),
(1051, 1, '2020', '36', 'Multistrada 1200 S 1198 cc', 82500000.00, '2021-04-29 00:00:00', 'fauzan', NULL, NULL, NULL, NULL),
(1052, 1, '2020', '36', 'Multistrada 950 937 cc', 83600000.00, '2021-04-29 00:00:00', 'fauzan', NULL, NULL, NULL, NULL),
(1053, 1, '2020', '36', 'Panigale 959 955 cc', 84700000.00, '2021-04-29 00:00:00', 'fauzan', NULL, NULL, NULL, NULL),
(1054, 1, '2020', '36', 'Panigale R 1198 cc', 85800000.00, '2021-04-29 00:00:00', 'fauzan', NULL, NULL, NULL, NULL),
(1055, 1, '2020', '36', 'Scrambler Cafe Racer 803 cc', 86900000.00, '2021-04-29 00:00:00', 'fauzan', NULL, NULL, NULL, NULL),
(1056, 1, '2020', '36', 'Scrambler Classic 803 cc', 88000000.00, '2021-04-29 00:00:00', 'fauzan', NULL, NULL, NULL, NULL),
(1057, 1, '2020', '36', 'Scrambler Desert Sled 803 cc', 89100000.00, '2021-04-29 00:00:00', 'fauzan', NULL, NULL, NULL, NULL),
(1058, 1, '2020', '36', 'Scrambler Full Throttle 803 cc', 90200000.00, '2021-04-29 00:00:00', 'fauzan', NULL, NULL, NULL, NULL),
(1059, 1, '2020', '36', 'Scrambler Icon 803 cc', 91300000.00, '2021-04-29 00:00:00', 'fauzan', NULL, NULL, NULL, NULL),
(1060, 1, '2020', '36', 'Scrambler Sixty2 399 cc', 92400000.00, '2021-04-29 00:00:00', 'fauzan', NULL, NULL, NULL, NULL),
(1061, 1, '2020', '36', 'Scrambler Urban Enduro 803 cc', 93500000.00, '2021-04-29 00:00:00', 'fauzan', NULL, NULL, NULL, NULL),
(1062, 1, '2020', '36', 'XDiavelS 1262 cc', 94600000.00, '2021-04-29 00:00:00', 'fauzan', NULL, NULL, NULL, NULL),
(1063, 1, '2020', '37', 'D-Tracker', 95700000.00, '2021-04-29 00:00:00', 'fauzan', NULL, NULL, NULL, NULL),
(1064, 1, '2020', '37', 'D-Tracker SE', 96800000.00, '2021-04-29 00:00:00', 'fauzan', NULL, NULL, NULL, NULL),
(1065, 1, '2020', '37', 'D-Tracker X', 97900000.00, '2021-04-29 00:00:00', 'fauzan', NULL, NULL, NULL, NULL),
(1066, 1, '2020', '37', 'KLX 150', 99000000.00, '2021-04-29 00:00:00', 'fauzan', NULL, NULL, NULL, NULL),
(1067, 1, '2020', '37', 'KLX 150 BF', 100100000.00, '2021-04-29 00:00:00', 'fauzan', NULL, NULL, NULL, NULL),
(1068, 1, '2020', '37', 'KLX 150 BF SE', 101200000.00, '2021-04-29 00:00:00', 'fauzan', NULL, NULL, NULL, NULL),
(1069, 1, '2020', '37', 'KLX 150 BF SE Extreme', 102300000.00, '2021-04-29 00:00:00', 'fauzan', NULL, NULL, NULL, NULL),
(1070, 1, '2020', '37', 'KLX 150L', 103400000.00, '2021-04-29 00:00:00', 'fauzan', NULL, NULL, NULL, NULL),
(1071, 1, '2020', '37', 'KLX 150L SE', 104500000.00, '2021-04-29 00:00:00', 'fauzan', NULL, NULL, NULL, NULL),
(1072, 1, '2020', '37', 'KLX 230', 105600000.00, '2021-04-29 00:00:00', 'fauzan', NULL, NULL, NULL, NULL),
(1073, 1, '2020', '37', 'KLX 230 SE', 106700000.00, '2021-04-29 00:00:00', 'fauzan', NULL, NULL, NULL, NULL),
(1074, 1, '2020', '37', 'KLX 250', 107800000.00, '2021-04-29 00:00:00', 'fauzan', NULL, NULL, NULL, NULL),
(1075, 1, '2020', '37', 'KSR Pro', 108900000.00, '2021-04-29 00:00:00', 'fauzan', NULL, NULL, NULL, NULL),
(1076, 1, '2020', '37', 'Ninja 1000', 110000000.00, '2021-04-29 00:00:00', 'fauzan', NULL, NULL, NULL, NULL),
(1077, 1, '2020', '37', 'Ninja 250', 111100000.00, '2021-04-29 00:00:00', 'fauzan', NULL, NULL, NULL, NULL),
(1078, 1, '2020', '37', 'Ninja 250 ABS SE (MY 2018)', 112200000.00, '2021-04-29 00:00:00', 'fauzan', NULL, NULL, NULL, NULL),
(1079, 1, '2020', '37', 'Ninja 250 ABS SE MDP (MY 2018)', 113300000.00, '2021-04-29 00:00:00', 'fauzan', NULL, NULL, NULL, NULL),
(1080, 1, '2020', '37', 'Ninja 250 ABS SE MDP Smart Key', 114400000.00, '2021-04-29 00:00:00', 'fauzan', NULL, NULL, NULL, NULL),
(1081, 1, '2020', '37', 'Ninja 250 ABS SE Smart Key', 115500000.00, '2021-04-29 00:00:00', 'fauzan', NULL, NULL, NULL, NULL),
(1082, 1, '2020', '37', 'Ninja 250 SE (MY 2018)', 116600000.00, '2021-04-29 00:00:00', 'fauzan', NULL, NULL, NULL, NULL),
(1083, 1, '2020', '37', 'Ninja 250 SE MDP Smart Key', 117700000.00, '2021-04-29 00:00:00', 'fauzan', NULL, NULL, NULL, NULL),
(1084, 1, '2020', '37', 'Ninja 250 SL', 118800000.00, '2021-04-29 00:00:00', 'fauzan', NULL, NULL, NULL, NULL),
(1085, 1, '2020', '37', 'Ninja 250 SL KRT Edition', 119900000.00, '2021-04-29 00:00:00', 'fauzan', NULL, NULL, NULL, NULL),
(1086, 1, '2020', '37', 'Ninja 650 ABS (MY 2017)', 121000000.00, '2021-04-29 00:00:00', 'fauzan', NULL, NULL, NULL, NULL),
(1087, 1, '2020', '37', 'Ninja 650 ABS KRT Edition', 122100000.00, '2021-04-29 00:00:00', 'fauzan', NULL, NULL, NULL, NULL),
(1088, 1, '2020', '37', 'Ninja H2', 123200000.00, '2021-04-29 00:00:00', 'fauzan', NULL, NULL, NULL, NULL),
(1089, 1, '2020', '37', 'Ninja ZX-14R', 124300000.00, '2021-04-29 00:00:00', 'fauzan', NULL, NULL, NULL, NULL),
(1090, 1, '2020', '37', 'Ninja ZX-14R Ohlins', 125400000.00, '2021-04-29 00:00:00', 'fauzan', NULL, NULL, NULL, NULL),
(1091, 1, '2020', '37', 'Ninja ZX-14R SE', 126500000.00, '2021-04-29 00:00:00', 'fauzan', NULL, NULL, NULL, NULL),
(1092, 1, '2020', '37', 'Ninja ZX-6R (636) ABS', 127600000.00, '2021-04-29 00:00:00', 'fauzan', NULL, NULL, NULL, NULL),
(1093, 1, '2020', '37', 'Versys-X250', 128700000.00, '2021-04-29 00:00:00', 'fauzan', NULL, NULL, NULL, NULL),
(1094, 1, '2020', '37', 'Versys 1000', 129800000.00, '2021-04-29 00:00:00', 'fauzan', NULL, NULL, NULL, NULL),
(1095, 1, '2020', '37', 'Versys 1000 (MY 2019)', 130900000.00, '2021-04-29 00:00:00', 'fauzan', NULL, NULL, NULL, NULL),
(1096, 1, '2020', '37', 'Versys ABS', 132000000.00, '2021-04-29 00:00:00', 'fauzan', NULL, NULL, NULL, NULL),
(1097, 1, '2020', '37', 'Vulcan S', 133100000.00, '2021-04-29 00:00:00', 'fauzan', NULL, NULL, NULL, NULL),
(1098, 1, '2020', '37', 'Vulcan S SE', 134200000.00, '2021-04-29 00:00:00', 'fauzan', NULL, NULL, NULL, NULL),
(1099, 1, '2020', '37', 'W175', 135300000.00, '2021-04-29 00:00:00', 'fauzan', NULL, NULL, NULL, NULL),
(1100, 1, '2020', '37', 'W175 Cafe', 136400000.00, '2021-04-29 00:00:00', 'fauzan', NULL, NULL, NULL, NULL),
(1101, 1, '2020', '37', 'W175 SE', 137500000.00, '2021-04-29 00:00:00', 'fauzan', NULL, NULL, NULL, NULL),
(1102, 1, '2020', '37', 'W250', 138600000.00, '2021-04-29 00:00:00', 'fauzan', NULL, NULL, NULL, NULL),
(1103, 1, '2020', '37', 'W250 SE', 139700000.00, '2021-04-29 00:00:00', 'fauzan', NULL, NULL, NULL, NULL),
(1104, 1, '2020', '37', 'W800 Cafe (MY 2019)', 140800000.00, '2021-04-29 00:00:00', 'fauzan', NULL, NULL, NULL, NULL),
(1105, 1, '2020', '37', 'Z1000', 141900000.00, '2021-04-29 00:00:00', 'fauzan', NULL, NULL, NULL, NULL),
(1106, 1, '2020', '37', 'Z125 Pro', 143000000.00, '2021-04-29 00:00:00', 'fauzan', NULL, NULL, NULL, NULL),
(1107, 1, '2020', '37', 'Z125 Pro SE', 144100000.00, '2021-04-29 00:00:00', 'fauzan', NULL, NULL, NULL, NULL),
(1108, 1, '2020', '37', 'Z650 ABS', 145200000.00, '2021-04-29 00:00:00', 'fauzan', NULL, NULL, NULL, NULL),
(1109, 1, '2020', '37', 'Z900', 146300000.00, '2021-04-29 00:00:00', 'fauzan', NULL, NULL, NULL, NULL),
(1110, 1, '2020', '37', 'Z900 RS', 147400000.00, '2021-04-29 00:00:00', 'fauzan', NULL, NULL, NULL, NULL),
(1111, 1, '2020', '37', 'Z900 RS Cafe', 148500000.00, '2021-04-29 00:00:00', 'fauzan', NULL, NULL, NULL, NULL),
(1112, 1, '2020', '38', 'Vespa GTS 150 ABS', 149600000.00, '2021-04-29 00:00:00', 'fauzan', NULL, NULL, NULL, NULL),
(1113, 1, '2020', '38', 'Vespa GTS 300 Super Tech', 150700000.00, '2021-04-29 00:00:00', 'fauzan', NULL, NULL, NULL, NULL),
(1114, 1, '2020', '38', 'Vespa LX 125 i-get ', 151800000.00, '2021-04-29 00:00:00', 'fauzan', NULL, NULL, NULL, NULL),
(1115, 1, '2020', '38', 'Vespa Primavera 150 ABS', 152900000.00, '2021-04-29 00:00:00', 'fauzan', NULL, NULL, NULL, NULL),
(1116, 1, '2020', '38', 'Vespa Primavera S 150 ABS', 154000000.00, '2021-04-29 00:00:00', 'fauzan', NULL, NULL, NULL, NULL),
(1117, 1, '2020', '38', 'Vespa S 125 oget', 155100000.00, '2021-04-29 00:00:00', 'fauzan', NULL, NULL, NULL, NULL),
(1118, 1, '2020', '38', 'Vespa Sprint 150 ABS ', 156200000.00, '2021-04-29 00:00:00', 'fauzan', NULL, NULL, NULL, NULL),
(1119, 1, '2020', '38', 'Vespa Sprint S 150 ABS', 157300000.00, '2021-04-29 00:00:00', 'fauzan', NULL, NULL, NULL, NULL),
(1120, 1, '2020', '39', 'Aerox 155 VVA ', 158400000.00, '2021-04-29 00:00:00', 'fauzan', NULL, NULL, NULL, NULL),
(1121, 1, '2020', '39', 'Aerox 155 VVA DOXOU Version ', 159500000.00, '2021-04-29 00:00:00', 'fauzan', NULL, NULL, NULL, NULL),
(1122, 1, '2020', '39', 'Aerox 155 VVA R Verison Movistar Livery ', 160600000.00, '2021-04-29 00:00:00', 'fauzan', NULL, NULL, NULL, NULL),
(1123, 1, '2020', '39', 'Aerox 155 VVA R Version ', 161700000.00, '2021-04-29 00:00:00', 'fauzan', NULL, NULL, NULL, NULL),
(1124, 1, '2020', '39', 'Aerox 155 VVA-R Verison Movistar ', 162800000.00, '2021-04-29 00:00:00', 'fauzan', NULL, NULL, NULL, NULL),
(1125, 1, '2020', '39', 'Aerox 155 VVA-S Version ', 163900000.00, '2021-04-29 00:00:00', 'fauzan', NULL, NULL, NULL, NULL),
(1126, 1, '2020', '39', 'All New Byson Fi ', 165000000.00, '2021-04-29 00:00:00', 'fauzan', NULL, NULL, NULL, NULL),
(1127, 1, '2020', '39', 'All New R15 ', 166100000.00, '2021-04-29 00:00:00', 'fauzan', NULL, NULL, NULL, NULL),
(1128, 1, '2020', '39', 'All New R15 Movistar ', 167200000.00, '2021-04-29 00:00:00', 'fauzan', NULL, NULL, NULL, NULL),
(1129, 1, '2020', '39', 'All New R15 Movistar Livery ', 168300000.00, '2021-04-29 00:00:00', 'fauzan', NULL, NULL, NULL, NULL),
(1130, 1, '2020', '39', 'All New Soul GT AKS ', 169400000.00, '2021-04-29 00:00:00', 'fauzan', NULL, NULL, NULL, NULL),
(1131, 1, '2020', '39', 'All New Soul GT AKS SSS ', 170500000.00, '2021-04-29 00:00:00', 'fauzan', NULL, NULL, NULL, NULL),
(1132, 1, '2020', '39', 'All New Vixion ', 171600000.00, '2021-04-29 00:00:00', 'fauzan', NULL, NULL, NULL, NULL),
(1133, 1, '2020', '39', 'All New Vixion Movistar ', 172700000.00, '2021-04-29 00:00:00', 'fauzan', NULL, NULL, NULL, NULL),
(1134, 1, '2020', '39', 'All New Vixion Movistar Livery ', 173800000.00, '2021-04-29 00:00:00', 'fauzan', NULL, NULL, NULL, NULL),
(1135, 1, '2020', '39', 'All New Vixion R ', 174900000.00, '2021-04-29 00:00:00', 'fauzan', NULL, NULL, NULL, NULL),
(1136, 1, '2020', '39', 'All New X-Ride 125 ', 176000000.00, '2021-04-29 00:00:00', 'fauzan', NULL, NULL, NULL, NULL),
(1137, 1, '2020', '39', 'FREEGO ', 177100000.00, '2021-04-29 00:00:00', 'fauzan', NULL, NULL, NULL, NULL),
(1138, 1, '2020', '39', 'FREEGO S VERSION ', 178200000.00, '2021-04-29 00:00:00', 'fauzan', NULL, NULL, NULL, NULL),
(1139, 1, '2020', '39', 'FREEGO S VERSION ABS ', 179300000.00, '2021-04-29 00:00:00', 'fauzan', NULL, NULL, NULL, NULL),
(1140, 1, '2020', '39', 'Jupiter MX 150 ', 180400000.00, '2021-04-29 00:00:00', 'fauzan', NULL, NULL, NULL, NULL),
(1141, 1, '2020', '39', 'Jupiter Z1 ', 181500000.00, '2021-04-29 00:00:00', 'fauzan', NULL, NULL, NULL, NULL),
(1142, 1, '2020', '39', 'Lexi ', 182600000.00, '2021-04-29 00:00:00', 'fauzan', NULL, NULL, NULL, NULL),
(1143, 1, '2020', '39', 'Lexi S ', 183700000.00, '2021-04-29 00:00:00', 'fauzan', NULL, NULL, NULL, NULL),
(1144, 1, '2020', '39', 'Lexi S – ABS ', 184800000.00, '2021-04-29 00:00:00', 'fauzan', NULL, NULL, NULL, NULL),
(1145, 1, '2020', '39', 'Mio M3 125 ', 185900000.00, '2021-04-29 00:00:00', 'fauzan', NULL, NULL, NULL, NULL),
(1146, 1, '2020', '39', 'Mio M3 125 AKS SSS ', 187000000.00, '2021-04-29 00:00:00', 'fauzan', NULL, NULL, NULL, NULL),
(1147, 1, '2020', '39', 'Mio S Smart ', 188100000.00, '2021-04-29 00:00:00', 'fauzan', NULL, NULL, NULL, NULL),
(1148, 1, '2020', '39', 'Mio Z ', 189200000.00, '2021-04-29 00:00:00', 'fauzan', NULL, NULL, NULL, NULL),
(1149, 1, '2020', '39', 'MT 25 ', 190300000.00, '2021-04-29 00:00:00', 'fauzan', NULL, NULL, NULL, NULL),
(1150, 1, '2020', '39', 'MT-15 ', 191400000.00, '2021-04-29 00:00:00', 'fauzan', NULL, NULL, NULL, NULL),
(1151, 1, '2020', '39', 'MX King 150 ', 192500000.00, '2021-04-29 00:00:00', 'fauzan', NULL, NULL, NULL, NULL),
(1152, 1, '2020', '39', 'MX King 150 DOXOU Version ', 193600000.00, '2021-04-29 00:00:00', 'fauzan', NULL, NULL, NULL, NULL),
(1153, 1, '2020', '39', 'MX King 150 GP Version ', 194700000.00, '2021-04-29 00:00:00', 'fauzan', NULL, NULL, NULL, NULL),
(1154, 1, '2020', '39', 'MX King 150 Gp Version Livery ', 195800000.00, '2021-04-29 00:00:00', 'fauzan', NULL, NULL, NULL, NULL),
(1155, 1, '2020', '39', 'New Fino Grande Tubeless & Ban Lebar 125 Blue Core ', 196900000.00, '2021-04-29 00:00:00', 'fauzan', NULL, NULL, NULL, NULL),
(1156, 1, '2020', '39', 'New Fino Premium Tubeless & Ban Lebar 125 Blue Core', 198000000.00, '2021-04-29 00:00:00', 'fauzan', NULL, NULL, NULL, NULL),
(1157, 1, '2020', '39', 'New Fino Sporty Tubeless & Ban Lebar 125 Blue Core ', 199100000.00, '2021-04-29 00:00:00', 'fauzan', NULL, NULL, NULL, NULL),
(1158, 1, '2020', '39', 'New YZF R25 ', 200200000.00, '2021-04-29 00:00:00', 'fauzan', NULL, NULL, NULL, NULL),
(1159, 1, '2020', '39', 'New YZF R25 ABS ', 201300000.00, '2021-04-29 00:00:00', 'fauzan', NULL, NULL, NULL, NULL),
(1160, 1, '2020', '39', 'Nmax 155 ', 202400000.00, '2021-04-29 00:00:00', 'fauzan', NULL, NULL, NULL, NULL),
(1161, 1, '2020', '39', 'Nmax 155 ABS ', 203500000.00, '2021-04-29 00:00:00', 'fauzan', NULL, NULL, NULL, NULL),
(1162, 1, '2020', '39', 'Tmax ', 204600000.00, '2021-04-29 00:00:00', 'fauzan', NULL, NULL, NULL, NULL),
(1163, 1, '2020', '39', 'Vega Force ', 205700000.00, '2021-04-29 00:00:00', 'fauzan', NULL, NULL, NULL, NULL),
(1164, 1, '2020', '39', 'X Ride 125', 206800000.00, '2021-04-29 00:00:00', 'fauzan', NULL, NULL, NULL, NULL),
(1165, 1, '2020', '39', 'Xabre ', 207900000.00, '2021-04-29 00:00:00', 'fauzan', NULL, NULL, NULL, NULL),
(1166, 1, '2020', '39', 'Xmax ', 209000000.00, '2021-04-29 00:00:00', 'fauzan', NULL, NULL, NULL, NULL),
(1167, 1, '2020', '39', 'YZF R25 Movistar ', 210100000.00, '2021-04-29 00:00:00', 'fauzan', NULL, NULL, NULL, NULL),
(1168, 1, '2020', '39', 'YZF R25 Movistar Livery ', 211200000.00, '2021-04-29 00:00:00', 'fauzan', NULL, NULL, NULL, NULL);

-- --------------------------------------------------------

--
-- Struktur dari tabel `tm_occupation_property`
--

CREATE TABLE `tm_occupation_property` (
  `id` int(11) NOT NULL,
  `name` varchar(255) CHARACTER SET utf8mb4 NOT NULL DEFAULT '',
  `description` varchar(150) DEFAULT NULL,
  `created_at` datetime DEFAULT NULL,
  `created_by` varchar(21) CHARACTER SET utf8mb4 NOT NULL DEFAULT '',
  `updated_at` datetime DEFAULT NULL,
  `updated_by` varchar(21) CHARACTER SET utf8mb4 DEFAULT NULL,
  `deleted_at` datetime DEFAULT NULL,
  `deleted_by` varchar(21) CHARACTER SET utf8mb4 DEFAULT NULL
) ENGINE=InnoDB DEFAULT CHARSET=latin1 ROW_FORMAT=DYNAMIC;

--
-- Dumping data untuk tabel `tm_occupation_property`
--

INSERT INTO `tm_occupation_property` (`id`, `name`, `description`, `created_at`, `created_by`, `updated_at`, `updated_by`, `deleted_at`, `deleted_by`) VALUES
(1, 'Dwelling House', NULL, NULL, 'fauzan', NULL, NULL, NULL, NULL),
(2, 'Shop House', NULL, NULL, 'fauzan', NULL, NULL, NULL, NULL),
(3, 'Apartments/Condominums (up to 6 storey)', NULL, NULL, 'fauzan', NULL, NULL, NULL, NULL),
(4, 'Apartments/Condominums (> 6 storey up to 18 storey)', NULL, NULL, 'fauzan', NULL, NULL, NULL, NULL),
(5, 'Apartments/Condominums (>18 storey up to 24 storey)', NULL, NULL, 'fauzan', NULL, NULL, NULL, NULL),
(6, 'Apartments/Condominums (>24 storey)', NULL, NULL, 'fauzan', NULL, NULL, NULL, NULL);

-- --------------------------------------------------------

--
-- Struktur dari tabel `tm_permission`
--

CREATE TABLE `tm_permission` (
  `id` varchar(15) NOT NULL,
  `menu_id` varchar(15) NOT NULL,
  `description` varchar(50) DEFAULT NULL,
  `created_at` datetime NOT NULL,
  `created_by` varchar(15) NOT NULL,
  `updated_at` datetime DEFAULT NULL,
  `updated_by` varchar(15) DEFAULT NULL,
  `deleted_at` datetime DEFAULT NULL,
  `deleted_by` varchar(15) DEFAULT NULL
) ENGINE=InnoDB DEFAULT CHARSET=utf8mb4;

--
-- Dumping data untuk tabel `tm_permission`
--

INSERT INTO `tm_permission` (`id`, `menu_id`, `description`, `created_at`, `created_by`, `updated_at`, `updated_by`, `deleted_at`, `deleted_by`) VALUES
('PRM-21050001', 'MNU-21040004', 'read User', '2021-05-04 09:51:00', 'USR-21040000', NULL, NULL, NULL, NULL),
('PRM-21050002', 'MNU-21040004', 'write User', '2021-05-04 09:51:00', 'USR-21040000', NULL, NULL, NULL, NULL),
('PRM-21050003', 'MNU-21040005', 'read Menu', '2021-05-04 09:51:00', 'USR-21040000', NULL, NULL, NULL, NULL),
('PRM-21050004', 'MNU-21040005', 'write Menu', '2021-05-04 09:51:00', 'USR-21040000', NULL, NULL, NULL, NULL),
('PRM-21050005', 'MNU-21040003', 'read Warehouse', '2021-05-04 09:51:00', 'USR-21040000', NULL, NULL, NULL, NULL),
('PRM-21050006', 'MNU-21040001', 'read Dashboard', '2021-05-04 09:51:00', 'USR-21040000', NULL, NULL, NULL, NULL),
('PRM-21050007', 'MNU-21050004', 'read Test', '2021-05-17 10:13:05', 'USR-21040000', NULL, NULL, NULL, NULL),
('PRM-21050008', 'MNU-21050004', 'write Test', '2021-05-17 10:13:05', 'USR-21040000', NULL, NULL, NULL, NULL),
('PRM-21050009', 'MNU-21050002', 'read Customer', '2021-05-17 10:13:05', 'USR-21040000', NULL, NULL, NULL, NULL),
('PRM-21050010', 'MNU-21050002', 'write Customer', '2021-05-17 10:13:05', 'USR-21040000', NULL, NULL, NULL, NULL),
('PRM-21050011', 'MNU-21050003', 'read Role', '2021-05-17 10:13:05', 'USR-21040000', NULL, NULL, NULL, NULL),
('PRM-21050012', 'MNU-21050003', 'write Role', '2021-05-17 10:13:05', 'USR-21040000', NULL, NULL, NULL, NULL),
('PRM-21050013', 'MNU-21050005', 'read Brand', '2021-05-17 11:38:58', 'USR-21040000', NULL, NULL, NULL, NULL),
('PRM-21050014', 'MNU-21050005', 'write Brand', '2021-05-17 11:38:58', 'USR-21040000', NULL, NULL, NULL, NULL),
('PRM-21050015', 'MNU-21050006', 'read Product Category', '2021-05-17 11:48:57', 'USR-21040000', NULL, NULL, NULL, NULL),
('PRM-21050016', 'MNU-21050006', 'write Product Category', '2021-05-17 11:48:57', 'USR-21040000', NULL, NULL, NULL, NULL),
('PRM-21050019', 'MNU-21050008', 'read Production', '2021-05-17 14:24:31', 'USR-21040000', NULL, NULL, NULL, NULL),
('PRM-21050020', 'MNU-21050008', 'write Production', '2021-05-17 14:24:31', 'USR-21040000', NULL, NULL, NULL, NULL),
('PRM-21050021', 'MNU-21050007', 'read Factory', '2021-05-17 14:24:31', 'USR-21040000', NULL, NULL, NULL, NULL),
('PRM-21050022', 'MNU-21050007', 'write Factory', '2021-05-17 14:24:31', 'USR-21040000', NULL, NULL, NULL, NULL),
('PRM-21050023', 'MNU-21050009', 'read Product', '2021-05-18 10:01:24', 'USR-21040000', NULL, NULL, NULL, NULL),
('PRM-21050024', 'MNU-21050009', 'write Product', '2021-05-18 10:01:24', 'USR-21040000', NULL, NULL, NULL, NULL),
('PRM-21050025', 'MNU-21050010', 'read Product Sub Category', '2021-05-18 14:03:16', 'USR-21040000', NULL, NULL, NULL, NULL),
('PRM-21050026', 'MNU-21050010', 'write Product Sub Category', '2021-05-18 14:03:16', 'USR-21040000', NULL, NULL, NULL, NULL),
('PRM-21050027', 'MNU-21050011', 'read Stock', '2021-05-19 10:31:17', 'USR-21040000', NULL, NULL, NULL, NULL),
('PRM-21050028', 'MNU-21050011', 'write Stock', '2021-05-19 10:31:17', 'USR-21040000', NULL, NULL, NULL, NULL),
('PRM-21050029', 'MNU-21050012', 'read Stock Transfer', '2021-05-19 10:32:05', 'USR-21040000', NULL, NULL, NULL, NULL),
('PRM-21050030', 'MNU-21050012', 'write Stock Transfer', '2021-05-19 10:32:05', 'USR-21040000', NULL, NULL, NULL, NULL),
('PRM-21050031', 'MNU-21050013', 'read Stock Transfer Return', '2021-05-19 10:32:29', 'USR-21040000', NULL, NULL, NULL, NULL),
('PRM-21050032', 'MNU-21050013', 'write Stock Transfer Return', '2021-05-19 10:32:29', 'USR-21040000', NULL, NULL, NULL, NULL),
('PRM-21050033', 'MNU-21040003', 'write Warehouse', '2021-05-19 10:32:29', 'USR-21040000', NULL, NULL, NULL, NULL),
('PRM-21050034', 'MNU-21050014', 'read Test', '2021-05-21 13:41:17', 'USR-21040000', NULL, NULL, NULL, NULL),
('PRM-21050035', 'MNU-21050014', 'write Test', '2021-05-21 13:41:17', 'USR-21040000', NULL, NULL, NULL, NULL),
('PRM-21050036', 'MNU-21050015', 'read Marketing', '2021-05-25 10:24:41', 'USR-21040000', NULL, NULL, NULL, NULL),
('PRM-21050037', 'MNU-21050015', 'write Marketing', '2021-05-25 10:24:41', 'USR-21040000', NULL, NULL, NULL, NULL),
('PRM-21050038', 'MNU-21050016', 'read Bank', '2021-05-31 11:16:17', 'USR-21040000', NULL, NULL, NULL, NULL),
('PRM-21050039', 'MNU-21050016', 'write Bank', '2021-05-31 11:16:17', 'USR-21040000', NULL, NULL, NULL, NULL),
('PRM-21050040', 'MNU-21050017', 'read Warehouse', '2021-05-31 14:03:14', 'USR-21040000', NULL, NULL, NULL, NULL),
('PRM-21050041', 'MNU-21050017', 'write Warehouse', '2021-05-31 14:03:14', 'USR-21040000', NULL, NULL, NULL, NULL),
('PRM-21050042', 'MNU-21050018', 'read Stock Transfer', '2021-05-31 14:24:01', 'USR-21040000', NULL, NULL, NULL, NULL),
('PRM-21050043', 'MNU-21050018', 'write Stock Transfer', '2021-05-31 14:24:01', 'USR-21040000', NULL, NULL, NULL, NULL),
('PRM-21050044', 'MNU-21050019', 'read Stock', '2021-05-31 14:30:20', 'USR-21040000', NULL, NULL, NULL, NULL),
('PRM-21050045', 'MNU-21050019', 'write Stock', '2021-05-31 14:30:20', 'USR-21040000', NULL, NULL, NULL, NULL),
('PRM-21050046', 'MNU-21040002', 'read Data Master', '2021-05-31 14:30:20', 'USR-21040000', NULL, NULL, NULL, NULL),
('PRM-21050047', 'MNU-21040002', 'write Data Master', '2021-05-31 14:30:20', 'USR-21040000', NULL, NULL, NULL, NULL),
('PRM-21050048', 'MNU-21050007', 'read Factory', '2021-05-31 14:30:20', 'USR-21040000', NULL, NULL, NULL, NULL),
('PRM-21050049', 'MNU-21050007', 'write Factory', '2021-05-31 14:30:20', 'USR-21040000', NULL, NULL, NULL, NULL),
('PRM-21060001', 'MNU-21060001', 'read Stock Transfer Return', '2021-06-21 13:31:06', 'USR-21040000', NULL, NULL, NULL, NULL),
('PRM-21060002', 'MNU-21060001', 'write Stock Transfer Return', '2021-06-21 13:31:06', 'USR-21040000', NULL, NULL, NULL, NULL),
('PRM-21070001', 'MNU-21070001', 'read Config', '2021-07-01 10:47:56', 'USR-21040000', NULL, NULL, NULL, NULL),
('PRM-21070002', 'MNU-21070001', 'write Config', '2021-07-01 10:47:56', 'USR-21040000', NULL, NULL, NULL, NULL),
('PRM-21070003', 'MNU-21070002', 'read Sales', '2021-07-05 10:44:17', 'USR-21040000', NULL, NULL, NULL, NULL),
('PRM-21070004', 'MNU-21070002', 'write Sales', '2021-07-05 10:44:17', 'USR-21040000', NULL, NULL, NULL, NULL),
('PRM-21070005', 'MNU-21070003', 'read Purchase Return', '2021-07-13 17:22:58', 'USR-21040000', NULL, NULL, NULL, NULL),
('PRM-21070006', 'MNU-21070003', 'write Purchase Return', '2021-07-13 17:22:58', 'USR-21040000', NULL, NULL, NULL, NULL),
('PRM-21070007', 'MNU-21070004', 'read Availabile Stock', '2021-07-15 09:34:09', 'USR-21040000', NULL, NULL, NULL, NULL),
('PRM-21070008', 'MNU-21070004', 'write Availabile Stock', '2021-07-15 09:34:09', 'USR-21040000', NULL, NULL, NULL, NULL),
('PRM-21070009', 'MNU-21070005', 'read Available Stock', '2021-07-15 09:35:32', 'USR-21040000', NULL, NULL, NULL, NULL),
('PRM-21070010', 'MNU-21070005', 'write Available Stock', '2021-07-15 09:35:32', 'USR-21040000', NULL, NULL, NULL, NULL),
('PRM-21070011', 'MNU-21070006', 'read Machine', '2021-07-15 11:33:22', 'USR-21040000', NULL, NULL, NULL, NULL),
('PRM-21070012', 'MNU-21070006', 'write Machine', '2021-07-15 11:33:22', 'USR-21040000', NULL, NULL, NULL, NULL),
('PRM-21070013', 'MNU-21070007', 'read Customer Type', '2021-07-22 10:31:13', 'USR-21040000', NULL, NULL, NULL, NULL),
('PRM-21070014', 'MNU-21070007', 'write Customer Type', '2021-07-22 10:31:13', 'USR-21040000', NULL, NULL, NULL, NULL),
('PRM-21070015', 'MNU-21070008', 'read Insurance', '2021-07-29 17:58:28', 'USR-202105001', NULL, NULL, NULL, NULL),
('PRM-21070016', 'MNU-21070008', 'write Insurance', '2021-07-29 17:58:28', 'USR-202105001', NULL, NULL, NULL, NULL),
('PRM-21080001', 'MNU-21080001', 'read FGBMFI Region', '2021-08-06 14:05:48', 'USR-202105001', NULL, NULL, NULL, NULL),
('PRM-21080002', 'MNU-21080001', 'write FGBMFI Region', '2021-08-06 14:05:48', 'USR-202105001', NULL, NULL, NULL, NULL),
('PRM-21090001', 'MNU-21090001', 'read Production', '2021-09-04 16:59:47', 'USR-202105001', NULL, NULL, NULL, NULL),
('PRM-21090002', 'MNU-21090001', 'write Production', '2021-09-04 16:59:47', 'USR-202105001', NULL, NULL, NULL, NULL),
('PRM-21090003', 'MNU-21090002', 'read Transaction', '2021-09-04 17:00:27', 'USR-202105001', NULL, NULL, NULL, NULL),
('PRM-21090004', 'MNU-21090002', 'write Transaction', '2021-09-04 17:00:27', 'USR-202105001', NULL, NULL, NULL, NULL),
('PRM-21090005', 'MNU-21090003', 'read Report', '2021-09-04 17:16:05', 'USR-202105001', NULL, NULL, NULL, NULL),
('PRM-21090006', 'MNU-21090003', 'write Report', '2021-09-04 17:16:05', 'USR-202105001', NULL, NULL, NULL, NULL);

-- --------------------------------------------------------

--
-- Struktur dari tabel `tm_plat`
--

CREATE TABLE `tm_plat` (
  `id` int(11) NOT NULL,
  `plat_code` varchar(5) CHARACTER SET utf8mb4 NOT NULL DEFAULT '',
  `plat_name` varchar(255) CHARACTER SET utf8mb4 NOT NULL DEFAULT '',
  `region_id` int(11) DEFAULT NULL,
  `created_at` datetime DEFAULT NULL,
  `created_by` varchar(21) CHARACTER SET utf8mb4 NOT NULL DEFAULT '',
  `updated_at` datetime DEFAULT NULL,
  `updated_by` varchar(21) CHARACTER SET utf8mb4 DEFAULT NULL,
  `deleted_at` datetime DEFAULT NULL,
  `deleted_by` varchar(21) CHARACTER SET utf8mb4 DEFAULT NULL
) ENGINE=InnoDB DEFAULT CHARSET=latin1;

--
-- Dumping data untuk tabel `tm_plat`
--

INSERT INTO `tm_plat` (`id`, `plat_code`, `plat_name`, `region_id`, `created_at`, `created_by`, `updated_at`, `updated_by`, `deleted_at`, `deleted_by`) VALUES
(1, 'A', 'Banten - Serang - Merak', 2, '2021-04-21 00:00:00', 'fauzan', '0000-00-00 00:00:00', 'fauzan', NULL, NULL),
(2, 'AA', 'Kedu - Magelang', 3, '2021-04-21 00:00:00', 'fauzan', '0000-00-00 00:00:00', 'fauzan', NULL, NULL),
(3, 'AB', 'DI Yogyakarta', 3, '2021-04-21 00:00:00', 'fauzan', '0000-00-00 00:00:00', 'fauzan', NULL, NULL),
(4, 'AD', 'Surakarta', 3, '2021-04-21 00:00:00', 'fauzan', '0000-00-00 00:00:00', 'fauzan', NULL, NULL),
(5, 'AE', 'Madiun', 3, '2021-04-21 00:00:00', 'fauzan', '0000-00-00 00:00:00', 'fauzan', NULL, NULL),
(6, 'AG', 'Kediri', 3, '2021-04-21 00:00:00', 'fauzan', '0000-00-00 00:00:00', 'fauzan', NULL, NULL),
(7, 'B', 'DKI Jakarta - Depok - Tangerang - Bekasi (JaDeTaBek)', 2, '2021-04-21 00:00:00', 'fauzan', '0000-00-00 00:00:00', 'fauzan', NULL, NULL),
(8, 'BA', 'Sumatera Barat', 1, '2021-04-21 00:00:00', 'fauzan', '0000-00-00 00:00:00', 'fauzan', NULL, NULL),
(9, 'BB', 'Sumatera Utara bagian Barat', 1, '2021-04-21 00:00:00', 'fauzan', '0000-00-00 00:00:00', 'fauzan', NULL, NULL),
(10, 'BD', 'Bengkulu', 1, '2021-04-21 00:00:00', 'fauzan', '0000-00-00 00:00:00', 'fauzan', NULL, NULL),
(11, 'BE', 'Lampung', 1, '2021-04-21 00:00:00', 'fauzan', '0000-00-00 00:00:00', 'fauzan', NULL, NULL),
(12, 'BG', 'Sumatera Selatan', 1, '2021-04-21 00:00:00', 'fauzan', '0000-00-00 00:00:00', 'fauzan', NULL, NULL),
(13, 'BH', 'Jambi', 1, '2021-04-21 00:00:00', 'fauzan', '0000-00-00 00:00:00', 'fauzan', NULL, NULL),
(14, 'BK', 'Sumatera Utara bagian Timur', 1, '2021-04-21 00:00:00', 'fauzan', '0000-00-00 00:00:00', 'fauzan', NULL, NULL),
(15, 'BL', 'DI Aceh', 1, '2021-04-21 00:00:00', 'fauzan', '0000-00-00 00:00:00', 'fauzan', NULL, NULL),
(16, 'BM', 'Riau', 1, '2021-04-21 00:00:00', 'fauzan', '0000-00-00 00:00:00', 'fauzan', NULL, NULL),
(17, 'BN', 'Bangka', 1, '2021-04-21 00:00:00', 'fauzan', '0000-00-00 00:00:00', 'fauzan', NULL, NULL),
(18, 'BP', 'Kepulauan Riau', 1, '2021-04-21 00:00:00', 'fauzan', '0000-00-00 00:00:00', 'fauzan', NULL, NULL),
(19, 'CD', 'Corps Diplomatic', 2, '2021-04-21 00:00:00', 'fauzan', '0000-00-00 00:00:00', 'fauzan', NULL, NULL),
(20, 'D', 'Bandung', 2, '2021-04-21 00:00:00', 'fauzan', '0000-00-00 00:00:00', 'fauzan', NULL, NULL),
(21, 'DA', 'Kalimantan Selatan', 3, '2021-04-21 00:00:00', 'fauzan', '0000-00-00 00:00:00', 'fauzan', NULL, NULL),
(22, 'DB', 'Sulawesi Utara (Minahasa)', 3, '2021-04-21 00:00:00', 'fauzan', '0000-00-00 00:00:00', 'fauzan', NULL, NULL),
(23, 'DC', 'Sulawesi Barat', 3, '2021-04-21 00:00:00', 'fauzan', '0000-00-00 00:00:00', 'fauzan', NULL, NULL),
(24, 'DD', 'Sulawesi Selatan', 3, '2021-04-21 00:00:00', 'fauzan', '0000-00-00 00:00:00', 'fauzan', NULL, NULL),
(25, 'DE', 'Maluku Selatan', 3, '2021-04-21 00:00:00', 'fauzan', '0000-00-00 00:00:00', 'fauzan', NULL, NULL),
(26, 'DG', 'Maluku Utara', 3, '2021-04-21 00:00:00', 'fauzan', '0000-00-00 00:00:00', 'fauzan', NULL, NULL),
(27, 'DH', 'Pulau Timor', 3, '2021-04-21 00:00:00', 'fauzan', '0000-00-00 00:00:00', 'fauzan', NULL, NULL),
(28, 'DK', 'Bali', 3, '2021-04-21 00:00:00', 'fauzan', '0000-00-00 00:00:00', 'fauzan', NULL, NULL),
(29, 'DL', 'Sangihe / Talaud', 3, '2021-04-21 00:00:00', 'fauzan', '0000-00-00 00:00:00', 'fauzan', NULL, NULL),
(30, 'DM', 'Gorontalo', 3, '2021-04-21 00:00:00', 'fauzan', '0000-00-00 00:00:00', 'fauzan', NULL, NULL),
(31, 'DN', 'Sulawesi Tengah', 3, '2021-04-21 00:00:00', 'fauzan', '0000-00-00 00:00:00', 'fauzan', NULL, NULL),
(32, 'DP', 'Sulawesi Selatan bagian Utara', 3, '2021-04-21 00:00:00', 'fauzan', '0000-00-00 00:00:00', 'fauzan', NULL, NULL),
(33, 'DR', 'Pulau Lombok', 3, '2021-04-21 00:00:00', 'fauzan', '0000-00-00 00:00:00', 'fauzan', NULL, NULL),
(34, 'DS', 'Papua', 3, '2021-04-21 00:00:00', 'fauzan', '0000-00-00 00:00:00', 'fauzan', NULL, NULL),
(35, 'DT', 'Sulawesi Tenggara', 3, '2021-04-21 00:00:00', 'fauzan', '0000-00-00 00:00:00', 'fauzan', NULL, NULL),
(36, 'DW', 'Sulawesi Selatan bagian Tengah', 3, '2021-04-21 00:00:00', 'fauzan', '0000-00-00 00:00:00', 'fauzan', NULL, NULL),
(37, 'E', 'Cirebon', 2, '2021-04-21 00:00:00', 'fauzan', '0000-00-00 00:00:00', 'fauzan', NULL, NULL),
(38, 'EA', 'Pulau Sumbawa', 3, '2021-04-21 00:00:00', 'fauzan', '0000-00-00 00:00:00', 'fauzan', NULL, NULL),
(39, 'EB', 'Pulau Flores', 3, '2021-04-21 00:00:00', 'fauzan', '0000-00-00 00:00:00', 'fauzan', NULL, NULL),
(40, 'ED', 'Pulau Sumba', 3, '2021-04-21 00:00:00', 'fauzan', '0000-00-00 00:00:00', 'fauzan', NULL, NULL),
(41, 'F', 'Bogor', 2, '2021-04-21 00:00:00', 'fauzan', '0000-00-00 00:00:00', 'fauzan', NULL, NULL),
(42, 'G', 'Pekalongan', 3, '2021-04-21 00:00:00', 'fauzan', '0000-00-00 00:00:00', 'fauzan', NULL, NULL),
(43, 'H', 'Semarang', 3, '2021-04-21 00:00:00', 'fauzan', '0000-00-00 00:00:00', 'fauzan', NULL, NULL),
(44, 'K', 'Pati', 3, '2021-04-21 00:00:00', 'fauzan', '0000-00-00 00:00:00', 'fauzan', NULL, NULL),
(45, 'KB', 'Pati', 3, '2021-04-21 00:00:00', 'fauzan', '0000-00-00 00:00:00', 'fauzan', NULL, NULL),
(46, 'KH', 'Kalimantan Tengah', 3, '2021-04-21 00:00:00', 'fauzan', '0000-00-00 00:00:00', 'fauzan', NULL, NULL),
(47, 'KT', 'Kalimantan Timur', 3, '2021-04-21 00:00:00', 'fauzan', '0000-00-00 00:00:00', 'fauzan', NULL, NULL),
(48, 'L', 'Surabaya', 3, '2021-04-21 00:00:00', 'fauzan', '0000-00-00 00:00:00', 'fauzan', NULL, NULL),
(49, 'M', 'Madura', 3, '2021-04-21 00:00:00', 'fauzan', '0000-00-00 00:00:00', 'fauzan', NULL, NULL),
(50, 'N', 'Malang', 3, '2021-04-21 00:00:00', 'fauzan', '0000-00-00 00:00:00', 'fauzan', NULL, NULL),
(51, 'P', 'Besuki', 3, '2021-04-21 00:00:00', 'fauzan', '0000-00-00 00:00:00', 'fauzan', NULL, NULL),
(52, 'PB', 'Papua Barat', 3, '2021-04-21 00:00:00', 'fauzan', '0000-00-00 00:00:00', 'fauzan', NULL, NULL),
(53, 'R', 'Banyumas', 3, '2021-04-21 00:00:00', 'fauzan', '0000-00-00 00:00:00', 'fauzan', NULL, NULL),
(54, 'RI', 'Pejabat Republik Indonesia', 2, '2021-04-21 00:00:00', 'fauzan', '0000-00-00 00:00:00', 'fauzan', NULL, NULL),
(55, 'S', 'Bojonegoro', 3, '2021-04-21 00:00:00', 'fauzan', '0000-00-00 00:00:00', 'fauzan', NULL, NULL),
(56, 'T', 'Karawang - Cikampek', 2, '2021-04-21 00:00:00', 'fauzan', '0000-00-00 00:00:00', 'fauzan', NULL, NULL),
(57, 'W', 'Sidoarjo (Jawa Timur)', 3, '2021-04-21 00:00:00', 'fauzan', '0000-00-00 00:00:00', 'fauzan', NULL, NULL),
(58, 'Z', 'Sumedang (Jawa Barat)', 2, '2021-04-21 00:00:00', 'fauzan', '0000-00-00 00:00:00', 'fauzan', NULL, NULL);

-- --------------------------------------------------------

--
-- Struktur dari tabel `tm_province`
--

CREATE TABLE `tm_province` (
  `id` int(11) NOT NULL,
  `name` varchar(255) CHARACTER SET utf8mb4 NOT NULL DEFAULT '',
  `created_at` datetime DEFAULT NULL,
  `created_by` varchar(21) CHARACTER SET utf8mb4 NOT NULL DEFAULT '',
  `updated_at` datetime DEFAULT NULL,
  `updated_by` varchar(21) CHARACTER SET utf8mb4 DEFAULT NULL,
  `deleted_at` datetime DEFAULT NULL,
  `deleted_by` varchar(21) CHARACTER SET utf8mb4 DEFAULT NULL
) ENGINE=InnoDB DEFAULT CHARSET=latin1 ROW_FORMAT=DYNAMIC;

--
-- Dumping data untuk tabel `tm_province`
--

INSERT INTO `tm_province` (`id`, `name`, `created_at`, `created_by`, `updated_at`, `updated_by`, `deleted_at`, `deleted_by`) VALUES
(1, 'BALI', NULL, 'fauzan', NULL, NULL, NULL, NULL),
(2, 'BANTEN', NULL, 'fauzan', NULL, NULL, NULL, NULL),
(3, 'BENGKULU', NULL, 'fauzan', NULL, NULL, NULL, NULL),
(4, 'D.I. YOGYAKARTA', NULL, 'fauzan', NULL, NULL, NULL, NULL),
(5, 'DKI JAKARTA', NULL, 'fauzan', NULL, NULL, NULL, NULL),
(6, 'GORONTALO', NULL, 'fauzan', NULL, NULL, NULL, NULL),
(7, 'JAMBI', NULL, 'fauzan', NULL, NULL, NULL, NULL),
(8, 'JAWA BARAT', NULL, 'fauzan', NULL, NULL, NULL, NULL),
(9, 'JAWA TENGAH', NULL, 'fauzan', NULL, NULL, NULL, NULL),
(10, 'JAWA TIMUR', NULL, 'fauzan', NULL, NULL, NULL, NULL),
(11, 'KALIMANTAN BARAT', NULL, 'fauzan', NULL, NULL, NULL, NULL),
(12, 'KALIMANTAN SELATAN', NULL, 'fauzan', NULL, NULL, NULL, NULL),
(13, 'KALIMANTAN TENGAH', NULL, 'fauzan', NULL, NULL, NULL, NULL),
(14, 'KALIMANTAN TIMUR', NULL, 'fauzan', NULL, NULL, NULL, NULL),
(15, 'KALIMANTAN UTARA', NULL, 'fauzan', NULL, NULL, NULL, NULL),
(16, 'KEPULAUAN BANGKA BELITUNG', NULL, 'fauzan', NULL, NULL, NULL, NULL),
(17, 'KEPULAUAN RIAU', NULL, 'fauzan', NULL, NULL, NULL, NULL),
(18, 'LAMPUNG', NULL, 'fauzan', NULL, NULL, NULL, NULL),
(19, 'MALUKU', NULL, 'fauzan', NULL, NULL, NULL, NULL),
(20, 'MALUKU UTARA', NULL, 'fauzan', NULL, NULL, NULL, NULL),
(21, 'NANGGROE ACEH DARUSSALAM', NULL, 'fauzan', NULL, NULL, NULL, NULL),
(22, 'NUSA TENGGARA BARAT', NULL, 'fauzan', NULL, NULL, NULL, NULL),
(23, 'NUSA TENGGARA TIMUR', NULL, 'fauzan', NULL, NULL, NULL, NULL),
(24, 'PAPUA', NULL, 'fauzan', NULL, NULL, NULL, NULL),
(25, 'PAPUA BARAT', NULL, 'fauzan', NULL, NULL, NULL, NULL),
(26, 'RIAU', NULL, 'fauzan', NULL, NULL, NULL, NULL),
(27, 'SULAWESI SELATAN', NULL, 'fauzan', NULL, NULL, NULL, NULL),
(28, 'SULAWESI BARAT', NULL, 'fauzan', NULL, NULL, NULL, NULL),
(29, 'SULAWESI TENGAH', NULL, 'fauzan', NULL, NULL, NULL, NULL),
(30, 'SULAWESI TENGGARA', NULL, 'fauzan', NULL, NULL, NULL, NULL),
(31, 'SULAWESI UTARA', NULL, 'fauzan', NULL, NULL, NULL, NULL),
(32, 'SUMATERA BARAT', NULL, 'fauzan', NULL, NULL, NULL, NULL),
(33, 'SUMATERA SELATAN', NULL, 'fauzan', NULL, NULL, NULL, NULL),
(34, 'SUMATERA UTARA', NULL, 'fauzan', NULL, NULL, NULL, NULL);

-- --------------------------------------------------------

--
-- Struktur dari tabel `tm_region`
--

CREATE TABLE `tm_region` (
  `id` int(11) NOT NULL,
  `name` varchar(255) CHARACTER SET utf8mb4 NOT NULL DEFAULT '',
  `description` varchar(150) DEFAULT NULL,
  `created_at` datetime DEFAULT NULL,
  `created_by` varchar(21) CHARACTER SET utf8mb4 NOT NULL DEFAULT '',
  `updated_at` datetime DEFAULT NULL,
  `updated_by` varchar(21) CHARACTER SET utf8mb4 DEFAULT NULL,
  `deleted_at` datetime DEFAULT NULL,
  `deleted_by` varchar(21) CHARACTER SET utf8mb4 DEFAULT NULL
) ENGINE=InnoDB DEFAULT CHARSET=latin1 ROW_FORMAT=DYNAMIC;

--
-- Dumping data untuk tabel `tm_region`
--

INSERT INTO `tm_region` (`id`, `name`, `description`, `created_at`, `created_by`, `updated_at`, `updated_by`, `deleted_at`, `deleted_by`) VALUES
(1, 'Wilayah I', 'Sumatera dan kepulauan di sekitarnya', NULL, 'fauzan', NULL, 'fauzan', NULL, NULL),
(2, 'Wilayah II', 'Jakarta, Banten dan Jawa Barat', NULL, 'fauzan', NULL, 'fauzan', NULL, NULL),
(3, 'Wilayah III', 'semua daerah di Indonesia yang tidak termasuk Wilayah I dan II', NULL, 'Fauzan', NULL, 'Fauzan', NULL, NULL);

-- --------------------------------------------------------

--
-- Struktur dari tabel `tm_role`
--

CREATE TABLE `tm_role` (
  `id` varchar(15) NOT NULL,
  `name` varchar(50) NOT NULL,
  `description` varchar(200) DEFAULT NULL,
  `created_at` datetime NOT NULL,
  `created_by` varchar(15) NOT NULL,
  `updated_at` datetime DEFAULT NULL,
  `updated_by` varchar(15) DEFAULT NULL,
  `deleted_at` datetime DEFAULT NULL,
  `deleted_by` varchar(15) DEFAULT NULL
) ENGINE=InnoDB DEFAULT CHARSET=utf8mb4;

--
-- Dumping data untuk tabel `tm_role`
--

INSERT INTO `tm_role` (`id`, `name`, `description`, `created_at`, `created_by`, `updated_at`, `updated_by`, `deleted_at`, `deleted_by`) VALUES
('ROL-21050001', 'Administrator', 'Admin dari sistem internal Sedana Agro', '2021-05-05 10:10:00', 'USR-21040000', NULL, NULL, NULL, NULL),
('ROL-21050002', 'Developer', 'Test', '2021-05-05 10:10:00', 'USR-21040000', NULL, NULL, NULL, NULL),
('ROL-21050003', 'Gudang', '', '2021-05-31 15:16:19', 'USR-21040000', NULL, NULL, NULL, NULL),
('ROL-21060001', 'Pabrik', '', '2021-06-07 17:21:45', 'USR-21040000', NULL, NULL, NULL, NULL);

-- --------------------------------------------------------

--
-- Struktur dari tabel `tm_third_party`
--

CREATE TABLE `tm_third_party` (
  `id` varchar(15) NOT NULL,
  `region_id` varchar(15) DEFAULT NULL,
  `third_party_type_id` varchar(15) NOT NULL,
  `customer_type_id` char(12) DEFAULT NULL,
  `name` varchar(50) NOT NULL,
  `credit_limit` decimal(10,0) NOT NULL DEFAULT 0,
  `credit_limit_day` int(10) UNSIGNED NOT NULL DEFAULT 0,
  `can_use_as_partner` tinyint(4) UNSIGNED NOT NULL DEFAULT 0,
  `created_at` datetime NOT NULL,
  `created_by` varchar(15) NOT NULL,
  `updated_at` datetime DEFAULT NULL,
  `updated_by` varchar(15) DEFAULT NULL,
  `deleted_at` datetime DEFAULT NULL,
  `deleted_by` varchar(15) DEFAULT NULL
) ENGINE=InnoDB DEFAULT CHARSET=utf8mb4;

--
-- Dumping data untuk tabel `tm_third_party`
--

INSERT INTO `tm_third_party` (`id`, `region_id`, `third_party_type_id`, `customer_type_id`, `name`, `credit_limit`, `credit_limit_day`, `can_use_as_partner`, `created_at`, `created_by`, `updated_at`, `updated_by`, `deleted_at`, `deleted_by`) VALUES
('3RDP-21050000', NULL, '3RDPT-21040001', NULL, 'Pabrik', '0', 0, 0, '2021-05-19 15:02:50', 'USR-21040000', NULL, NULL, NULL, NULL),
('3RDP-21050002', 'RGN-21040002', '3RDPT-21040002', 'CTYP-2107002', 'Miftah', '1000000', 2, 0, '2021-05-10 14:33:22', 'USR-21040000', '2021-07-22 10:26:16', 'USR-21040000', NULL, NULL),
('3RDP-21050004', 'RGN-21040002', '3RDPT-21040001', NULL, 'SEDANA AGRO JOMBANG', '0', 0, 0, '2021-05-19 09:38:33', 'USR-21040000', '2021-05-19 14:47:35', 'USR-21040000', NULL, NULL),
('3RDP-21050007', NULL, '3RDPT-21040003', NULL, 'Marketing', '0', 0, 0, '2021-05-25 11:06:11', 'USR-21040000', '2021-05-25 11:12:54', 'USR-21040000', NULL, NULL),
('3RDP-21060001', 'RGN-21040001', '3RDPT-21040001', NULL, 'SEDANA AGRO JAKARTA', '0', 0, 0, '2021-06-07 09:26:34', 'USR-21040000', NULL, NULL, NULL, NULL),
('3RDP-21070001', NULL, '3RDPT-21040002', 'CTYP-2107001', 'Tokopedia', '0', 0, 0, '2021-07-14 15:44:51', 'USR-21040000', '2021-07-23 15:25:09', 'USR-21040000', NULL, NULL),
('3RDP-21070002', NULL, '3RDPT-21040002', 'CTYP-2107001', 'Shopee', '0', 0, 0, '2021-07-14 15:45:30', 'USR-21040000', '2021-07-23 15:24:59', 'USR-21040000', NULL, NULL),
('3RDP-21080001', NULL, '3RDPT-21040002', 'CTYP-2107002', 'Rizki', '0', 0, 0, '2021-08-24 16:27:27', 'USR-21080001', NULL, NULL, NULL, NULL);

-- --------------------------------------------------------

--
-- Struktur dari tabel `tm_user_group`
--

CREATE TABLE `tm_user_group` (
  `id` varchar(21) NOT NULL DEFAULT '',
  `name` varchar(50) DEFAULT NULL,
  `description` varchar(100) DEFAULT NULL,
  `created_at` datetime DEFAULT NULL,
  `created_by` varchar(21) DEFAULT NULL,
  `updated_at` datetime DEFAULT NULL,
  `updated_by` varchar(21) DEFAULT NULL,
  `deleted_at` datetime DEFAULT NULL,
  `deleted_by` varchar(21) DEFAULT NULL,
  `status` tinyint(4) DEFAULT 1
) ENGINE=InnoDB DEFAULT CHARSET=latin1 ROW_FORMAT=DYNAMIC;

--
-- Dumping data untuk tabel `tm_user_group`
--

INSERT INTO `tm_user_group` (`id`, `name`, `description`, `created_at`, `created_by`, `updated_at`, `updated_by`, `deleted_at`, `deleted_by`, `status`) VALUES
('0001', 'Administrator', 'Admin', '2021-07-29 11:30:39', 'fauzan', '2021-07-29 11:30:39', NULL, '2021-07-29 11:30:39', NULL, 1);

-- --------------------------------------------------------

--
-- Struktur dari tabel `tm_years`
--

CREATE TABLE `tm_years` (
  `id` varchar(4) NOT NULL,
  `name` varchar(4) NOT NULL
) ENGINE=InnoDB DEFAULT CHARSET=utf8mb4;

--
-- Dumping data untuk tabel `tm_years`
--

INSERT INTO `tm_years` (`id`, `name`) VALUES
('2020', '2020'),
('2021', '2021');

-- --------------------------------------------------------

--
-- Struktur dari tabel `tp_call_me_mv`
--

CREATE TABLE `tp_call_me_mv` (
  `id` int(11) NOT NULL,
  `name` varchar(50) CHARACTER SET utf8mb4 NOT NULL DEFAULT '',
  `email` varchar(50) CHARACTER SET utf8mb4 NOT NULL DEFAULT '',
  `phone` varchar(100) NOT NULL,
  `insurance_id` int(11) DEFAULT 0,
  `mv_type` int(11) DEFAULT 0 COMMENT '1: motor\r\n2: mobil',
  `mv_year` varchar(4) NOT NULL DEFAULT '',
  `mv_insurance_type` varchar(3) DEFAULT NULL,
  `plat_id` varchar(5) DEFAULT '',
  `sum_insured` double(18,2) DEFAULT 0.00,
  `rate` double(8,4) DEFAULT 0.0000,
  `discount` double(8,4) DEFAULT 0.0000,
  `total_premi` double(18,2) DEFAULT 0.00 COMMENT 'include additional',
  `total_additional` double(18,2) DEFAULT 0.00 COMMENT 'Addtional only',
  `formula_id` int(11) DEFAULT 0 COMMENT 'for mv:tm_formula_rate_premium_mv',
  `additional_ids` varchar(20) DEFAULT '',
  `si_of_tpl` double(18,2) DEFAULT 0.00,
  `si_of_pad` double(18,2) DEFAULT 0.00,
  `si_of_pap` double(18,2) DEFAULT 0.00,
  `si_of_pap_qty` int(11) DEFAULT 0,
  `si_of_htp` double(18,2) DEFAULT 0.00,
  `created_at` datetime DEFAULT NULL,
  `created_by` varchar(21) CHARACTER SET utf8mb4 NOT NULL DEFAULT '',
  `updated_at` datetime DEFAULT NULL,
  `updated_by` varchar(21) CHARACTER SET utf8mb4 DEFAULT NULL,
  `deleted_at` datetime DEFAULT NULL,
  `deleted_by` varchar(21) CHARACTER SET utf8mb4 DEFAULT NULL
) ENGINE=InnoDB DEFAULT CHARSET=latin1 ROW_FORMAT=DYNAMIC;

--
-- Dumping data untuk tabel `tp_call_me_mv`
--

INSERT INTO `tp_call_me_mv` (`id`, `name`, `email`, `phone`, `insurance_id`, `mv_type`, `mv_year`, `mv_insurance_type`, `plat_id`, `sum_insured`, `rate`, `discount`, `total_premi`, `total_additional`, `formula_id`, `additional_ids`, `si_of_tpl`, `si_of_pad`, `si_of_pap`, `si_of_pap_qty`, `si_of_htp`, `created_at`, `created_by`, `updated_at`, `updated_by`, `deleted_at`, `deleted_by`) VALUES
(68, 'Achmad Fauzan', 'fauzan1505@gmail.com', '085781354000', 6, 2, '2014', '102', 'A', 1310000000.00, 0.0116, 0.2500, 13312875.00, 1965000.00, 11, '1,11', 0.00, 0.00, 0.00, 0, 0.00, '2021-07-22 14:45:39', 'user', NULL, NULL, NULL, NULL),
(69, 'Achmad Fauzan', 'fauzan1505@gmail.com', '085691330000', 6, 2, '2013', '102', 'B', 201000000.00, 0.0239, 0.2500, 4718190.00, 947250.00, 9, '1,11,5,8,14,15,16', 30000000.00, 10000000.00, 5000000.00, 0, 0.00, '2021-07-22 16:00:43', 'user', NULL, NULL, NULL, NULL),
(70, 'Achmad Fauzan', 'fauzan1505@gmail.com', '085691330000', 6, 2, '2021', '101', 'A', 145000000.00, 0.0044, 0.2500, 1066500.00, 588000.00, 45, '1,11,5,8,14,15,16', 50000000.00, 10000000.00, 10000000.00, 4, 0.00, '2021-08-07 10:11:40', 'user', NULL, NULL, NULL, NULL);

-- --------------------------------------------------------

--
-- Struktur dari tabel `tp_call_me_property`
--

CREATE TABLE `tp_call_me_property` (
  `id` int(11) NOT NULL,
  `name` varchar(50) CHARACTER SET utf8mb4 NOT NULL DEFAULT '',
  `email` varchar(50) CHARACTER SET utf8mb4 NOT NULL DEFAULT '',
  `phone` varchar(100) NOT NULL DEFAULT '',
  `insurance_id` int(11) DEFAULT 0,
  `occupation_id` int(11) DEFAULT 0 COMMENT 'tm_occupation_property',
  `province_id` int(11) DEFAULT 0 COMMENT 'tm_province',
  `district_id` int(11) DEFAULT 0 COMMENT 'tm_district_city',
  `building_price` double(18,2) DEFAULT 0.00,
  `content_price` double(18,2) DEFAULT 0.00,
  `sum_insured` double(18,2) DEFAULT 0.00,
  `discount` double(8,4) DEFAULT 0.0000,
  `total_premi` double(18,2) DEFAULT 0.00 COMMENT 'include additional',
  `additional_ids` varchar(20) DEFAULT '',
  `created_at` datetime DEFAULT NULL,
  `created_by` varchar(21) CHARACTER SET utf8mb4 NOT NULL DEFAULT '',
  `updated_at` datetime DEFAULT NULL,
  `updated_by` varchar(21) CHARACTER SET utf8mb4 DEFAULT NULL,
  `deleted_at` datetime DEFAULT NULL,
  `deleted_by` varchar(21) CHARACTER SET utf8mb4 DEFAULT NULL
) ENGINE=InnoDB DEFAULT CHARSET=latin1 ROW_FORMAT=DYNAMIC;

--
-- Dumping data untuk tabel `tp_call_me_property`
--

INSERT INTO `tp_call_me_property` (`id`, `name`, `email`, `phone`, `insurance_id`, `occupation_id`, `province_id`, `district_id`, `building_price`, `content_price`, `sum_insured`, `discount`, `total_premi`, `additional_ids`, `created_at`, `created_by`, `updated_at`, `updated_by`, `deleted_at`, `deleted_by`) VALUES
(1, 'fauzan1505@gmail.com', 'Achmad Fauzan', '085691330000', 9, 1, 13, 192, 600000000.00, 200000000.00, 800000000.00, 0.0000, 1204800.00, '1,3,2,4,5', '2021-09-04 10:16:50', 'user', NULL, NULL, NULL, NULL);

-- --------------------------------------------------------

--
-- Struktur dari tabel `tp_customer`
--

CREATE TABLE `tp_customer` (
  `id` varchar(21) NOT NULL DEFAULT '',
  `user_id` varchar(21) NOT NULL,
  `full_name` varchar(50) DEFAULT NULL,
  `identitas_number` varchar(100) DEFAULT 'NULL',
  `birth_of_place` varchar(100) DEFAULT NULL,
  `birth_of_date` date DEFAULT NULL,
  `sex` char(1) DEFAULT 'm',
  `address` varchar(200) DEFAULT NULL,
  `city_id` varchar(21) DEFAULT NULL,
  `fgbmfi_region_id` int(11) DEFAULT 1,
  `area_code_phone` varchar(4) DEFAULT NULL,
  `phone_number` varchar(20) DEFAULT NULL,
  `handphone` varchar(30) DEFAULT NULL,
  `need_promotion` tinyint(4) DEFAULT 0,
  `description` varchar(100) DEFAULT NULL,
  `created_at` datetime DEFAULT NULL,
  `created_by` varchar(21) DEFAULT NULL,
  `updated_at` datetime DEFAULT NULL,
  `updated_by` varchar(21) DEFAULT NULL,
  `deleted_at` datetime DEFAULT NULL,
  `deleted_by` varchar(21) DEFAULT NULL,
  `status` tinyint(4) DEFAULT 1
) ENGINE=InnoDB DEFAULT CHARSET=latin1 ROW_FORMAT=DYNAMIC;

--
-- Dumping data untuk tabel `tp_customer`
--

INSERT INTO `tp_customer` (`id`, `user_id`, `full_name`, `identitas_number`, `birth_of_place`, `birth_of_date`, `sex`, `address`, `city_id`, `fgbmfi_region_id`, `area_code_phone`, `phone_number`, `handphone`, `need_promotion`, `description`, `created_at`, `created_by`, `updated_at`, `updated_by`, `deleted_at`, `deleted_by`, `status`) VALUES
('CUS-202107001', 'USR-202107001', 'Achmad Fauzan', '123', 'Brebes', '2021-07-06', 'm', 'alamat', 'KAB-2015091219', 1, '', '', '085691330000', 0, NULL, '2021-07-22 14:50:17', 'USR-202107001', NULL, NULL, NULL, NULL, 1),
('CUS-202107002', 'USR-202107001', 'Achmad Fauzan', 'no ktp', 'jakarta', '2021-07-08', 'm', 'jakarta', 'KAB-2015091114', 1, '', '', '08569133000', 0, NULL, '2021-07-22 16:09:00', 'USR-202107001', NULL, NULL, NULL, NULL, 1),
('CUS-202107003', 'USR-202107001', 'Achmad Fauzan', 'test', 'jakarta', '2021-07-21', 'm', 'jakarta', 'KAB-2015091101', 1, '', '', '223123', 0, NULL, '2021-07-22 16:28:59', 'USR-202107001', NULL, NULL, NULL, NULL, 1),
('CUS-202108001', 'USR-202107001', 'Achmad Fauzan', '', 'Jakarta', '1982-08-25', 'm', 'Jakarta', NULL, 12, '', '', '085691330000', 0, NULL, '2021-08-07 10:14:55', 'USR-202107001', NULL, NULL, NULL, NULL, 1),
('CUS-202108002', 'USR-202107001', 'Achmad Fauzan', '', 'Jakarta', '2021-08-25', 'm', 'Jl. Sudirman', NULL, 12, '', '', '085691330000', 0, NULL, '2021-08-07 11:49:37', 'USR-202107001', NULL, NULL, NULL, NULL, 1),
('CUS-202108003', 'USR-202107001', 'Achmad Fauzan', '', 'a', '2021-08-17', 'm', 'as', NULL, 18, '', '', '3434', 0, NULL, '2021-08-07 11:54:49', 'USR-202107001', NULL, NULL, NULL, NULL, 1),
('CUS-202108004', 'USR-202107001', 'Achmad Fauzan', '', 'Jakarta', '2021-08-11', 'm', 'alamat', NULL, 12, '', '', '085691330000', 0, NULL, '2021-08-07 12:52:54', 'USR-202107001', NULL, NULL, NULL, NULL, 1),
('CUS-202108005', 'USR-202107001', 'Achmad Fauzan', '', 'Jakarta', '2021-08-17', 'm', 'Jalan Sudirman', NULL, 12, '', '', '085691330000', 0, NULL, '2021-08-07 13:00:40', 'USR-202107001', NULL, NULL, NULL, NULL, 1),
('CUS-202109001', 'USR-202107001', 'achmad fauzan', 'ktp', 'jakarta', '2021-09-15', 'm', 'alamat', NULL, 13, '', '', '11111', 0, NULL, '2021-09-04 10:38:19', 'USR-202107001', NULL, NULL, NULL, NULL, 1);

-- --------------------------------------------------------

--
-- Struktur dari tabel `tp_payment_confirm`
--

CREATE TABLE `tp_payment_confirm` (
  `id` int(11) NOT NULL,
  `transaction_id` varchar(21) NOT NULL DEFAULT '',
  `payment_date` varchar(20) DEFAULT NULL,
  `bank_id` varchar(21) DEFAULT NULL,
  `file_name` varchar(100) DEFAULT NULL,
  `created_at` datetime DEFAULT NULL,
  `created_by` varchar(21) DEFAULT NULL,
  `updated_at` datetime DEFAULT NULL,
  `updated_by` varchar(21) DEFAULT NULL,
  `deleted_at` datetime DEFAULT NULL,
  `deleted_by` varchar(21) DEFAULT NULL
) ENGINE=InnoDB DEFAULT CHARSET=latin1;

--
-- Dumping data untuk tabel `tp_payment_confirm`
--

INSERT INTO `tp_payment_confirm` (`id`, `transaction_id`, `payment_date`, `bank_id`, `file_name`, `created_at`, `created_by`, `updated_at`, `updated_by`, `deleted_at`, `deleted_by`) VALUES
(8, 'TRX-202107002', '22 Juli 2021', 'BNK-001', 'TRX-202107002_confirm.png', '2021-07-22 16:17:48', 'USR-202107001', NULL, NULL, NULL, NULL),
(9, 'TRX-202108001', '7 aug 2021', 'BNK-001', 'TRX-202108001_confirm.jpg', '2021-08-07 10:17:32', 'USR-202107001', NULL, NULL, NULL, NULL);

-- --------------------------------------------------------

--
-- Struktur dari tabel `tp_property_insurance_doc`
--

CREATE TABLE `tp_property_insurance_doc` (
  `id` int(11) NOT NULL,
  `transaction_id` varchar(21) DEFAULT NULL,
  `fn_identitas` varchar(150) CHARACTER SET utf8mb4 NOT NULL DEFAULT '',
  `fn_front` varchar(150) DEFAULT NULL,
  `fn_road` varchar(150) DEFAULT NULL,
  `fn_interior1` varchar(150) DEFAULT NULL,
  `fn_interior2` varchar(150) DEFAULT NULL,
  `fn_interior3` varchar(150) DEFAULT NULL,
  `fn_interior4` varchar(150) DEFAULT NULL,
  `fn_interior5` varchar(150) DEFAULT NULL,
  `created_at` datetime DEFAULT NULL,
  `created_by` varchar(21) CHARACTER SET utf8mb4 NOT NULL DEFAULT '',
  `updated_at` datetime DEFAULT NULL,
  `updated_by` varchar(21) CHARACTER SET utf8mb4 DEFAULT NULL,
  `deleted_at` datetime DEFAULT NULL,
  `deleted_by` varchar(21) CHARACTER SET utf8mb4 DEFAULT NULL
) ENGINE=InnoDB DEFAULT CHARSET=latin1 ROW_FORMAT=DYNAMIC;

--
-- Dumping data untuk tabel `tp_property_insurance_doc`
--

INSERT INTO `tp_property_insurance_doc` (`id`, `transaction_id`, `fn_identitas`, `fn_front`, `fn_road`, `fn_interior1`, `fn_interior2`, `fn_interior3`, `fn_interior4`, `fn_interior5`, `created_at`, `created_by`, `updated_at`, `updated_by`, `deleted_at`, `deleted_by`) VALUES
(1, 'TRX-202109001', '', NULL, NULL, NULL, NULL, NULL, NULL, NULL, '2021-09-04 10:38:19', 'USR-202107001', NULL, NULL, NULL, NULL);

-- --------------------------------------------------------

--
-- Struktur dari tabel `tp_role_menu`
--

CREATE TABLE `tp_role_menu` (
  `role_id` char(15) NOT NULL,
  `menu_id` char(15) NOT NULL,
  `created_at` datetime NOT NULL,
  `created_by` char(15) NOT NULL,
  `updated_at` datetime DEFAULT NULL,
  `updated_by` char(15) DEFAULT NULL,
  `deleted_at` datetime DEFAULT NULL,
  `deleted_by` char(15) DEFAULT NULL
) ENGINE=InnoDB DEFAULT CHARSET=utf8mb4;

--
-- Dumping data untuk tabel `tp_role_menu`
--

INSERT INTO `tp_role_menu` (`role_id`, `menu_id`, `created_at`, `created_by`, `updated_at`, `updated_by`, `deleted_at`, `deleted_by`) VALUES
('ROL-21050001', 'MNU-21040001', '2021-08-24 09:05:41', 'USR-21040000', NULL, NULL, NULL, NULL),
('ROL-21050001', 'MNU-21040002', '2021-08-24 09:05:41', 'USR-21040000', NULL, NULL, NULL, NULL),
('ROL-21050001', 'MNU-21040004', '2021-08-24 09:05:41', 'USR-21040000', NULL, NULL, NULL, NULL),
('ROL-21050001', 'MNU-21040005', '2021-08-24 09:05:41', 'USR-21040000', NULL, NULL, NULL, NULL),
('ROL-21050001', 'MNU-21050002', '2021-08-24 09:05:41', 'USR-21040000', NULL, NULL, NULL, NULL),
('ROL-21050001', 'MNU-21050003', '2021-08-24 09:05:41', 'USR-21040000', NULL, NULL, NULL, NULL),
('ROL-21050001', 'MNU-21050016', '2021-08-24 09:05:41', 'USR-21040000', NULL, NULL, NULL, NULL),
('ROL-21050001', 'MNU-21070001', '2021-08-24 09:05:41', 'USR-21040000', NULL, NULL, NULL, NULL),
('ROL-21050001', 'MNU-21070007', '2021-08-24 09:05:41', 'USR-21040000', NULL, NULL, NULL, NULL),
('ROL-21050001', 'MNU-21080001', '2021-08-24 16:32:01', 'USR-21040000', NULL, NULL, NULL, NULL),
('ROL-21050001', 'MNU-21070008', '2021-09-03 19:10:21', 'USR-202105001', NULL, NULL, NULL, NULL),
('ROL-21050001', 'MNU-21090001', '2021-09-04 16:59:57', 'USR-202105001', NULL, NULL, NULL, NULL),
('ROL-21050001', 'MNU-21090002', '2021-09-04 17:00:50', 'USR-202105001', NULL, NULL, NULL, NULL),
('ROL-21050001', 'MNU-21090003', '2021-09-04 17:16:29', 'USR-202105001', NULL, NULL, NULL, NULL);

-- --------------------------------------------------------

--
-- Struktur dari tabel `tp_role_menu_backup`
--

CREATE TABLE `tp_role_menu_backup` (
  `role_id` char(15) NOT NULL,
  `menu_id` char(15) NOT NULL,
  `created_at` datetime NOT NULL,
  `created_by` char(15) NOT NULL,
  `updated_at` datetime DEFAULT NULL,
  `updated_by` char(15) DEFAULT NULL,
  `deleted_at` datetime DEFAULT NULL,
  `deleted_by` char(15) DEFAULT NULL
) ENGINE=InnoDB DEFAULT CHARSET=utf8mb4;

--
-- Dumping data untuk tabel `tp_role_menu_backup`
--

INSERT INTO `tp_role_menu_backup` (`role_id`, `menu_id`, `created_at`, `created_by`, `updated_at`, `updated_by`, `deleted_at`, `deleted_by`) VALUES
('ROL-21050003', 'MNU-21050019', '2021-08-23 16:26:57', 'USR-21040000', NULL, NULL, NULL, NULL),
('ROL-21050003', 'MNU-21070003', '2021-08-23 16:26:57', 'USR-21040000', NULL, NULL, NULL, NULL),
('ROL-21050003', 'MNU-21050012', '2021-08-23 16:26:57', 'USR-21040000', NULL, NULL, NULL, NULL),
('ROL-21050003', 'MNU-21050013', '2021-08-23 16:26:57', 'USR-21040000', NULL, NULL, NULL, NULL),
('ROL-21050003', 'MNU-21040001', '2021-08-23 16:55:41', 'USR-21040000', NULL, NULL, NULL, NULL),
('ROL-21060001', 'MNU-21040001', '2021-08-23 16:56:52', 'USR-21040000', NULL, NULL, NULL, NULL),
('ROL-21060001', 'MNU-21050008', '2021-08-23 16:56:52', 'USR-21040000', NULL, NULL, NULL, NULL),
('ROL-21060001', 'MNU-21050011', '2021-08-23 16:56:52', 'USR-21040000', NULL, NULL, NULL, NULL),
('ROL-21060001', 'MNU-21050012', '2021-08-23 16:56:52', 'USR-21040000', NULL, NULL, NULL, NULL),
('ROL-21060001', 'MNU-21070005', '2021-08-23 16:56:52', 'USR-21040000', NULL, NULL, NULL, NULL),
('ROL-21060001', 'MNU-21050013', '2021-08-23 16:56:52', 'USR-21040000', NULL, NULL, NULL, NULL),
('ROL-21060001', 'MNU-21080003', '2021-08-23 16:56:52', 'USR-21040000', NULL, NULL, NULL, NULL),
('ROL-21050001', 'MNU-21040001', '2021-08-24 09:05:41', 'USR-21040000', NULL, NULL, NULL, NULL),
('ROL-21050001', 'MNU-21040002', '2021-08-24 09:05:41', 'USR-21040000', NULL, NULL, NULL, NULL),
('ROL-21050001', 'MNU-21040004', '2021-08-24 09:05:41', 'USR-21040000', NULL, NULL, NULL, NULL),
('ROL-21050001', 'MNU-21040005', '2021-08-24 09:05:41', 'USR-21040000', NULL, NULL, NULL, NULL),
('ROL-21050001', 'MNU-21050002', '2021-08-24 09:05:41', 'USR-21040000', NULL, NULL, NULL, NULL),
('ROL-21050001', 'MNU-21050003', '2021-08-24 09:05:41', 'USR-21040000', NULL, NULL, NULL, NULL),
('ROL-21050001', 'MNU-21050005', '2021-08-24 09:05:41', 'USR-21040000', NULL, NULL, NULL, NULL),
('ROL-21050001', 'MNU-21050009', '2021-08-24 09:05:41', 'USR-21040000', NULL, NULL, NULL, NULL),
('ROL-21050001', 'MNU-21050006', '2021-08-24 09:05:41', 'USR-21040000', NULL, NULL, NULL, NULL),
('ROL-21050001', 'MNU-21050010', '2021-08-24 09:05:41', 'USR-21040000', NULL, NULL, NULL, NULL),
('ROL-21050001', 'MNU-21050015', '2021-08-24 09:05:41', 'USR-21040000', NULL, NULL, NULL, NULL),
('ROL-21050001', 'MNU-21050016', '2021-08-24 09:05:41', 'USR-21040000', NULL, NULL, NULL, NULL),
('ROL-21050001', 'MNU-21070001', '2021-08-24 09:05:41', 'USR-21040000', NULL, NULL, NULL, NULL),
('ROL-21050001', 'MNU-21070006', '2021-08-24 09:05:41', 'USR-21040000', NULL, NULL, NULL, NULL),
('ROL-21050001', 'MNU-21070007', '2021-08-24 09:05:41', 'USR-21040000', NULL, NULL, NULL, NULL),
('ROL-21050002', 'MNU-21070002', '2021-08-24 11:32:03', 'USR-21040000', NULL, NULL, NULL, NULL),
('ROL-21050002', 'MNU-21080001', '2021-08-24 11:32:03', 'USR-21040000', NULL, NULL, NULL, NULL),
('ROL-21050002', 'MNU-21050002', '2021-08-24 11:32:03', 'USR-21040000', NULL, NULL, NULL, NULL),
('ROL-21050002', 'MNU-21070007', '2021-08-24 11:32:03', 'USR-21040000', NULL, NULL, NULL, NULL),
('ROL-21080001', 'MNU-21070002', '2021-08-24 11:43:40', 'USR-21040000', NULL, NULL, NULL, NULL),
('ROL-21080001', 'MNU-21080001', '2021-08-24 11:43:41', 'USR-21040000', NULL, NULL, NULL, NULL),
('ROL-21050002', 'MNU-21040002', '2021-08-24 16:23:31', 'USR-21040000', NULL, NULL, NULL, NULL),
('ROL-21050001', 'MNU-21080001', '2021-08-24 16:32:01', 'USR-21040000', NULL, NULL, NULL, NULL),
('ROL-21050002', 'MNU-21080002', '2021-08-24 16:47:39', 'USR-21040000', NULL, NULL, NULL, NULL),
('ROL-21050003', 'MNU-21080004', '2021-08-24 17:05:48', 'USR-21040000', NULL, NULL, NULL, NULL),
('ROL-21050002', 'MNU-21040001', '2021-08-27 18:16:01', 'USR-21040000', NULL, NULL, NULL, NULL),
('ROL-21050002', 'MNU-21080004', '2021-09-01 13:18:06', 'USR-21040000', NULL, NULL, NULL, NULL),
('ROL-21050002', 'MNU-21090001', '2021-09-01 13:40:08', 'USR-21040000', NULL, NULL, NULL, NULL),
('ROL-21050003', 'MNU-21090001', '2021-09-01 13:40:15', 'USR-21040000', NULL, NULL, NULL, NULL),
('ROL-21050002', 'MNU-21090002', '2021-09-01 14:53:08', 'USR-21040000', NULL, NULL, NULL, NULL),
('ROL-21050001', 'MNU-21070008', '2021-09-03 19:10:21', 'USR-202105001', NULL, NULL, NULL, NULL);

-- --------------------------------------------------------

--
-- Struktur dari tabel `tp_role_permission`
--

CREATE TABLE `tp_role_permission` (
  `role_id` varchar(15) NOT NULL,
  `permission_id` varchar(15) NOT NULL,
  `created_at` datetime NOT NULL,
  `created_by` varchar(15) NOT NULL,
  `updated_at` datetime DEFAULT NULL,
  `updated_by` varchar(15) DEFAULT NULL,
  `deleted_at` datetime DEFAULT NULL,
  `deleted_by` varchar(15) DEFAULT NULL
) ENGINE=InnoDB DEFAULT CHARSET=utf8mb4;

--
-- Dumping data untuk tabel `tp_role_permission`
--

INSERT INTO `tp_role_permission` (`role_id`, `permission_id`, `created_at`, `created_by`, `updated_at`, `updated_by`, `deleted_at`, `deleted_by`) VALUES
('ROL-21050001', 'PRM-21050002', '2021-05-11 15:28:33', 'USR-21040000', NULL, NULL, NULL, NULL),
('ROL-21050001', 'PRM-21050006', '2021-05-17 09:42:01', 'USR-21040000', NULL, NULL, NULL, NULL),
('ROL-21050001', 'PRM-21050005', '2021-05-17 09:42:01', 'USR-21040000', NULL, NULL, NULL, NULL),
('ROL-21050001', 'PRM-21050001', '2021-05-17 09:42:01', 'USR-21040000', NULL, NULL, NULL, NULL),
('ROL-21050001', 'PRM-21050009', '2021-05-17 10:30:47', 'USR-21040000', NULL, NULL, NULL, NULL),
('ROL-21050001', 'PRM-21050011', '2021-05-17 10:31:55', 'USR-21040000', NULL, NULL, NULL, NULL),
('ROL-21050001', 'PRM-21050012', '2021-05-17 10:31:55', 'USR-21040000', NULL, NULL, NULL, NULL),
('ROL-21050001', 'PRM-21050010', '2021-05-17 14:28:21', 'USR-21040000', NULL, NULL, NULL, NULL),
('ROL-21050001', 'PRM-21050003', '2021-05-17 14:58:27', 'USR-21040000', NULL, NULL, NULL, NULL),
('ROL-21050001', 'PRM-21050033', '2021-05-19 14:46:00', 'USR-21040000', NULL, NULL, NULL, NULL),
('ROL-21050001', 'PRM-21050004', '2021-05-20 10:09:08', 'USR-21040000', NULL, NULL, NULL, NULL),
('ROL-21050001', 'PRM-21050046', '2021-06-02 09:27:01', 'USR-21040000', NULL, NULL, NULL, NULL),
('ROL-21050001', 'PRM-21050021', '2021-06-02 09:28:57', 'USR-21040000', NULL, NULL, NULL, NULL),
('ROL-21050001', 'PRM-21070015', '2021-07-29 18:09:01', 'USR-202105001', NULL, NULL, NULL, NULL),
('ROL-21050001', 'PRM-21070016', '2021-07-29 18:09:01', 'USR-202105001', NULL, NULL, NULL, NULL),
('ROL-21050001', 'PRM-21050038', '2021-07-30 14:19:08', 'USR-202105001', NULL, NULL, NULL, NULL),
('ROL-21050001', 'PRM-21050039', '2021-07-30 14:19:08', 'USR-202105001', NULL, NULL, NULL, NULL),
('ROL-21050001', 'PRM-21080001', '2021-08-06 14:06:18', 'USR-202105001', NULL, NULL, NULL, NULL),
('ROL-21050001', 'PRM-21080002', '2021-08-06 14:06:18', 'USR-202105001', NULL, NULL, NULL, NULL);

-- --------------------------------------------------------

--
-- Struktur dari tabel `tp_role_permission_backup`
--

CREATE TABLE `tp_role_permission_backup` (
  `role_id` varchar(15) NOT NULL,
  `permission_id` varchar(15) NOT NULL,
  `created_at` datetime NOT NULL,
  `created_by` varchar(15) NOT NULL,
  `updated_at` datetime DEFAULT NULL,
  `updated_by` varchar(15) DEFAULT NULL,
  `deleted_at` datetime DEFAULT NULL,
  `deleted_by` varchar(15) DEFAULT NULL
) ENGINE=InnoDB DEFAULT CHARSET=utf8mb4;

--
-- Dumping data untuk tabel `tp_role_permission_backup`
--

INSERT INTO `tp_role_permission_backup` (`role_id`, `permission_id`, `created_at`, `created_by`, `updated_at`, `updated_by`, `deleted_at`, `deleted_by`) VALUES
('ROL-21050001', 'PRM-21050002', '2021-05-11 15:28:33', 'USR-21040000', NULL, NULL, NULL, NULL),
('ROL-21050001', 'PRM-21050006', '2021-05-17 09:42:01', 'USR-21040000', NULL, NULL, NULL, NULL),
('ROL-21050001', 'PRM-21050005', '2021-05-17 09:42:01', 'USR-21040000', NULL, NULL, NULL, NULL),
('ROL-21050001', 'PRM-21050001', '2021-05-17 09:42:01', 'USR-21040000', NULL, NULL, NULL, NULL),
('ROL-21050001', 'PRM-21050009', '2021-05-17 10:30:47', 'USR-21040000', NULL, NULL, NULL, NULL),
('ROL-21050001', 'PRM-21050011', '2021-05-17 10:31:55', 'USR-21040000', NULL, NULL, NULL, NULL),
('ROL-21050001', 'PRM-21050012', '2021-05-17 10:31:55', 'USR-21040000', NULL, NULL, NULL, NULL),
('ROL-21050001', 'PRM-21050010', '2021-05-17 14:28:21', 'USR-21040000', NULL, NULL, NULL, NULL),
('ROL-21050001', 'PRM-21050003', '2021-05-17 14:58:27', 'USR-21040000', NULL, NULL, NULL, NULL),
('ROL-21050001', 'PRM-21050033', '2021-05-19 14:46:00', 'USR-21040000', NULL, NULL, NULL, NULL),
('ROL-21050001', 'PRM-21050004', '2021-05-20 10:09:08', 'USR-21040000', NULL, NULL, NULL, NULL),
('ROL-21050003', 'PRM-21050006', '2021-05-31 15:16:51', 'USR-21040000', NULL, NULL, NULL, NULL),
('ROL-21050003', 'PRM-21050027', '2021-05-31 15:16:51', 'USR-21040000', NULL, NULL, NULL, NULL),
('ROL-21050003', 'PRM-21050028', '2021-05-31 15:16:51', 'USR-21040000', NULL, NULL, NULL, NULL),
('ROL-21050003', 'PRM-21050029', '2021-05-31 15:16:51', 'USR-21040000', NULL, NULL, NULL, NULL),
('ROL-21050003', 'PRM-21050030', '2021-05-31 15:16:51', 'USR-21040000', NULL, NULL, NULL, NULL),
('ROL-21050001', 'PRM-21050046', '2021-06-02 09:27:01', 'USR-21040000', NULL, NULL, NULL, NULL),
('ROL-21050001', 'PRM-21050021', '2021-06-02 09:28:57', 'USR-21040000', NULL, NULL, NULL, NULL),
('ROL-21060001', 'PRM-21050006', '2021-06-07 17:23:17', 'USR-21040000', NULL, NULL, NULL, NULL),
('ROL-21060001', 'PRM-21050021', '2021-06-07 17:23:17', 'USR-21040000', NULL, NULL, NULL, NULL),
('ROL-21060001', 'PRM-21050022', '2021-06-07 17:23:17', 'USR-21040000', NULL, NULL, NULL, NULL),
('ROL-21060001', 'PRM-21050019', '2021-06-07 17:23:17', 'USR-21040000', NULL, NULL, NULL, NULL),
('ROL-21060001', 'PRM-21050020', '2021-06-07 17:23:17', 'USR-21040000', NULL, NULL, NULL, NULL),
('ROL-21060001', 'PRM-21050027', '2021-06-07 17:23:17', 'USR-21040000', NULL, NULL, NULL, NULL),
('ROL-21060001', 'PRM-21050028', '2021-06-07 17:23:17', 'USR-21040000', NULL, NULL, NULL, NULL),
('ROL-21060001', 'PRM-21050029', '2021-06-07 17:23:17', 'USR-21040000', NULL, NULL, NULL, NULL),
('ROL-21060001', 'PRM-21050030', '2021-06-07 17:23:17', 'USR-21040000', NULL, NULL, NULL, NULL),
('ROL-21060001', 'PRM-21050031', '2021-06-07 17:23:17', 'USR-21040000', NULL, NULL, NULL, NULL),
('ROL-21060001', 'PRM-21050032', '2021-06-07 17:23:17', 'USR-21040000', NULL, NULL, NULL, NULL),
('ROL-21050003', 'PRM-21070001', '2021-07-01 10:48:11', 'USR-21040000', NULL, NULL, NULL, NULL),
('ROL-21050003', 'PRM-21070002', '2021-07-01 10:48:11', 'USR-21040000', NULL, NULL, NULL, NULL),
('ROL-21060001', 'PRM-21070001', '2021-07-01 10:48:32', 'USR-21040000', NULL, NULL, NULL, NULL),
('ROL-21060001', 'PRM-21070002', '2021-07-01 10:48:32', 'USR-21040000', NULL, NULL, NULL, NULL),
('ROL-21050003', 'PRM-21050046', '2021-07-01 10:49:11', 'USR-21040000', NULL, NULL, NULL, NULL),
('ROL-21050003', 'PRM-21050005', '2021-07-01 10:50:51', 'USR-21040000', NULL, NULL, NULL, NULL),
('ROL-21050003', 'PRM-21070003', '2021-07-05 10:44:31', 'USR-21040000', NULL, NULL, NULL, NULL),
('ROL-21050003', 'PRM-21070004', '2021-07-05 10:44:31', 'USR-21040000', NULL, NULL, NULL, NULL),
('ROL-21050003', 'PRM-21070005', '2021-07-13 17:23:27', 'USR-21040000', NULL, NULL, NULL, NULL),
('ROL-21050003', 'PRM-21070006', '2021-07-13 17:23:27', 'USR-21040000', NULL, NULL, NULL, NULL),
('ROL-21050003', 'PRM-21050031', '2021-07-13 17:24:25', 'USR-21040000', NULL, NULL, NULL, NULL),
('ROL-21050003', 'PRM-21050032', '2021-07-13 17:24:25', 'USR-21040000', NULL, NULL, NULL, NULL),
('ROL-21060001', 'PRM-21070009', '2021-07-15 09:36:26', 'USR-21040000', NULL, NULL, NULL, NULL),
('ROL-21060001', 'PRM-21070010', '2021-07-15 09:36:26', 'USR-21040000', NULL, NULL, NULL, NULL),
('ROL-21050003', 'PRM-21070009', '2021-07-15 09:36:38', 'USR-21040000', NULL, NULL, NULL, NULL),
('ROL-21050003', 'PRM-21070010', '2021-07-15 09:36:38', 'USR-21040000', NULL, NULL, NULL, NULL),
('ROL-21050003', 'PRM-21070007', '2021-07-21 16:12:52', 'USR-21040000', NULL, NULL, NULL, NULL),
('ROL-21050003', 'PRM-21070008', '2021-07-21 16:12:52', 'USR-21040000', NULL, NULL, NULL, NULL),
('ROL-21050001', 'PRM-21070015', '2021-07-29 18:09:01', 'USR-202105001', NULL, NULL, NULL, NULL),
('ROL-21050001', 'PRM-21070016', '2021-07-29 18:09:01', 'USR-202105001', NULL, NULL, NULL, NULL),
('ROL-21050001', 'PRM-21050038', '2021-07-30 14:19:08', 'USR-202105001', NULL, NULL, NULL, NULL),
('ROL-21050001', 'PRM-21050039', '2021-07-30 14:19:08', 'USR-202105001', NULL, NULL, NULL, NULL),
('ROL-21050001', 'PRM-21080001', '2021-08-06 14:06:18', 'USR-202105001', NULL, NULL, NULL, NULL),
('ROL-21050001', 'PRM-21080002', '2021-08-06 14:06:18', 'USR-202105001', NULL, NULL, NULL, NULL);

-- --------------------------------------------------------

--
-- Struktur dari tabel `tp_transaction`
--

CREATE TABLE `tp_transaction` (
  `transaction_id` varchar(21) NOT NULL,
  `transaction_date` date DEFAULT NULL,
  `transaction_number` varchar(100) CHARACTER SET utf8mb4 NOT NULL DEFAULT '',
  `customer_id` varchar(21) DEFAULT NULL,
  `cob_id` int(11) DEFAULT 0,
  `insurance_id` int(11) DEFAULT NULL,
  `sum_insured` double(18,2) DEFAULT 0.00,
  `rate` double(8,5) DEFAULT 0.00000,
  `discount` double(8,4) DEFAULT 0.0000,
  `premium` double(18,2) DEFAULT 0.00,
  `total_additional` double(18,2) DEFAULT 0.00,
  `total_premi` double(18,2) DEFAULT 0.00 COMMENT 'include additional, exclude admin fee',
  `admin_fee` double(18,2) DEFAULT 0.00,
  `description` varchar(150) DEFAULT NULL,
  `app_required` tinyint(4) DEFAULT 0 COMMENT 'required approval asuransi',
  `approval_status` tinyint(4) DEFAULT 0,
  `approval_reason` varchar(200) DEFAULT NULL,
  `approval_dt` datetime DEFAULT NULL,
  `approval_by` varchar(21) DEFAULT NULL,
  `verification_status` tinyint(4) DEFAULT 0,
  `verification_reason` varchar(200) DEFAULT NULL,
  `verification_dt` datetime DEFAULT NULL,
  `verification_by` varchar(21) DEFAULT NULL,
  `is_payment_confirm` tinyint(4) DEFAULT 0,
  `status` int(11) DEFAULT 0 COMMENT '0:belum diapprove;\r\n1:sudah diapprove/menunggu pembayaran;\r\n5:Proses verifikasi pembayaran\r\n10: Premi sudah terbayar',
  `created_at` datetime DEFAULT NULL,
  `created_by` varchar(21) CHARACTER SET utf8mb4 NOT NULL DEFAULT '',
  `updated_at` datetime DEFAULT NULL,
  `updated_by` varchar(21) CHARACTER SET utf8mb4 DEFAULT NULL,
  `deleted_at` datetime DEFAULT NULL,
  `deleted_by` varchar(21) CHARACTER SET utf8mb4 DEFAULT NULL
) ENGINE=InnoDB DEFAULT CHARSET=latin1 ROW_FORMAT=DYNAMIC;

--
-- Dumping data untuk tabel `tp_transaction`
--

INSERT INTO `tp_transaction` (`transaction_id`, `transaction_date`, `transaction_number`, `customer_id`, `cob_id`, `insurance_id`, `sum_insured`, `rate`, `discount`, `premium`, `total_additional`, `total_premi`, `admin_fee`, `description`, `app_required`, `approval_status`, `approval_reason`, `approval_dt`, `approval_by`, `verification_status`, `verification_reason`, `verification_dt`, `verification_by`, `is_payment_confirm`, `status`, `created_at`, `created_by`, `updated_at`, `updated_by`, `deleted_at`, `deleted_by`) VALUES
('TRX-202107001', '2020-07-21', '21.07.00001/INV/MI/MLC', 'CUS-202107001', 1, 6, 1310000000.00, 0.01155, 0.2500, 11347875.00, 1965000.00, 13312875.00, 50000.00, NULL, 0, 0, NULL, NULL, NULL, 0, NULL, NULL, NULL, 0, 1, '2021-07-22 14:50:17', 'USR-202107001', NULL, NULL, NULL, NULL),
('TRX-202107002', '2020-07-22', '21.07.00002/INV/MI/MLC', 'CUS-202107002', 1, 6, 201000000.00, 0.02392, 0.2500, 3605940.00, 947250.00, 4718190.00, 50000.00, NULL, 0, 0, NULL, NULL, NULL, 0, NULL, NULL, NULL, 1, 5, '2021-07-22 16:09:00', 'USR-202107001', NULL, NULL, NULL, NULL),
('TRX-202107003', '2020-07-22', '21.07.00003/INV/MI/TOB', 'CUS-202107003', 1, 9, 205000000.00, 0.02288, 0.2500, 3517800.00, 307500.00, 3825300.00, 50000.00, NULL, 1, 0, NULL, NULL, NULL, 0, NULL, NULL, NULL, 0, 0, '2021-07-22 16:28:59', 'USR-202107001', NULL, NULL, NULL, NULL),
('TRX-202108001', '2021-08-07', '21.08.00001/INV/MI/MLC', 'CUS-202108001', 1, 6, 145000000.00, 0.00440, 0.2500, 478500.00, 588000.00, 1066500.00, 50000.00, NULL, 0, 0, NULL, NULL, NULL, 0, NULL, NULL, NULL, 1, 5, '2021-08-07 10:14:55', 'USR-202107001', NULL, NULL, NULL, NULL),
('TRX-202108002', '2021-08-07', '21.08.00002/INV/MI/TOB', 'CUS-202108002', 1, 9, 145000000.00, 0.00440, 0.2500, 478500.00, 588000.00, 1066500.00, 50000.00, NULL, 1, 0, NULL, NULL, NULL, 0, NULL, NULL, NULL, 0, 0, '2021-08-07 11:49:37', 'USR-202107001', NULL, NULL, NULL, NULL),
('TRX-202108003', '2021-08-07', '21.08.00003/INV/MI/MLC', 'CUS-202108003', 1, 6, 145000000.00, 0.00440, 0.2500, 478500.00, 0.00, 478500.00, 50000.00, NULL, 0, 0, NULL, NULL, NULL, 0, NULL, NULL, NULL, 0, 1, '2021-08-07 11:54:49', 'USR-202107001', NULL, NULL, NULL, NULL),
('TRX-202108004', '2021-08-07', '21.08.00004/INV/MI/TOB', 'CUS-202108004', 1, 9, 145000000.00, 0.00440, 0.2500, 478500.00, 588000.00, 1066500.00, 50000.00, NULL, 1, 0, NULL, NULL, NULL, 0, NULL, NULL, NULL, 0, 0, '2021-08-07 12:52:54', 'USR-202107001', NULL, NULL, NULL, NULL),
('TRX-202108005', '2021-08-07', '21.08.00005/INV/MI/TOB', 'CUS-202108005', 1, 9, 1600000000.00, 0.01050, 0.2500, 12600000.00, 3600000.00, 16200000.00, 50000.00, NULL, 1, 0, NULL, NULL, NULL, 0, NULL, NULL, NULL, 0, 0, '2021-08-07 13:00:40', 'USR-202107001', NULL, NULL, NULL, NULL),
('TRX-202109001', '2021-09-04', '21.09.00001/INV/PI/TOB', 'CUS-202109001', 2, 9, 800000000.00, 0.00000, 0.2500, 903600.00, 0.00, 903600.00, 50000.00, NULL, 1, 0, NULL, NULL, NULL, 0, NULL, NULL, NULL, 0, 0, '2021-09-04 10:38:19', 'USR-202107001', NULL, NULL, NULL, NULL);

-- --------------------------------------------------------

--
-- Struktur dari tabel `tp_transaction_detail_mv`
--

CREATE TABLE `tp_transaction_detail_mv` (
  `id` int(11) NOT NULL,
  `transaction_id` varchar(21) DEFAULT NULL,
  `insurance_id` int(11) DEFAULT 0,
  `mv_type` int(11) DEFAULT 0 COMMENT '1: motor\r\n2: mobil',
  `mv_year` varchar(4) NOT NULL DEFAULT '',
  `mv_insurance_type` varchar(3) DEFAULT NULL,
  `plat_id` varchar(5) DEFAULT '',
  `sum_insured` double(18,2) DEFAULT 0.00,
  `rate` double(8,4) DEFAULT 0.0000,
  `discount` double(8,4) DEFAULT 0.0000,
  `total_premi` double(18,2) DEFAULT 0.00 COMMENT 'include additional',
  `total_additional` double(18,2) DEFAULT 0.00 COMMENT 'Addtional only',
  `formula_id` int(11) DEFAULT 0 COMMENT 'for mv:tm_formula_rate_premium_mv',
  `additional_ids` varchar(20) DEFAULT '',
  `si_of_tpl` double(18,2) DEFAULT 0.00,
  `si_of_pad` double(18,2) DEFAULT 0.00,
  `si_of_pap` double(18,2) DEFAULT 0.00,
  `si_of_pap_qty` int(11) DEFAULT 0,
  `si_of_htp` double(18,2) DEFAULT 0.00,
  `created_at` datetime DEFAULT NULL,
  `created_by` varchar(21) CHARACTER SET utf8mb4 NOT NULL DEFAULT '',
  `updated_at` datetime DEFAULT NULL,
  `updated_by` varchar(21) CHARACTER SET utf8mb4 DEFAULT NULL,
  `deleted_at` datetime DEFAULT NULL,
  `deleted_by` varchar(21) CHARACTER SET utf8mb4 DEFAULT NULL
) ENGINE=InnoDB DEFAULT CHARSET=latin1 ROW_FORMAT=DYNAMIC;

--
-- Dumping data untuk tabel `tp_transaction_detail_mv`
--

INSERT INTO `tp_transaction_detail_mv` (`id`, `transaction_id`, `insurance_id`, `mv_type`, `mv_year`, `mv_insurance_type`, `plat_id`, `sum_insured`, `rate`, `discount`, `total_premi`, `total_additional`, `formula_id`, `additional_ids`, `si_of_tpl`, `si_of_pad`, `si_of_pap`, `si_of_pap_qty`, `si_of_htp`, `created_at`, `created_by`, `updated_at`, `updated_by`, `deleted_at`, `deleted_by`) VALUES
(62, 'TRX-202107001', 6, 2, '2014', '102', 'A', 1310000000.00, 0.0116, 0.2500, 13312875.00, 1965000.00, 11, '1,11', 0.00, 0.00, 0.00, 0, 0.00, '2021-07-22 14:50:17', 'USR-202107001', NULL, NULL, NULL, NULL),
(63, 'TRX-202107002', 6, 2, '2013', '102', 'B', 201000000.00, 0.0239, 0.2500, 4718190.00, 947250.00, 9, '1,11,5,8,14,15,16', 30000000.00, 10000000.00, 5000000.00, 0, 0.00, '2021-07-22 16:09:00', 'USR-202107001', NULL, NULL, NULL, NULL),
(64, 'TRX-202107003', 9, 2, '2014', '102', 'B', 205000000.00, 0.0229, 0.2500, 3825300.00, 307500.00, 27, '1,11', 0.00, 0.00, 0.00, 0, 0.00, '2021-07-22 16:28:59', 'USR-202107001', NULL, NULL, NULL, NULL),
(65, 'TRX-202108001', 6, 2, '2021', '101', 'A', 145000000.00, 0.0044, 0.2500, 1066500.00, 588000.00, 45, '1,11,5,8,14,15,16', 50000000.00, 10000000.00, 10000000.00, 4, 0.00, '2021-08-07 10:14:55', 'USR-202107001', NULL, NULL, NULL, NULL),
(66, 'TRX-202108002', 9, 2, '2021', '101', 'A', 145000000.00, 0.0044, 0.2500, 1066500.00, 588000.00, 66, '1,11,5,8,14,15,16', 50000000.00, 10000000.00, 10000000.00, 4, 0.00, '2021-08-07 11:49:37', 'USR-202107001', NULL, NULL, NULL, NULL),
(67, 'TRX-202108003', 6, 2, '2021', '101', 'A', 145000000.00, 0.0044, 0.2500, 478500.00, 0.00, 45, '', 0.00, 0.00, 0.00, 1, 0.00, '2021-08-07 11:54:49', 'USR-202107001', NULL, NULL, NULL, NULL),
(68, 'TRX-202108004', 9, 2, '2021', '101', 'A', 145000000.00, 0.0044, 0.2500, 1066500.00, 588000.00, 66, '1,11,5,8,14,15,16', 50000000.00, 10000000.00, 10000000.00, 4, 0.00, '2021-08-07 12:52:54', 'USR-202107001', NULL, NULL, NULL, NULL),
(69, 'TRX-202108005', 9, 2, '2021', '102', 'A', 1600000000.00, 0.0105, 0.2500, 16200000.00, 3600000.00, 29, '1,11,5,8', 0.00, 0.00, 0.00, 1, 0.00, '2021-08-07 13:00:40', 'USR-202107001', NULL, NULL, NULL, NULL);

-- --------------------------------------------------------

--
-- Struktur dari tabel `tp_transaction_detail_property`
--

CREATE TABLE `tp_transaction_detail_property` (
  `id` int(11) NOT NULL,
  `transaction_id` varchar(21) DEFAULT NULL,
  `insurance_id` int(11) DEFAULT 0,
  `ocu_id` int(11) DEFAULT 0 COMMENT 'tm_occupation_property',
  `province_id` int(11) DEFAULT 0 COMMENT 'tm_province',
  `district_id` int(11) DEFAULT 0 COMMENT 'tm_district_city',
  `building_price` double(18,2) DEFAULT 0.00,
  `content_price` double(18,2) DEFAULT 0.00,
  `sum_insured` double(18,2) DEFAULT 0.00,
  `address_property` varchar(210) DEFAULT NULL,
  `post_code` varchar(5) DEFAULT NULL,
  `discount` double(8,4) DEFAULT 0.0000,
  `total_premi` double(18,2) DEFAULT 0.00 COMMENT 'include additional',
  `additional_ids` varchar(20) DEFAULT '',
  `created_at` datetime DEFAULT NULL,
  `created_by` varchar(21) CHARACTER SET utf8mb4 NOT NULL DEFAULT '',
  `updated_at` datetime DEFAULT NULL,
  `updated_by` varchar(21) CHARACTER SET utf8mb4 DEFAULT NULL,
  `deleted_at` datetime DEFAULT NULL,
  `deleted_by` varchar(21) CHARACTER SET utf8mb4 DEFAULT NULL
) ENGINE=InnoDB DEFAULT CHARSET=latin1 ROW_FORMAT=DYNAMIC;

--
-- Dumping data untuk tabel `tp_transaction_detail_property`
--

INSERT INTO `tp_transaction_detail_property` (`id`, `transaction_id`, `insurance_id`, `ocu_id`, `province_id`, `district_id`, `building_price`, `content_price`, `sum_insured`, `address_property`, `post_code`, `discount`, `total_premi`, `additional_ids`, `created_at`, `created_by`, `updated_at`, `updated_by`, `deleted_at`, `deleted_by`) VALUES
(1, 'TRX-202109001', 9, 1, 0, 192, 600000000.00, 200000000.00, 800000000.00, 'alamat property', '1234', 0.2500, 903600.00, '1,3,2,4,5', '2021-09-04 10:38:19', 'USR-202107001', NULL, NULL, NULL, NULL);

-- --------------------------------------------------------

--
-- Struktur dari tabel `tp_user_loc_id`
--

CREATE TABLE `tp_user_loc_id` (
  `user_id` char(15) NOT NULL,
  `loc_id` char(15) NOT NULL,
  `created_at` datetime NOT NULL,
  `created_by` char(15) NOT NULL,
  `updated_at` datetime DEFAULT NULL,
  `updated_by` char(15) DEFAULT NULL,
  `deleted_at` datetime DEFAULT NULL,
  `deleted_by` char(15) DEFAULT NULL
) ENGINE=InnoDB DEFAULT CHARSET=utf8mb4;

--
-- Dumping data untuk tabel `tp_user_loc_id`
--

INSERT INTO `tp_user_loc_id` (`user_id`, `loc_id`, `created_at`, `created_by`, `updated_at`, `updated_by`, `deleted_at`, `deleted_by`) VALUES
('USR-21080003', '3RDP-21060001', '2021-08-27 16:53:53', 'USR-21040000', NULL, NULL, '2021-08-27 17:15:11', 'USR-21040000'),
('USR-21080003', '3RDP-21050000', '2021-08-27 16:56:28', 'USR-21040000', NULL, NULL, '2021-08-27 17:15:11', 'USR-21040000'),
('USR-21080003', '3RDP-21050004', '2021-08-27 16:56:28', 'USR-21040000', NULL, NULL, '2021-08-27 17:15:11', 'USR-21040000'),
('USR-21080004', '3RDP-21060001', '2021-08-27 17:17:09', 'USR-21040000', NULL, NULL, '2021-08-27 17:17:17', 'USR-21040000'),
('USR-21080005', '3RDP-21060001', '2021-08-27 17:17:33', 'USR-21040000', NULL, NULL, '2021-08-27 17:17:52', 'USR-21040000'),
('USR-21060001', '3RDP-21060001', '2021-08-30 15:52:29', 'USR-21040000', NULL, NULL, NULL, NULL),
('USR-21060001', '3RDP-21050004', '2021-08-30 15:52:29', 'USR-21040000', NULL, NULL, NULL, NULL),
('USR-21080002', '3RDP-21060001', '2021-08-30 15:52:37', 'USR-21040000', NULL, NULL, NULL, NULL),
('USR-21080002', '3RDP-21050004', '2021-08-30 15:52:37', 'USR-21040000', NULL, NULL, NULL, NULL),
('USR-21080001', '3RDP-21060001', '2021-09-01 17:03:18', 'USR-21040000', NULL, NULL, NULL, NULL),
('USR-21080001', '3RDP-21050004', '2021-09-01 17:03:18', 'USR-21040000', NULL, NULL, NULL, NULL);

-- --------------------------------------------------------

--
-- Struktur dari tabel `tp_user_role`
--

CREATE TABLE `tp_user_role` (
  `user_id` varchar(15) NOT NULL,
  `role_id` varchar(15) NOT NULL,
  `created_at` datetime NOT NULL,
  `created_by` varchar(15) NOT NULL,
  `updated_at` datetime DEFAULT NULL,
  `updated_by` varchar(15) DEFAULT NULL,
  `deleted_at` datetime DEFAULT NULL,
  `deleted_by` varchar(15) DEFAULT NULL
) ENGINE=InnoDB DEFAULT CHARSET=utf8mb4;

--
-- Dumping data untuk tabel `tp_user_role`
--

INSERT INTO `tp_user_role` (`user_id`, `role_id`, `created_at`, `created_by`, `updated_at`, `updated_by`, `deleted_at`, `deleted_by`) VALUES
('USR-202105001', 'ROL-21050001', '2021-05-05 10:10:00', 'USR-21040000', NULL, NULL, NULL, NULL),
('USR-21050007', 'ROL-21050003', '2021-05-31 17:17:48', 'USR-21040000', NULL, NULL, NULL, NULL),
('USR-21060001', 'ROL-21050003', '2021-06-07 09:38:35', 'USR-21040000', NULL, NULL, NULL, NULL),
('USR-21060002', 'ROL-21060001', '2021-06-07 17:23:42', 'USR-21040000', NULL, NULL, NULL, NULL);

-- --------------------------------------------------------

--
-- Struktur dari tabel `tp_vehicle_insurance`
--

CREATE TABLE `tp_vehicle_insurance` (
  `id` int(11) NOT NULL,
  `transaction_id` varchar(21) DEFAULT NULL,
  `customer_id` varchar(21) DEFAULT NULL,
  `mv_type` tinyint(4) DEFAULT 1 COMMENT '1=motor, 2 =mobil',
  `mv_year` varchar(4) DEFAULT '1900',
  `price` double(18,3) DEFAULT 0.000,
  `police_number` varchar(10) DEFAULT NULL,
  `color` varchar(50) DEFAULT NULL,
  `mv_brand` varchar(50) DEFAULT NULL,
  `mv_model` varchar(50) DEFAULT NULL,
  `frame_number` varchar(50) DEFAULT NULL COMMENT 'nomor kerangka',
  `machine_number` varchar(50) DEFAULT NULL COMMENT 'nomor mesin',
  `description` varchar(100) DEFAULT NULL,
  `created_at` datetime DEFAULT NULL,
  `created_by` varchar(21) DEFAULT NULL,
  `updated_at` datetime DEFAULT NULL,
  `updated_by` varchar(21) DEFAULT NULL,
  `deleted_at` datetime DEFAULT NULL,
  `deleted_by` varchar(21) DEFAULT NULL,
  `status` tinyint(4) DEFAULT 1
) ENGINE=InnoDB DEFAULT CHARSET=latin1 ROW_FORMAT=DYNAMIC;

--
-- Dumping data untuk tabel `tp_vehicle_insurance`
--

INSERT INTO `tp_vehicle_insurance` (`id`, `transaction_id`, `customer_id`, `mv_type`, `mv_year`, `price`, `police_number`, `color`, `mv_brand`, `mv_model`, `frame_number`, `machine_number`, `description`, `created_at`, `created_by`, `updated_at`, `updated_by`, `deleted_at`, `deleted_by`, `status`) VALUES
(58, 'TRX-202107001', 'CUS-202107001', 2, '2014', 1310000000.000, 'A 12345', 'hitam', 'merk', 'model', 'nomor rangka', 'nomor mesin', '', '2021-07-22 14:50:17', 'USR-202107001', NULL, NULL, NULL, NULL, 1),
(59, 'TRX-202107002', 'CUS-202107002', 2, '2013', 201000000.000, 'B 12345', 'hitam', 'honda', 'jaz', '123343434', '6546546', '', '2021-07-22 16:09:00', 'USR-202107001', NULL, NULL, NULL, NULL, 1),
(60, 'TRX-202107003', 'CUS-202107003', 2, '2014', 205000000.000, 'sdfd', 'fdsf', 'fdsf', 'fdsf', 'fdsf', 'fds', '', '2021-07-22 16:28:59', 'USR-202107001', NULL, NULL, NULL, NULL, 1),
(61, 'TRX-202108001', 'CUS-202108001', 2, '2021', 145000000.000, 'B 12345', 'Hitam', 'Xenia', '2.3 MT', '12345', '756456', '', '2021-08-07 10:14:55', 'USR-202107001', NULL, NULL, NULL, NULL, 1),
(62, 'TRX-202108002', 'CUS-202108002', 2, '2021', 145000000.000, 'B 12345', 'Hitam', 'Avanza', ' 2.5 G M/T', '123232', '54354', '', '2021-08-07 11:49:37', 'USR-202107001', NULL, NULL, NULL, NULL, 1),
(63, 'TRX-202108003', 'CUS-202108003', 2, '2021', 145000000.000, '434', '43', '434', '434', '434', '434', '', '2021-08-07 11:54:49', 'USR-202107001', NULL, NULL, NULL, NULL, 1),
(64, 'TRX-202108004', 'CUS-202108004', 2, '2021', 145000000.000, 'A 12345', 'hitam', 'merk', 'model', 'nomor rangka', 'nomor mesin', '', '2021-08-07 12:52:54', 'USR-202107001', NULL, NULL, NULL, NULL, 1),
(65, 'TRX-202108005', 'CUS-202108005', 2, '2021', 1600000000.000, 'A 12345', 'hitam', 'Avanza', '2.5 G A/T', 'nomor rangka', 'nomor mesin', '', '2021-08-07 13:00:40', 'USR-202107001', NULL, NULL, NULL, NULL, 1);

-- --------------------------------------------------------

--
-- Struktur dari tabel `tp_vehicle_insurance_doc`
--

CREATE TABLE `tp_vehicle_insurance_doc` (
  `id` int(11) NOT NULL,
  `transaction_id` varchar(21) DEFAULT NULL,
  `fn_identitas` varchar(150) CHARACTER SET utf8mb4 NOT NULL DEFAULT '',
  `fn_stnk_front` varchar(150) DEFAULT NULL,
  `fn_stnk_back` varchar(150) DEFAULT NULL,
  `fn_mv_front` varchar(150) DEFAULT NULL,
  `fn_mv_back` varchar(150) DEFAULT NULL,
  `fn_mv_left` varchar(150) DEFAULT NULL,
  `fn_mv_right` varchar(150) DEFAULT NULL,
  `fn_mv_in` varchar(150) DEFAULT NULL,
  `created_at` datetime DEFAULT NULL,
  `created_by` varchar(21) CHARACTER SET utf8mb4 NOT NULL DEFAULT '',
  `updated_at` datetime DEFAULT NULL,
  `updated_by` varchar(21) CHARACTER SET utf8mb4 DEFAULT NULL,
  `deleted_at` datetime DEFAULT NULL,
  `deleted_by` varchar(21) CHARACTER SET utf8mb4 DEFAULT NULL
) ENGINE=InnoDB DEFAULT CHARSET=latin1 ROW_FORMAT=DYNAMIC;

--
-- Dumping data untuk tabel `tp_vehicle_insurance_doc`
--

INSERT INTO `tp_vehicle_insurance_doc` (`id`, `transaction_id`, `fn_identitas`, `fn_stnk_front`, `fn_stnk_back`, `fn_mv_front`, `fn_mv_back`, `fn_mv_left`, `fn_mv_right`, `fn_mv_in`, `created_at`, `created_by`, `updated_at`, `updated_by`, `deleted_at`, `deleted_by`) VALUES
(53, 'TRX-202107001', '', NULL, 'TRX-202107001_stnkBack.pdf', NULL, NULL, NULL, NULL, 'TRX-202107001_mvIn.pdf', '2021-07-22 14:50:17', 'USR-202107001', NULL, NULL, NULL, NULL),
(54, 'TRX-202107002', 'TRX-202107002_Id.jpg', 'temp-stnk-front20210722160149.jpeg', NULL, NULL, NULL, NULL, NULL, NULL, '2021-07-22 16:09:00', 'USR-202107001', NULL, NULL, NULL, NULL),
(55, 'TRX-202107003', '', NULL, NULL, NULL, NULL, NULL, NULL, NULL, '2021-07-22 16:28:59', 'USR-202107001', NULL, NULL, NULL, NULL),
(56, 'TRX-202108001', 'temp-ktp20210807101251.jpeg', NULL, NULL, NULL, NULL, NULL, NULL, NULL, '2021-08-07 10:14:55', 'USR-202107001', NULL, NULL, NULL, NULL),
(57, 'TRX-202108002', 'TRX-202108002_Id.jpg', NULL, NULL, NULL, NULL, NULL, NULL, NULL, '2021-08-07 11:49:37', 'USR-202107001', NULL, NULL, NULL, NULL),
(58, 'TRX-202108003', '', NULL, NULL, NULL, NULL, NULL, NULL, NULL, '2021-08-07 11:54:49', 'USR-202107001', NULL, NULL, NULL, NULL),
(59, 'TRX-202108004', '', NULL, NULL, NULL, NULL, NULL, NULL, NULL, '2021-08-07 12:52:54', 'USR-202107001', NULL, NULL, NULL, NULL),
(60, 'TRX-202108005', '', NULL, NULL, NULL, NULL, NULL, NULL, NULL, '2021-08-07 13:00:40', 'USR-202107001', NULL, NULL, NULL, NULL);

--
-- Indexes for dumped tables
--

--
-- Indeks untuk tabel `tm_additional_mv`
--
ALTER TABLE `tm_additional_mv`
  ADD PRIMARY KEY (`id`);

--
-- Indeks untuk tabel `tm_additional_property`
--
ALTER TABLE `tm_additional_property`
  ADD PRIMARY KEY (`id`);

--
-- Indeks untuk tabel `tm_additional_rate_premium_mv`
--
ALTER TABLE `tm_additional_rate_premium_mv`
  ADD PRIMARY KEY (`id`);

--
-- Indeks untuk tabel `tm_additional_rate_premium_mv_old`
--
ALTER TABLE `tm_additional_rate_premium_mv_old`
  ADD PRIMARY KEY (`id`);

--
-- Indeks untuk tabel `tm_additional_rate_premium_mv_tpl_pad_pap`
--
ALTER TABLE `tm_additional_rate_premium_mv_tpl_pad_pap`
  ADD PRIMARY KEY (`id`);

--
-- Indeks untuk tabel `tm_bank`
--
ALTER TABLE `tm_bank`
  ADD PRIMARY KEY (`id`);

--
-- Indeks untuk tabel `tm_cob`
--
ALTER TABLE `tm_cob`
  ADD PRIMARY KEY (`id`);

--
-- Indeks untuk tabel `tm_discount_administration_fee_insurance_not_used`
--
ALTER TABLE `tm_discount_administration_fee_insurance_not_used`
  ADD PRIMARY KEY (`id`);

--
-- Indeks untuk tabel `tm_district_city`
--
ALTER TABLE `tm_district_city`
  ADD PRIMARY KEY (`id`);

--
-- Indeks untuk tabel `tm_document`
--
ALTER TABLE `tm_document`
  ADD PRIMARY KEY (`id`);

--
-- Indeks untuk tabel `tm_fgbmfi_region`
--
ALTER TABLE `tm_fgbmfi_region`
  ADD PRIMARY KEY (`id`);

--
-- Indeks untuk tabel `tm_formula_rate_premium_mv`
--
ALTER TABLE `tm_formula_rate_premium_mv`
  ADD PRIMARY KEY (`id`);

--
-- Indeks untuk tabel `tm_formula_rate_premium_property`
--
ALTER TABLE `tm_formula_rate_premium_property`
  ADD PRIMARY KEY (`id`);

--
-- Indeks untuk tabel `tm_insurance`
--
ALTER TABLE `tm_insurance`
  ADD PRIMARY KEY (`id`);

--
-- Indeks untuk tabel `tm_ins_mv`
--
ALTER TABLE `tm_ins_mv`
  ADD PRIMARY KEY (`id`);

--
-- Indeks untuk tabel `tm_ins_mv_additional`
--
ALTER TABLE `tm_ins_mv_additional`
  ADD PRIMARY KEY (`id`);

--
-- Indeks untuk tabel `tm_menu`
--
ALTER TABLE `tm_menu`
  ADD PRIMARY KEY (`id`);

--
-- Indeks untuk tabel `tm_mv`
--
ALTER TABLE `tm_mv`
  ADD PRIMARY KEY (`id`);

--
-- Indeks untuk tabel `tm_mv_cat`
--
ALTER TABLE `tm_mv_cat`
  ADD PRIMARY KEY (`id`);

--
-- Indeks untuk tabel `tm_mv_merk`
--
ALTER TABLE `tm_mv_merk`
  ADD PRIMARY KEY (`id`);

--
-- Indeks untuk tabel `tm_mv_old`
--
ALTER TABLE `tm_mv_old`
  ADD PRIMARY KEY (`id`);

--
-- Indeks untuk tabel `tm_occupation_property`
--
ALTER TABLE `tm_occupation_property`
  ADD PRIMARY KEY (`id`);

--
-- Indeks untuk tabel `tm_permission`
--
ALTER TABLE `tm_permission`
  ADD PRIMARY KEY (`id`);

--
-- Indeks untuk tabel `tm_plat`
--
ALTER TABLE `tm_plat`
  ADD PRIMARY KEY (`id`);

--
-- Indeks untuk tabel `tm_province`
--
ALTER TABLE `tm_province`
  ADD PRIMARY KEY (`id`);

--
-- Indeks untuk tabel `tm_region`
--
ALTER TABLE `tm_region`
  ADD PRIMARY KEY (`id`);

--
-- Indeks untuk tabel `tm_role`
--
ALTER TABLE `tm_role`
  ADD PRIMARY KEY (`id`);

--
-- Indeks untuk tabel `tm_third_party`
--
ALTER TABLE `tm_third_party`
  ADD PRIMARY KEY (`id`);

--
-- Indeks untuk tabel `tm_user_group`
--
ALTER TABLE `tm_user_group`
  ADD PRIMARY KEY (`id`);

--
-- Indeks untuk tabel `tm_years`
--
ALTER TABLE `tm_years`
  ADD PRIMARY KEY (`id`);

--
-- Indeks untuk tabel `tp_call_me_mv`
--
ALTER TABLE `tp_call_me_mv`
  ADD PRIMARY KEY (`id`);

--
-- Indeks untuk tabel `tp_call_me_property`
--
ALTER TABLE `tp_call_me_property`
  ADD PRIMARY KEY (`id`);

--
-- Indeks untuk tabel `tp_customer`
--
ALTER TABLE `tp_customer`
  ADD PRIMARY KEY (`id`);

--
-- Indeks untuk tabel `tp_payment_confirm`
--
ALTER TABLE `tp_payment_confirm`
  ADD PRIMARY KEY (`id`);

--
-- Indeks untuk tabel `tp_property_insurance_doc`
--
ALTER TABLE `tp_property_insurance_doc`
  ADD PRIMARY KEY (`id`);

--
-- Indeks untuk tabel `tp_role_permission`
--
ALTER TABLE `tp_role_permission`
  ADD KEY `fk_permission_role_permission` (`role_id`),
  ADD KEY `fk_permission_role_role` (`permission_id`);

--
-- Indeks untuk tabel `tp_role_permission_backup`
--
ALTER TABLE `tp_role_permission_backup`
  ADD KEY `fk_permission_role_permission` (`role_id`),
  ADD KEY `fk_permission_role_role` (`permission_id`);

--
-- Indeks untuk tabel `tp_transaction`
--
ALTER TABLE `tp_transaction`
  ADD PRIMARY KEY (`transaction_id`),
  ADD UNIQUE KEY `transaction_id` (`transaction_id`);

--
-- Indeks untuk tabel `tp_transaction_detail_mv`
--
ALTER TABLE `tp_transaction_detail_mv`
  ADD PRIMARY KEY (`id`);

--
-- Indeks untuk tabel `tp_transaction_detail_property`
--
ALTER TABLE `tp_transaction_detail_property`
  ADD PRIMARY KEY (`id`);

--
-- Indeks untuk tabel `tp_user_role`
--
ALTER TABLE `tp_user_role`
  ADD KEY `fk_user_role_user` (`user_id`),
  ADD KEY `fk_user_role_role` (`role_id`);

--
-- Indeks untuk tabel `tp_vehicle_insurance`
--
ALTER TABLE `tp_vehicle_insurance`
  ADD PRIMARY KEY (`id`);

--
-- Indeks untuk tabel `tp_vehicle_insurance_doc`
--
ALTER TABLE `tp_vehicle_insurance_doc`
  ADD PRIMARY KEY (`id`);

--
-- AUTO_INCREMENT untuk tabel yang dibuang
--

--
-- AUTO_INCREMENT untuk tabel `tm_additional_mv`
--
ALTER TABLE `tm_additional_mv`
  MODIFY `id` int(11) NOT NULL AUTO_INCREMENT, AUTO_INCREMENT=35;

--
-- AUTO_INCREMENT untuk tabel `tm_additional_property`
--
ALTER TABLE `tm_additional_property`
  MODIFY `id` int(11) NOT NULL AUTO_INCREMENT, AUTO_INCREMENT=6;

--
-- AUTO_INCREMENT untuk tabel `tm_additional_rate_premium_mv`
--
ALTER TABLE `tm_additional_rate_premium_mv`
  MODIFY `id` int(11) NOT NULL AUTO_INCREMENT, AUTO_INCREMENT=70;

--
-- AUTO_INCREMENT untuk tabel `tm_additional_rate_premium_mv_old`
--
ALTER TABLE `tm_additional_rate_premium_mv_old`
  MODIFY `id` int(11) NOT NULL AUTO_INCREMENT, AUTO_INCREMENT=505;

--
-- AUTO_INCREMENT untuk tabel `tm_additional_rate_premium_mv_tpl_pad_pap`
--
ALTER TABLE `tm_additional_rate_premium_mv_tpl_pad_pap`
  MODIFY `id` int(11) NOT NULL AUTO_INCREMENT, AUTO_INCREMENT=11;

--
-- AUTO_INCREMENT untuk tabel `tm_cob`
--
ALTER TABLE `tm_cob`
  MODIFY `id` int(11) NOT NULL AUTO_INCREMENT, AUTO_INCREMENT=8;

--
-- AUTO_INCREMENT untuk tabel `tm_discount_administration_fee_insurance_not_used`
--
ALTER TABLE `tm_discount_administration_fee_insurance_not_used`
  MODIFY `id` int(11) NOT NULL AUTO_INCREMENT, AUTO_INCREMENT=9;

--
-- AUTO_INCREMENT untuk tabel `tm_district_city`
--
ALTER TABLE `tm_district_city`
  MODIFY `id` int(11) NOT NULL AUTO_INCREMENT, AUTO_INCREMENT=512;

--
-- AUTO_INCREMENT untuk tabel `tm_document`
--
ALTER TABLE `tm_document`
  MODIFY `id` int(11) NOT NULL AUTO_INCREMENT;

--
-- AUTO_INCREMENT untuk tabel `tm_fgbmfi_region`
--
ALTER TABLE `tm_fgbmfi_region`
  MODIFY `id` int(11) NOT NULL AUTO_INCREMENT, AUTO_INCREMENT=36;

--
-- AUTO_INCREMENT untuk tabel `tm_formula_rate_premium_mv`
--
ALTER TABLE `tm_formula_rate_premium_mv`
  MODIFY `id` int(11) NOT NULL AUTO_INCREMENT, AUTO_INCREMENT=79;

--
-- AUTO_INCREMENT untuk tabel `tm_formula_rate_premium_property`
--
ALTER TABLE `tm_formula_rate_premium_property`
  MODIFY `id` int(11) NOT NULL AUTO_INCREMENT, AUTO_INCREMENT=121;

--
-- AUTO_INCREMENT untuk tabel `tm_insurance`
--
ALTER TABLE `tm_insurance`
  MODIFY `id` int(11) NOT NULL AUTO_INCREMENT, AUTO_INCREMENT=10;

--
-- AUTO_INCREMENT untuk tabel `tm_ins_mv`
--
ALTER TABLE `tm_ins_mv`
  MODIFY `id` int(11) NOT NULL AUTO_INCREMENT, AUTO_INCREMENT=13;

--
-- AUTO_INCREMENT untuk tabel `tm_ins_mv_additional`
--
ALTER TABLE `tm_ins_mv_additional`
  MODIFY `id` int(11) NOT NULL AUTO_INCREMENT;

--
-- AUTO_INCREMENT untuk tabel `tm_mv`
--
ALTER TABLE `tm_mv`
  MODIFY `id` int(11) NOT NULL AUTO_INCREMENT, AUTO_INCREMENT=10900;

--
-- AUTO_INCREMENT untuk tabel `tm_mv_cat`
--
ALTER TABLE `tm_mv_cat`
  MODIFY `id` int(11) NOT NULL AUTO_INCREMENT, AUTO_INCREMENT=9;

--
-- AUTO_INCREMENT untuk tabel `tm_mv_merk`
--
ALTER TABLE `tm_mv_merk`
  MODIFY `id` int(11) NOT NULL AUTO_INCREMENT, AUTO_INCREMENT=51;

--
-- AUTO_INCREMENT untuk tabel `tm_mv_old`
--
ALTER TABLE `tm_mv_old`
  MODIFY `id` int(11) NOT NULL AUTO_INCREMENT, AUTO_INCREMENT=1169;

--
-- AUTO_INCREMENT untuk tabel `tm_occupation_property`
--
ALTER TABLE `tm_occupation_property`
  MODIFY `id` int(11) NOT NULL AUTO_INCREMENT, AUTO_INCREMENT=7;

--
-- AUTO_INCREMENT untuk tabel `tm_plat`
--
ALTER TABLE `tm_plat`
  MODIFY `id` int(11) NOT NULL AUTO_INCREMENT, AUTO_INCREMENT=59;

--
-- AUTO_INCREMENT untuk tabel `tm_province`
--
ALTER TABLE `tm_province`
  MODIFY `id` int(11) NOT NULL AUTO_INCREMENT, AUTO_INCREMENT=35;

--
-- AUTO_INCREMENT untuk tabel `tm_region`
--
ALTER TABLE `tm_region`
  MODIFY `id` int(11) NOT NULL AUTO_INCREMENT, AUTO_INCREMENT=4;

--
-- AUTO_INCREMENT untuk tabel `tp_call_me_mv`
--
ALTER TABLE `tp_call_me_mv`
  MODIFY `id` int(11) NOT NULL AUTO_INCREMENT, AUTO_INCREMENT=71;

--
-- AUTO_INCREMENT untuk tabel `tp_call_me_property`
--
ALTER TABLE `tp_call_me_property`
  MODIFY `id` int(11) NOT NULL AUTO_INCREMENT, AUTO_INCREMENT=2;

--
-- AUTO_INCREMENT untuk tabel `tp_payment_confirm`
--
ALTER TABLE `tp_payment_confirm`
  MODIFY `id` int(11) NOT NULL AUTO_INCREMENT, AUTO_INCREMENT=10;

--
-- AUTO_INCREMENT untuk tabel `tp_property_insurance_doc`
--
ALTER TABLE `tp_property_insurance_doc`
  MODIFY `id` int(11) NOT NULL AUTO_INCREMENT, AUTO_INCREMENT=2;

--
-- AUTO_INCREMENT untuk tabel `tp_transaction_detail_mv`
--
ALTER TABLE `tp_transaction_detail_mv`
  MODIFY `id` int(11) NOT NULL AUTO_INCREMENT, AUTO_INCREMENT=70;

--
-- AUTO_INCREMENT untuk tabel `tp_transaction_detail_property`
--
ALTER TABLE `tp_transaction_detail_property`
  MODIFY `id` int(11) NOT NULL AUTO_INCREMENT, AUTO_INCREMENT=2;

--
-- AUTO_INCREMENT untuk tabel `tp_vehicle_insurance`
--
ALTER TABLE `tp_vehicle_insurance`
  MODIFY `id` int(11) NOT NULL AUTO_INCREMENT, AUTO_INCREMENT=66;

--
-- AUTO_INCREMENT untuk tabel `tp_vehicle_insurance_doc`
--
ALTER TABLE `tp_vehicle_insurance_doc`
  MODIFY `id` int(11) NOT NULL AUTO_INCREMENT, AUTO_INCREMENT=61;
COMMIT;

