--
-- Host: localhost    Database: db_cattle2020
-- ------------------------------------------------------


--
-- Table structure for table `migrations`
--

CREATE TABLE `migrations` (
  `version` bigint(20) NOT NULL
) ENGINE=InnoDB DEFAULT CHARSET=latin1;

--
-- Dumping data for table `migrations`
--

INSERT INTO `migrations` VALUES (38);

--
-- Table structure for table `tm_availability`
--

CREATE TABLE `tm_availability` (
  `id` tinyint(4) NOT NULL AUTO_INCREMENT,
  `name` varchar(20) NOT NULL,
  `for_list` tinyint(1) DEFAULT 1,
  `for_birth` tinyint(1) DEFAULT 1,
  `created_at` datetime NOT NULL,
  `created_by` varchar(21) NOT NULL,
  `updated_at` datetime DEFAULT NULL,
  `updated_by` varchar(21) DEFAULT NULL,
  `deleted_at` datetime DEFAULT NULL,
  `deleted_by` varchar(21) DEFAULT NULL,
  PRIMARY KEY (`id`)
) ENGINE=InnoDB AUTO_INCREMENT=5 DEFAULT CHARSET=utf8mb4;

--
-- Dumping data for table `tm_availability`
--

INSERT INTO `tm_availability` VALUES (-2,'Mati (Gugur)',0,1,'2021-04-08 10:40:39','USR-202008000',NULL,NULL,NULL,NULL),(-1,'Mati',1,0,'2020-08-31 13:51:06','202008000',NULL,NULL,NULL,NULL),(1,'Hidup',1,1,'2020-08-31 01:51:59','USR-202008000',NULL,NULL,NULL,NULL),(2,'Tersedia',1,0,'2020-08-31 01:52:08','USR-202008000',NULL,NULL,NULL,NULL),(3,'Terjual',1,0,'2020-10-08 11:41:23','USR-202008000',NULL,NULL,NULL,NULL),(4,'Sakit',1,0,'2020-12-01 00:00:00','USR-202008000',NULL,NULL,NULL,NULL);

--
-- Table structure for table `tm_bank`
--

CREATE TABLE `tm_bank` (
  `id` char(14) NOT NULL DEFAULT '',
  `name` varchar(50) DEFAULT NULL,
  `account_number` varchar(20) DEFAULT NULL,
  `account_holder` varchar(50) DEFAULT NULL,
  `created_at` datetime NOT NULL,
  `created_by` char(21) NOT NULL,
  `updated_at` datetime DEFAULT NULL,
  `updated_by` char(21) DEFAULT NULL,
  `deleted_at` datetime DEFAULT NULL,
  `deleted_by` char(21) DEFAULT NULL,
  PRIMARY KEY (`id`)
) ENGINE=InnoDB DEFAULT CHARSET=latin1;

--
-- Dumping data for table `tm_bank`
--

INSERT INTO `tm_bank` VALUES ('BNK-2106110001','BCA KCP Ancol','221 034 7777','BCA','2021-06-14 17:05:29','USR-202008000',NULL,NULL,NULL,NULL);

--
-- Table structure for table `tm_config`
--

CREATE TABLE `tm_config` (
  `id` int(10) unsigned NOT NULL AUTO_INCREMENT,
  `parameter` varchar(100) NOT NULL,
  `name` varchar(255) NOT NULL,
  `value` varchar(255) NOT NULL,
  `is_admin` tinyint(4) NOT NULL DEFAULT 0,
  `created_at` datetime NOT NULL,
  `created_by` varchar(21) NOT NULL,
  `updated_at` datetime DEFAULT NULL,
  `updated_by` varchar(21) DEFAULT NULL,
  `deleted_at` datetime DEFAULT NULL,
  `deleted_by` varchar(21) DEFAULT NULL,
  PRIMARY KEY (`id`)
) ENGINE=InnoDB AUTO_INCREMENT=16 DEFAULT CHARSET=latin1;

--
-- Dumping data for table `tm_config`
--

INSERT INTO `tm_config` VALUES (1,'the_selling_price_of_qurban','Harga jual sapi qurban perkg ','54000',0,'2020-10-01 08:35:12','admin','2020-10-04 10:56:31','USR-202008000',NULL,NULL),(2,'the_selling_price_of_karkas',' Harga jual sapi karkas perkg ','50000',0,'2020-10-04 09:36:55','USR-202008000',NULL,NULL,NULL,NULL),(3,'the_selling_price_of_timbang_hidup','Harga jual sapi timbang hidup perkg','45000',0,'2020-10-04 09:40:39','USR-202008000',NULL,NULL,NULL,NULL),(4,'the_selling_price_of_jogrog','Harga jual sapi jogrog perkg','51000',0,'2020-10-04 09:41:53','USR-202008000',NULL,NULL,NULL,NULL),(5,'the_selling_price_of_culing','Harga jual sapi culing perkg','49000',0,'2020-10-04 09:42:40','USR-202008000',NULL,NULL,NULL,NULL),(6,'the_length_of_day_cow_weight_transaction','Lamanya hari sapi ditimbang untuk transaksi','1000',0,'2020-10-04 10:56:22','USR-202008000','2021-02-25 15:04:19','USR-202008000',NULL,NULL),(7,'set_total_fee_qurban','Set total fee untuk penjualan qurban','1300000',0,'2020-10-04 14:59:04','USR-202008000',NULL,NULL,NULL,NULL),(8,'set_total_fee_karkas','Set total fee untuk penjualan karkas','1000000',0,'2020-10-04 15:00:13','USR-202008000',NULL,NULL,NULL,NULL),(9,'set_total_fee_timbang_hidup','Set total fee untuk penjualan timbang hidup','1000000',0,'2020-10-04 15:01:36','USR-202008000',NULL,NULL,NULL,NULL),(10,'set_total_fee_jogrog','Set total fee untuk penjualan jogrog','1000000',0,'2020-10-04 15:02:03','USR-202008000',NULL,NULL,NULL,NULL),(11,'set_total_fee_culing','Set total fee untuk penjualan culing','1000000',0,'2020-10-04 15:02:49','USR-202008000',NULL,NULL,NULL,NULL),(12,'the_length_of_day_unposting_transaction','Lamanya hari bisa unposting','2',0,'2020-10-05 06:38:36','USR-202008000',NULL,NULL,NULL,NULL),(13,'due_to_date_invoice','Lamanya jatuh tempo semenjak invoice dibuat','9',0,'2020-10-05 10:01:11','USR-202008000',NULL,NULL,NULL,NULL),(14,'the_length_of_day_sheep_weight_transaction','Lamanya hari kambing/domba ditimbang untuk transaksi','1000',0,'2020-10-08 16:37:19','USR-202008000','2021-04-20 10:23:59','USR-202008000',NULL,NULL),(15,'the_length_day_of_reminder_sheep_about_to_gave_birth','Lamanya hari untuk mengingatkan doka yang ingin melahirkan','7',0,'2021-06-14 00:00:00','USR-202008000',NULL,NULL,NULL,NULL);

--
-- Table structure for table `tm_cows_grade`
--

CREATE TABLE `tm_cows_grade` (
  `id` int(10) unsigned NOT NULL AUTO_INCREMENT,
  `name` varchar(255) NOT NULL,
  `created_at` datetime NOT NULL,
  `created_by` varchar(21) NOT NULL,
  `updated_at` datetime DEFAULT NULL,
  `updated_by` varchar(21) DEFAULT NULL,
  `deleted_at` datetime DEFAULT NULL,
  `deleted_by` varchar(21) DEFAULT NULL,
  PRIMARY KEY (`id`)
) ENGINE=InnoDB AUTO_INCREMENT=13 DEFAULT CHARSET=utf8mb4;

--
-- Dumping data for table `tm_cows_grade`
--

INSERT INTO `tm_cows_grade` VALUES (1,'Sapi NonSuper','2020-08-27 03:38:24','USR-202008000','2021-01-15 07:43:35','USR-202008000','2021-01-15 07:45:44',''),(2,'Sapi Super','2020-08-27 03:38:29','USR-202008000','2021-01-15 07:40:25','USR-202008000',NULL,NULL),(3,'PURE BREED (PB)','2020-12-23 13:08:51','USR-202008000','2020-12-30 14:49:48','USR-202008000',NULL,NULL),(4,'PURE BREAD (PB)','2020-12-23 13:08:51','USR-202008000',NULL,NULL,'2020-12-23 13:09:03',''),(5,'F 1','2020-12-23 13:09:13','USR-202008000',NULL,NULL,NULL,NULL),(6,'F2','2020-12-23 13:09:22','USR-202008000',NULL,NULL,NULL,NULL),(7,'F3','2020-12-23 13:09:28','USR-202008000',NULL,NULL,NULL,NULL),(8,'F4','2020-12-23 13:09:37','USR-202008000',NULL,NULL,NULL,NULL),(9,'F5','2020-12-23 13:09:47','USR-202008000',NULL,NULL,NULL,NULL),(10,'F6','2020-12-23 13:09:58','USR-202008000',NULL,NULL,NULL,NULL),(11,'F7','2020-12-23 13:10:09','USR-202008000',NULL,NULL,NULL,NULL),(12,'Sapi NonSuper','2021-01-15 07:40:34','USR-202008000',NULL,NULL,'2021-01-15 07:43:22','');

--
-- Table structure for table `tm_cows_race_old`
--

CREATE TABLE `tm_cows_race_old` (
  `id` int(10) unsigned NOT NULL AUTO_INCREMENT,
  `name` varchar(255) NOT NULL,
  `created_at` datetime NOT NULL,
  `created_by` varchar(21) NOT NULL,
  `updated_at` datetime DEFAULT NULL,
  `updated_by` varchar(21) DEFAULT NULL,
  `deleted_at` datetime DEFAULT NULL,
  `deleted_by` varchar(21) DEFAULT NULL,
  PRIMARY KEY (`id`)
) ENGINE=InnoDB AUTO_INCREMENT=23 DEFAULT CHARSET=utf8mb4;

--
-- Dumping data for table `tm_cows_race_old`
--

INSERT INTO `tm_cows_race_old` VALUES (1,'Madura','2020-08-26 21:51:18','USR-202008000','2020-09-16 16:57:17','USR-202008000',NULL,NULL),(2,'Bali','2020-08-26 21:51:34','USR-202008000','2020-09-25 09:49:19','USR-202008000',NULL,NULL),(3,'Abu-abu hongaria','2020-08-27 03:34:23','USR-202008000','2020-09-25 09:48:04','USR-202008000',NULL,NULL),(4,'Angus','2020-09-04 09:48:40','USR-202008000','2020-09-25 09:48:24','USR-202008000',NULL,NULL),(5,'Aceh','2020-09-04 09:49:36','USR-202008000','2020-09-25 09:48:14','USR-202008000',NULL,NULL),(6,'Biru Belgia','2020-09-16 16:57:27','USR-202008000','2020-09-25 09:49:27','USR-202008000',NULL,NULL),(7,'Brahman','2020-09-25 09:49:39','USR-202008000',NULL,NULL,NULL,NULL),(8,'Brangus','2020-09-25 09:49:46','USR-202008000',NULL,NULL,NULL,NULL),(9,'Devon','2020-09-25 09:49:58','USR-202008000',NULL,NULL,NULL,NULL),(10,'Jabres','2020-09-25 09:50:03','USR-202008000',NULL,NULL,NULL,NULL),(11,'Hereford','2020-09-25 09:50:20','USR-202008000',NULL,NULL,NULL,NULL),(12,'Holstein','2020-09-25 09:50:26','USR-202008000',NULL,NULL,NULL,NULL),(13,'Limousin','2020-09-25 09:51:55','USR-202008000',NULL,NULL,NULL,NULL),(14,'Pesisir','2020-09-25 09:52:04','USR-202008000',NULL,NULL,NULL,NULL),(15,'Ongole','2020-09-25 09:52:09','USR-202008000',NULL,NULL,NULL,NULL),(16,'Sahiwal','2020-09-25 09:52:37','USR-202008000',NULL,NULL,NULL,NULL),(17,'Simmental','2020-09-25 09:52:43','USR-202008000',NULL,NULL,NULL,NULL),(18,'Sumba Ongole','2020-09-25 09:52:49','USR-202008000',NULL,NULL,NULL,NULL),(19,'Sumbawa','2020-09-25 09:53:06','USR-202008000',NULL,NULL,NULL,NULL),(20,'Tanduk Panjang Inggris','2020-09-25 09:53:14','USR-202008000',NULL,NULL,NULL,NULL),(21,'Tanduk Panjang Texas','2020-09-25 09:53:22','USR-202008000',NULL,NULL,NULL,NULL),(22,'Wagyu','2020-09-25 09:53:32','USR-202008000',NULL,NULL,NULL,NULL);

--
-- Table structure for table `tm_milking_product`
--

CREATE TABLE `tm_milking_product` (
  `id` varchar(21) NOT NULL,
  `name` varchar(25) NOT NULL,
  `type` varchar(15) NOT NULL,
  `livestock_type` char(4) NOT NULL,
  `created_at` datetime NOT NULL,
  `created_by` varchar(21) NOT NULL,
  `updated_at` datetime DEFAULT NULL,
  `updated_by` varchar(21) DEFAULT NULL,
  `deleted_at` datetime DEFAULT NULL,
  `deleted_by` varchar(21) DEFAULT NULL,
  PRIMARY KEY (`id`),
  UNIQUE KEY `name` (`name`)
) ENGINE=InnoDB DEFAULT CHARSET=utf8mb4;

--
-- Dumping data for table `tm_milking_product`
--

INSERT INTO `tm_milking_product` VALUES ('MP-0001','Kolostrum Sapi','colostrum','COW','2020-11-13 14:50:53','USR-202008000','2020-11-13 15:18:20','USR-202008000',NULL,NULL),('MP-0002','Kolostrum Kambing','colostrum','GOT','2020-11-13 15:18:53','USR-202008000',NULL,NULL,NULL,NULL),('MP-0003','Kolostrum Domba','colostrum','SHP','2020-11-13 15:19:39','USR-202008000',NULL,NULL,NULL,NULL),('MP-0004','Susu Kambing','milk','GOT','2020-11-13 15:20:59','USR-202008000',NULL,NULL,NULL,NULL);

--
-- Table structure for table `tm_new_raw_material`
--

CREATE TABLE `tm_new_raw_material` (
  `id` varchar(8) NOT NULL,
  `name` varchar(100) NOT NULL,
  `unit_id` tinyint(3) unsigned NOT NULL,
  `minimum_stock` int(10) unsigned NOT NULL,
  `selling_price` mediumint(8) unsigned NOT NULL,
  `result` int(10) unsigned DEFAULT NULL,
  `created_at` datetime NOT NULL,
  `created_by` varchar(21) NOT NULL,
  `updated_at` datetime DEFAULT NULL,
  `updated_by` varchar(21) DEFAULT NULL,
  `deleted_at` datetime DEFAULT NULL,
  `deleted_by` varchar(21) DEFAULT NULL,
  PRIMARY KEY (`id`)
) ENGINE=InnoDB DEFAULT CHARSET=utf8mb4;

--
-- Dumping data for table `tm_new_raw_material`
--

INSERT INTO `tm_new_raw_material` VALUES ('NRM-0001','Premix Grower',6,50,12000,0,'2020-09-30 20:58:25','USR-202008000',NULL,NULL,NULL,NULL),('NRM-0002','Pakan Sapi',6,240000,90000,1,'2020-09-29 17:59:15','USR-202008000',NULL,NULL,NULL,NULL),('NRM-0003','Premix Trouw',6,50,15000,0,'2020-09-30 20:58:29','USR-202008000',NULL,NULL,NULL,NULL);

--
-- Table structure for table `tm_payment_type`
--

CREATE TABLE `tm_payment_type` (
  `payment_type_id` char(4) NOT NULL,
  `payment_desc` varchar(50) DEFAULT NULL,
  `remark` varchar(100) DEFAULT NULL,
  `due_date_required` tinyint(4) DEFAULT NULL,
  `bank_ref_required` tinyint(4) DEFAULT NULL,
  `use_in_payment_module` tinyint(4) DEFAULT NULL,
  `use_in_setun_module` tinyint(4) DEFAULT NULL,
  `status` tinyint(4) NOT NULL
) ENGINE=InnoDB DEFAULT CHARSET=latin1;

--
-- Dumping data for table `tm_payment_type`
--

INSERT INTO `tm_payment_type` VALUES ('0001','TUNAI/CASH',NULL,1,0,1,1,0),('0002','TRANSFER',NULL,1,1,0,1,1);

--
-- Table structure for table `tm_pen`
--

CREATE TABLE `tm_pen` (
  `id` int(10) unsigned NOT NULL AUTO_INCREMENT,
  `name` varchar(10) NOT NULL,
  `shed_id` int(10) unsigned NOT NULL,
  `race_id` int(10) unsigned DEFAULT NULL,
  `livestock_type` char(4) DEFAULT NULL COMMENT 'cow="sapi";\r\nshp="domba";\r\ngot="kambing".',
  `created_at` datetime NOT NULL,
  `created_by` varchar(21) NOT NULL,
  `updated_at` datetime DEFAULT NULL,
  `updated_by` varchar(21) DEFAULT NULL,
  `deleted_at` datetime DEFAULT NULL,
  `deleted_by` varchar(21) DEFAULT NULL,
  PRIMARY KEY (`id`),
  KEY `shed_id` (`shed_id`)
) ENGINE=InnoDB AUTO_INCREMENT=193 DEFAULT CHARSET=latin1;

--
-- Dumping data for table `tm_pen`
--

INSERT INTO `tm_pen` VALUES (0,'0',0,NULL,NULL,'2021-02-05 00:00:00','USR-202008000',NULL,NULL,NULL,NULL),(6,'02',4,0,'cow','2020-10-21 16:26:23','USR-202008000','2021-01-15 15:20:57','USR-202008000',NULL,NULL),(7,'A',2,0,'','2020-11-09 14:06:44','USR-202008000','2020-11-20 13:51:11','USR-202008000',NULL,NULL),(8,'1',5,0,'shp','2020-11-20 13:52:42','USR-202008000',NULL,NULL,NULL,NULL),(9,'2',5,0,'shp','2020-11-20 13:52:59','USR-202008000',NULL,NULL,NULL,NULL),(10,'A',6,0,'got','2020-11-20 13:53:25','USR-202008000',NULL,NULL,NULL,NULL),(11,'B',6,0,'got','2020-11-20 13:53:35','USR-202008000',NULL,NULL,NULL,NULL),(12,'A',80,0,'shp','2020-12-23 14:15:46','USR-202008000',NULL,NULL,NULL,NULL),(13,'B',80,0,'shp','2020-12-23 14:15:55','USR-202008000',NULL,NULL,NULL,NULL),(14,'C',80,0,'shp','2020-12-23 14:16:00','USR-202008000',NULL,NULL,NULL,NULL),(15,'D',80,0,'shp','2020-12-23 14:16:11','USR-202008000',NULL,NULL,NULL,NULL),(16,'E',80,0,'shp','2020-12-23 14:16:30','USR-202008000',NULL,NULL,NULL,NULL),(17,'F',80,0,'shp','2020-12-23 14:16:38','USR-202008000',NULL,NULL,NULL,NULL),(18,'G',80,0,'shp','2020-12-23 14:16:48','USR-202008000',NULL,NULL,NULL,NULL),(19,'H',80,0,'shp','2020-12-23 14:16:55','USR-202008000',NULL,NULL,NULL,NULL),(20,'i',80,0,'shp','2020-12-23 14:17:55','USR-202008000',NULL,NULL,NULL,NULL),(21,'J',80,0,'shp','2020-12-23 14:18:01','USR-202008000',NULL,NULL,NULL,NULL),(22,'K',80,0,'shp','2020-12-23 14:18:07','USR-202008000',NULL,NULL,NULL,NULL),(23,'L',80,0,'shp','2020-12-23 14:18:13','USR-202008000',NULL,NULL,NULL,NULL),(24,'M',80,0,'shp','2020-12-23 14:18:18','USR-202008000',NULL,NULL,NULL,NULL),(25,'N',80,0,'shp','2020-12-23 14:18:24','USR-202008000',NULL,NULL,NULL,NULL),(26,'O',80,0,'shp','2020-12-23 14:18:30','USR-202008000',NULL,NULL,NULL,NULL),(27,'P',80,0,'shp','2020-12-23 14:18:46','USR-202008000',NULL,NULL,NULL,NULL),(28,'Q',80,0,'shp','2020-12-23 14:18:52','USR-202008000',NULL,NULL,NULL,NULL),(29,'R',80,0,'shp','2020-12-23 14:18:56','USR-202008000',NULL,NULL,NULL,NULL),(30,'S',80,0,'shp','2020-12-23 14:19:02','USR-202008000',NULL,NULL,NULL,NULL),(31,'T',80,0,'shp','2020-12-23 14:19:19','USR-202008000',NULL,NULL,NULL,NULL),(32,'U',80,0,'shp','2020-12-23 14:19:26','USR-202008000',NULL,NULL,NULL,NULL),(33,'V',80,0,'shp','2020-12-23 14:19:31','USR-202008000',NULL,NULL,NULL,NULL),(34,'W',80,0,'shp','2020-12-23 14:19:38','USR-202008000',NULL,NULL,NULL,NULL),(35,'X',80,0,'shp','2020-12-23 14:19:54','USR-202008000',NULL,NULL,NULL,NULL),(36,'Y',80,0,'shp','2020-12-23 14:20:05','USR-202008000',NULL,NULL,NULL,NULL),(37,'Z',80,0,'shp','2020-12-23 14:20:15','USR-202008000',NULL,NULL,NULL,NULL),(38,'1',80,0,'shp','2020-12-23 14:20:27','USR-202008000','2021-02-08 09:32:16','USR-202008000',NULL,NULL),(39,'2',80,0,'shp','2020-12-23 14:20:39','USR-202008000',NULL,NULL,NULL,NULL),(40,'3',80,0,'shp','2020-12-23 14:20:45','USR-202008000',NULL,NULL,NULL,NULL),(41,'4',80,0,'shp','2020-12-23 14:20:51','USR-202008000',NULL,NULL,NULL,NULL),(42,'5',80,0,'shp','2020-12-23 14:20:58','USR-202008000',NULL,NULL,NULL,NULL),(43,'6',80,0,'shp','2020-12-23 14:21:07','USR-202008000',NULL,NULL,NULL,NULL),(44,'7',80,0,'shp','2020-12-23 14:21:12','USR-202008000',NULL,NULL,NULL,NULL),(45,'8',80,0,'shp','2020-12-23 14:21:19','USR-202008000',NULL,NULL,NULL,NULL),(46,'9',80,0,'shp','2020-12-23 14:21:25','USR-202008000',NULL,NULL,NULL,NULL),(47,'10',80,0,'shp','2020-12-23 14:21:31','USR-202008000',NULL,NULL,NULL,NULL),(48,'11',80,0,'shp','2020-12-23 14:25:51','USR-202008000',NULL,NULL,NULL,NULL),(49,'12',80,0,'shp','2020-12-23 14:25:58','USR-202008000',NULL,NULL,NULL,NULL),(50,'13',80,0,'shp','2020-12-23 14:26:03','USR-202008000',NULL,NULL,NULL,NULL),(51,'14',80,0,'shp','2020-12-23 14:26:11','USR-202008000',NULL,NULL,NULL,NULL),(52,'15',80,0,'shp','2020-12-23 14:26:17','USR-202008000',NULL,NULL,NULL,NULL),(53,'16',80,0,'shp','2020-12-23 14:26:24','USR-202008000',NULL,NULL,NULL,NULL),(54,'17',80,0,'shp','2020-12-23 14:26:37','USR-202008000',NULL,NULL,NULL,NULL),(55,'18',80,0,'shp','2020-12-23 14:27:25','USR-202008000',NULL,NULL,NULL,NULL),(56,'19',80,0,'shp','2020-12-23 14:29:11','USR-202008000',NULL,NULL,NULL,NULL),(57,'20',80,0,'shp','2020-12-23 14:29:22','USR-202008000',NULL,NULL,NULL,NULL),(58,'21',80,0,'shp','2020-12-23 14:29:29','USR-202008000',NULL,NULL,NULL,NULL),(59,'22',80,0,'shp','2020-12-23 14:29:34','USR-202008000',NULL,NULL,NULL,NULL),(60,'23',80,0,'shp','2020-12-23 14:29:39','USR-202008000',NULL,NULL,NULL,NULL),(61,'24',80,0,'shp','2020-12-23 14:29:46','USR-202008000',NULL,NULL,NULL,NULL),(62,'25',80,0,'shp','2020-12-23 14:29:52','USR-202008000',NULL,NULL,NULL,NULL),(63,'26',80,0,'shp','2020-12-23 14:29:58','USR-202008000',NULL,NULL,NULL,NULL),(64,'27',80,0,'shp','2020-12-23 14:30:06','USR-202008000',NULL,NULL,NULL,NULL),(65,'28',80,0,'shp','2020-12-23 14:30:13','USR-202008000',NULL,NULL,NULL,NULL),(66,'29',80,0,'shp','2020-12-23 14:30:36','USR-202008000',NULL,NULL,NULL,NULL),(67,'29',80,0,'shp','2020-12-23 14:30:36','USR-202008000',NULL,NULL,'2020-12-23 14:30:51','USR-202008000'),(68,'29',80,0,'shp','2020-12-23 14:30:37','USR-202008000',NULL,NULL,'2020-12-23 14:31:57','USR-202008000'),(69,'30',80,0,'shp','2020-12-23 14:32:06','USR-202008000',NULL,NULL,NULL,NULL),(70,'31',80,0,'shp','2020-12-23 14:33:45','USR-202008000',NULL,NULL,NULL,NULL),(71,'32',80,0,'shp','2020-12-23 14:33:51','USR-202008000',NULL,NULL,NULL,NULL),(72,'33',80,0,'shp','2020-12-23 14:33:57','USR-202008000',NULL,NULL,NULL,NULL),(73,'34',80,0,'shp','2020-12-23 14:34:04','USR-202008000',NULL,NULL,NULL,NULL),(74,'35',80,0,'shp','2020-12-23 14:34:10','USR-202008000',NULL,NULL,NULL,NULL),(75,'36',80,0,'shp','2020-12-23 14:34:16','USR-202008000',NULL,NULL,NULL,NULL),(76,'37',80,0,'shp','2020-12-23 14:34:25','USR-202008000',NULL,NULL,NULL,NULL),(77,'38',80,0,'shp','2020-12-23 14:34:31','USR-202008000',NULL,NULL,NULL,NULL),(78,'01',4,0,'cow','2021-01-15 15:20:41','USR-202008000',NULL,NULL,NULL,NULL),(79,'03',4,0,'cow','2021-01-15 15:21:05','USR-202008000',NULL,NULL,NULL,NULL),(80,'04',4,0,'cow','2021-01-15 15:21:18','USR-202008000',NULL,NULL,NULL,NULL),(81,'05',4,0,'cow','2021-01-15 15:21:25','USR-202008000',NULL,NULL,NULL,NULL),(82,'06',4,0,'cow','2021-01-15 15:21:37','USR-202008000',NULL,NULL,NULL,NULL),(83,'07',4,0,'cow','2021-01-15 15:21:50','USR-202008000',NULL,NULL,NULL,NULL),(84,'08',4,0,'cow','2021-01-15 15:21:59','USR-202008000',NULL,NULL,NULL,NULL),(85,'09',4,0,'cow','2021-01-15 15:22:09','USR-202008000',NULL,NULL,NULL,NULL),(86,'10',4,0,'cow','2021-01-15 15:22:16','USR-202008000',NULL,NULL,NULL,NULL),(87,'11',4,0,'cow','2021-01-15 15:22:59','USR-202008000',NULL,NULL,NULL,NULL),(88,'12',4,0,'cow','2021-01-15 15:23:04','USR-202008000',NULL,NULL,NULL,NULL),(89,'13',4,0,'cow','2021-01-15 15:23:09','USR-202008000',NULL,NULL,NULL,NULL),(90,'14',4,0,'cow','2021-01-15 15:23:14','USR-202008000',NULL,NULL,NULL,NULL),(91,'15',4,0,'cow','2021-01-15 15:23:19','USR-202008000',NULL,NULL,NULL,NULL),(92,'16',4,0,'cow','2021-01-15 15:23:24','USR-202008000',NULL,NULL,NULL,NULL),(93,'17',4,0,'cow','2021-01-15 15:23:29','USR-202008000',NULL,NULL,NULL,NULL),(94,'18',4,0,'cow','2021-01-15 15:23:36','USR-202008000',NULL,NULL,NULL,NULL),(95,'19',4,0,'cow','2021-01-15 15:23:43','USR-202008000',NULL,NULL,NULL,NULL),(96,'20',4,0,'cow','2021-01-15 15:23:49','USR-202008000',NULL,NULL,NULL,NULL),(97,'Hospital01',4,0,'cow','2021-01-15 15:24:04','USR-202008000',NULL,NULL,NULL,NULL),(98,'Hospital02',4,0,'cow','2021-01-15 15:24:15','USR-202008000',NULL,NULL,NULL,NULL),(99,'Hospital03',4,0,'cow','2021-01-15 15:24:36','USR-202008000',NULL,NULL,NULL,NULL),(100,'Hospital04',4,0,'cow','2021-01-15 15:24:45','USR-202008000',NULL,NULL,NULL,NULL),(101,'K-3',81,0,'','2021-01-15 15:25:40','USR-202008000','2021-01-15 15:26:50','USR-202008000',NULL,NULL),(102,'K-1',81,0,'','2021-01-15 15:25:47','USR-202008000','2021-01-15 15:26:33','USR-202008000',NULL,NULL),(103,'K-2',81,0,'','2021-01-15 15:25:56','USR-202008000','2021-01-15 15:26:39','USR-202008000',NULL,NULL),(104,'A',4,0,'cow','2021-02-04 14:40:40','USR-202008000',NULL,NULL,NULL,NULL),(105,'B',4,0,'cow','2021-02-04 14:41:00','USR-202008000',NULL,NULL,NULL,NULL),(106,'C',4,0,'cow','2021-02-04 14:41:15','USR-202008000',NULL,NULL,NULL,NULL),(107,'D',4,0,'cow','2021-02-04 14:41:26','USR-202008000',NULL,NULL,NULL,NULL),(108,'E',4,0,'cow','2021-02-04 14:41:35','USR-202008000',NULL,NULL,NULL,NULL),(109,'F',4,0,'cow','2021-02-04 14:41:47','USR-202008000',NULL,NULL,NULL,NULL),(110,'G',4,0,'cow','2021-02-04 14:41:55','USR-202008000',NULL,NULL,NULL,NULL),(111,'H',4,0,'cow','2021-02-04 14:42:06','USR-202008000',NULL,NULL,NULL,NULL),(112,'I',4,0,'cow','2021-02-04 14:42:17','USR-202008000',NULL,NULL,NULL,NULL),(113,'J',4,0,'cow','2021-02-04 14:42:26','USR-202008000',NULL,NULL,NULL,NULL),(114,'K',4,0,'cow','2021-02-04 14:43:21','USR-202008000',NULL,NULL,NULL,NULL),(115,'L',4,0,'cow','2021-02-04 14:43:34','USR-202008000',NULL,NULL,NULL,NULL),(116,'M',4,0,'cow','2021-02-04 14:43:45','USR-202008000',NULL,NULL,NULL,NULL),(117,'N',4,0,'cow','2021-02-04 14:43:55','USR-202008000',NULL,NULL,NULL,NULL),(118,'O',4,0,'cow','2021-02-04 14:44:08','USR-202008000',NULL,NULL,NULL,NULL),(119,'P',4,0,'cow','2021-02-04 14:44:23','USR-202008000',NULL,NULL,NULL,NULL),(121,'AA',80,0,'shp','2021-03-06 08:33:40','USR-202008000',NULL,NULL,NULL,NULL),(122,'AB',80,35,'shp','2021-03-06 08:34:03','USR-202008000',NULL,NULL,NULL,NULL),(123,'AC',80,35,'shp','2021-03-06 08:34:14','USR-202008000',NULL,NULL,NULL,NULL),(124,'AD',80,35,'shp','2021-03-06 08:34:28','USR-202008000',NULL,NULL,NULL,NULL),(125,'Karantina1',4,0,'cow','2021-03-28 10:55:12','USR-202008000','2021-03-28 10:55:59','USR-202008000',NULL,NULL),(126,'39',80,0,'shp','2021-03-29 10:04:47','USR-202008000',NULL,NULL,NULL,NULL),(127,'40',80,0,'shp','2021-03-29 10:04:59','USR-202008000',NULL,NULL,NULL,NULL),(128,'41',80,0,'shp','2021-03-29 10:05:12','USR-202008000',NULL,NULL,NULL,NULL),(129,'42',80,0,'shp','2021-03-29 10:05:21','USR-202008000',NULL,NULL,NULL,NULL),(130,'43',80,30,'shp','2021-06-19 13:52:10','USR-202008000',NULL,NULL,NULL,NULL),(131,'44',80,30,'shp','2021-06-19 13:52:26','USR-202008000',NULL,NULL,NULL,NULL),(132,'45',80,30,'shp','2021-06-19 13:52:37','USR-202008000',NULL,NULL,NULL,NULL),(133,'46',80,30,'shp','2021-06-19 13:52:50','USR-202008000',NULL,NULL,NULL,NULL),(134,'47',80,30,'shp','2021-06-19 13:53:01','USR-202008000',NULL,NULL,NULL,NULL),(135,'48',80,30,'shp','2021-06-19 13:53:13','USR-202008000',NULL,NULL,NULL,NULL),(136,'49',80,30,'shp','2021-06-19 13:53:24','USR-202008000',NULL,NULL,NULL,NULL),(137,'50',80,30,'shp','2021-06-19 13:53:35','USR-202008000',NULL,NULL,NULL,NULL),(138,'51',80,30,'shp','2021-06-19 13:54:05','USR-202008000',NULL,NULL,NULL,NULL),(139,'52',80,30,'shp','2021-06-19 13:54:23','USR-202008000',NULL,NULL,NULL,NULL),(140,'53',80,30,'shp','2021-06-19 13:54:35','USR-202008000',NULL,NULL,NULL,NULL),(141,'54',80,30,'shp','2021-06-19 13:54:46','USR-202008000',NULL,NULL,NULL,NULL),(142,'55',80,30,'shp','2021-06-19 13:54:56','USR-202008000',NULL,NULL,NULL,NULL),(143,'56',80,30,'shp','2021-06-19 13:55:07','USR-202008000',NULL,NULL,NULL,NULL),(144,'57',80,30,'shp','2021-06-19 13:55:22','USR-202008000',NULL,NULL,NULL,NULL),(145,'58',80,30,'shp','2021-06-19 13:55:35','USR-202008000',NULL,NULL,NULL,NULL),(146,'59',80,30,'shp','2021-06-19 13:55:47','USR-202008000',NULL,NULL,NULL,NULL),(147,'60',80,30,'shp','2021-06-19 13:55:59','USR-202008000',NULL,NULL,NULL,NULL),(148,'61',80,30,'shp','2021-06-19 13:56:10','USR-202008000',NULL,NULL,NULL,NULL),(149,'62',80,30,'shp','2021-06-19 13:56:21','USR-202008000',NULL,NULL,NULL,NULL),(150,'63',80,31,'shp','2021-06-19 13:56:34','USR-202008000',NULL,NULL,NULL,NULL),(151,'64',80,31,'shp','2021-06-19 13:56:45','USR-202008000',NULL,NULL,NULL,NULL),(152,'65',80,31,'shp','2021-06-19 13:56:56','USR-202008000',NULL,NULL,NULL,NULL),(153,'66',80,31,'shp','2021-06-19 13:57:08','USR-202008000',NULL,NULL,NULL,NULL),(154,'67',80,30,'shp','2021-06-19 13:57:18','USR-202008000',NULL,NULL,NULL,NULL),(155,'68',80,30,'shp','2021-06-19 13:57:31','USR-202008000',NULL,NULL,NULL,NULL),(156,'69',80,30,'shp','2021-06-19 13:57:45','USR-202008000',NULL,NULL,NULL,NULL),(157,'70',80,31,'shp','2021-06-19 13:57:59','USR-202008000',NULL,NULL,NULL,NULL),(158,'71',80,30,'shp','2021-06-19 13:58:10','USR-202008000',NULL,NULL,NULL,NULL),(159,'72',80,30,'shp','2021-06-19 13:58:21','USR-202008000',NULL,NULL,NULL,NULL),(160,'73',80,31,'shp','2021-06-19 13:58:34','USR-202008000',NULL,NULL,NULL,NULL),(161,'74',80,31,'shp','2021-06-19 13:58:46','USR-202008000',NULL,NULL,NULL,NULL),(162,'75',80,31,'shp','2021-06-19 13:58:57','USR-202008000',NULL,NULL,NULL,NULL),(163,'76',80,31,'shp','2021-06-19 13:59:07','USR-202008000',NULL,NULL,NULL,NULL),(164,'77',80,31,'shp','2021-06-19 13:59:17','USR-202008000',NULL,NULL,NULL,NULL),(165,'AE',80,30,'shp','2021-06-19 14:00:33','USR-202008000',NULL,NULL,NULL,NULL),(166,'AF',80,30,'shp','2021-06-19 14:00:57','USR-202008000',NULL,NULL,NULL,NULL),(167,'AG',80,30,'shp','2021-06-19 14:01:16','USR-202008000',NULL,NULL,NULL,NULL),(168,'AG',80,30,'shp','2021-06-19 14:01:24','USR-202008000',NULL,NULL,'2021-06-19 14:40:04','USR-202008000'),(169,'AH',80,30,'shp','2021-06-19 14:01:27','USR-202008000',NULL,NULL,NULL,NULL),(170,'Ai',80,30,'shp','2021-06-19 14:01:48','USR-202008000',NULL,NULL,NULL,NULL),(171,'AJ',80,0,'shp','2021-06-21 13:16:20','USR-202008000',NULL,NULL,NULL,NULL),(172,'AK',80,0,'shp','2021-06-21 13:16:50','USR-202008000',NULL,NULL,'2021-06-21 13:21:40','USR-202008000'),(173,'AK',80,0,'shp','2021-06-21 13:16:51','USR-202008000',NULL,NULL,NULL,NULL),(174,'AL',80,0,'shp','2021-06-21 13:17:04','USR-202008000',NULL,NULL,NULL,NULL),(175,'AM',80,0,'shp','2021-06-21 13:17:15','USR-202008000',NULL,NULL,NULL,NULL),(176,'AN',80,0,'shp','2021-06-21 13:17:25','USR-202008000',NULL,NULL,NULL,NULL),(177,'AO',80,0,'shp','2021-06-21 13:17:36','USR-202008000',NULL,NULL,NULL,NULL),(178,'AP',80,0,'shp','2021-06-21 13:17:47','USR-202008000',NULL,NULL,NULL,NULL),(179,'AQ',80,0,'shp','2021-06-21 13:17:58','USR-202008000',NULL,NULL,NULL,NULL),(180,'AR',80,0,'shp','2021-06-21 13:18:07','USR-202008000',NULL,NULL,NULL,NULL),(181,'AS',80,0,'shp','2021-06-21 13:18:19','USR-202008000',NULL,NULL,NULL,NULL),(182,'AT',80,0,'shp','2021-06-21 13:18:30','USR-202008000',NULL,NULL,NULL,NULL),(183,'AU',80,0,'shp','2021-06-21 13:18:42','USR-202008000',NULL,NULL,NULL,NULL),(184,'AV',80,0,'got','2021-06-21 13:18:52','USR-202008000',NULL,NULL,NULL,NULL),(185,'AW',80,0,'shp','2021-06-21 13:19:03','USR-202008000',NULL,NULL,NULL,NULL),(186,'AX',80,0,'shp','2021-06-21 13:19:14','USR-202008000',NULL,NULL,NULL,NULL),(187,'AY',80,0,'shp','2021-06-21 13:19:25','USR-202008000',NULL,NULL,NULL,NULL),(188,'AZ',80,0,'shp','2021-06-21 13:19:37','USR-202008000',NULL,NULL,NULL,NULL),(189,'BA',80,0,'shp','2021-06-21 13:19:54','USR-202008000',NULL,NULL,NULL,NULL),(190,'BB',80,0,'shp','2021-06-21 13:20:07','USR-202008000',NULL,NULL,NULL,NULL),(191,'BC',80,0,'shp','2021-06-21 13:20:40','USR-202008000',NULL,NULL,NULL,NULL),(192,'BD',80,0,'shp','2021-06-21 13:20:52','USR-202008000',NULL,NULL,NULL,NULL);

--
-- Table structure for table `tm_price_list`
--

CREATE TABLE `tm_price_list` (
  `id` int(11) NOT NULL AUTO_INCREMENT,
  `month` tinyint(2) unsigned NOT NULL,
  `year` year(4) NOT NULL,
  `region_id` int(10) unsigned NOT NULL,
  `min_weight` decimal(10,0) unsigned NOT NULL,
  `max_weight` decimal(10,0) unsigned NOT NULL,
  `price` double NOT NULL,
  `created_at` datetime NOT NULL,
  `created_by` varchar(21) NOT NULL,
  `updated_at` datetime DEFAULT NULL,
  `updated_by` varchar(21) DEFAULT NULL,
  `deleted_at` datetime DEFAULT NULL,
  `deleted_by` varchar(21) DEFAULT NULL,
  PRIMARY KEY (`id`)
) ENGINE=InnoDB DEFAULT CHARSET=latin1;

--
-- Dumping data for table `tm_price_list`
--


--
-- Table structure for table `tm_race`
--

CREATE TABLE `tm_race` (
  `id` int(10) unsigned NOT NULL AUTO_INCREMENT,
  `name` varchar(255) NOT NULL,
  `livestock_type` char(4) DEFAULT NULL,
  `created_at` datetime NOT NULL,
  `created_by` varchar(21) NOT NULL,
  `updated_at` datetime DEFAULT NULL,
  `updated_by` varchar(21) DEFAULT NULL,
  `deleted_at` datetime DEFAULT NULL,
  `deleted_by` varchar(21) DEFAULT NULL,
  PRIMARY KEY (`id`)
) ENGINE=InnoDB AUTO_INCREMENT=67 DEFAULT CHARSET=utf8mb4;

--
-- Dumping data for table `tm_race`
--

INSERT INTO `tm_race` VALUES (24,'Sapi Madura','cow','2020-11-02 09:20:35','USR-202008000','2021-02-03 15:12:11','USR-202008000',NULL,NULL),(25,'Sapi Pegon','cow','2020-11-02 09:20:47','USR-202008000','2021-02-03 15:12:11','USR-202008000',NULL,NULL),(26,'Kambing Sanen','got','2020-11-02 10:53:54','USR-202008000','2021-02-03 15:12:11','USR-202008000',NULL,NULL),(27,'Kambing Nubian','got','2020-11-02 10:54:09','USR-202008000','2021-02-03 15:12:11','USR-202008000',NULL,NULL),(28,'Kambing Nubian Anglo','got','2020-11-02 10:54:24','USR-202008000','2021-02-03 15:12:11','USR-202008000','2020-12-23 12:08:52',''),(29,'Kambing Lorek Anglo','got','2020-11-02 10:56:17','USR-202008000','2021-02-03 15:12:11','USR-202008000','2020-12-23 12:08:38',''),(30,'Domba Garut','shp','2020-11-02 10:56:29','USR-202008000','2021-02-03 15:12:11','USR-202008000',NULL,NULL),(31,'Domba Dorper','shp','2020-11-02 10:56:47','USR-202008000','2021-02-03 15:12:11','USR-202008000',NULL,NULL),(32,'Domba Awassi ','shp','2020-11-02 10:57:07','USR-202008000','2021-02-03 15:12:11','USR-202008000',NULL,NULL),(33,'Domba Dorper PB','shp','2020-11-02 10:57:19','USR-202008000','2021-02-03 15:12:11','USR-202008000','2020-12-23 13:11:32',''),(34,'Kambing Senduro','got','2020-11-02 10:58:15','USR-202008000','2021-02-03 15:12:11','USR-202008000',NULL,NULL),(35,'Domba Cross Texel','shp','2020-11-02 10:59:29','USR-202008000','2021-02-03 15:12:11','USR-202008000',NULL,NULL),(36,'Kambing Sapera','got','2020-11-09 07:30:46','USR-202008000','2021-02-03 15:12:11','USR-202008000',NULL,NULL),(37,'Kambing Sable-PE','got','2020-11-09 07:31:04','USR-202008000','2021-02-03 15:12:11','USR-202008000','2020-11-09 07:33:06',''),(38,'Sapi AngPO','cow','2020-11-09 07:34:14','USR-202008000','2021-02-03 15:12:11','USR-202008000',NULL,NULL),(39,'Sapi Angus','cow','2020-11-09 07:34:27','USR-202008000','2021-02-03 15:12:11','USR-202008000',NULL,NULL),(40,'Sapi Angus Simental','cow','2020-11-09 07:34:48','USR-202008000','2021-02-03 15:12:11','USR-202008000',NULL,NULL),(41,'Sapi Angus','cow','2020-11-09 07:35:03','USR-202008000','2021-02-03 15:12:11','USR-202008000','2020-11-09 07:35:26',''),(42,'Sapi Simental','cow','2020-11-09 07:35:12','USR-202008000','2021-02-03 15:12:11','USR-202008000',NULL,NULL),(43,'Sapi Limousin','cow','2020-11-09 07:36:56','USR-202008000','2021-02-03 15:12:11','USR-202008000',NULL,NULL),(44,'Sapi Limo Clurring','cow','2020-11-09 07:37:20','USR-202008000','2021-02-03 15:12:11','USR-202008000',NULL,NULL),(45,'Sapi Limo Cross','cow','2020-11-09 07:37:32','USR-202008000','2021-02-03 15:12:11','USR-202008000',NULL,NULL),(46,'Sapi Limosime','cow','2020-11-09 07:37:59','USR-202008000','2021-02-03 15:12:11','USR-202008000',NULL,NULL),(47,'Sapi LimPO','cow','2020-11-09 07:38:23','USR-202008000','2021-02-03 15:12:11','USR-202008000',NULL,NULL),(48,'Sapi Madura Hitam','cow','2020-11-09 07:38:49','USR-202008000','2021-02-03 15:12:11','USR-202008000',NULL,NULL),(49,'Sapi Pegon (Sanglir)','cow','2020-11-09 07:39:32','USR-202008000','2021-02-03 15:12:11','USR-202008000',NULL,NULL),(50,'Sapi Pegon Angus','cow','2020-11-09 07:40:14','USR-202008000','2021-02-03 15:12:11','USR-202008000',NULL,NULL),(51,'Sapi Pegon LimPO','cow','2020-11-09 07:41:04','USR-202008000','2021-02-03 15:12:11','USR-202008000',NULL,NULL),(52,'Sapi Pegon Limo','cow','2020-11-09 07:41:38','USR-202008000','2021-02-03 15:12:11','USR-202008000',NULL,NULL),(53,'Sapi Pegon SimAngus','cow','2020-11-09 07:42:24','USR-202008000','2021-02-03 15:12:11','USR-202008000',NULL,NULL),(54,'Sapi Pegon SimPO','cow','2020-11-09 07:43:04','USR-202008000','2021-02-03 15:12:11','USR-202008000',NULL,NULL),(55,'Sapi Simental Hitam','cow','2020-11-09 07:43:47','USR-202008000','2021-02-03 15:12:11','USR-202008000',NULL,NULL),(56,'Sapi SimLimo','cow','2020-11-09 07:44:06','USR-202008000','2021-02-03 15:12:11','USR-202008000',NULL,NULL),(57,'Sapi Simental Marlboro','cow','2020-11-09 07:44:28','USR-202008000','2021-02-03 15:12:11','USR-202008000',NULL,NULL),(58,'Domba Dorper F1','shp','2020-12-23 10:53:46','USR-202008000','2021-02-03 15:12:11','USR-202008000','2020-12-23 13:10:37',''),(59,'Sapi Simental PO','cow','2020-12-30 15:45:03','USR-202008000','2021-02-03 15:12:11','USR-202008000',NULL,NULL),(60,'Sapi Pegon SimAngus','cow','2021-01-15 09:08:38','USR-202008000','2021-02-03 15:12:11','USR-202008000','2021-01-15 09:09:38',''),(61,'Sapi FH (Hostein)','cow','2021-01-22 10:00:33','USR-202008000','2021-02-03 15:12:11','USR-202008000',NULL,NULL),(62,'Sapi Angus Limosine','cow','2021-01-22 10:06:05','USR-202008000','2021-02-03 15:12:11','USR-202008000',NULL,NULL),(63,'Sapi PO (Peranakan Ongole)','cow','2021-01-22 10:08:26','USR-202008000','2021-02-03 15:12:11','USR-202008000',NULL,NULL),(64,'Glacian Blonde cross','cow','2021-02-05 11:31:02','USR-202008000','2021-02-05 11:31:51','USR-202008000',NULL,NULL),(65,'SO','cow','2021-03-28 10:47:40','USR-202008000',NULL,NULL,NULL,NULL),(66,'Jawa Randu','got','2021-10-01 13:29:27','USR-202008000',NULL,NULL,NULL,NULL);

--
-- Table structure for table `tm_raw_material`
--

CREATE TABLE `tm_raw_material` (
  `id` varchar(8) NOT NULL,
  `name` varchar(100) NOT NULL,
  `unit_id` tinyint(3) unsigned NOT NULL,
  `type` tinyint(4) DEFAULT NULL COMMENT '1="Bahan Konsentrat"; 2="Bahan Premix"',
  `minimum_stock` int(10) unsigned NOT NULL,
  `purchase_price` mediumint(8) unsigned DEFAULT 0,
  `created_at` datetime NOT NULL,
  `created_by` varchar(21) NOT NULL,
  `updated_at` datetime DEFAULT NULL,
  `updated_by` varchar(21) DEFAULT NULL,
  `deleted_at` datetime DEFAULT NULL,
  `deleted_by` varchar(21) DEFAULT NULL,
  PRIMARY KEY (`id`)
) ENGINE=InnoDB DEFAULT CHARSET=utf8mb4;

--
-- Dumping data for table `tm_raw_material`
--

INSERT INTO `tm_raw_material` VALUES ('GRM-0001','Bungkil Kopra Grade A',6,1,8000,2000,'2021-10-31 13:54:48','USR-202008000',NULL,NULL,NULL,NULL),('GRM-0002','Kulit Kopi',6,1,5000,9000,'2021-02-06 21:51:51','USR-202008000',NULL,NULL,NULL,NULL),('GRM-0003','Tepung Ikan',6,1,500,6150,'2021-02-06 21:55:11','USR-202008000',NULL,NULL,NULL,NULL),('GRM-0004','Molases Sorghum',6,1,3000,3800,'2021-02-06 21:52:16','USR-202008000',NULL,NULL,NULL,NULL),('GRM-0005','Bungkil Kelapa Sawit',6,1,8000,1850,'2021-02-06 21:50:09','USR-202008000',NULL,NULL,NULL,NULL),('GRM-0006','Onggok kering',6,1,7000,1800,'2021-02-06 21:53:41','USR-202008000',NULL,NULL,NULL,NULL),('GRM-0007','Ampas Jagung (Gula)',1,1,10000,0,'2020-10-08 09:53:20','USR-202008000',NULL,NULL,'2021-02-06 21:46:40','USR-202008000'),('GRM-0008','Pollard',6,1,8000,3350,'2021-02-06 21:54:33','USR-202008000',NULL,NULL,NULL,NULL),('GRM-0009','CGF',6,1,8000,3425,'2021-02-06 21:51:05','USR-202008000',NULL,NULL,NULL,NULL),('GRM-0010','SBM Bungkil Kedelai',6,1,4000,6750,'2021-02-06 21:54:11','USR-202008000',NULL,NULL,NULL,NULL),('GRM-0011','Garam (NaCl)',6,1,2000,1500,'2021-02-06 21:49:37','USR-202008000',NULL,NULL,NULL,NULL),('GRM-0012','Probiotik',6,2,300,12000,'2021-02-06 22:06:55','USR-202008000',NULL,NULL,NULL,NULL),('GRM-0013','Mineral MDCP',6,2,250,25000,'2021-02-06 22:04:08','USR-202008000',NULL,NULL,NULL,NULL),('GRM-0014','Sodium Bikarbonat',6,2,1000,20000,'2021-02-06 21:58:39','USR-202008000',NULL,NULL,NULL,NULL),('GRM-0015','Vitamin C',6,2,25,15000,'2021-02-06 22:09:41','USR-202008000',NULL,NULL,NULL,NULL),('GRM-0016','Kalium',6,2,50,25000,'2021-02-06 22:05:07','USR-202008000',NULL,NULL,NULL,NULL),('GRM-0017','Enzim Phytase',6,2,25,12000,'2021-02-06 22:02:31','USR-202008000',NULL,NULL,NULL,NULL),('GRM-0018','Enzim Mannanase',6,2,25,12500,'2021-02-06 22:02:15','USR-202008000',NULL,NULL,NULL,NULL),('GRM-0019','Enzim Xylanase',6,2,25,13000,'2021-02-06 22:02:43','USR-202008000',NULL,NULL,NULL,NULL),('GRM-0020','L-Lysine',6,2,250,13100,'2021-02-06 22:07:50','USR-202008000',NULL,NULL,NULL,NULL),('GRM-0021','L-Carnitine',6,2,20,13200,'2021-02-06 22:08:34','USR-202008000',NULL,NULL,NULL,NULL),('GRM-0022','DL-Methionine',6,2,50,13300,'2021-02-06 22:01:59','USR-202008000',NULL,NULL,NULL,NULL),('GRM-0023','Cyromazin',6,2,25,13400,'2021-02-06 22:00:58','USR-202008000',NULL,NULL,NULL,NULL),('GRM-0024','Multivit',6,2,25,13500,'2021-02-06 22:04:34','USR-202008000',NULL,NULL,NULL,NULL),('GRM-0025','Biotin',6,2,25,13600,'2021-02-06 21:59:14','USR-202008000',NULL,NULL,NULL,NULL),('GRM-0026','Bentonite',6,2,2000,3000,'2021-02-06 21:50:26','USR-202008000',NULL,NULL,NULL,NULL),('GRM-0027','Ionophores',6,2,10,5600,'2021-02-06 22:05:33','USR-202008000',NULL,NULL,NULL,NULL),('GRM-0028','Copper',6,2,10,4000,'2021-02-06 22:00:37','USR-202008000',NULL,NULL,NULL,NULL),('GRM-0029','Cobalt',6,2,10,4300,'2021-02-06 22:00:16','USR-202008000',NULL,NULL,NULL,NULL),('GRM-0030','Fe',6,2,10,4400,'2021-02-06 22:04:51','USR-202008000',NULL,NULL,NULL,NULL),('GRM-0031','Mangan',6,2,10,4150,'2021-02-06 22:06:08','USR-202008000',NULL,NULL,NULL,NULL),('GRM-0032','Magnesium',6,2,10,1250,'2021-02-06 22:08:47','USR-202008000',NULL,NULL,NULL,NULL),('GRM-0033','Zinc',6,2,10,1100,'2021-02-06 22:09:21','USR-202008000',NULL,NULL,NULL,NULL),('GRM-0034','Chromium',6,2,10,1350,'2021-02-06 22:01:30','USR-202008000',NULL,NULL,NULL,NULL),('GRM-0035','Taurine',6,2,10,3300,'2021-02-06 22:09:01','USR-202008000',NULL,NULL,NULL,NULL),('GRM-0036','L Threonin',6,2,10,1300,'2021-02-06 22:08:11','USR-202008000',NULL,NULL,NULL,NULL),('GRM-0037','Ampas Bir',6,1,6000,0,'2021-02-06 21:48:12','USR-202008000',NULL,NULL,NULL,NULL),('GRM-0038','DDGS',6,1,4000,0,'2021-02-06 21:49:06','USR-202008000',NULL,NULL,NULL,NULL),('GRM-0039','Molases Tebu',6,1,3000,0,'2021-02-06 21:52:42','USR-202008000',NULL,NULL,NULL,NULL),('GRM-0040','Mesis ',6,1,2000,0,'2021-02-06 21:53:14','USR-202008000',NULL,NULL,NULL,NULL),('GRM-0041','Gaplek Giling',6,1,7000,0,'2021-10-31 13:51:25','USR-202008000',NULL,NULL,NULL,NULL),('GRM-0042','Kulit Ari Coklat',6,1,7000,0,'2021-10-31 13:52:05','USR-202008000',NULL,NULL,NULL,NULL),('GRM-0043','Bungkil Jinten',6,1,7000,0,'2021-10-31 13:53:21','USR-202008000',NULL,NULL,NULL,NULL),('GRM-0044','Bungkil Kapuk/Klenteng',6,1,5000,0,'2021-10-31 13:53:52','USR-202008000',NULL,NULL,NULL,NULL),('GRM-0045','Fatt Full  Soya',6,1,5000,0,'2021-10-31 13:54:18','USR-202008000',NULL,NULL,NULL,NULL),('GRM-0046','Bungkil Kopra Grade BC',6,1,5000,0,'2021-10-31 13:55:28','USR-202008000',NULL,NULL,NULL,NULL),('GRM-0047','Susu SKIM',6,1,200,0,'2021-10-31 13:56:29','USR-202008000',NULL,NULL,NULL,NULL),('GRM-0048','Ampas Kopi Kapal Api',6,1,2000,0,'2021-11-04 14:36:14','USR-202008000',NULL,NULL,NULL,NULL);

--
-- Table structure for table `tm_relation`
--

CREATE TABLE `tm_relation` (
  `id` int(11) NOT NULL AUTO_INCREMENT,
  `relation_type_id` int(10) unsigned NOT NULL,
  `supplier_type` tinyint(1) unsigned DEFAULT NULL,
  `name` varchar(255) NOT NULL,
  `address` text DEFAULT NULL,
  `phone` varchar(255) DEFAULT NULL,
  `created_at` datetime NOT NULL,
  `created_by` varchar(21) NOT NULL,
  `updated_at` datetime DEFAULT NULL,
  `updated_by` varchar(21) DEFAULT NULL,
  `deleted_at` datetime DEFAULT NULL,
  `deleted_by` varchar(21) DEFAULT NULL,
  PRIMARY KEY (`id`)
) ENGINE=InnoDB AUTO_INCREMENT=86 DEFAULT CHARSET=latin1;

--
-- Dumping data for table `tm_relation`
--

INSERT INTO `tm_relation` VALUES (15,12,NULL,'End User','Jalan','0812345678','2020-09-23 10:27:01','USR-202008000',NULL,NULL,NULL,NULL),(16,12,NULL,'None','Jalan','0812345678','2020-09-23 10:27:17','USR-202008000',NULL,NULL,NULL,NULL),(17,1,NULL,'Samsul',' ',' ','2020-11-19 11:04:06','USR-202008000',NULL,NULL,NULL,NULL),(18,1,2,'Atep',' ',' ','2020-11-19 11:04:41','USR-202008000','2021-03-03 13:58:34','USR-202008000',NULL,NULL),(19,1,2,'Bondan',' ',' ','2020-11-19 11:05:21','USR-202008000','2021-03-03 13:58:18','USR-202008000',NULL,NULL),(20,1,2,'BNF',' ',' ','2020-11-19 11:05:33','USR-202008000','2021-03-03 13:58:04','USR-202008000',NULL,NULL),(21,1,2,'Bobby',' ',' ','2020-11-19 11:05:49','USR-202008000','2021-03-03 13:58:11','USR-202008000',NULL,NULL),(22,1,2,'Alex',' ',' ','2020-11-19 11:06:03','USR-202008000','2021-03-03 13:58:26','USR-202008000',NULL,NULL),(23,1,2,'Putut',' ',' ','2020-11-19 11:06:28','USR-202008000','2021-03-03 14:00:00','USR-202008000',NULL,NULL),(24,1,2,'Imron',' ',' ','2020-11-19 11:06:54','USR-202008000','2021-03-03 13:59:42','USR-202008000',NULL,NULL),(25,1,2,'Huda',' ',' ','2020-11-19 11:07:12','USR-202008000','2021-03-03 13:59:24','USR-202008000',NULL,NULL),(26,1,2,'Akrom','madura','-','2020-12-01 14:53:19','USR-202008000','2021-03-03 13:57:06','USR-202008000',NULL,NULL),(27,1,2,'Dodong','-','-','2020-12-01 14:53:36','USR-202008000','2021-03-03 13:59:33','USR-202008000',NULL,NULL),(28,1,2,'Tofan','-','-','2020-12-01 14:53:52','USR-202008000','2021-02-03 15:43:16','USR-202008000',NULL,NULL),(29,1,NULL,'Yogi','-','-','2020-12-01 14:54:13','USR-202008000',NULL,NULL,NULL,NULL),(30,1,2,'Kukuh','-','-','2020-12-01 14:54:28','USR-202008000','2021-03-03 13:59:49','USR-202008000',NULL,NULL),(31,1,2,'Parsum','-','-','2020-12-01 14:54:58','USR-202008000','2021-03-03 13:58:50','USR-202008000',NULL,NULL),(32,1,2,'AFTON','WONOSOBO','085211585092','2020-12-23 10:15:25','USR-202008000','2021-03-03 13:57:31','USR-202008000',NULL,NULL),(33,1,NULL,'AFTON','WONOSOBO','085211585092','2020-12-23 10:15:32','USR-202008000',NULL,NULL,'2020-12-23 10:16:14','USR-202008000'),(34,1,2,'KEJORA.CO','BATANG','081227669600','2020-12-23 10:16:56','USR-202008000','2021-03-03 13:59:07','USR-202008000',NULL,NULL),(35,2,NULL,'RPH SBY - Pak Edy','RPH Pengirian - Surabaya','0821-4248-1091','2021-01-11 13:26:18','USR-202008000',NULL,NULL,NULL,NULL),(36,2,NULL,'RPH SBY - Abah Iyunk','RPH Pengirian - Surabaya','0','2021-01-11 13:26:56','USR-202008000',NULL,NULL,NULL,NULL),(37,1,2,'Andri','-','-','2021-01-15 14:24:17','USR-202008000','2021-03-03 13:59:15','USR-202008000',NULL,NULL),(38,1,NULL,'Abah Rohim','-','-','2021-01-18 13:41:06','USR-202008000',NULL,NULL,NULL,NULL),(39,1,2,'Kukuh','lumajang','081330171554','2021-02-05 11:36:38','USR-202008000',NULL,NULL,NULL,NULL),(40,1,1,'Fatma','Jakarta','+62 853-2616-3335','2021-02-06 22:14:00','USR-202008000',NULL,NULL,NULL,NULL),(41,1,1,'Subagyo','Mojokerto','+62 857-3061-5559','2021-02-06 22:15:52','USR-202008000',NULL,NULL,NULL,NULL),(42,1,1,'Sholeh','Mojokerto','+62 852-3085-7699','2021-02-06 22:16:50','USR-202008000',NULL,NULL,NULL,NULL),(43,1,1,'Pulung Hario Sentanu','Surabaya','+62 852-3585-2343','2021-02-06 22:18:19','USR-202008000',NULL,NULL,NULL,NULL),(44,1,1,'Agus','Jombang','085655876533','2021-02-06 22:19:21','USR-202008000',NULL,NULL,NULL,NULL),(45,1,2,'Toto','Madura','0813-5927-8162','2021-03-16 07:41:03','USR-202008000',NULL,NULL,NULL,NULL),(46,12,0,'Embenk','Tangerang','-','2021-03-19 11:33:10','USR-202008000',NULL,NULL,NULL,NULL),(47,2,0,'Embenk','Tangerang','-','2021-03-19 11:33:31','USR-202008000',NULL,NULL,NULL,NULL),(48,12,0,'RPH Sby - Pak Edy','RPH Pengirian - Surabaya','0821-4248-1091','2021-03-19 11:34:06','USR-202008000','2021-03-19 11:34:26','USR-202008000',NULL,NULL),(49,12,0,'RPH Sby - Abah Iyunk','RPH Pengirian - Surabaya','-','2021-03-19 11:35:07','USR-202008000',NULL,NULL,NULL,NULL),(50,1,2,'Zainal Abidin','UD Masa Karya\njalan Pahang no 28 , Surabaya','081216216467','2021-03-25 13:58:39','USR-202008000',NULL,NULL,NULL,NULL),(51,1,2,'Anton Tamara','Banyuwangi','081338645325','2021-04-01 10:50:08','USR-202008000','2021-04-01 13:21:09','USR-202008000',NULL,NULL),(52,12,0,'RPH Mojoagung','RPH Mojoagung','-','2021-04-09 16:39:11','USR-202008000',NULL,NULL,NULL,NULL),(53,2,0,'RPH Mojoagung','RPH Mojoagung','-','2021-04-09 17:01:16','USR-202008000',NULL,NULL,NULL,NULL),(54,13,0,'muji','jombok','085859495644','2021-04-20 07:33:12','USR-202008000',NULL,NULL,NULL,NULL),(55,2,0,'muji','jombok','085859495644','2021-04-20 07:36:18','USR-202008000',NULL,NULL,NULL,NULL),(56,12,0,'Joyo - Mojowarno','Mojowarno Jombang','-','2021-05-18 09:24:36','USR-202008000',NULL,NULL,NULL,NULL),(57,2,0,'End User','-','-','2021-05-18 09:26:04','USR-202008000',NULL,NULL,NULL,NULL),(58,1,2,'yoko','WONOGIRI','081232111445577','2021-10-01 13:27:17','USR-202008000',NULL,NULL,NULL,NULL),(59,1,2,'aceng','garut','08594214265','2021-10-25 13:24:42','USR-202008000',NULL,NULL,NULL,NULL),(60,1,2,'Bang Dayat','tanggerang','087809279302','2021-10-31 13:45:42','USR-202008000',NULL,NULL,NULL,NULL),(61,1,1,'Kohar Agani','Tanggerang','+62 878-7886-6461','2021-10-31 13:48:33','USR-202008000',NULL,NULL,NULL,NULL),(62,1,1,'Hendra Legatawa','Surabaya','+62 822-3479-0991','2021-10-31 13:49:39','USR-202008000',NULL,NULL,NULL,NULL),(63,1,1,'Fitra Tomi Cahyono','Kediri','+62 852-3360-4175','2021-11-04 14:35:17','USR-202008000',NULL,NULL,NULL,NULL),(64,12,0,'Dwi Sucondro','-','0812-1504-4572','2021-11-19 08:47:59','USR-202008000',NULL,NULL,NULL,NULL),(65,12,0,'Habibie','-','0857-8999-9084','2021-11-20 11:21:54','USR-202008000',NULL,NULL,NULL,NULL),(66,12,0,'Pras Magetan','-','0812-3562-0618','2021-11-20 11:51:33','USR-202008000',NULL,NULL,NULL,NULL),(67,12,0,'Antok Malang','Kandang Kambing - Jl. Precet Forest Pari, Dsn. Precet, Desa Sumber Suko, Kec. Wagir, Malang','0817-9667-321','2021-11-20 11:52:11','USR-202008000',NULL,NULL,NULL,NULL),(68,12,0,'Antok Malang','Kandang Kambing - Jl. Precet Forest Pari, Dsn. Precet, Desa Sumber Suko, Kec. Wagir, Malang','0817-9667-321','2021-11-20 11:52:12','USR-202008000',NULL,NULL,'2021-11-20 11:52:25','USR-202008000'),(69,12,0,'Fuad Cirebon','Jl. Fatahillah No. 6 (Samping RM Latanza) Megu Cilik, Kec. Weru, kab Cirebon','0823-1951-8100','2021-11-20 11:53:05','USR-202008000',NULL,NULL,NULL,NULL),(70,12,0,'Sunaryo Malang','Banijo Farm - Dusun Mbodo, Desa Ngebruk, Kec. SumberPucung, Malang','0811-4930-203','2021-11-20 11:53:41','USR-202008000',NULL,NULL,NULL,NULL),(71,12,0,'Barkah','PT Agrisatwa Jaya Kencana - Desa Kadawung Kec. Pabuaran, Kab. Subang, Jawa Barat','+62 811-872-641','2021-11-20 12:08:21','USR-202008000',NULL,NULL,NULL,NULL),(72,12,0,'Sami Ridwan','Desa Gedongan RT 02 RW 04, Kec. Baki, Kab. Sukoharjo, Jawa Tengah','0818-0251-9484','2021-11-20 12:08:52','USR-202008000',NULL,NULL,NULL,NULL),(73,12,0,'Jehan','Mitra Family Aqiqoh - Jl. KH. Dewantoro RT 02 RW 04 No. B451, Radio Ron Gang Paci 2, kel. Gondrong, Kec. Cipondoh, Tangerang','-','2021-11-20 12:09:52','USR-202008000',NULL,NULL,NULL,NULL),(74,12,0,'Fauzi','-','0813-3064-1166','2021-11-20 12:10:22','USR-202008000',NULL,NULL,NULL,NULL),(75,12,0,'Lulun Banyuwangi','Jl. Sultan Agung 02 Utra Oetahunan, jajag, Banyuwangi','0852-0460-3870','2021-11-20 12:12:16','USR-202008000',NULL,NULL,NULL,NULL),(76,12,0,'Zaki Halim','Jalan Vila jatirasa RT 01 RW 01 Jatiasih, Kp. Pondok Benda, Kec. Bekasi Selatan, Bekasi ','0813-9822-2325','2021-11-20 12:12:47','USR-202008000',NULL,NULL,NULL,NULL),(77,12,0,'Tri Agus Santosa','Cermo RT 02 / RW 04, Tambak, Mojosongo, Boyolali, Jateng','0821-1104-4765','2021-11-20 12:13:52','USR-202008000',NULL,NULL,NULL,NULL),(78,12,0,'Irfan Cilacap','-','0856-4112-5630','2021-11-20 12:14:42','USR-202008000',NULL,NULL,NULL,NULL),(79,12,0,'Irfan Cilacap','-','0856-4112-5630','2021-11-20 12:14:43','USR-202008000',NULL,NULL,'2021-11-20 12:14:56','USR-202008000'),(80,12,0,'Afton Wonosobo','-','+62 852-1158-5092','2021-11-20 12:15:51','USR-202008000',NULL,NULL,NULL,NULL),(81,12,0,'Afton Wonosobo','-','+62 852-1158-5092','2021-11-20 12:15:52','USR-202008000',NULL,NULL,'2021-11-20 12:16:00','USR-202008000'),(82,12,0,'Iyos Bandung','-','+62 812-2049-675','2021-11-20 12:16:40','USR-202008000',NULL,NULL,NULL,NULL),(83,12,0,'Hadi Segunung','-','-','2021-11-20 12:16:57','USR-202008000',NULL,NULL,NULL,NULL),(84,12,0,'Nanang Kediri','Gondes Jaya Farm - Baran, Desa Purwodadi, Kec. Ringinrejo, Kediri Jawa Timur','0856-4888-9895','2021-11-20 12:17:23','USR-202008000',NULL,NULL,NULL,NULL),(85,12,0,'Odam Karanganyar','CV - batik Pria Tampan - Jln. Songgo Bumi Nomer 22, Manang, Sukoharjo','0821-3622-8320','2021-11-20 12:17:53','USR-202008000',NULL,NULL,NULL,NULL);

--
-- Table structure for table `tm_relation_type`
--

CREATE TABLE `tm_relation_type` (
  `id` int(10) unsigned NOT NULL AUTO_INCREMENT,
  `name` varchar(255) NOT NULL,
  `created_at` datetime NOT NULL,
  `created_by` varchar(21) NOT NULL,
  `updated_at` datetime DEFAULT NULL,
  `updated_by` varchar(21) DEFAULT NULL,
  `deleted_at` datetime DEFAULT NULL,
  `deleted_by` varchar(21) DEFAULT NULL,
  PRIMARY KEY (`id`)
) ENGINE=InnoDB AUTO_INCREMENT=14 DEFAULT CHARSET=latin1;

--
-- Dumping data for table `tm_relation_type`
--

INSERT INTO `tm_relation_type` VALUES (1,'Supplier','2020-08-25 00:05:27','USR-202008000','2020-09-09 06:44:09','USR-202008000',NULL,NULL),(2,'Agent','2020-08-25 00:10:45','USR-202008000','2020-08-25 00:10:45','',NULL,NULL),(12,'Customer','2020-08-31 02:50:48','USR-202008000',NULL,NULL,NULL,NULL),(13,'buyer','2021-04-20 07:32:07','USR-202008000',NULL,NULL,NULL,NULL);

--
-- Table structure for table `tm_shed`
--

CREATE TABLE `tm_shed` (
  `id` int(10) unsigned NOT NULL AUTO_INCREMENT,
  `name` varchar(10) NOT NULL,
  `created_at` datetime NOT NULL,
  `created_by` varchar(21) NOT NULL,
  `updated_at` datetime DEFAULT NULL,
  `updated_by` varchar(21) DEFAULT NULL,
  `deleted_at` datetime DEFAULT NULL,
  `deleted_by` varchar(21) DEFAULT NULL,
  PRIMARY KEY (`id`)
) ENGINE=InnoDB AUTO_INCREMENT=82 DEFAULT CHARSET=latin1;

--
-- Dumping data for table `tm_shed`
--

INSERT INTO `tm_shed` VALUES (0,'0','2021-02-05 00:00:00','USR-202008000',NULL,NULL,NULL,NULL),(2,'Hosp-','2020-10-02 10:34:49','USR-202008000','2020-11-20 13:50:50','USR-202008000','2020-12-23 14:07:20','USR-202008000'),(4,'Sapi','2020-10-21 16:26:17','USR-202008000','2021-01-15 15:19:27','USR-202008000',NULL,NULL),(5,'SheepA-','2020-11-20 13:52:17','USR-202008000',NULL,NULL,'2020-12-23 11:00:37','USR-202008000'),(6,'GoatA-','2020-11-20 13:53:15','USR-202008000',NULL,NULL,'2020-12-23 10:58:59','USR-202008000'),(7,'A','2020-12-23 11:01:07','USR-202008000',NULL,NULL,'2020-12-23 14:05:33','USR-202008000'),(8,'B','2020-12-23 11:02:59','USR-202008000',NULL,NULL,'2020-12-23 14:05:53','USR-202008000'),(9,'C','2020-12-23 11:03:31','USR-202008000',NULL,NULL,'2020-12-23 14:05:59','USR-202008000'),(10,'D','2020-12-23 11:03:40','USR-202008000',NULL,NULL,'2020-12-23 14:06:13','USR-202008000'),(11,'E','2020-12-23 11:03:55','USR-202008000',NULL,NULL,'2020-12-23 14:06:25','USR-202008000'),(12,'F','2020-12-23 11:04:03','USR-202008000',NULL,NULL,'2020-12-23 14:06:35','USR-202008000'),(13,'G','2020-12-23 11:04:10','USR-202008000',NULL,NULL,'2020-12-23 14:06:50','USR-202008000'),(14,'G','2020-12-23 11:04:21','USR-202008000',NULL,NULL,'2020-12-23 11:04:28','USR-202008000'),(15,'H','2020-12-23 11:04:37','USR-202008000',NULL,NULL,'2020-12-23 14:07:05','USR-202008000'),(16,'I','2020-12-23 11:04:47','USR-202008000',NULL,NULL,'2020-12-23 14:08:03','USR-202008000'),(17,'J','2020-12-23 11:04:54','USR-202008000',NULL,NULL,'2020-12-23 14:08:22','USR-202008000'),(18,'K','2020-12-23 11:05:13','USR-202008000',NULL,NULL,'2020-12-23 14:08:37','USR-202008000'),(19,'L','2020-12-23 11:05:27','USR-202008000',NULL,NULL,'2020-12-23 14:08:55','USR-202008000'),(20,'M','2020-12-23 11:05:37','USR-202008000',NULL,NULL,'2020-12-23 14:09:13','USR-202008000'),(21,'N','2020-12-23 11:05:43','USR-202008000',NULL,NULL,'2020-12-23 14:11:53','USR-202008000'),(22,'O','2020-12-23 11:05:50','USR-202008000',NULL,NULL,'2020-12-23 14:11:42','USR-202008000'),(23,'P','2020-12-23 11:05:56','USR-202008000',NULL,NULL,'2020-12-23 14:11:35','USR-202008000'),(24,'Q','2020-12-23 11:06:01','USR-202008000',NULL,NULL,'2020-12-23 14:11:25','USR-202008000'),(25,'R','2020-12-23 11:06:07','USR-202008000',NULL,NULL,'2020-12-23 14:11:03','USR-202008000'),(26,'S','2020-12-23 11:06:16','USR-202008000',NULL,NULL,'2020-12-23 14:10:52','USR-202008000'),(27,'T','2020-12-23 11:06:22','USR-202008000',NULL,NULL,'2020-12-23 14:10:36','USR-202008000'),(28,'U','2020-12-23 11:06:29','USR-202008000',NULL,NULL,'2020-12-23 14:10:28','USR-202008000'),(29,'V','2020-12-23 11:06:40','USR-202008000',NULL,NULL,'2020-12-23 14:10:06','USR-202008000'),(30,'W','2020-12-23 11:06:47','USR-202008000',NULL,NULL,'2020-12-23 14:10:00','USR-202008000'),(31,'X','2020-12-23 11:06:53','USR-202008000',NULL,NULL,'2020-12-23 14:09:47','USR-202008000'),(32,'Y','2020-12-23 11:07:03','USR-202008000',NULL,NULL,'2020-12-23 14:09:41','USR-202008000'),(33,'Z','2020-12-23 11:07:19','USR-202008000',NULL,NULL,'2020-12-23 14:09:35','USR-202008000'),(34,'1','2020-12-23 11:08:07','USR-202008000',NULL,NULL,'2020-12-23 13:55:46','USR-202008000'),(35,'2','2020-12-23 11:08:13','USR-202008000',NULL,NULL,'2020-12-23 13:57:52','USR-202008000'),(36,'3','2020-12-23 11:08:19','USR-202008000',NULL,NULL,'2020-12-23 14:00:08','USR-202008000'),(37,'4','2020-12-23 11:08:35','USR-202008000',NULL,NULL,'2020-12-23 14:03:42','USR-202008000'),(38,'5','2020-12-23 11:10:19','USR-202008000',NULL,NULL,'2020-12-23 14:03:51','USR-202008000'),(39,'6','2020-12-23 11:10:25','USR-202008000',NULL,NULL,'2020-12-23 14:04:12','USR-202008000'),(40,'7','2020-12-23 11:10:32','USR-202008000',NULL,NULL,'2020-12-23 14:04:58','USR-202008000'),(41,'8','2020-12-23 11:10:40','USR-202008000',NULL,NULL,'2020-12-23 14:05:06','USR-202008000'),(42,'9','2020-12-23 11:10:45','USR-202008000',NULL,NULL,'2020-12-23 14:05:13','USR-202008000'),(43,'10','2020-12-23 11:10:52','USR-202008000',NULL,NULL,'2020-12-23 13:56:16','USR-202008000'),(44,'11','2020-12-23 11:11:02','USR-202008000',NULL,NULL,'2020-12-23 13:56:21','USR-202008000'),(45,'12','2020-12-23 11:11:07','USR-202008000',NULL,NULL,'2020-12-23 13:56:34','USR-202008000'),(46,'13','2020-12-23 11:11:14','USR-202008000',NULL,NULL,'2020-12-23 13:56:52','USR-202008000'),(47,'14','2020-12-23 11:11:19','USR-202008000',NULL,NULL,'2020-12-23 13:57:02','USR-202008000'),(48,'15','2020-12-23 11:11:26','USR-202008000',NULL,NULL,'2020-12-23 13:57:08','USR-202008000'),(49,'16','2020-12-23 11:11:32','USR-202008000',NULL,NULL,'2020-12-23 13:57:13','USR-202008000'),(50,'17','2020-12-23 11:11:44','USR-202008000',NULL,NULL,'2020-12-23 13:57:18','USR-202008000'),(51,'18','2020-12-23 11:12:19','USR-202008000',NULL,NULL,'2020-12-23 13:57:26','USR-202008000'),(52,'19','2020-12-23 11:12:26','USR-202008000',NULL,NULL,'2020-12-23 13:57:44','USR-202008000'),(53,'20','2020-12-23 11:12:33','USR-202008000',NULL,NULL,'2020-12-23 13:57:59','USR-202008000'),(54,'21','2020-12-23 11:12:45','USR-202008000',NULL,NULL,'2020-12-23 13:58:15','USR-202008000'),(55,'22','2020-12-23 11:12:53','USR-202008000',NULL,NULL,'2020-12-23 13:58:22','USR-202008000'),(56,'23','2020-12-23 11:13:10','USR-202008000',NULL,NULL,'2020-12-23 13:58:32','USR-202008000'),(57,'24','2020-12-23 11:13:18','USR-202008000',NULL,NULL,'2020-12-23 13:58:40','USR-202008000'),(58,'25','2020-12-23 11:13:23','USR-202008000',NULL,NULL,'2020-12-23 13:59:07','USR-202008000'),(59,'26','2020-12-23 11:13:30','USR-202008000',NULL,NULL,'2020-12-23 13:59:16','USR-202008000'),(60,'27','2020-12-23 11:13:36','USR-202008000',NULL,NULL,'2020-12-23 13:59:26','USR-202008000'),(61,'28','2020-12-23 11:13:44','USR-202008000',NULL,NULL,'2020-12-23 13:59:43','USR-202008000'),(62,'29','2020-12-23 11:13:51','USR-202008000',NULL,NULL,'2020-12-23 11:22:49','USR-202008000'),(63,'29','2020-12-23 11:13:55','USR-202008000',NULL,NULL,'2020-12-23 11:22:57','USR-202008000'),(64,'29','2020-12-23 11:14:08','USR-202008000',NULL,NULL,'2020-12-23 11:22:34','USR-202008000'),(65,'29','2020-12-23 11:14:08','USR-202008000',NULL,NULL,'2020-12-23 11:20:34','USR-202008000'),(66,'29','2020-12-23 11:14:08','USR-202008000',NULL,NULL,'2020-12-23 11:19:13','USR-202008000'),(67,'29','2020-12-23 11:14:08','USR-202008000',NULL,NULL,'2020-12-23 11:18:34','USR-202008000'),(68,'29','2020-12-23 11:14:08','USR-202008000',NULL,NULL,'2020-12-23 11:18:23','USR-202008000'),(69,'29','2020-12-23 11:14:08','USR-202008000',NULL,NULL,'2020-12-23 13:59:58','USR-202008000'),(70,'29','2020-12-23 11:14:08','USR-202008000',NULL,NULL,'2020-12-23 11:23:09','USR-202008000'),(71,'30','2020-12-23 11:23:25','USR-202008000',NULL,NULL,'2020-12-23 14:00:56','USR-202008000'),(72,'31','2020-12-23 11:23:36','USR-202008000',NULL,NULL,'2020-12-23 14:01:14','USR-202008000'),(73,'32','2020-12-23 11:23:43','USR-202008000',NULL,NULL,'2020-12-23 14:01:38','USR-202008000'),(74,'33','2020-12-23 11:23:49','USR-202008000',NULL,NULL,'2020-12-23 14:01:51','USR-202008000'),(75,'34','2020-12-23 11:23:56','USR-202008000',NULL,NULL,'2020-12-23 14:01:57','USR-202008000'),(76,'35','2020-12-23 11:24:03','USR-202008000',NULL,NULL,'2020-12-23 14:02:28','USR-202008000'),(77,'36','2020-12-23 11:24:11','USR-202008000',NULL,NULL,'2020-12-23 14:02:37','USR-202008000'),(78,'37','2020-12-23 11:24:18','USR-202008000',NULL,NULL,'2020-12-23 14:02:55','USR-202008000'),(79,'38','2020-12-23 11:24:28','USR-202008000',NULL,NULL,'2020-12-23 14:03:05','USR-202008000'),(80,'SRK ','2020-12-23 14:15:17','USR-202008000','2020-12-23 14:37:51','USR-202008000',NULL,NULL),(81,'Karantina ','2021-01-15 15:25:24','USR-202008000',NULL,NULL,NULL,NULL);

--
-- Table structure for table `tm_sheep_grade`
--

CREATE TABLE `tm_sheep_grade` (
  `id` int(10) unsigned NOT NULL AUTO_INCREMENT,
  `name` varchar(255) NOT NULL,
  `created_at` datetime NOT NULL,
  `created_by` varchar(21) NOT NULL,
  `updated_at` datetime DEFAULT NULL,
  `updated_by` varchar(21) DEFAULT NULL,
  `deleted_at` datetime DEFAULT NULL,
  `deleted_by` varchar(21) DEFAULT NULL,
  PRIMARY KEY (`id`)
) ENGINE=InnoDB DEFAULT CHARSET=utf8mb4;

--
-- Dumping data for table `tm_sheep_grade`
--


--
-- Table structure for table `tm_sheep_race`
--

CREATE TABLE `tm_sheep_race` (
  `id` int(10) unsigned NOT NULL AUTO_INCREMENT,
  `name` varchar(255) NOT NULL,
  `created_at` datetime NOT NULL,
  `created_by` varchar(21) NOT NULL,
  `updated_at` datetime DEFAULT NULL,
  `updated_by` varchar(21) DEFAULT NULL,
  `deleted_at` datetime DEFAULT NULL,
  `deleted_by` varchar(21) DEFAULT NULL,
  PRIMARY KEY (`id`)
) ENGINE=InnoDB DEFAULT CHARSET=utf8mb4;

--
-- Dumping data for table `tm_sheep_race`
--


--
-- Table structure for table `tm_stage_status`
--

CREATE TABLE `tm_stage_status` (
  `id` smallint(5) unsigned NOT NULL,
  `stage_status` varchar(20) NOT NULL,
  `created_at` datetime NOT NULL,
  `created_by` varchar(21) NOT NULL,
  `updated_at` datetime DEFAULT NULL,
  `updated_by` varchar(21) DEFAULT NULL,
  `deleted_at` datetime DEFAULT NULL,
  `deleted_by` varchar(21) DEFAULT NULL,
  PRIMARY KEY (`id`)
) ENGINE=InnoDB DEFAULT CHARSET=utf8mb4;

--
-- Dumping data for table `tm_stage_status`
--

INSERT INTO `tm_stage_status` VALUES (1,'Breeding','2020-11-25 09:41:56','USR-202008000',NULL,NULL,NULL,NULL),(2,'Rearing','2020-11-25 09:41:56','USR-202008000',NULL,NULL,NULL,NULL),(3,'Weaning','2020-11-25 09:41:56','USR-202008000',NULL,NULL,NULL,NULL),(4,'Fattening','2020-11-25 09:41:56','USR-202008000',NULL,NULL,NULL,NULL),(5,'Lactating 1','2020-11-25 09:41:56','USR-202008000',NULL,NULL,NULL,NULL),(6,'Lactating 2','2020-11-25 09:41:56','USR-202008000',NULL,NULL,NULL,NULL),(7,'Lactating 3','2020-11-25 09:41:56','USR-202008000',NULL,NULL,NULL,NULL),(8,'Lactating 4','2020-11-25 09:41:56','USR-202008000',NULL,NULL,NULL,NULL);

--
-- Table structure for table `tm_transaction_type`
--

CREATE TABLE `tm_transaction_type` (
  `transaction_type_id` varchar(21) NOT NULL,
  `transaction_from` varchar(21) NOT NULL,
  `transaction_type_name` varchar(50) NOT NULL,
  `status` tinyint(4) NOT NULL DEFAULT 1,
  PRIMARY KEY (`transaction_type_id`)
) ENGINE=InnoDB DEFAULT CHARSET=latin1;

--
-- Dumping data for table `tm_transaction_type`
--

INSERT INTO `tm_transaction_type` VALUES ('TY0001','cow','Qurban',1),('TY0002','cow','Karkas',1),('TY0003','cow','Timbang Hidup',1),('TY0004','cow','Jogrog',1),('TY0005','cow','Culing',1),('TY0006','feed','Dipakai Sendiri',1),('TY0007','feed','Dijual',1);

--
-- Table structure for table `tm_unit`
--

CREATE TABLE `tm_unit` (
  `id` tinyint(3) unsigned NOT NULL AUTO_INCREMENT,
  `name` varchar(100) NOT NULL,
  `type` tinyint(4) NOT NULL COMMENT '1=massa;\r\n2=volume;\r\n3=lainnya.',
  `in_si` decimal(10,4) NOT NULL,
  `created_at` datetime NOT NULL,
  `created_by` varchar(21) NOT NULL,
  `updated_at` datetime DEFAULT NULL,
  `updated_by` varchar(21) DEFAULT NULL,
  `deleted_at` datetime DEFAULT NULL,
  `deleted_by` varchar(21) DEFAULT NULL,
  PRIMARY KEY (`id`)
) ENGINE=InnoDB AUTO_INCREMENT=9 DEFAULT CHARSET=utf8mb4;

--
-- Dumping data for table `tm_unit`
--

INSERT INTO `tm_unit` VALUES (1,'Gram',1,0.0010,'2020-09-08 11:40:24','USR-202008000','2020-09-29 17:27:13','USR-202008000',NULL,NULL),(2,'Liter',0,1.0000,'2020-09-08 11:40:24','USR-202008000','2020-11-17 09:30:50','USR-202008000',NULL,NULL),(6,'Kilogram',1,1.0000,'2020-09-29 17:25:16','USR-202008000',NULL,NULL,NULL,NULL),(7,'Kuintal',1,100.0000,'2020-09-29 17:26:39','USR-202008000',NULL,NULL,NULL,NULL),(8,'Ton',1,1000.0000,'2020-09-29 17:26:45','USR-202008000',NULL,NULL,NULL,NULL);

--
-- Table structure for table `tm_user_group`
--

CREATE TABLE `tm_user_group` (
  `id` varchar(21) NOT NULL,
  `name` varchar(50) DEFAULT NULL,
  `description` varchar(100) DEFAULT NULL,
  `created_at` datetime DEFAULT NULL,
  `created_by` varchar(21) DEFAULT NULL,
  `updated_at` datetime DEFAULT NULL,
  `updated_by` varchar(21) DEFAULT NULL,
  `deleted_at` datetime DEFAULT NULL,
  `deleted_by` varchar(21) DEFAULT NULL,
  `status` tinyint(4) DEFAULT 1,
  PRIMARY KEY (`id`)
) ENGINE=InnoDB DEFAULT CHARSET=latin1;

--
-- Dumping data for table `tm_user_group`
--

INSERT INTO `tm_user_group` VALUES ('UG000','Administrator',NULL,'2020-08-20 21:32:21','USR-202008000','2020-08-24 15:01:09','USR-202008000',NULL,NULL,1);

--
-- Table structure for table `tp_ar_balance`
--

CREATE TABLE `tp_ar_balance` (
  `transaction_id` varchar(21) NOT NULL DEFAULT '',
  `invoice_id` varchar(21) NOT NULL,
  `customer_id` varchar(21) DEFAULT NULL,
  `transaction_date` datetime DEFAULT NULL,
  `transaction_type` char(1) DEFAULT NULL,
  `invoice_amount` int(11) DEFAULT NULL,
  `payment_amount` int(11) DEFAULT NULL,
  `balance_amount` int(11) DEFAULT NULL,
  `status` tinyint(4) DEFAULT NULL,
  PRIMARY KEY (`transaction_id`,`invoice_id`)
) ENGINE=InnoDB DEFAULT CHARSET=latin1;

--
-- Dumping data for table `tp_ar_balance`
--

INSERT INTO `tp_ar_balance` VALUES ('SP-20100001','TRX-202010001','15','2020-10-07 00:00:00','P',0,25000000,-25000000,1),('SP-20100002','TRX-202010001','15','2020-10-07 00:00:00','P',0,3200000,-3200000,1),('SP-20100003','TRX-202010001','15','2020-10-12 00:00:00','P',0,3000000,-3000000,1),('SP-20100005','TRX-202010001','15','2020-10-19 00:00:00','P',0,28000000,-28000000,1),('SP-20100006','TRX-202010001','15','2020-10-19 00:00:00','P',0,200000,-200000,1),('SP-20100007','TRX-202010001','15','2020-10-19 00:00:00','P',0,20000000,-20000000,1),('SP-20100009','TRX-202010001','15','2020-10-19 00:00:00','P',0,8000000,-8000000,1),('SP-20100010','TRX-202010001','15','2020-10-19 00:00:00','P',0,1000,-1000,1),('SP-20100011','TRX-202010001','15','2020-10-19 00:00:00','P',0,28000000,-28000000,1),('SP-20100012','TRX-202010001','15','2020-10-19 00:00:00','P',0,20000000,-20000000,1),('SP-20100016','TRXS-202010001','11','2020-10-20 00:00:00','P',0,10000000,-10000000,1),('SP-20100017','TRXS-202010001','11','2020-10-20 00:00:00','P',0,206000,-206000,1),('SP-21080001','TRXS-202104001','15','2021-08-16 00:00:00','P',0,660000,-660000,1),('SP-21080002','TRXS-202104001','15','2021-08-16 00:00:00','P',0,660000,-660000,1),('SP-21080003','TRXS-202104001','15','2021-08-16 00:00:00','P',0,660000,-660000,1),('SP-21080004','TRXS-202104001','15','2021-08-16 00:00:00','P',0,660000,-660000,1),('SP-21110001','TRXS-202111001','64','2021-11-19 00:00:00','P',0,8000000,-8000000,1),('SP-21110002','TRXS-202111001','64','2021-11-19 00:00:00','P',0,5267750,-5267750,1),('SP-21110003','TRXS-202111002','65','2021-11-20 00:00:00','P',0,500000,-500000,1),('SP-21110004','TRXS-202111002','65','2021-11-20 00:00:00','P',0,3005000,-3005000,1),('SP-21110005','TRXS-202111003','67','2021-11-20 00:00:00','P',0,2000000,-2000000,1),('SP-21110006','TRXS-202111003','67','2021-11-20 00:00:00','P',0,9000000,-9000000,1),('SP-21110007','TRXS-202111009','74','2021-11-20 00:00:00','P',0,5500000,-5500000,1),('SP-21110008','TRXS-202111013','78','2021-11-20 00:00:00','P',0,5240000,-5240000,1),('SP-21110009','TRXS-202111014','80','2021-11-20 00:00:00','P',0,25000000,-25000000,1),('SP-21110010','TRXS-202111014','80','2021-11-20 00:00:00','P',0,10000000,-10000000,1),('SP-21110011','TRXS-202111014','80','2021-11-20 00:00:00','P',0,8173900,-8173900,1),('SP-21110012','TRXS-202111015','82','2021-11-20 00:00:00','P',0,4240000,-4240000,1),('SP-21110013','TRXS-202111016','83','2021-11-20 00:00:00','P',0,1000000,-1000000,1),('SP-21110014','TRXS-202111016','83','2021-11-20 00:00:00','P',0,1025000,-1025000,1),('TRX-202009002','TRX-202009002','16','2020-09-23 00:00:00','S',21000,0,21000,1),('TRX-202102002','TRX-202102002','15','2021-01-06 00:00:00','S',64119000,0,64119000,1),('TRX-202103001','TRX-202103001','15','2021-01-08 00:00:00','S',26883000,0,26883000,1),('TRX-202105001','TRX-202105001','48','2021-04-09 00:00:00','S',9576000,0,9576000,1),('TRX-202105002','TRX-202105002','56','2021-05-11 00:00:00','S',53400000,0,53400000,1),('TRXM-202011002','TRXM-202011002','16','2020-11-06 00:00:00','S',0,0,0,1),('TRXS-202104001','TRXS-202104001','15','2021-04-20 00:00:00','S',660000,0,660000,1),('TRXS-202111001','TRXS-202111001','64','2021-11-19 00:00:00','S',12982000,0,12982000,1),('TRXS-202111002','TRXS-202111002','65','2021-11-20 00:00:00','S',3505000,0,3505000,1),('TRXS-202111003','TRXS-202111003','67','2021-11-20 00:00:00','S',11000000,0,11000000,1),('TRXS-202111009','TRXS-202111009','74','2021-11-20 00:00:00','S',5500000,0,5500000,1),('TRXS-202111013','TRXS-202111013','78','2021-11-20 00:00:00','S',5240000,0,5240000,1),('TRXS-202111014','TRXS-202111014','80','2021-11-20 00:00:00','S',43173900,0,43173900,1),('TRXS-202111015','TRXS-202111015','82','2021-11-20 00:00:00','S',4240000,0,4240000,1),('TRXS-202111016','TRXS-202111016','83','2021-11-20 00:00:00','S',2025000,0,2025000,1);

--
-- Table structure for table `tp_cash_balance`
--

CREATE TABLE `tp_cash_balance` (
  `transaction_id` varchar(21) NOT NULL,
  `reference_id` varchar(21) NOT NULL,
  `coh_account_id` varchar(12) NOT NULL,
  `transaction_date` datetime DEFAULT NULL,
  `reference_date` datetime NOT NULL,
  `cash_amount` int(11) DEFAULT NULL,
  PRIMARY KEY (`transaction_id`,`reference_id`,`coh_account_id`,`reference_date`)
) ENGINE=InnoDB DEFAULT CHARSET=latin1;

--
-- Dumping data for table `tp_cash_balance`
--


--
-- Table structure for table `tp_cow_batch`
--

CREATE TABLE `tp_cow_batch` (
  `id` varchar(21) NOT NULL DEFAULT '',
  `date` date NOT NULL,
  `name` varchar(50) NOT NULL,
  `relation_id` varchar(21) NOT NULL,
  `created_at` datetime NOT NULL,
  `created_by` varchar(21) NOT NULL,
  `updated_at` datetime DEFAULT NULL,
  `updated_by` varchar(21) DEFAULT NULL,
  `deleted_at` datetime DEFAULT NULL,
  `deleted_by` varchar(21) DEFAULT NULL,
  `status` tinyint(1) NOT NULL DEFAULT 1,
  PRIMARY KEY (`id`)
) ENGINE=InnoDB DEFAULT CHARSET=latin1;

--
-- Dumping data for table `tp_cow_batch`
--

INSERT INTO `tp_cow_batch` VALUES ('1','2020-02-20','Batch 1','38','2020-08-26 04:18:46','USR-202008000','2021-01-18 13:42:51','USR-202008000',NULL,NULL,1),('15','2020-03-02','Batch 5','26','2020-10-07 15:48:32','USR-202008000','2021-02-03 15:09:10','USR-202008000',NULL,NULL,1),('16','2020-03-04','Batch 6','26','2020-12-01 14:55:41','USR-202008000',NULL,NULL,NULL,NULL,1),('17','2020-03-05','Batch 7','26','2020-12-01 14:57:57','USR-202008000',NULL,NULL,NULL,NULL,1),('18','2020-03-08','Batch 8','27','2020-12-01 15:03:02','USR-202008000',NULL,NULL,NULL,NULL,1),('19','2020-03-08','Batch 9','26','2020-12-01 15:13:15','USR-202008000',NULL,NULL,NULL,NULL,1),('2','2020-02-24','Batch 2','26','2020-08-26 04:49:54','USR-202008000','2021-02-03 15:07:34','USR-202008000',NULL,NULL,1),('20','2020-03-09','Batch 10','26','2020-12-01 15:16:22','USR-202008000',NULL,NULL,NULL,NULL,1),('21','2020-03-11','Batch 11','26','2020-12-01 15:27:36','USR-202008000',NULL,NULL,NULL,NULL,1),('22','2020-03-12','Batch 12','26','2020-12-01 15:33:42','USR-202008000',NULL,NULL,NULL,NULL,1),('23','2020-03-14','Batch 13','26','2020-12-01 15:38:45','USR-202008000',NULL,NULL,NULL,NULL,1),('24','2020-03-15','Batch 14','27','2020-12-01 15:46:52','USR-202008000',NULL,NULL,NULL,NULL,1),('25','2020-03-16','Batch 15','26','2020-12-01 16:26:21','USR-202008000',NULL,NULL,NULL,NULL,1),('26','2020-03-17','Batch 16','26','2020-12-01 16:38:33','USR-202008000',NULL,NULL,NULL,NULL,1),('27','2020-04-06','Batch 17','28','2020-12-01 16:41:23','USR-202008000',NULL,NULL,NULL,NULL,1),('28','2020-04-06','Batch 18','26','2020-12-01 16:50:44','USR-202008000',NULL,NULL,NULL,NULL,1),('29','2020-04-09','Batch 19','29','2020-12-02 16:09:42','USR-202008000',NULL,NULL,NULL,NULL,1),('3','2020-02-26','Batch 3','26','2020-08-26 21:34:02','USR-202008000','2021-02-03 15:08:15','USR-202008000',NULL,NULL,1),('30','2020-04-10','Batch 20','28','2020-12-02 16:15:27','USR-202008000',NULL,NULL,NULL,NULL,1),('31','2020-04-11','Batch 21','30','2020-12-30 14:08:17','USR-202008000',NULL,NULL,NULL,NULL,1),('32','2020-04-12','Batch 22','31','2020-12-30 14:19:49','USR-202008000',NULL,NULL,NULL,NULL,1),('33','2020-04-13','Batch 23','28','2020-12-30 14:22:05','USR-202008000',NULL,NULL,NULL,NULL,1),('34','2020-04-18','Batch 24','28','2020-12-30 15:09:05','USR-202008000',NULL,NULL,NULL,NULL,1),('35','2020-04-20','Batch 25','28','2020-12-30 16:20:45','USR-202008000',NULL,NULL,NULL,NULL,1),('8','2020-03-01','Batch 4','26','2020-09-23 17:17:56','USR-202008000','2021-02-03 15:08:41','USR-202008000',NULL,NULL,1),('BAT-202101001','2020-04-23','Batch 26','28','2021-01-15 07:34:40','USR-202008000',NULL,NULL,NULL,NULL,1),('BAT-202101002','2020-04-26','Batch 27','28','2021-01-15 07:56:36','USR-202008000',NULL,NULL,NULL,NULL,1),('BAT-202101003','2020-04-29','Batch 28','28','2021-01-15 08:19:47','USR-202008000',NULL,NULL,NULL,NULL,1),('BAT-202101004','2020-04-30','Batch 29','28','2021-01-15 09:06:56','USR-202008000',NULL,NULL,NULL,NULL,1),('BAT-202101005','2020-05-01','Batch 30','37','2021-01-15 14:28:17','USR-202008000',NULL,NULL,NULL,NULL,1),('BAT-202101006','2020-05-03','Batch 31','28','2021-01-15 14:40:54','USR-202008000',NULL,NULL,NULL,NULL,1),('BAT-202101007','2020-05-04','Batch 32','28','2021-01-15 14:55:43','USR-202008000',NULL,NULL,NULL,NULL,1),('BAT-202101008','2020-05-06','Batch 33','28','2021-01-15 15:41:43','USR-202008000',NULL,NULL,NULL,NULL,1),('BAT-202101009','2020-05-07','Batch 34','28','2021-01-18 13:14:56','USR-202008000',NULL,NULL,NULL,NULL,1),('BAT-202101010','2020-05-10','Batch 35','28','2021-01-18 13:37:07','USR-202008000',NULL,NULL,NULL,NULL,1),('BAT-202101011','2020-05-13','Batch 36','28','2021-01-19 08:18:43','USR-202008000',NULL,NULL,NULL,NULL,1),('BAT-202101012','2020-05-15','Batch 37','28','2021-01-19 08:46:47','USR-202008000',NULL,NULL,NULL,NULL,1),('BAT-202101013','2020-05-16','Batch 38','30','2021-01-19 08:59:39','USR-202008000',NULL,NULL,NULL,NULL,1),('BAT-202101014','2020-05-17','Batch 39','28','2021-01-19 09:01:28','USR-202008000',NULL,NULL,NULL,NULL,1),('BAT-202101015','2020-05-18','Batch 40','28','2021-01-19 10:01:19','USR-202008000',NULL,NULL,NULL,NULL,1),('BAT-202101016','2020-05-20','Batch 41','28','2021-01-19 16:16:21','USR-202008000',NULL,NULL,NULL,NULL,1),('BAT-202101017','2020-05-20','Batch 42','26','2021-01-20 15:31:56','USR-202008000',NULL,NULL,NULL,NULL,1),('BAT-202101018','2020-06-01','Batch 43','28','2021-01-20 15:50:26','USR-202008000',NULL,NULL,NULL,NULL,1),('BAT-202101019','2020-06-03','Batch 44','28','2021-01-21 10:23:37','USR-202008000',NULL,NULL,NULL,NULL,1),('BAT-202101020','2020-06-04','Batch 45','28','2021-01-21 11:29:02','USR-202008000',NULL,NULL,NULL,NULL,1),('BAT-202101021','2020-06-09','Batch 46','28','2021-01-21 12:37:35','USR-202008000',NULL,NULL,NULL,NULL,1),('BAT-202101022','2020-06-12','Batch 47','28','2021-01-21 13:25:12','USR-202008000',NULL,NULL,NULL,NULL,1),('BAT-202101023','2020-06-15','Batch 48','28','2021-01-21 14:41:16','USR-202008000',NULL,NULL,NULL,NULL,1),('BAT-202101024','2020-06-18','Batch 49','28','2021-01-21 15:29:01','USR-202008000',NULL,NULL,NULL,NULL,1),('BAT-202101025','2020-06-23','Batch 50','28','2021-01-21 15:49:10','USR-202008000',NULL,NULL,NULL,NULL,1),('BAT-202101026','2020-06-29','Batch 51','28','2021-01-21 16:08:35','USR-202008000',NULL,NULL,NULL,NULL,1),('BAT-202101027','2020-09-18','Batch 52','28','2021-01-22 09:31:32','USR-202008000',NULL,NULL,NULL,NULL,1),('BAT-202101028','2020-12-15','Batch 53','28','2021-01-22 10:01:20','USR-202008000',NULL,NULL,NULL,NULL,1),('BAT-202102001','2021-01-13','Batch 54','28','2021-02-03 15:09:53','USR-202008000','2021-02-03 15:44:08','USR-202008000',NULL,NULL,1),('BAT-202102002','2021-01-17','Batch 55','28','2021-02-03 16:14:30','USR-202008000',NULL,NULL,NULL,NULL,1),('BAT-202103001','2021-03-03','Batch 56','26','2021-03-03 14:00:47','USR-202008000',NULL,NULL,NULL,NULL,1),('BAT-202103002','2021-03-09','Batch 57','26','2021-03-10 09:30:59','USR-202008000',NULL,NULL,NULL,NULL,1),('BAT-202103003','2021-03-15','Batch 58','45','2021-03-16 07:41:40','USR-202008000',NULL,NULL,NULL,NULL,1),('BAT-202103004','2021-03-23','Batch 59','26','2021-03-25 13:45:01','USR-202008000',NULL,NULL,NULL,NULL,1),('BAT-202103005','2021-03-23','Batch 60','50','2021-03-25 14:26:03','USR-202008000',NULL,NULL,NULL,NULL,1),('BAT-202111001','2021-10-03','Batch 61','60','2021-11-05 10:31:06','USR-202008000',NULL,NULL,NULL,NULL,1),('BAT-202111002','2021-10-14','Batch 62','28','2021-11-08 08:49:18','USR-202008000',NULL,NULL,NULL,NULL,1),('BAT-202111003','2021-10-21','Batch 63','28','2021-11-08 09:45:59','USR-202008000',NULL,NULL,NULL,NULL,1),('BAT-202111004','2021-10-31','Batch 64','28','2021-11-08 11:22:06','USR-202008000',NULL,NULL,NULL,NULL,1);

--
-- Table structure for table `tp_cow_birth`
--

CREATE TABLE `tp_cow_birth` (
  `id` varchar(21) NOT NULL,
  `pregnancy_id` varchar(21) NOT NULL,
  `process` tinyint(1) unsigned NOT NULL,
  `date` date NOT NULL,
  `number_of_children` tinyint(3) unsigned NOT NULL DEFAULT 0,
  `amount_of_colostrum` decimal(10,2) unsigned NOT NULL DEFAULT 0.00,
  `milking_transaction_id` varchar(21) NOT NULL,
  `is_done` tinyint(1) DEFAULT 0,
  `created_at` datetime NOT NULL,
  `created_by` varchar(21) NOT NULL,
  `updated_at` datetime DEFAULT NULL,
  `updated_by` varchar(21) DEFAULT NULL,
  `deleted_at` datetime DEFAULT NULL,
  `deleted_by` varchar(21) DEFAULT NULL,
  PRIMARY KEY (`id`),
  KEY `pregnancy_id` (`pregnancy_id`),
  KEY `milking_transaction_id` (`milking_transaction_id`)
) ENGINE=InnoDB DEFAULT CHARSET=latin1;

--
-- Dumping data for table `tp_cow_birth`
--


--
-- Table structure for table `tp_cow_list`
--

CREATE TABLE `tp_cow_list` (
  `id` varchar(21) NOT NULL,
  `bull_id` varchar(6) DEFAULT NULL,
  `mapping_id` varchar(50) DEFAULT NULL,
  `pedigree_id` varchar(21) DEFAULT NULL,
  `galur_id` smallint(6) DEFAULT NULL,
  `batch_id` varchar(21) NOT NULL,
  `race_id` tinyint(3) unsigned DEFAULT NULL,
  `gender` tinyint(3) unsigned DEFAULT NULL COMMENT '1="jantan";\r\n2="betina".',
  `birth_date` date DEFAULT NULL,
  `pen_id` int(10) unsigned DEFAULT NULL,
  `first_weighed` date NOT NULL,
  `first_weight` decimal(10,2) unsigned NOT NULL,
  `first_length` decimal(10,2) unsigned DEFAULT NULL,
  `first_height` decimal(10,2) unsigned DEFAULT NULL,
  `grade_id` varchar(21) DEFAULT NULL,
  `purchase_option` tinyint(4) DEFAULT NULL COMMENT '-1='''';\r\n1=timbang hidup;\r\n2=jogrog',
  `purchase_price` double unsigned DEFAULT 0,
  `purchasing_operational_costs` double unsigned DEFAULT 0,
  `value_per_kg` double unsigned DEFAULT 0,
  `availability_status_id` tinyint(4) NOT NULL DEFAULT 1,
  `description` varchar(255) DEFAULT NULL,
  `weigh_history_id` int(10) unsigned DEFAULT NULL,
  `stage_status` tinyint(3) unsigned DEFAULT NULL COMMENT '1=breeding;\r\n2=rearing;\r\n3=weaning;\r\n4=fattening;',
  `is_pregnant` tinyint(3) unsigned DEFAULT NULL,
  `mating_id` varchar(21) DEFAULT NULL,
  `is_for_breeding` tinyint(1) DEFAULT 0,
  `pregnancy_first_date` date DEFAULT NULL,
  `mutation_id` varchar(21) NOT NULL,
  `created_at` datetime NOT NULL,
  `created_by` varchar(21) NOT NULL,
  `updated_at` datetime DEFAULT NULL,
  `updated_by` varchar(21) DEFAULT NULL,
  `deleted_at` datetime DEFAULT NULL,
  `deleted_by` varchar(21) DEFAULT NULL,
  PRIMARY KEY (`id`),
  UNIQUE KEY `mapping_id_2` (`mapping_id`),
  UNIQUE KEY `mapping_id_3` (`mapping_id`),
  KEY `mapping_id` (`mapping_id`)
) ENGINE=InnoDB DEFAULT CHARSET=latin1;

--
-- Dumping data for table `tp_cow_list`
--

INSERT INTO `tp_cow_list` VALUES ('COW-202012002',NULL,'146a',NULL,NULL,'17',24,1,NULL,86,'2020-03-05',293.00,NULL,NULL,'',1,9964000,0,53000,1,'',2004,NULL,NULL,NULL,NULL,NULL,'MUT-2021030492','2020-12-01 14:59:00','USR-202008000','2021-03-04 15:14:59','USR-202008000',NULL,NULL),('COW-202012003',NULL,'147a',NULL,NULL,'17',24,1,NULL,6,'2020-03-05',230.00,NULL,0.00,'',1,12190000,0,53000,1,'',3,NULL,NULL,NULL,NULL,NULL,'','2020-12-01 14:59:49','USR-202008000',NULL,NULL,NULL,NULL),('COW-202012004',NULL,'148a',NULL,NULL,'17',24,1,NULL,6,'2020-03-05',230.00,NULL,0.00,'',1,12190000,0,53000,1,'',4,NULL,NULL,NULL,NULL,NULL,'','2020-12-01 15:00:48','USR-202008000',NULL,NULL,NULL,NULL),('COW-202012005','','152',NULL,NULL,'17',24,1,NULL,109,'2020-03-05',159.00,0.00,0.00,'',1,8427000,0,53000,1,'',2242,NULL,NULL,NULL,1,NULL,'','2020-12-01 15:01:31','USR-202008000','2021-03-12 08:17:58','USR-202008000',NULL,NULL),('COW-202012006',NULL,'158a',NULL,NULL,'17',24,1,NULL,86,'2020-03-05',230.00,NULL,0.00,'',1,12190000,0,53000,1,'',2003,NULL,NULL,NULL,NULL,NULL,'MUT-2021030493','2020-12-01 15:01:56','USR-202008000','2021-03-04 15:14:34','USR-202008000',NULL,NULL),('COW-202012007','','159',NULL,NULL,'17',24,1,NULL,105,'2020-03-05',151.00,0.00,0.00,'',1,8003000,0,53000,1,'',2168,NULL,NULL,NULL,1,NULL,'MUT-2021030289','2020-12-01 15:02:26','USR-202008000','2021-03-10 16:23:05','USR-202008000',NULL,NULL),('COW-202012008',NULL,'161a',NULL,NULL,'18',24,1,NULL,86,'2020-03-08',173.00,NULL,0.00,'',1,9082500,0,52500,1,'',2010,NULL,NULL,NULL,NULL,NULL,'MUT-2021030495','2020-12-01 15:04:10','USR-202008000','2021-03-04 15:19:47','USR-202008000',NULL,NULL),('COW-202012009','','168',NULL,NULL,'18',24,1,NULL,106,'2020-03-08',163.00,0.00,0.00,'',1,8557500,0,52500,1,'',2183,NULL,NULL,NULL,1,NULL,'','2020-12-01 15:04:47','USR-202008000','2021-03-10 16:39:54','USR-202008000',NULL,NULL),('COW-202012010',NULL,'170a',NULL,NULL,'19',24,1,NULL,86,'2020-03-08',205.00,NULL,0.00,'',1,10865000,0,53000,1,'',1994,NULL,NULL,NULL,NULL,NULL,'MUT-2021030499','2020-12-01 15:13:43','USR-202008000','2021-03-04 15:04:42','USR-202008000',NULL,NULL),('COW-202012011','','177',NULL,NULL,'19',24,1,NULL,106,'2020-03-08',158.00,0.00,0.00,'',1,8374000,0,53000,1,'',2179,NULL,NULL,NULL,1,NULL,'MUT-2021030296','2020-12-01 15:14:14','USR-202008000','2021-03-10 16:37:59','USR-202008000',NULL,NULL),('COW-202012012','','178',NULL,NULL,'19',24,1,NULL,104,'2020-03-08',161.00,0.00,0.00,'',1,8533000,0,53000,1,'',2237,NULL,NULL,NULL,1,NULL,'MUT-2021030281','2020-12-01 15:14:56','USR-202008000','2021-03-12 08:10:54','USR-202008000',NULL,NULL),('COW-202012013','','182',NULL,NULL,'19',24,1,NULL,107,'2020-03-08',154.00,0.00,0.00,'',1,8162000,0,53000,1,'',2188,NULL,NULL,NULL,1,NULL,'','2020-12-01 15:15:33','USR-202008000','2021-03-10 16:49:57','USR-202008000',NULL,NULL),('COW-202012014','','183',NULL,NULL,'19',24,1,NULL,105,'2020-03-08',158.00,0.00,0.00,'',1,8374000,0,53000,1,'',2197,NULL,NULL,NULL,1,NULL,'','2020-12-01 15:15:57','USR-202008000','2021-03-10 16:55:01','USR-202008000',NULL,NULL),('COW-202012015','','187',NULL,NULL,'20',24,1,NULL,106,'2020-03-09',172.00,0.00,0.00,'',1,9116000,0,53000,1,'',2175,NULL,NULL,NULL,1,NULL,'MUT-2021030292','2020-12-01 15:18:05','USR-202008000','2021-03-10 16:32:27','USR-202008000',NULL,NULL),('COW-202012017',NULL,'188a',NULL,NULL,'20',24,1,NULL,6,'2020-03-09',220.00,0.00,0.00,'',1,11660000,0,53000,2,'',1921,NULL,NULL,NULL,NULL,NULL,'','2020-12-01 15:20:06','USR-202008000','2021-02-19 16:03:05','USR-202008000',NULL,NULL),('COW-202012019',NULL,'193a',NULL,NULL,'20',24,1,NULL,85,'2020-03-09',166.00,NULL,0.00,'',1,8798000,0,53000,1,'',2007,NULL,NULL,NULL,NULL,NULL,'MUT-2021040001','2020-12-01 15:22:03','USR-202008000','2021-03-04 15:16:58','USR-202008000',NULL,NULL),('COW-202012020','','197',NULL,NULL,'20',24,1,NULL,104,'2020-03-09',156.00,0.00,0.00,'',1,8268000,0,53000,1,'',2164,NULL,NULL,NULL,1,NULL,'MUT-2021030283','2020-12-01 15:22:49','USR-202008000','2021-03-10 16:21:16','USR-202008000',NULL,NULL),('COW-202012021','','198',NULL,NULL,'20',24,1,NULL,104,'2020-03-09',161.00,0.00,0.00,'',1,8533000,0,53000,1,'',2152,NULL,NULL,NULL,1,NULL,'MUT-2021030285','2020-12-01 15:23:50','USR-202008000','2021-03-10 15:18:20','USR-202008000',NULL,NULL),('COW-202012023','','210',NULL,NULL,'21',24,1,NULL,104,'2020-03-11',201.00,0.00,0.00,'',1,10653000,0,53000,2,'',2146,NULL,NULL,NULL,1,NULL,'','2020-12-01 15:29:00','USR-202008000','2021-03-10 15:14:01','USR-202008000',NULL,NULL),('COW-202012025','','221',NULL,NULL,'22',24,1,NULL,85,'2020-03-12',145.00,0.00,0.00,'',1,7685000,0,53000,1,'',2018,NULL,NULL,NULL,1,NULL,'','2020-12-01 15:36:20','USR-202008000','2021-03-04 15:24:37','USR-202008000',NULL,NULL),('COW-202012026','','225',NULL,NULL,'22',24,1,NULL,104,'2020-03-12',151.00,0.00,0.00,'',1,8003000,0,53000,1,'',2182,NULL,NULL,NULL,1,NULL,'','2020-12-01 15:37:00','USR-202008000','2021-03-10 16:39:18','USR-202008000',NULL,NULL),('COW-202012027','','226',NULL,NULL,'22',24,1,NULL,106,'2020-03-12',207.00,0.00,0.00,'',1,10971000,0,53000,1,'',2192,NULL,NULL,NULL,1,NULL,'MUT-2021030293','2020-12-01 15:37:22','USR-202008000','2021-03-10 16:52:16','USR-202008000',NULL,NULL),('COW-202012029',NULL,'229a',NULL,NULL,'23',24,1,NULL,86,'2020-03-14',197.00,NULL,0.00,'',1,10441000,0,53000,1,'',2001,NULL,NULL,NULL,NULL,NULL,'MUT-2021030501','2020-12-01 15:39:14','USR-202008000','2021-03-04 15:13:30','USR-202008000',NULL,NULL),('COW-202012030',NULL,'232a',NULL,NULL,'23',24,1,NULL,6,'2020-03-14',222.00,NULL,0.00,'',1,11766000,0,53000,1,'',32,NULL,NULL,NULL,NULL,NULL,'','2020-12-01 15:39:56','USR-202008000',NULL,NULL,NULL,NULL),('COW-202012032','','239',NULL,NULL,'23',24,1,NULL,104,'2020-03-14',207.00,0.00,0.00,'',1,10971000,0,53000,1,'',2178,NULL,NULL,NULL,1,NULL,'MUT-2021030282','2020-12-01 15:41:09','USR-202008000','2021-03-10 16:33:48','USR-202008000',NULL,NULL),('COW-202012033',NULL,'240a',NULL,NULL,'23',24,1,NULL,6,'2020-03-14',229.00,NULL,0.00,'',1,12137000,0,53000,1,'',2370,NULL,NULL,NULL,NULL,NULL,'','2020-12-01 15:41:41','USR-202008000','2021-03-16 10:18:12','USR-202008000',NULL,NULL),('COW-202012034','','247',NULL,NULL,'24',24,1,NULL,104,'2020-03-15',210.00,0.00,0.00,'',1,11130000,0,53000,1,'',2154,NULL,NULL,NULL,1,NULL,'','2020-12-01 15:47:25','USR-202008000','2021-03-10 15:43:04','USR-202008000',NULL,NULL),('COW-202012035',NULL,'248',NULL,NULL,'24',24,1,NULL,87,'2020-03-15',202.00,NULL,0.00,'',1,10706000,0,53000,1,'',2102,NULL,NULL,NULL,NULL,NULL,'MUT-2021030458','2020-12-01 15:48:15','USR-202008000','2021-03-05 10:02:00','USR-202008000',NULL,NULL),('COW-202012036','','250',NULL,NULL,'24',24,1,NULL,106,'2020-03-15',164.00,0.00,0.00,'',1,8692000,0,53000,1,'',2170,NULL,NULL,NULL,1,NULL,'','2020-12-01 15:50:22','USR-202008000','2021-03-10 16:23:44','USR-202008000',NULL,NULL),('COW-202012037',NULL,'251',NULL,NULL,'24',24,1,NULL,106,'2020-03-15',225.00,NULL,0.00,'',1,11925000,0,53000,1,'',2149,NULL,NULL,NULL,NULL,NULL,'MUT-2021030295','2020-12-01 15:51:12','USR-202008000','2021-03-10 15:15:35','USR-202008000',NULL,NULL),('COW-202012038',NULL,'255',NULL,NULL,'24',24,1,NULL,6,'2020-03-15',207.00,NULL,0.00,'',1,10971000,0,53000,1,'',2052,NULL,NULL,NULL,NULL,NULL,'','2020-12-01 15:51:54','USR-202008000','2021-03-05 09:05:22','USR-202008000',NULL,NULL),('COW-202012039','','68',NULL,NULL,'2',24,1,NULL,105,'2020-02-24',230.00,0.00,0.00,'',1,12190000,0,53000,2,'',2139,NULL,NULL,NULL,1,NULL,'','2020-12-01 16:11:55','USR-202008000','2021-03-10 14:57:33','USR-202008000',NULL,NULL),('COW-202012040','','78',NULL,NULL,'2',24,1,NULL,104,'2020-02-24',174.00,0.00,0.00,'',1,9222000,0,53000,1,'',2169,NULL,NULL,NULL,1,NULL,'','2020-12-01 16:12:29','USR-202008000','2021-03-10 16:23:24','USR-202008000',NULL,NULL),('COW-202012043','','93',NULL,NULL,'3',24,1,NULL,86,'2020-02-26',212.00,0.00,0.00,'',1,11236000,0,53000,1,'',2002,NULL,NULL,NULL,1,NULL,'','2020-12-01 16:15:51','USR-202008000','2021-03-04 15:14:11','USR-202008000',NULL,NULL),('COW-202012045','','99',NULL,NULL,'3',24,1,NULL,86,'2020-02-26',201.00,0.00,0.00,'',1,10653000,0,53000,1,'',1999,NULL,NULL,NULL,1,NULL,'MUT-2021030454','2020-12-01 16:17:30','USR-202008000','2021-03-04 15:11:12','USR-202008000',NULL,NULL),('COW-202012046','','103',NULL,NULL,'8',24,1,NULL,86,'2020-03-01',177.00,0.00,0.00,'',1,9381000,0,53000,1,'',2014,NULL,NULL,NULL,1,NULL,'','2020-12-01 16:18:51','USR-202008000','2021-03-04 15:21:38','USR-202008000',NULL,NULL),('COW-202012047','','108',NULL,NULL,'8',24,1,NULL,105,'2020-03-01',141.00,0.00,0.00,'',1,7473000,0,53000,1,'',2190,NULL,NULL,NULL,1,NULL,'MUT-2021030286','2020-12-01 16:19:24','USR-202008000','2021-03-10 16:50:52','USR-202008000',NULL,NULL),('COW-202012048','','109',NULL,NULL,'8',24,1,NULL,86,'2020-03-01',179.00,0.00,0.00,'',1,9487000,0,53000,1,'',2009,NULL,NULL,NULL,1,NULL,'','2020-12-01 16:20:01','USR-202008000','2021-03-04 15:19:16','USR-202008000',NULL,NULL),('COW-202012049','','112a',NULL,NULL,'8',24,1,NULL,6,'2020-03-01',200.00,0.00,0.00,'',1,10600000,0,53000,1,'',51,NULL,NULL,NULL,1,NULL,'','2020-12-01 16:20:37','USR-202008000','2021-01-13 11:28:19','USR-202008000',NULL,NULL),('COW-202012050',NULL,'113a',NULL,NULL,'8',24,1,NULL,6,'2020-03-01',174.00,NULL,0.00,'',1,9222000,0,53000,1,'',52,NULL,NULL,NULL,NULL,NULL,'','2020-12-01 16:21:17','USR-202008000',NULL,NULL,NULL,NULL),('COW-202012051',NULL,'114a',NULL,NULL,'8',24,1,NULL,6,'2020-03-01',229.00,NULL,0.00,'',1,12137000,0,53000,1,'',53,NULL,NULL,NULL,NULL,NULL,'','2020-12-01 16:22:23','USR-202008000',NULL,NULL,NULL,NULL),('COW-202012052','','124',NULL,NULL,'15',24,1,NULL,105,'2020-03-02',178.00,0.00,0.00,'',1,9434000,0,53000,1,'',2174,NULL,NULL,NULL,1,NULL,'MUT-2021030287','2020-12-01 16:23:23','USR-202008000','2021-03-10 16:31:53','USR-202008000',NULL,NULL),('COW-202012053',NULL,'126a',NULL,NULL,'15',24,1,NULL,87,'2020-03-02',164.00,NULL,0.00,'',1,8692000,0,53000,1,'',2105,NULL,NULL,NULL,NULL,NULL,'MUT-2021030457','2020-12-01 16:23:55','USR-202008000','2021-03-05 10:03:26','USR-202008000',NULL,NULL),('COW-202012054','','127',NULL,NULL,'15',24,1,NULL,105,'2020-03-02',166.00,0.00,0.00,'',1,8798000,0,53000,1,'',2173,NULL,NULL,NULL,1,NULL,'MUT-2021030288','2020-12-01 16:24:38','USR-202008000','2021-03-10 16:31:15','USR-202008000',NULL,NULL),('COW-202012055',NULL,'129a',NULL,NULL,'15',24,1,NULL,86,'2020-03-02',205.00,NULL,0.00,'',1,10865000,0,53000,1,'',2015,NULL,NULL,NULL,NULL,NULL,'MUT-2021030491','2020-12-01 16:25:34','USR-202008000','2021-03-04 15:22:13','USR-202008000',NULL,NULL),('COW-202012056','','258',NULL,NULL,'25',24,1,NULL,6,'2020-03-16',154.00,0.00,99.00,'',1,8162000,0,53000,1,'',1890,NULL,NULL,NULL,1,NULL,'','2020-12-01 16:27:10','USR-202008000','2021-02-16 13:34:31','USR-202008000',NULL,NULL),('COW-202012057','','259',NULL,NULL,'25',24,1,NULL,106,'2020-03-16',176.00,0.00,98.00,'',1,9328000,0,53000,1,'',2156,NULL,NULL,NULL,1,NULL,'','2020-12-01 16:27:42','USR-202008000','2021-03-10 15:43:53','USR-202008000',NULL,NULL),('COW-202012058','','261',NULL,NULL,'25',24,1,NULL,86,'2020-03-16',172.00,0.00,95.00,'',1,9116000,0,53000,1,'',2000,NULL,NULL,NULL,1,NULL,'MUT-2021030506','2020-12-01 16:28:10','USR-202008000','2021-03-04 15:11:41','USR-202008000',NULL,NULL),('COW-202012059',NULL,'263',NULL,NULL,'25',24,1,NULL,6,'2020-03-16',197.00,NULL,108.00,'',1,10441000,0,53000,2,'',1912,NULL,NULL,NULL,NULL,NULL,'','2020-12-01 16:29:27','USR-202008000','2021-02-19 15:48:45','USR-202008000',NULL,NULL),('COW-202012060','','267',NULL,NULL,'25',24,1,NULL,104,'2020-03-16',214.00,0.00,104.00,'',1,11342000,0,53000,1,'',2177,NULL,NULL,NULL,1,NULL,'','2020-12-01 16:31:00','USR-202008000','2021-03-10 16:33:24','USR-202008000',NULL,NULL),('COW-202012061','','270',NULL,NULL,'25',24,1,NULL,106,'2020-03-16',177.00,0.00,110.00,'',1,9381000,0,53000,1,'',2150,NULL,NULL,NULL,1,NULL,'MUT-2021030294','2020-12-01 16:31:58','USR-202008000','2021-03-10 15:17:35','USR-202008000',NULL,NULL),('COW-202012062',NULL,'275',NULL,NULL,'26',24,1,NULL,86,'2020-03-17',199.00,NULL,0.00,'',1,10547000,0,53000,1,'',1993,NULL,NULL,NULL,NULL,NULL,'MUT-2021040002','2020-12-01 16:40:16','USR-202008000','2021-03-04 15:03:47','USR-202008000',NULL,NULL),('COW-202012063',NULL,'284',NULL,NULL,'26',24,1,NULL,86,'2020-03-17',189.00,NULL,0.00,'',1,10017000,0,53000,1,'',2017,NULL,NULL,NULL,NULL,NULL,'MUT-2021030510','2020-12-01 16:40:53','USR-202008000','2021-03-04 15:24:10','USR-202008000',NULL,NULL),('COW-202012064',NULL,'287',NULL,NULL,'27',39,1,NULL,6,'2020-04-06',95.00,NULL,92.00,'',2,9375000,0,98684.21,1,'',66,NULL,NULL,NULL,NULL,NULL,'','2020-12-01 16:42:19','USR-202008000',NULL,NULL,NULL,NULL),('COW-202012065',NULL,'288',NULL,NULL,'27',39,1,NULL,6,'2020-04-06',149.00,NULL,99.00,'',2,9375000,0,62919.46,1,'',67,NULL,NULL,NULL,NULL,NULL,'','2020-12-01 16:43:07','USR-202008000',NULL,NULL,NULL,NULL),('COW-202012066',NULL,'289',NULL,NULL,'27',43,1,NULL,6,'2020-04-06',100.00,NULL,93.00,'',2,9375000,0,93750,1,'',68,NULL,NULL,NULL,NULL,NULL,'','2020-12-01 16:44:12','USR-202008000',NULL,NULL,NULL,NULL),('COW-202012067',NULL,'290',NULL,NULL,'27',43,1,NULL,6,'2020-04-06',93.00,NULL,94.00,'',2,9375000,0,100806.45,1,'',69,NULL,NULL,NULL,NULL,NULL,'','2020-12-01 16:44:52','USR-202008000',NULL,NULL,NULL,NULL),('COW-202012068',NULL,'291',NULL,NULL,'28',24,1,NULL,6,'2020-04-06',223.00,NULL,0.00,'',1,11596000,0,52000,1,'',2056,NULL,NULL,NULL,NULL,NULL,'','2020-12-01 16:51:44','USR-202008000','2021-03-05 09:07:38','USR-202008000',NULL,NULL),('COW-202012069',NULL,'292',NULL,NULL,'28',24,1,NULL,86,'2020-04-06',179.00,NULL,0.00,'',1,9308000,0,52000,1,'',1996,NULL,NULL,NULL,NULL,NULL,'MUT-2021030512','2020-12-01 16:52:06','USR-202008000','2021-03-04 15:07:28','USR-202008000',NULL,NULL),('COW-202012070','','293',NULL,NULL,'28',24,1,NULL,105,'2020-04-06',149.00,0.00,0.00,'',1,7748000,0,52000,1,'',2172,NULL,NULL,NULL,1,NULL,'MUT-2021030290','2020-12-01 16:52:31','USR-202008000','2021-03-10 16:25:11','USR-202008000',NULL,NULL),('COW-202012071','','297',NULL,NULL,'28',24,1,NULL,105,'2020-04-06',192.00,0.00,0.00,'',1,9984000,0,52000,1,'',2186,NULL,NULL,NULL,1,NULL,'','2020-12-01 16:52:58','USR-202008000','2021-03-10 16:41:07','USR-202008000',NULL,NULL),('COW-202012072','','298',NULL,NULL,'28',24,1,NULL,85,'2020-04-06',212.00,0.00,0.00,'',1,11024000,0,52000,1,'',2016,NULL,NULL,NULL,1,NULL,'','2020-12-01 16:53:31','USR-202008000','2021-03-04 15:23:17','USR-202008000',NULL,NULL),('COW-202012074','','301',NULL,NULL,'28',24,1,NULL,105,'2020-04-06',183.00,0.00,0.00,'',1,9516000,0,52000,1,'',2163,NULL,NULL,NULL,1,NULL,'MUT-2021030291','2020-12-02 16:07:29','USR-202008000','2021-03-10 16:20:53','USR-202008000',NULL,NULL),('COW-202012076','','304',NULL,NULL,'28',24,1,NULL,106,'2020-04-06',222.00,0.00,0.00,'',1,11544000,0,52000,1,'',2181,NULL,NULL,NULL,1,NULL,'','2020-12-02 16:08:38','USR-202008000','2021-03-10 16:38:45','USR-202008000',NULL,NULL),('COW-202012077',NULL,'305',NULL,NULL,'28',24,1,NULL,86,'2020-04-06',205.00,NULL,0.00,'',1,10660000,0,52000,1,'',2013,NULL,NULL,NULL,NULL,NULL,'MUT-2021030452','2020-12-02 16:09:03','USR-202008000','2021-03-04 15:21:08','USR-202008000',NULL,NULL),('COW-202012078',NULL,'307',NULL,NULL,'29',42,1,NULL,6,'2020-04-09',441.00,NULL,0.00,'',1,19845000,0,45000,2,'',1917,NULL,NULL,NULL,NULL,NULL,'','2020-12-02 16:10:19','USR-202008000','2021-02-19 15:59:12','USR-202008000',NULL,NULL),('COW-202012082','','314',NULL,NULL,'30',39,1,NULL,118,'2020-04-10',204.00,0.00,115.00,'2',2,13500000,0,66176.47,1,'',2311,NULL,NULL,NULL,1,NULL,'','2020-12-02 16:18:51','USR-202008000','2021-03-12 16:34:38','USR-202008000',NULL,NULL),('COW-202012083',NULL,'315',NULL,NULL,'30',43,1,NULL,6,'2020-04-10',117.00,NULL,99.00,'2',2,10500000,0,89743.59,1,'',2036,NULL,NULL,NULL,NULL,NULL,'','2020-12-02 16:19:59','USR-202008000','2021-03-05 08:39:01','USR-202008000',NULL,NULL),('COW-202012084',NULL,'316',NULL,NULL,'30',43,1,NULL,6,'2020-04-10',110.00,NULL,99.00,'2',2,10400000,0,94545.45,1,'',1927,NULL,NULL,NULL,NULL,NULL,'','2020-12-02 16:20:51','USR-202008000','2021-02-19 16:09:51','USR-202008000',NULL,NULL),('COW-202012085','','317',NULL,NULL,'30',43,1,NULL,113,'2020-04-10',135.00,0.00,98.00,'',2,11300000,0,83703.7,1,'',2297,NULL,NULL,NULL,1,NULL,'MUT-2021030390','2020-12-02 16:25:54','USR-202008000','2021-03-12 16:24:00','USR-202008000',NULL,NULL),('COW-202012086',NULL,'318',NULL,NULL,'30',43,1,NULL,95,'2020-04-10',168.00,NULL,0.00,'2',2,13000000,0,77380.95,1,'',2479,NULL,NULL,NULL,NULL,NULL,'MUT-2021040243','2020-12-02 16:26:45','USR-202008000','2021-04-16 08:02:23','USR-202008000',NULL,NULL),('COW-202012087','','319',NULL,NULL,'30',43,1,NULL,108,'2020-04-10',122.00,0.00,95.00,'2',2,10000000,0,81967.21,1,'',2391,NULL,NULL,NULL,1,NULL,'MUT-2021030310','2020-12-02 16:27:26','USR-202008000','2021-03-19 08:42:37','USR-202008000',NULL,NULL),('COW-202012088',NULL,'320',NULL,NULL,'30',39,1,NULL,6,'2020-04-10',133.00,NULL,96.00,'',2,9500000,0,71428.57,1,'',90,NULL,NULL,NULL,NULL,NULL,'','2020-12-02 16:28:02','USR-202008000',NULL,NULL,NULL,NULL),('COW-202012089','','321',NULL,NULL,'30',43,1,NULL,113,'2020-04-10',172.00,0.00,108.00,'2',2,12500000,0,72674.42,1,'',2213,NULL,NULL,NULL,1,NULL,'','2020-12-02 16:28:46','USR-202008000','2021-03-11 08:33:37','USR-202008000',NULL,NULL),('COW-202012090',NULL,'322',NULL,NULL,'30',47,1,NULL,6,'2020-04-10',134.00,NULL,104.00,'',2,10400000,0,77611.94,1,'',92,NULL,NULL,NULL,NULL,NULL,'','2020-12-02 16:31:44','USR-202008000',NULL,NULL,NULL,NULL),('COW-202012091',NULL,'323',NULL,NULL,'30',25,1,NULL,6,'2020-04-10',122.00,NULL,100.00,'',2,9600000,0,78688.52,1,'',93,NULL,NULL,NULL,NULL,NULL,'','2020-12-02 16:32:40','USR-202008000',NULL,NULL,NULL,NULL),('COW-202012092','','324',NULL,NULL,'30',43,1,NULL,112,'2020-04-10',106.00,0.00,95.00,'2',2,9400000,0,88679.25,1,'',2326,NULL,NULL,NULL,1,NULL,'MUT-2021030386','2020-12-02 16:33:26','USR-202008000','2021-03-12 17:16:09','USR-202008000',NULL,NULL),('COW-202012093',NULL,'325',NULL,NULL,'30',43,1,NULL,6,'2020-04-10',152.00,NULL,104.00,'2',2,11750000,0,77302.63,1,'',1929,NULL,NULL,NULL,NULL,NULL,'','2020-12-02 16:34:18','USR-202008000','2021-02-19 16:14:37','USR-202008000',NULL,NULL),('COW-202012094',NULL,'326',NULL,NULL,'30',43,1,NULL,6,'2020-04-10',115.00,NULL,96.00,'',2,9150000,0,79565.22,1,'',2059,NULL,NULL,NULL,NULL,NULL,'','2020-12-02 16:35:01','USR-202008000','2021-03-05 09:11:19','USR-202008000',NULL,NULL),('COW-202012095',NULL,'327',NULL,NULL,'30',43,1,NULL,6,'2020-04-10',110.00,NULL,99.00,'',2,9150000,0,83181.82,1,'',97,NULL,NULL,NULL,NULL,NULL,'','2020-12-02 16:40:24','USR-202008000',NULL,NULL,NULL,NULL),('COW-202012096','','328',NULL,NULL,'30',45,1,NULL,114,'2020-04-10',181.00,0.00,110.00,'',2,11750000,0,64917.13,1,'',2273,NULL,NULL,NULL,1,NULL,'MUT-2021030405','2020-12-02 16:41:13','USR-202008000','2021-03-12 09:59:37','USR-202008000',NULL,NULL),('COW-202012097','','329',NULL,NULL,'31',43,1,NULL,118,'2020-04-11',191.00,0.00,107.00,'2',2,12750000,0,66753.93,1,'',2317,NULL,NULL,NULL,1,NULL,'','2020-12-30 14:09:58','USR-202008000','2021-03-12 17:08:34','USR-202008000',NULL,NULL),('COW-202012098',NULL,'330',NULL,NULL,'31',56,1,NULL,6,'2020-04-11',181.00,NULL,106.00,'2',2,13000000,0,71823.2,1,'',100,NULL,NULL,NULL,NULL,NULL,'','2020-12-30 14:11:07','USR-202008000',NULL,NULL,NULL,NULL),('COW-202012099','','331',NULL,NULL,'31',43,1,NULL,110,'2020-04-11',201.00,0.00,110.00,'2',2,13000000,0,64676.62,1,'',2202,NULL,NULL,NULL,1,NULL,'','2020-12-30 14:12:19','USR-202008000','2021-03-11 08:25:32','USR-202008000',NULL,NULL),('COW-202012100','','332',NULL,NULL,'31',43,1,NULL,118,'2020-04-11',196.00,0.00,107.00,'2',2,13000000,0,66326.53,1,'',2319,NULL,NULL,NULL,1,NULL,'','2020-12-30 14:13:12','USR-202008000','2021-03-12 17:11:00','USR-202008000',NULL,NULL),('COW-202012101',NULL,'334',NULL,NULL,'31',42,1,NULL,96,'2020-04-11',189.00,NULL,106.00,'2',2,12600000,0,66666.67,1,'',2455,NULL,NULL,NULL,NULL,NULL,'MUT-2021040225','2020-12-30 14:13:59','USR-202008000','2021-04-14 08:06:09','USR-202008000',NULL,NULL),('COW-202012102',NULL,'335',NULL,NULL,'31',42,1,NULL,95,'2020-04-11',220.00,NULL,114.00,'2',2,12900000,0,58636.36,1,'',2478,NULL,NULL,NULL,NULL,NULL,'MUT-2021040242','2020-12-30 14:15:21','USR-202008000','2021-04-16 08:01:02','USR-202008000',NULL,NULL),('COW-202012103','','340',NULL,NULL,'32',44,1,NULL,114,'2020-04-12',374.00,0.00,0.00,'',2,17300000,0,46256.68,1,'',2250,NULL,NULL,NULL,1,NULL,'','2020-12-30 14:20:49','USR-202008000','2021-03-12 08:59:19','USR-202008000',NULL,NULL),('COW-202012104',NULL,'345',NULL,NULL,'32',42,1,NULL,6,'2020-04-12',469.00,NULL,0.00,'',2,20900000,0,44562.9,2,'',1926,NULL,NULL,NULL,NULL,NULL,'','2020-12-30 14:21:34','USR-202008000','2021-02-19 16:05:22','USR-202008000',NULL,NULL),('COW-202012105',NULL,'347',NULL,NULL,'33',43,1,NULL,6,'2020-04-13',160.00,NULL,101.00,'',2,12000000,0,75000,1,'',107,NULL,NULL,NULL,NULL,NULL,'','2020-12-30 14:26:16','USR-202008000',NULL,NULL,NULL,NULL),('COW-202012106',NULL,'348',NULL,NULL,'33',25,1,NULL,84,'2020-04-13',106.00,NULL,96.00,'',2,8800000,0,83018.87,1,'',2537,NULL,NULL,NULL,NULL,NULL,'MUT-2021040265','2020-12-30 14:27:04','USR-202008000','2021-04-20 10:54:39','USR-202008000',NULL,NULL),('COW-202012107',NULL,'349',NULL,NULL,'33',43,1,NULL,6,'2020-04-13',103.00,NULL,96.00,'',2,9500000,0,92233.01,1,'',109,NULL,NULL,NULL,NULL,NULL,'','2020-12-30 14:27:46','USR-202008000',NULL,NULL,NULL,NULL),('COW-202012108','','350',NULL,NULL,'33',49,1,NULL,117,'2020-04-13',119.00,0.00,102.00,'',2,9000000,0,75630.25,1,'',2162,NULL,NULL,NULL,1,NULL,'MUT-2021030414','2020-12-30 14:29:01','USR-202008000','2021-03-10 16:17:24','USR-202008000',NULL,NULL),('COW-202012109',NULL,'351',NULL,NULL,'33',43,1,NULL,6,'2020-04-13',101.00,NULL,95.00,'',2,9350000,0,92574.26,1,'',111,NULL,NULL,NULL,NULL,NULL,'','2020-12-30 14:29:39','USR-202008000',NULL,NULL,NULL,NULL),('COW-202012110','','352',NULL,NULL,'33',43,1,NULL,113,'2020-04-13',104.00,0.00,96.00,'',2,9300000,0,89423.08,1,'',2243,NULL,NULL,NULL,1,NULL,'','2020-12-30 14:38:00','USR-202008000','2021-03-12 08:18:28','USR-202008000',NULL,NULL),('COW-202012111',NULL,'353',NULL,NULL,'33',43,1,NULL,6,'2020-04-13',123.00,NULL,97.00,'2',2,10400000,0,84552.85,1,'',113,NULL,NULL,NULL,NULL,NULL,'','2020-12-30 14:38:53','USR-202008000',NULL,NULL,NULL,NULL),('COW-202012112',NULL,'354',NULL,NULL,'33',25,1,NULL,6,'2020-04-13',103.00,NULL,95.00,'',2,8800000,0,85436.89,1,'',114,NULL,NULL,NULL,NULL,NULL,'','2020-12-30 14:40:24','USR-202008000',NULL,NULL,NULL,NULL),('COW-202012113',NULL,'356',NULL,NULL,'33',42,1,NULL,6,'2020-04-13',108.00,NULL,93.00,'2',2,8800000,0,81481.48,1,'',115,NULL,NULL,NULL,NULL,NULL,'','2020-12-30 14:41:25','USR-202008000',NULL,NULL,NULL,NULL),('COW-202012114','','357',NULL,NULL,'33',25,1,NULL,118,'2020-04-13',245.00,0.00,112.00,'',2,12650000,0,51632.65,1,'',2206,NULL,NULL,NULL,1,NULL,'MUT-2021030313','2020-12-30 14:42:04','USR-202008000','2021-03-11 08:27:22','USR-202008000',NULL,NULL),('COW-202012115','','358',NULL,NULL,'33',25,1,NULL,116,'2020-04-13',218.00,0.00,110.00,'',2,12400000,0,56880.73,1,'',2204,NULL,NULL,NULL,1,NULL,'MUT-2021030384','2020-12-30 14:42:51','USR-202008000','2021-03-11 08:26:30','USR-202008000',NULL,NULL),('COW-202012116','','359',NULL,NULL,'33',25,1,NULL,110,'2020-04-13',228.00,0.00,113.00,'',2,12000000,0,52631.58,2,'',2201,NULL,NULL,NULL,1,NULL,'','2020-12-30 14:44:23','USR-202008000','2021-03-11 08:24:47','USR-202008000',NULL,NULL),('COW-202012117',NULL,'360',NULL,NULL,'33',25,1,NULL,6,'2020-04-13',210.00,NULL,107.00,'2',2,12100000,0,57619.05,1,'',119,NULL,NULL,NULL,NULL,NULL,'','2020-12-30 14:46:42','USR-202008000',NULL,NULL,NULL,NULL),('COW-202012118','','362',NULL,NULL,'34',42,1,NULL,118,'2020-04-18',220.00,0.00,110.00,'2',2,13350000,0,60681.82,2,'',1703,NULL,NULL,NULL,1,NULL,'','2020-12-30 15:10:13','USR-202008000','2021-02-07 11:40:26','USR-202008000',NULL,NULL),('COW-202012119','','363',NULL,NULL,'34',43,1,NULL,113,'2020-04-18',116.00,0.00,100.00,'2',2,10300000,0,88793.1,1,'',2285,NULL,NULL,NULL,1,NULL,'MUT-2021030391','2020-12-30 15:11:00','USR-202008000','2021-03-12 10:41:44','USR-202008000',NULL,NULL),('COW-202012120',NULL,'364',NULL,NULL,'34',42,1,NULL,6,'2020-04-18',115.00,0.00,97.00,'2',2,8900000,0,77391.3,1,'',2061,NULL,NULL,NULL,NULL,NULL,'','2020-12-30 15:29:18','USR-202008000','2021-03-05 09:12:22','USR-202008000',NULL,NULL),('COW-202012121',NULL,'367',NULL,NULL,'34',43,1,NULL,6,'2020-04-18',105.00,NULL,93.00,'2',2,9500000,0,90476.19,1,'',123,NULL,NULL,NULL,NULL,NULL,'','2020-12-30 15:31:06','USR-202008000',NULL,NULL,NULL,NULL),('COW-202012122','','368',NULL,NULL,'34',25,1,NULL,104,'2020-04-18',119.00,0.00,97.00,'',2,9700000,0,81512.61,1,'',124,NULL,NULL,NULL,1,NULL,'','2020-12-30 15:31:47','USR-202008000','2021-02-04 17:30:32','USR-202008000',NULL,NULL),('COW-202012123',NULL,'369',NULL,NULL,'34',25,1,NULL,6,'2020-04-18',117.00,NULL,99.00,'2',2,9650000,0,82478.63,1,'',125,NULL,NULL,NULL,NULL,NULL,'','2020-12-30 15:32:36','USR-202008000',NULL,NULL,NULL,NULL),('COW-202012124','','370',NULL,NULL,'34',42,1,NULL,118,'2020-04-18',248.00,0.00,113.00,'2',2,13700000,0,55241.94,1,'',2309,NULL,NULL,NULL,1,NULL,'','2020-12-30 15:33:22','USR-202008000','2021-03-12 16:33:58','USR-202008000',NULL,NULL),('COW-202012125',NULL,'371',NULL,NULL,'34',42,1,NULL,6,'2020-04-18',125.00,NULL,95.00,'2',2,10500000,0,84000,1,'',1904,NULL,NULL,NULL,NULL,NULL,'','2020-12-30 15:34:12','USR-202008000','2021-02-16 14:05:59','USR-202008000',NULL,NULL),('COW-202012126','','372',NULL,NULL,'34',43,1,NULL,118,'2020-04-18',227.00,0.00,113.00,'2',2,13000000,0,57268.72,1,'',2312,NULL,NULL,NULL,1,NULL,'','2020-12-30 15:34:56','USR-202008000','2021-03-12 16:35:32','USR-202008000',NULL,NULL),('COW-202012127','','373',NULL,NULL,'34',43,1,NULL,114,'2020-04-18',235.00,0.00,114.00,'2',2,13500000,0,57446.81,1,'',2200,NULL,NULL,NULL,1,NULL,'MUT-2021030396','2020-12-30 15:35:41','USR-202008000','2021-03-11 08:24:21','USR-202008000',NULL,NULL),('COW-202012128',NULL,'366',NULL,NULL,'34',25,1,NULL,6,'2020-04-18',107.00,NULL,97.00,'',2,8800000,0,82242.99,1,'',130,NULL,NULL,NULL,NULL,NULL,'','2020-12-30 15:36:54','USR-202008000',NULL,NULL,NULL,NULL),('COW-202012129','','374',NULL,NULL,'34',59,1,NULL,116,'2020-04-18',189.00,0.00,112.00,'',2,11750000,0,62169.31,2,'',2253,NULL,NULL,NULL,1,NULL,'','2020-12-30 15:45:57','USR-202008000','2021-03-12 09:04:17','USR-202008000',NULL,NULL),('COW-202012130',NULL,'375',NULL,NULL,'34',25,1,NULL,6,'2020-04-18',75.00,NULL,91.00,'',2,6700000,0,89333.33,1,'',132,NULL,NULL,NULL,NULL,NULL,'','2020-12-30 15:46:44','USR-202008000',NULL,NULL,NULL,NULL),('COW-202012131','','376',NULL,NULL,'35',47,1,NULL,118,'2020-04-20',217.00,0.00,115.00,'2',2,12250000,0,56451.61,2,'',2562,NULL,NULL,NULL,1,NULL,'MUT-2021030420','2020-12-30 16:22:45','USR-202008000','2021-05-18 09:28:33','USR-202008000',NULL,NULL),('COW-202012132',NULL,'377',NULL,NULL,'35',38,1,NULL,6,'2020-04-20',115.00,NULL,98.00,'2',2,8550000,0,74347.83,1,'',1898,NULL,NULL,NULL,NULL,NULL,'','2020-12-30 16:23:31','USR-202008000','2021-02-16 13:42:40','USR-202008000',NULL,NULL),('COW-202012133','','378',NULL,NULL,'35',43,1,NULL,118,'2020-04-20',225.00,0.00,115.00,'2',2,13800000,0,61333.33,1,'',2310,NULL,NULL,NULL,1,NULL,'','2020-12-30 16:24:11','USR-202008000','2021-03-12 16:34:18','USR-202008000',NULL,NULL),('COW-202012134',NULL,'379',NULL,NULL,'35',47,1,NULL,6,'2020-04-20',129.00,NULL,97.00,'',2,10350000,0,80232.56,1,'',136,NULL,NULL,NULL,NULL,NULL,'','2020-12-30 16:25:33','USR-202008000',NULL,NULL,NULL,NULL),('COW-202012135',NULL,'380',NULL,NULL,'35',47,1,NULL,92,'2020-04-20',122.00,NULL,104.00,'',2,8150000,0,66803.28,1,'',2469,NULL,NULL,NULL,NULL,NULL,'MUT-2021040235','2020-12-30 16:26:16','USR-202008000','2021-04-16 07:53:07','USR-202008000',NULL,NULL),('COW-202012136',NULL,'381',NULL,NULL,'35',59,1,NULL,95,'2020-04-20',196.00,NULL,115.00,'',2,12400000,0,63265.31,1,'',2475,NULL,NULL,NULL,NULL,NULL,'MUT-2021040240','2020-12-30 16:27:21','USR-202008000','2021-04-16 07:58:11','USR-202008000',NULL,NULL),('COW-202012137','','382',NULL,NULL,'35',43,1,NULL,118,'2020-04-20',236.00,0.00,115.00,'',2,13250000,0,56144.07,1,'',2316,NULL,NULL,NULL,1,NULL,'','2020-12-30 16:28:07','USR-202008000','2021-03-12 17:05:44','USR-202008000',NULL,NULL),('COW-202012138','','383',NULL,NULL,'35',38,1,NULL,114,'2020-04-20',184.00,0.00,115.00,'',2,11550000,0,62771.74,1,'',2272,NULL,NULL,NULL,1,NULL,'MUT-2021030397','2020-12-30 16:28:48','USR-202008000','2021-03-12 09:58:39','USR-202008000',NULL,NULL),('COW-202012139',NULL,'384',NULL,NULL,'35',47,1,NULL,83,'2020-04-20',186.00,NULL,115.00,'',2,11800000,0,63440.86,1,'',2087,NULL,NULL,NULL,NULL,NULL,'MUT-2021030432','2020-12-30 16:29:30','USR-202008000','2021-03-05 09:53:48','USR-202008000',NULL,NULL),('COW-202012140','','385',NULL,NULL,'35',38,1,NULL,114,'2020-04-20',233.00,0.00,111.00,'',2,12800000,0,54935.62,1,'',2203,NULL,NULL,NULL,1,NULL,'MUT-2021030398','2020-12-30 16:30:13','USR-202008000','2021-03-11 08:26:06','USR-202008000',NULL,NULL),('COW-202012141','','386',NULL,NULL,'35',25,1,NULL,112,'2020-04-20',158.00,0.00,105.00,'',2,9800000,0,62025.32,1,'',2286,NULL,NULL,NULL,1,NULL,'','2020-12-30 16:44:03','USR-202008000','2021-03-12 10:42:19','USR-202008000',NULL,NULL),('COW-202012142','','387',NULL,NULL,'35',47,1,NULL,111,'2020-04-20',136.00,0.00,108.00,'',2,8000000,0,58823.53,1,'',2214,NULL,NULL,NULL,1,NULL,'','2020-12-30 16:44:49','USR-202008000','2021-03-11 08:35:14','USR-202008000',NULL,NULL),('COW-202012143','','388',NULL,NULL,'35',25,1,NULL,118,'2020-04-20',213.00,0.00,120.00,'',2,11500000,0,53990.61,1,'',2256,NULL,NULL,NULL,1,NULL,'MUT-2021030422','2020-12-30 16:45:59','USR-202008000','2021-03-12 09:08:21','USR-202008000',NULL,NULL),('COW-202012144','','389',NULL,NULL,'35',25,1,NULL,114,'2020-04-20',279.00,0.00,120.00,'',2,14600000,0,52329.75,1,'',2392,NULL,NULL,NULL,1,NULL,'MUT-2021030399','2020-12-30 16:46:29','USR-202008000','2021-03-23 11:07:30','USR-202008000',NULL,NULL),('COW-202101001','','390',NULL,NULL,'BAT-202101001',47,1,NULL,6,'2020-04-23',183.00,0.00,107.00,'',2,11850000,0,64754.1,1,'',148,NULL,NULL,NULL,1,NULL,'','2021-01-15 07:39:49','USR-202008000','2021-01-15 07:47:47','USR-202008000',NULL,NULL),('COW-202101002','','391',NULL,NULL,'BAT-202101001',47,1,NULL,118,'2020-04-23',192.00,0.00,114.00,'',2,11500000,0,59895.83,1,'',2340,NULL,NULL,NULL,1,NULL,'','2021-01-15 07:42:36','USR-202008000','2021-03-13 10:07:48','USR-202008000',NULL,NULL),('COW-202101003','','392',NULL,NULL,'BAT-202101001',42,1,NULL,118,'2020-04-23',199.00,0.00,112.00,'2',2,12900000,0,64824.12,1,'',2320,NULL,NULL,NULL,1,NULL,'','2021-01-15 07:45:18','USR-202008000','2021-03-12 17:11:28','USR-202008000',NULL,NULL),('COW-202101004','','393',NULL,NULL,'BAT-202101001',25,1,NULL,118,'2020-04-23',259.00,0.00,122.00,'',2,15000000,0,57915.06,1,'',2313,NULL,NULL,NULL,1,NULL,'','2021-01-15 07:49:29','USR-202008000','2021-03-12 16:35:51','USR-202008000',NULL,NULL),('COW-202101005','','394',NULL,NULL,'BAT-202101001',25,1,NULL,82,'2020-04-23',228.00,0.00,114.00,'',2,12900000,0,56578.95,1,'',2120,NULL,NULL,NULL,1,NULL,'MUT-2021030426','2021-01-15 07:50:20','USR-202008000','2021-03-05 11:22:53','USR-202008000',NULL,NULL),('COW-202101006','','396',NULL,NULL,'BAT-202101001',47,1,NULL,84,'2020-04-23',268.00,0.00,119.00,'',2,13400000,0,50000,1,'',2535,NULL,NULL,NULL,1,NULL,'MUT-2021030440','2021-01-15 07:51:31','USR-202008000','2021-04-20 10:52:19','USR-202008000',NULL,NULL),('COW-202101007','','397',NULL,NULL,'BAT-202101001',47,1,NULL,116,'2020-04-23',237.00,0.00,120.00,'',2,13300000,0,56118.14,1,'',2257,NULL,NULL,NULL,1,NULL,'','2021-01-15 07:52:38','USR-202008000','2021-03-12 09:11:10','USR-202008000',NULL,NULL),('COW-202101008','','398',NULL,NULL,'BAT-202101001',43,1,NULL,118,'2020-04-23',261.00,0.00,119.00,'2',2,14500000,0,55555.56,1,'',2254,NULL,NULL,NULL,1,NULL,'MUT-2021030423','2021-01-15 07:53:57','USR-202008000','2021-03-12 09:04:47','USR-202008000',NULL,NULL),('COW-202101009','','400',NULL,NULL,'BAT-202101001',59,1,NULL,111,'2020-04-23',269.00,0.00,119.00,'',2,13450000,0,50000,1,'',2208,NULL,NULL,NULL,1,NULL,'','2021-01-15 07:54:44','USR-202008000','2021-03-11 08:28:26','USR-202008000',NULL,NULL),('COW-202101010','','401',NULL,NULL,'BAT-202101002',43,1,NULL,111,'2020-04-26',169.00,0.00,107.00,'2',2,10900000,0,64497.04,1,'',2220,NULL,NULL,NULL,1,NULL,'','2021-01-15 07:58:44','USR-202008000','2021-03-11 08:49:15','USR-202008000',NULL,NULL),('COW-202101011','','402',NULL,NULL,'BAT-202101002',43,1,NULL,114,'2020-04-26',197.00,0.00,113.00,'2',2,11500000,0,58375.63,1,'',2217,NULL,NULL,NULL,1,NULL,'MUT-2021030400','2021-01-15 07:59:44','USR-202008000','2021-03-11 08:36:30','USR-202008000',NULL,NULL),('COW-202101012','','403',NULL,NULL,'BAT-202101002',43,1,NULL,112,'2020-04-26',192.00,0.00,109.00,'2',2,10500000,0,54687.5,1,'',2269,NULL,NULL,NULL,1,NULL,'','2021-01-15 08:00:41','USR-202008000','2021-03-12 09:52:07','USR-202008000',NULL,NULL),('COW-202101013','','404',NULL,NULL,'BAT-202101002',43,1,NULL,109,'2020-04-26',183.00,0.00,104.00,'2',2,10750000,0,58743.17,1,'',2211,NULL,NULL,NULL,1,NULL,'','2021-01-15 08:01:36','USR-202008000','2021-03-11 08:32:25','USR-202008000',NULL,NULL),('COW-202101014','','405',NULL,NULL,'BAT-202101002',25,1,NULL,118,'2020-04-26',282.00,0.00,121.00,'',2,14400000,0,51063.83,1,'',2252,NULL,NULL,NULL,1,NULL,'MUT-2021030424','2021-01-15 08:04:30','USR-202008000','2021-03-12 09:03:20','USR-202008000',NULL,NULL),('COW-202101015','','406',NULL,NULL,'BAT-202101002',39,1,NULL,114,'2020-04-26',116.00,0.00,97.00,'2',2,8350000,0,71982.76,1,'',2153,NULL,NULL,NULL,1,NULL,'MUT-2021030401','2021-01-15 08:05:46','USR-202008000','2021-03-10 15:42:40','USR-202008000',NULL,NULL),('COW-202101016','','407',NULL,NULL,'BAT-202101002',39,1,NULL,92,'2020-04-26',123.00,0.00,96.00,'',2,8350000,0,67886.18,1,'',2470,NULL,NULL,NULL,1,NULL,'MUT-2021040236','2021-01-15 08:06:55','USR-202008000','2021-04-16 07:54:07','USR-202008000',NULL,NULL),('COW-202101017','','409',NULL,NULL,'BAT-202101002',25,1,NULL,6,'2020-04-26',120.00,0.00,99.00,'',2,8650000,0,72083.33,1,'',2062,NULL,NULL,NULL,1,NULL,'','2021-01-15 08:08:33','USR-202008000','2021-03-05 09:13:05','USR-202008000',NULL,NULL),('COW-202101018','','410',NULL,NULL,'BAT-202101002',47,1,NULL,91,'2020-04-26',188.00,0.00,116.00,'',2,11500000,0,61170.21,1,'',2521,NULL,NULL,NULL,1,NULL,'MUT-2021040015','2021-01-15 08:10:08','USR-202008000','2021-04-20 10:29:17','USR-202008000',NULL,NULL),('COW-202101019','','411',NULL,NULL,'BAT-202101002',42,1,NULL,96,'2020-04-26',202.00,0.00,114.00,'2',2,12650000,0,62623.76,1,'',2457,NULL,NULL,NULL,1,NULL,'MUT-2021030480','2021-01-15 08:12:10','USR-202008000','2021-04-14 08:07:06','USR-202008000',NULL,NULL),('COW-202101020','','412',NULL,NULL,'BAT-202101002',43,1,NULL,6,'2020-04-26',132.00,0.00,101.00,'2',2,10400000,0,78787.88,1,'',167,NULL,NULL,NULL,1,NULL,'','2021-01-15 08:14:03','USR-202008000',NULL,NULL,NULL,NULL),('COW-202101021','','413',NULL,NULL,'BAT-202101002',43,1,NULL,109,'2020-04-26',257.00,0.00,119.00,'2',2,14000000,0,54474.71,1,'',2226,NULL,NULL,NULL,1,NULL,'','2021-01-15 08:15:19','USR-202008000','2021-03-11 08:57:16','USR-202008000',NULL,NULL),('COW-202101022','','414',NULL,NULL,'BAT-202101003',25,1,NULL,116,'2020-04-29',234.00,0.00,112.00,'',2,11650000,0,49786.32,1,'',1607,NULL,NULL,NULL,1,NULL,'','2021-01-15 08:21:57','USR-202008000','2021-02-06 11:17:23','USR-202008000',NULL,NULL),('COW-202101023','','415',NULL,NULL,'BAT-202101003',25,1,NULL,114,'2020-04-29',271.00,0.00,125.00,'',2,14150000,0,52214.02,1,'',2270,NULL,NULL,NULL,1,NULL,'MUT-2021030402','2021-01-15 08:23:13','USR-202008000','2021-03-12 09:54:36','USR-202008000',NULL,NULL),('COW-202101024','','417',NULL,NULL,'BAT-202101003',25,1,NULL,115,'2020-04-29',148.00,0.00,108.00,'',2,9500000,0,64189.19,1,'',2300,NULL,NULL,NULL,1,NULL,'','2021-01-15 08:28:01','USR-202008000','2021-03-12 16:25:08','USR-202008000',NULL,NULL),('COW-202101025','','418',NULL,NULL,'BAT-202101003',43,1,NULL,6,'2020-04-29',174.00,0.00,108.00,'',2,11000000,0,63218.39,1,'',172,NULL,NULL,NULL,1,NULL,'','2021-01-15 08:37:34','USR-202008000',NULL,NULL,NULL,NULL),('COW-202101026','','419',NULL,NULL,'BAT-202101003',42,1,NULL,108,'2020-04-29',184.00,0.00,107.00,'',2,11750000,0,63858.7,1,'',2151,NULL,NULL,NULL,1,NULL,'MUT-2021030314','2021-01-15 08:38:51','USR-202008000','2021-03-10 15:17:58','USR-202008000',NULL,NULL),('COW-202101027','','420',NULL,NULL,'BAT-202101003',42,1,NULL,115,'2020-04-29',145.00,0.00,106.00,'2',2,12100000,0,83448.28,1,'',2288,NULL,NULL,NULL,1,NULL,'','2021-01-15 08:45:35','USR-202008000','2021-03-12 16:17:21','USR-202008000',NULL,NULL),('COW-202101028','','421',NULL,NULL,'BAT-202101003',43,1,NULL,6,'2020-04-29',121.00,0.00,103.00,'2',2,11250000,0,92975.21,1,'',175,NULL,NULL,NULL,1,NULL,'','2021-01-15 08:47:25','USR-202008000','2021-01-15 08:48:44','USR-202008000',NULL,NULL),('COW-202101029','','422',NULL,NULL,'BAT-202101003',42,1,NULL,6,'2020-04-29',136.00,0.00,100.00,'',2,11250000,0,82720.59,1,'',2046,NULL,NULL,NULL,1,NULL,'','2021-01-15 08:48:17','USR-202008000','2021-03-05 08:56:12','USR-202008000',NULL,NULL),('COW-202101030','','423',NULL,NULL,'BAT-202101003',42,1,NULL,6,'2020-04-29',162.00,0.00,102.00,'',2,11400000,0,70370.37,1,'',177,NULL,NULL,NULL,1,NULL,'','2021-01-15 08:50:48','USR-202008000',NULL,NULL,NULL,NULL),('COW-202101031','','424',NULL,NULL,'BAT-202101003',51,1,NULL,96,'2020-04-29',156.00,0.00,102.00,'',2,10900000,0,69871.79,1,'',2448,NULL,NULL,NULL,1,NULL,'MUT-2021040220','2021-01-15 08:51:36','USR-202008000','2021-04-14 08:01:41','USR-202008000',NULL,NULL),('COW-202101032','','425',NULL,NULL,'BAT-202101003',51,1,NULL,6,'2020-04-29',113.00,0.00,98.00,'',2,9000000,0,79646.02,1,'',179,NULL,NULL,NULL,1,NULL,'','2021-01-15 08:52:52','USR-202008000',NULL,NULL,NULL,NULL),('COW-202101033','','426',NULL,NULL,'BAT-202101003',51,1,NULL,114,'2020-04-29',191.00,0.00,118.00,'',2,12200000,0,63874.35,1,'',2262,NULL,NULL,NULL,1,NULL,'','2021-01-15 08:54:29','USR-202008000','2021-03-12 09:32:49','USR-202008000',NULL,NULL),('COW-202101034','','427',NULL,NULL,'BAT-202101003',42,1,NULL,6,'2020-04-29',131.00,0.00,102.00,'',2,10100000,0,77099.24,1,'',181,NULL,NULL,NULL,1,NULL,'','2021-01-15 08:55:30','USR-202008000',NULL,NULL,NULL,NULL),('COW-202101035','','428',NULL,NULL,'BAT-202101003',51,1,NULL,114,'2020-04-29',200.00,0.00,119.00,'',2,12000000,0,60000,1,'',2255,NULL,NULL,NULL,1,NULL,'','2021-01-15 08:56:48','USR-202008000','2021-03-12 09:05:39','USR-202008000',NULL,NULL),('COW-202101036','','429',NULL,NULL,'BAT-202101004',25,1,NULL,6,'2020-04-30',265.00,0.00,120.00,'',2,13750000,0,51886.79,1,'',2033,NULL,NULL,NULL,1,NULL,'','2021-01-15 09:07:44','USR-202008000','2021-03-05 08:29:18','USR-202008000',NULL,NULL),('COW-202101037','','430',NULL,NULL,'BAT-202101004',53,1,NULL,6,'2020-04-30',288.00,0.00,120.00,'2',2,14000000,0,48611.11,1,'',2118,NULL,NULL,NULL,1,NULL,'','2021-01-15 09:11:39','USR-202008000','2021-03-05 11:20:42','USR-202008000',NULL,NULL),('COW-202101038','','431',NULL,NULL,'BAT-202101004',25,1,NULL,95,'2020-04-30',266.00,0.00,122.00,'',2,13800000,0,51879.7,1,'',2473,NULL,NULL,NULL,1,NULL,'MUT-2021040238','2021-01-15 09:13:53','USR-202008000','2021-04-16 07:56:22','USR-202008000',NULL,NULL),('COW-202101039','','432',NULL,NULL,'BAT-202101004',25,1,NULL,6,'2020-04-30',282.00,0.00,114.00,'',2,12300000,0,43617.02,1,'',1454,NULL,NULL,NULL,1,NULL,'','2021-01-15 09:14:40','USR-202008000','2021-02-05 17:12:31','USR-202008000',NULL,NULL),('COW-202101040','','434',NULL,NULL,'BAT-202101004',51,1,NULL,96,'2020-04-30',232.00,0.00,110.00,'',2,11750000,0,50646.55,1,'',2443,NULL,NULL,NULL,1,NULL,'MUT-2021040215','2021-01-15 14:15:44','USR-202008000','2021-04-14 07:56:29','USR-202008000',NULL,NULL),('COW-202101041','','435',NULL,NULL,'BAT-202101004',25,1,NULL,112,'2020-04-30',218.00,0.00,115.00,'',2,12750000,0,58486.24,1,'',2258,NULL,NULL,NULL,1,NULL,'','2021-01-15 14:17:39','USR-202008000','2021-03-12 09:15:26','USR-202008000',NULL,NULL),('COW-202101042','','436',NULL,NULL,'BAT-202101004',43,1,NULL,115,'2020-04-30',213.00,0.00,114.00,'2',2,13000000,0,61032.86,1,'',2271,NULL,NULL,NULL,1,NULL,'','2021-01-15 14:21:17','USR-202008000','2021-03-12 09:57:36','USR-202008000',NULL,NULL),('COW-202101043','','438',NULL,NULL,'BAT-202101004',43,1,NULL,116,'2020-04-30',265.00,0.00,122.00,'2',2,17000000,0,64150.94,1,'',2259,NULL,NULL,NULL,1,NULL,'','2021-01-15 14:22:17','USR-202008000','2021-03-12 09:16:05','USR-202008000',NULL,NULL),('COW-202101044','','439',NULL,NULL,'BAT-202101004',42,1,NULL,113,'2020-04-30',395.00,0.00,130.00,'2',2,18000000,0,45569.62,1,'',2199,NULL,NULL,NULL,1,NULL,'','2021-01-15 14:22:56','USR-202008000','2021-03-11 08:23:27','USR-202008000',NULL,NULL),('COW-202101045','','440',NULL,NULL,'BAT-202101005',42,1,NULL,110,'2020-05-01',169.00,0.00,103.00,'2',2,12200000,0,72189.35,1,'',2222,NULL,NULL,NULL,1,NULL,'MUT-2021030324','2021-01-15 14:38:20','USR-202008000','2021-03-11 08:52:38','USR-202008000',NULL,NULL),('COW-202101046','','441',NULL,NULL,'BAT-202101005',59,1,NULL,96,'2020-05-01',137.00,0.00,100.00,'',2,11000000,0,80291.97,1,'',2456,NULL,NULL,NULL,1,NULL,'MUT-2021030481','2021-01-15 14:39:22','USR-202008000','2021-04-14 08:06:45','USR-202008000',NULL,NULL),('COW-202101047','','442',NULL,NULL,'BAT-202101005',47,1,NULL,109,'2020-05-01',106.00,0.00,98.00,'',2,8600000,0,81132.08,1,'',2238,NULL,NULL,NULL,1,NULL,'','2021-01-15 14:40:05','USR-202008000','2021-03-12 08:13:17','USR-202008000',NULL,NULL),('COW-202101048','','444',NULL,NULL,'BAT-202101006',51,1,NULL,109,'2020-05-03',167.00,0.00,111.00,'',2,11300000,0,67664.67,1,'',2215,NULL,NULL,NULL,1,NULL,'','2021-01-15 14:42:32','USR-202008000','2021-03-11 08:35:34','USR-202008000',NULL,NULL),('COW-202101049','','445',NULL,NULL,'BAT-202101006',43,1,NULL,115,'2020-05-03',158.00,0.00,111.00,'2',2,11200000,0,70886.08,1,'',2287,NULL,NULL,NULL,1,NULL,'','2021-01-15 14:43:20','USR-202008000','2021-03-12 10:42:58','USR-202008000',NULL,NULL),('COW-202101050','','446',NULL,NULL,'BAT-202101006',43,1,NULL,92,'2020-05-03',135.00,0.00,104.00,'2',2,12000000,0,88888.89,1,'',2467,NULL,NULL,NULL,1,NULL,'MUT-2021040004','2021-01-15 14:45:37','USR-202008000','2021-04-16 07:51:12','USR-202008000',NULL,NULL),('COW-202101051','','447',NULL,NULL,'BAT-202101006',50,1,NULL,108,'2020-05-03',176.00,0.00,112.00,'',2,11350000,0,64488.64,1,'',2145,NULL,NULL,NULL,1,NULL,'MUT-2021030312','2021-01-15 14:46:30','USR-202008000','2021-03-10 15:13:32','USR-202008000',NULL,NULL),('COW-202101052','','448',NULL,NULL,'BAT-202101006',50,1,NULL,82,'2020-05-03',192.00,0.00,110.00,'2',2,11750000,0,61197.92,1,'',2119,NULL,NULL,NULL,1,NULL,'MUT-2021030875','2021-01-15 14:48:05','USR-202008000','2021-03-05 11:21:20','USR-202008000',NULL,NULL),('COW-202101053','','450',NULL,NULL,'BAT-202101006',51,1,NULL,91,'2020-05-03',173.00,0.00,113.00,'',2,10500000,0,60693.64,1,'',2514,NULL,NULL,NULL,1,NULL,'MUT-2021040257','2021-01-15 14:48:59','USR-202008000','2021-04-20 10:18:32','USR-202008000',NULL,NULL),('COW-202101054','','451',NULL,NULL,'BAT-202101006',51,1,NULL,116,'2020-05-03',200.00,0.00,111.00,'2',2,11800000,0,59000,1,'',2284,NULL,NULL,NULL,1,NULL,'MUT-2021030408','2021-01-15 14:49:47','USR-202008000','2021-03-12 10:28:19','USR-202008000',NULL,NULL),('COW-202101055','','452',NULL,NULL,'BAT-202101006',50,1,NULL,115,'2020-05-03',185.00,0.00,114.00,'2',2,10200000,0,55135.14,1,'',2263,NULL,NULL,NULL,1,NULL,'','2021-01-15 14:50:45','USR-202008000','2021-03-12 09:36:01','USR-202008000',NULL,NULL),('COW-202101056','','453',NULL,NULL,'BAT-202101006',25,1,NULL,114,'2020-05-03',253.00,0.00,117.00,'',2,12800000,0,50592.89,1,'',2209,NULL,NULL,NULL,1,NULL,'MUT-2021030403','2021-01-15 14:53:13','USR-202008000','2021-03-11 08:30:27','USR-202008000',NULL,NULL),('COW-202101057','','454',NULL,NULL,'BAT-202101006',25,1,NULL,116,'2020-05-03',313.00,0.00,123.00,'',2,15000000,0,47923.32,1,'',2251,NULL,NULL,NULL,1,NULL,'','2021-01-15 14:54:00','USR-202008000','2021-03-12 09:01:20','USR-202008000',NULL,NULL),('COW-202101058','','456',NULL,NULL,'BAT-202101007',43,1,NULL,6,'2020-05-04',173.00,0.00,103.00,'2',2,9750000,0,56358.38,1,'',1930,NULL,NULL,NULL,1,NULL,'','2021-01-15 15:00:31','USR-202008000','2021-02-19 16:15:48','USR-202008000',NULL,NULL),('COW-202101059','','457',NULL,NULL,'BAT-202101007',50,1,NULL,6,'2020-05-04',107.00,0.00,94.00,'2',2,8500000,0,79439.25,1,'',206,NULL,NULL,NULL,1,NULL,'','2021-01-15 15:02:04','USR-202008000',NULL,NULL,NULL,NULL),('COW-202101060','','458',NULL,NULL,'BAT-202101007',39,1,NULL,6,'2020-05-04',147.00,0.00,98.00,'',2,10250000,0,69727.89,1,'',2058,NULL,NULL,NULL,1,NULL,'','2021-01-15 15:03:06','USR-202008000','2021-03-05 09:09:58','USR-202008000',NULL,NULL),('COW-202101061','','459',NULL,NULL,'BAT-202101007',50,1,NULL,6,'2020-05-04',253.00,0.00,115.00,'',2,11800000,0,46640.32,1,'',2023,NULL,NULL,NULL,1,NULL,'','2021-01-15 15:04:05','USR-202008000','2021-03-05 08:06:29','USR-202008000',NULL,NULL),('COW-202101062','','460',NULL,NULL,'BAT-202101007',54,1,NULL,83,'2020-05-04',235.00,0.00,117.00,'',2,11750000,0,50000,1,'',1971,NULL,NULL,NULL,1,NULL,'MUT-2021030433','2021-01-15 15:05:01','USR-202008000','2021-03-04 14:18:29','USR-202008000',NULL,NULL),('COW-202101063','','461',NULL,NULL,'BAT-202101007',51,1,NULL,109,'2020-05-04',154.00,0.00,107.00,'',2,9500000,0,61688.31,1,'',2166,NULL,NULL,NULL,1,NULL,'MUT-2021030319','2021-01-15 15:05:49','USR-202008000','2021-03-10 16:22:10','USR-202008000',NULL,NULL),('COW-202101064','','462',NULL,NULL,'BAT-202101007',54,1,NULL,83,'2020-05-04',186.00,0.00,118.00,'2',2,11500000,0,61827.96,1,'',2101,NULL,NULL,NULL,1,NULL,'MUT-2021030434','2021-01-15 15:06:41','USR-202008000','2021-03-05 10:01:33','USR-202008000',NULL,NULL),('COW-202101065','','463',NULL,NULL,'BAT-202101007',50,1,NULL,106,'2020-05-04',179.00,0.00,114.00,'',2,10500000,0,58659.22,1,'',2187,NULL,NULL,NULL,1,NULL,'','2021-01-15 15:11:33','USR-202008000','2021-03-10 16:41:28','USR-202008000',NULL,NULL),('COW-202101066','','464',NULL,NULL,'BAT-202101007',54,1,NULL,95,'2020-05-04',200.00,0.00,114.00,'2',2,11750000,0,58750,1,'',2474,NULL,NULL,NULL,1,NULL,'MUT-2021040239','2021-01-15 15:12:11','USR-202008000','2021-04-16 07:57:14','USR-202008000',NULL,NULL),('COW-202101067','','465',NULL,NULL,'BAT-202101007',50,1,NULL,6,'2020-05-04',97.00,0.00,91.00,'',2,7800000,0,80412.37,1,'',214,NULL,NULL,NULL,1,NULL,'','2021-01-15 15:13:31','USR-202008000',NULL,NULL,NULL,NULL),('COW-202101068','','467',NULL,NULL,'BAT-202101007',51,1,NULL,116,'2020-05-04',199.00,0.00,108.00,'',2,11000000,0,55276.38,1,'',2138,NULL,NULL,NULL,1,NULL,'MUT-2021030311','2021-01-15 15:14:32','USR-202008000','2021-03-10 14:56:37','USR-202008000',NULL,NULL),('COW-202101069','','468',NULL,NULL,'BAT-202101007',43,1,NULL,117,'2020-05-04',151.00,0.00,106.00,'2',2,11400000,0,75496.69,1,'',2274,NULL,NULL,NULL,1,NULL,'','2021-01-15 15:15:25','USR-202008000','2021-03-12 10:05:32','USR-202008000',NULL,NULL),('COW-202101070','','469',NULL,NULL,'BAT-202101007',51,1,NULL,6,'2020-05-04',99.00,0.00,97.00,'',2,8350000,0,84343.43,1,'',217,NULL,NULL,NULL,1,NULL,'','2021-01-15 15:16:04','USR-202008000',NULL,NULL,NULL,NULL),('COW-202101071','','470',NULL,NULL,'BAT-202101007',43,1,NULL,118,'2020-05-04',131.00,0.00,100.00,'',2,10000000,0,76335.88,1,'',2329,NULL,NULL,NULL,1,NULL,'','2021-01-15 15:16:40','USR-202008000','2021-03-12 17:17:49','USR-202008000',NULL,NULL),('COW-202101072','','471',NULL,NULL,'BAT-202101008',50,1,NULL,116,'2020-05-06',213.00,0.00,114.00,'',2,11900000,0,55868.54,1,'',2264,NULL,NULL,NULL,1,NULL,'','2021-01-15 15:43:14','USR-202008000','2021-03-12 09:36:36','USR-202008000',NULL,NULL),('COW-202101073','','473',NULL,NULL,'BAT-202101008',54,1,NULL,78,'2020-05-06',209.00,0.00,113.00,'2',2,11500000,0,55023.92,1,'',2022,NULL,NULL,NULL,1,NULL,'','2021-01-15 15:44:47','USR-202008000','2021-03-05 08:06:06','USR-202008000',NULL,NULL),('COW-202101074','','474',NULL,NULL,'BAT-202101008',25,1,NULL,110,'2020-05-06',182.00,0.00,113.00,'',2,9800000,0,53846.15,1,'',2232,NULL,NULL,NULL,1,NULL,'','2021-01-15 15:45:35','USR-202008000','2021-03-11 09:05:24','USR-202008000',NULL,NULL),('COW-202101075','','475',NULL,NULL,'BAT-202101008',51,1,NULL,91,'2020-05-06',209.00,0.00,116.00,'',2,11000000,0,52631.58,1,'',2516,NULL,NULL,NULL,1,NULL,'MUT-2021040259','2021-01-15 15:46:22','USR-202008000','2021-04-20 10:20:28','USR-202008000',NULL,NULL),('COW-202101076','','476',NULL,NULL,'BAT-202101008',51,1,NULL,109,'2020-05-06',212.00,0.00,111.00,'',2,10600000,0,50000,1,'',2207,NULL,NULL,NULL,1,NULL,'','2021-01-15 15:47:05','USR-202008000','2021-03-11 08:27:54','USR-202008000',NULL,NULL),('COW-202101077','','477',NULL,NULL,'BAT-202101008',50,1,NULL,95,'2020-05-06',194.00,0.00,111.00,'',2,11100000,0,57216.49,2,'',2563,NULL,NULL,NULL,1,NULL,'MUT-2021040245','2021-01-15 15:47:45','USR-202008000','2021-05-18 09:29:11','USR-202008000',NULL,NULL),('COW-202101078','','478',NULL,NULL,'BAT-202101008',51,1,NULL,96,'2020-05-06',208.00,0.00,114.00,'',2,11000000,0,52884.62,1,'',2445,NULL,NULL,NULL,1,NULL,'MUT-2021040217','2021-01-15 15:48:31','USR-202008000','2021-04-14 07:59:17','USR-202008000',NULL,NULL),('COW-202101079','','479',NULL,NULL,'BAT-202101008',50,1,NULL,83,'2020-05-06',209.00,0.00,116.00,'',2,11600000,0,55502.39,1,'',2082,NULL,NULL,NULL,1,NULL,'MUT-2021030435','2021-01-15 15:49:15','USR-202008000','2021-03-05 09:51:08','USR-202008000',NULL,NULL),('COW-202101080','','482',NULL,NULL,'BAT-202101008',50,1,NULL,78,'2020-05-06',180.00,0.00,112.00,'',2,9800000,0,54444.44,1,'',1902,NULL,NULL,NULL,1,NULL,'','2021-01-15 15:56:57','USR-202008000','2021-02-16 14:04:16','USR-202008000',NULL,NULL),('COW-202101081','','484',NULL,NULL,'BAT-202101009',43,1,NULL,115,'2020-05-07',167.00,0.00,107.00,'2',2,10400000,0,62275.45,1,'',2268,NULL,NULL,NULL,1,NULL,'','2021-01-18 13:16:38','USR-202008000','2021-03-12 09:46:48','USR-202008000',NULL,NULL),('COW-202101082','','485',NULL,NULL,'BAT-202101009',43,1,NULL,78,'2020-05-07',125.00,0.00,101.00,'2',2,10100000,0,80800,1,'',229,NULL,NULL,NULL,1,NULL,'','2021-01-18 13:17:19','USR-202008000',NULL,NULL,NULL,NULL),('COW-202101083','','486',NULL,NULL,'BAT-202101009',39,1,NULL,111,'2020-05-07',108.00,0.00,95.00,'',2,8100000,0,75000,1,'',230,NULL,NULL,NULL,1,NULL,'MUT-2021030342','2021-01-18 13:18:10','USR-202008000',NULL,NULL,NULL,NULL),('COW-202101084','','487',NULL,NULL,'BAT-202101009',39,1,NULL,87,'2020-05-07',318.00,0.00,122.00,'',2,13900000,0,43710.69,1,'',1970,NULL,NULL,NULL,1,NULL,'MUT-2021030463','2021-01-18 13:20:57','USR-202008000','2021-03-04 14:17:55','USR-202008000',NULL,NULL),('COW-202101085','','488',NULL,NULL,'BAT-202101009',53,1,NULL,116,'2020-05-07',198.00,0.00,115.00,'',2,11100000,0,56060.61,1,'',2260,NULL,NULL,NULL,1,NULL,'','2021-01-18 13:22:37','USR-202008000','2021-03-12 09:19:02','USR-202008000',NULL,NULL),('COW-202101086','','489',NULL,NULL,'BAT-202101009',39,1,NULL,78,'2020-05-07',247.00,0.00,113.00,'',2,12200000,0,49392.71,1,'',2027,NULL,NULL,NULL,1,NULL,'','2021-01-18 13:23:13','USR-202008000','2021-03-05 08:14:04','USR-202008000',NULL,NULL),('COW-202101087','','490',NULL,NULL,'BAT-202101009',47,1,NULL,115,'2020-05-07',163.00,0.00,110.00,'',2,9750000,0,59815.95,1,'',2295,NULL,NULL,NULL,1,NULL,'','2021-01-18 13:24:05','USR-202008000','2021-03-12 16:22:59','USR-202008000',NULL,NULL),('COW-202101088','','491',NULL,NULL,'BAT-202101009',39,1,NULL,78,'2020-05-07',226.00,0.00,114.00,'',2,11200000,0,49557.52,1,'',2030,NULL,NULL,NULL,1,NULL,'','2021-01-18 13:25:35','USR-202008000','2021-03-05 08:17:12','USR-202008000',NULL,NULL),('COW-202101089','','493',NULL,NULL,'BAT-202101009',39,1,NULL,83,'2020-05-07',243.00,0.00,118.00,'',2,11850000,0,48765.43,1,'',2075,NULL,NULL,NULL,1,NULL,'MUT-2021030436','2021-01-18 13:28:48','USR-202008000','2021-03-05 09:35:10','USR-202008000',NULL,NULL),('COW-202101090','','494',NULL,NULL,'BAT-202101009',50,1,NULL,78,'2020-05-07',240.00,0.00,115.00,'',2,11200000,0,46666.67,1,'',2019,NULL,NULL,NULL,1,NULL,'','2021-01-18 13:29:29','USR-202008000','2021-03-04 15:48:13','USR-202008000',NULL,NULL),('COW-202101091','','496',NULL,NULL,'BAT-202101009',43,1,NULL,111,'2020-05-07',110.00,0.00,99.00,'',2,9500000,0,86363.64,1,'',2245,NULL,NULL,NULL,1,NULL,'MUT-2021030392','2021-01-18 13:34:32','USR-202008000','2021-03-12 08:36:02','USR-202008000',NULL,NULL),('COW-202101092','','497',NULL,NULL,'BAT-202101009',43,1,NULL,113,'2020-05-07',111.00,0.00,99.00,'2',2,9500000,0,85585.59,1,'',2239,NULL,NULL,NULL,1,NULL,'','2021-01-18 13:35:23','USR-202008000','2021-03-12 08:14:56','USR-202008000',NULL,NULL),('COW-202101093','','55',NULL,NULL,'1',24,1,NULL,104,'2020-02-20',179.00,0.00,0.00,'',1,9397500,0,52500,1,'',2160,NULL,NULL,NULL,1,NULL,'','2021-01-18 13:44:45','USR-202008000','2021-03-10 15:57:23','USR-202008000',NULL,NULL),('COW-202101094','','59',NULL,NULL,'1',24,1,NULL,104,'2020-02-20',145.00,0.00,0.00,'',1,7612500,0,52500,1,'',2155,NULL,NULL,NULL,1,NULL,'MUT-2021030280','2021-01-18 13:45:43','USR-202008000','2021-03-10 15:43:25','USR-202008000',NULL,NULL),('COW-202101095','','57',NULL,NULL,'1',24,1,NULL,104,'2020-02-20',140.00,0.00,0.00,'',1,7350000,0,52500,1,'',2195,NULL,NULL,NULL,1,NULL,'MUT-2021030279','2021-01-18 13:46:37','USR-202008000','2021-03-10 16:54:25','USR-202008000',NULL,NULL),('COW-202101096','','500',NULL,NULL,'BAT-202101010',25,1,NULL,92,'2020-05-10',239.00,0.00,115.00,'',2,11500000,0,48117.15,1,'',2463,NULL,NULL,NULL,1,NULL,'MUT-2021040228','2021-01-18 14:13:30','USR-202008000','2021-04-14 08:14:06','USR-202008000',NULL,NULL),('COW-202101097','','502',NULL,NULL,'BAT-202101010',53,1,NULL,112,'2020-05-10',337.00,0.00,123.00,'',2,16750000,0,49703.26,1,'',2212,NULL,NULL,NULL,1,NULL,'MUT-2021030407','2021-01-18 14:14:10','USR-202008000','2021-03-11 08:32:57','USR-202008000',NULL,NULL),('COW-202101098','','505',NULL,NULL,'BAT-202101010',43,1,NULL,84,'2020-05-10',212.00,0.00,114.00,'2',2,11900000,0,56132.08,1,'',2533,NULL,NULL,NULL,1,NULL,'MUT-2021030441','2021-01-18 14:14:58','USR-202008000','2021-04-20 10:49:15','USR-202008000',NULL,NULL),('COW-202101099','','506',NULL,NULL,'BAT-202101010',51,1,NULL,78,'2020-05-10',199.00,0.00,113.00,'',2,11000000,0,55276.38,1,'',246,NULL,NULL,NULL,1,NULL,'','2021-01-18 14:16:30','USR-202008000',NULL,NULL,NULL,NULL),('COW-202101100','','507',NULL,NULL,'BAT-202101010',51,1,NULL,115,'2020-05-10',157.00,0.00,110.00,'',2,10150000,0,64649.68,1,'',2394,NULL,NULL,NULL,1,NULL,'','2021-01-18 14:17:14','USR-202008000','2021-03-23 11:49:19','USR-202008000',NULL,NULL),('COW-202101101','','508',NULL,NULL,'BAT-202101010',51,1,NULL,78,'2020-05-10',246.00,0.00,123.00,'',2,12000000,0,48780.49,1,'',2021,NULL,NULL,NULL,1,NULL,'','2021-01-18 14:19:20','USR-202008000','2021-03-05 08:05:42','USR-202008000',NULL,NULL),('COW-202101102','','509',NULL,NULL,'BAT-202101010',54,1,NULL,95,'2020-05-10',216.00,0.00,122.00,'',2,11500000,0,53240.74,1,'',2483,NULL,NULL,NULL,1,NULL,'MUT-2021040247','2021-01-18 14:20:19','USR-202008000','2021-04-16 09:37:41','USR-202008000',NULL,NULL),('COW-202101103','','511',NULL,NULL,'BAT-202101011',25,1,NULL,78,'2020-05-13',144.00,0.00,100.00,'',2,9200000,0,63888.89,1,'Pegon Hitam',250,NULL,NULL,NULL,1,NULL,'','2021-01-19 08:20:22','USR-202008000',NULL,NULL,NULL,NULL),('COW-202101104','','512',NULL,NULL,'BAT-202101011',51,1,NULL,108,'2020-05-13',116.00,0.00,101.00,'2',2,9100000,0,78448.28,1,'',2144,NULL,NULL,NULL,1,NULL,'MUT-2021030316','2021-01-19 08:21:14','USR-202008000','2021-03-10 15:12:28','USR-202008000',NULL,NULL),('COW-202101105','','513',NULL,NULL,'BAT-202101011',51,1,NULL,78,'2020-05-13',125.00,0.00,101.00,'',2,9200000,0,73600,1,'',252,NULL,NULL,NULL,1,NULL,'','2021-01-19 08:22:59','USR-202008000',NULL,NULL,NULL,NULL),('COW-202101106','','514',NULL,NULL,'BAT-202101011',25,1,NULL,110,'2020-05-13',122.00,0.00,95.00,'',2,10800000,0,88524.59,1,'Pegon Hitam',2219,NULL,NULL,NULL,1,NULL,'','2021-01-19 08:24:33','USR-202008000','2021-03-11 08:37:22','USR-202008000',NULL,NULL),('COW-202101107','','515',NULL,NULL,'BAT-202101011',42,1,NULL,78,'2020-05-13',161.00,0.00,105.00,'',2,9550000,0,59316.77,1,'',254,NULL,NULL,NULL,1,NULL,'','2021-01-19 08:28:36','USR-202008000',NULL,NULL,NULL,NULL),('COW-202101108','','516',NULL,NULL,'BAT-202101011',43,1,NULL,91,'2020-05-13',146.00,0.00,102.00,'2',2,10550000,0,72260.27,1,'',2522,NULL,NULL,NULL,1,NULL,'MUT-2021040014','2021-01-19 08:30:39','USR-202008000','2021-04-20 10:29:49','USR-202008000',NULL,NULL),('COW-202101109','','517',NULL,NULL,'BAT-202101011',25,1,NULL,110,'2020-05-13',136.00,0.00,98.00,'',2,9550000,0,70220.59,1,'',2148,NULL,NULL,NULL,1,NULL,'MUT-2021030328','2021-01-19 08:32:30','USR-202008000','2021-03-10 15:15:05','USR-202008000',NULL,NULL),('COW-202101110','','518',NULL,NULL,'BAT-202101011',43,1,NULL,112,'2020-05-13',206.00,0.00,112.00,'2',2,11350000,0,55097.09,1,'',2265,NULL,NULL,NULL,1,NULL,'','2021-01-19 08:34:26','USR-202008000','2021-03-12 09:40:58','USR-202008000',NULL,NULL),('COW-202101111','','519',NULL,NULL,'BAT-202101011',51,1,NULL,112,'2020-05-13',194.00,0.00,112.00,'',2,11350000,0,58505.15,1,'',2275,NULL,NULL,NULL,1,NULL,'','2021-01-19 08:36:37','USR-202008000','2021-03-12 10:06:24','USR-202008000',NULL,NULL),('COW-202101112','','520',NULL,NULL,'BAT-202101011',25,1,NULL,96,'2020-05-13',207.00,0.00,112.00,'',2,11350000,0,54830.92,1,'Pegon Hitam',2452,NULL,NULL,NULL,1,NULL,'MUT-2021040222','2021-01-19 08:37:59','USR-202008000','2021-04-14 08:03:49','USR-202008000',NULL,NULL),('COW-202101113','','521',NULL,NULL,'BAT-202101011',25,1,NULL,84,'2020-05-13',226.00,0.00,115.00,'',2,11250000,0,49778.76,1,'',2460,NULL,NULL,NULL,1,NULL,'MUT-2021040266','2021-01-19 08:40:48','USR-202008000','2021-04-14 08:11:36','USR-202008000',NULL,NULL),('COW-202101114','','522',NULL,NULL,'BAT-202101011',25,1,NULL,96,'2020-05-13',182.00,0.00,112.00,'',2,10600000,0,58241.76,1,'Pegon Hitam',2454,NULL,NULL,NULL,1,NULL,'MUT-2021040224','2021-01-19 08:42:32','USR-202008000','2021-04-14 08:05:27','USR-202008000',NULL,NULL),('COW-202101115','','524',NULL,NULL,'BAT-202101011',25,1,NULL,108,'2020-05-13',141.00,0.00,106.00,'',2,9250000,0,65602.84,1,'Pegon Hitam',2171,NULL,NULL,NULL,1,NULL,'MUT-2021030315','2021-01-19 08:43:46','USR-202008000','2021-03-10 16:24:15','USR-202008000',NULL,NULL),('COW-202101116','','525',NULL,NULL,'BAT-202101012',43,1,NULL,91,'2020-05-15',205.00,0.00,117.00,'2',2,12600000,0,61463.41,1,'',2520,NULL,NULL,NULL,1,NULL,'MUT-2021040263','2021-01-19 08:49:33','USR-202008000','2021-04-20 10:28:37','USR-202008000',NULL,NULL),('COW-202101117','','526',NULL,NULL,'BAT-202101012',25,1,NULL,110,'2020-05-15',219.00,0.00,117.00,'',2,11400000,0,52054.79,1,'',2336,NULL,NULL,NULL,1,NULL,'MUT-2021030325','2021-01-19 08:50:25','USR-202008000','2021-03-13 10:04:15','USR-202008000',NULL,NULL),('COW-202101118','','527',NULL,NULL,'BAT-202101012',43,1,NULL,84,'2020-05-15',225.00,0.00,114.00,'2',2,12350000,0,54888.89,1,'',2542,NULL,NULL,NULL,1,NULL,'MUT-2021030442','2021-01-19 08:52:12','USR-202008000','2021-04-20 11:14:41','USR-202008000',NULL,NULL),('COW-202101119','','528',NULL,NULL,'BAT-202101012',52,1,NULL,95,'2020-05-15',251.00,0.00,116.00,'',2,12350000,0,49203.19,1,'',2476,NULL,NULL,NULL,1,NULL,'MUT-2021040241','2021-01-19 08:52:58','USR-202008000','2021-04-16 07:59:22','USR-202008000',NULL,NULL),('COW-202101120','','529',NULL,NULL,'BAT-202101012',25,1,NULL,84,'2020-05-15',184.00,0.00,111.00,'',2,11000000,0,59782.61,1,'Pegon Hitam',2540,NULL,NULL,NULL,1,NULL,'MUT-2021030443','2021-01-19 08:54:01','USR-202008000','2021-04-20 10:58:36','USR-202008000',NULL,NULL),('COW-202101121','','530',NULL,NULL,'BAT-202101012',52,1,NULL,110,'2020-05-15',235.00,0.00,115.00,'',2,11800000,0,50212.77,1,'',2210,NULL,NULL,NULL,1,NULL,'','2021-01-19 08:54:50','USR-202008000','2021-03-11 08:31:37','USR-202008000',NULL,NULL),('COW-202101122','','532',NULL,NULL,'BAT-202101012',43,1,NULL,112,'2020-05-15',199.00,0.00,114.00,'2',2,11300000,0,56783.92,1,'',2280,NULL,NULL,NULL,1,NULL,'','2021-01-19 08:55:37','USR-202008000','2021-03-12 10:17:45','USR-202008000',NULL,NULL),('COW-202101123','','533',NULL,NULL,'BAT-202101012',43,1,NULL,115,'2020-05-15',189.00,0.00,106.00,'2',2,10750000,0,56878.31,1,'',2395,NULL,NULL,NULL,1,NULL,'MUT-2021030406','2021-01-19 08:56:29','USR-202008000','2021-03-24 08:22:24','USR-202008000',NULL,NULL),('COW-202101124','','534',NULL,NULL,'BAT-202101012',42,1,NULL,92,'2020-05-15',325.00,0.00,127.00,'2',2,15700000,0,48307.69,1,'',2117,NULL,NULL,NULL,1,NULL,'MUT-2021040229','2021-01-19 08:57:08','USR-202008000','2021-03-05 11:19:46','USR-202008000',NULL,NULL),('COW-202101125','','545',NULL,NULL,'BAT-202101013',0,1,NULL,83,'2020-05-16',298.00,0.00,0.00,'',2,14250000,0,47818.79,1,'',2071,NULL,NULL,NULL,1,NULL,'MUT-2021030437','2021-01-19 09:00:38','USR-202008000','2021-03-05 09:32:52','USR-202008000',NULL,NULL),('COW-202101126','','546',NULL,NULL,'BAT-202101014',51,1,NULL,96,'2020-05-17',175.00,0.00,112.00,'',2,9800000,0,56000,1,'',2458,NULL,NULL,NULL,1,NULL,'MUT-2021030479','2021-01-19 09:03:37','USR-202008000','2021-04-14 08:07:38','USR-202008000',NULL,NULL),('COW-202101127','','547',NULL,NULL,'BAT-202101014',25,1,NULL,96,'2020-05-17',236.00,0.00,110.00,'',2,11150000,0,47245.76,1,'Pegon Hitam',2446,NULL,NULL,NULL,1,NULL,'MUT-2021040218','2021-01-19 09:05:19','USR-202008000','2021-04-14 08:00:02','USR-202008000',NULL,NULL),('COW-202101128','','548',NULL,NULL,'BAT-202101014',51,1,NULL,115,'2020-05-17',196.00,0.00,110.00,'',2,10500000,0,53571.43,1,'',2291,NULL,NULL,NULL,1,NULL,'','2021-01-19 09:06:12','USR-202008000','2021-03-12 16:18:37','USR-202008000',NULL,NULL),('COW-202101129','','550',NULL,NULL,'BAT-202101014',51,1,NULL,78,'2020-05-17',166.00,0.00,115.00,'',2,10600000,0,63855.42,1,'',276,NULL,NULL,NULL,1,NULL,'','2021-01-19 09:07:20','USR-202008000',NULL,NULL,NULL,NULL),('COW-202101130','','551',NULL,NULL,'BAT-202101014',51,1,NULL,115,'2020-05-17',153.00,0.00,106.00,'',2,10600000,0,69281.05,1,'',2289,NULL,NULL,NULL,1,NULL,'','2021-01-19 09:09:17','USR-202008000','2021-03-12 16:17:45','USR-202008000',NULL,NULL),('COW-202101131','','552',NULL,NULL,'BAT-202101014',51,1,NULL,78,'2020-05-17',144.00,0.00,102.00,'',2,9500000,0,65972.22,1,'',2053,NULL,NULL,NULL,1,NULL,'','2021-01-19 09:10:20','USR-202008000','2021-03-05 09:05:58','USR-202008000',NULL,NULL),('COW-202101132','','553',NULL,NULL,'BAT-202101014',51,1,NULL,112,'2020-05-17',128.00,0.00,103.00,'',2,8500000,0,66406.25,1,'',2267,NULL,NULL,NULL,1,NULL,'','2021-01-19 09:19:02','USR-202008000','2021-03-12 09:44:53','USR-202008000',NULL,NULL),('COW-202101133','','554',NULL,NULL,'BAT-202101014',25,1,NULL,113,'2020-05-17',190.00,0.00,105.00,'',2,9400000,0,49473.68,1,'Pegon Hitam',2231,NULL,NULL,NULL,1,NULL,'MUT-2021030394','2021-01-19 09:43:56','USR-202008000','2021-03-11 09:04:10','USR-202008000',NULL,NULL),('COW-202101134','','555',NULL,NULL,'BAT-202101014',25,1,NULL,116,'2020-05-17',175.00,0.00,102.00,'',2,10150000,0,58000,1,'Pegon Hitam',2157,NULL,NULL,NULL,1,NULL,'MUT-2021030409','2021-01-19 09:45:39','USR-202008000','2021-03-10 15:45:11','USR-202008000',NULL,NULL),('COW-202101135','','556',NULL,NULL,'BAT-202101014',51,1,NULL,92,'2020-05-17',119.00,0.00,102.00,'',2,7600000,0,63865.55,1,'',2464,NULL,NULL,NULL,1,NULL,'MUT-2021040230','2021-01-19 09:47:22','USR-202008000','2021-04-14 08:17:10','USR-202008000',NULL,NULL),('COW-202101136','','557',NULL,NULL,'BAT-202101014',25,1,NULL,78,'2020-05-17',177.00,0.00,103.00,'',2,10600000,0,59887.01,1,'Pegon Hitam',1900,NULL,NULL,NULL,1,NULL,'','2021-01-19 09:48:12','USR-202008000','2021-02-16 13:44:18','USR-202008000',NULL,NULL),('COW-202101137','','558',NULL,NULL,'BAT-202101014',51,1,NULL,78,'2020-05-17',198.00,0.00,110.00,'',2,10750000,0,54292.93,1,'',1932,NULL,NULL,NULL,1,NULL,'','2021-01-19 09:52:20','USR-202008000','2021-02-19 16:16:52','USR-202008000',NULL,NULL),('COW-202101138','','559',NULL,NULL,'BAT-202101014',43,1,NULL,91,'2020-05-17',198.00,0.00,117.00,'2',2,11400000,0,57575.76,1,'',2515,NULL,NULL,NULL,1,NULL,'MUT-2021040258','2021-01-19 09:58:51','USR-202008000','2021-04-20 10:19:42','USR-202008000',NULL,NULL),('COW-202101139','','560',NULL,NULL,'BAT-202101015',43,1,NULL,111,'2020-05-18',189.00,0.00,112.00,'2',2,11600000,0,61375.66,1,'',2221,NULL,NULL,NULL,1,NULL,'','2021-01-19 10:11:52','USR-202008000','2021-03-11 08:51:48','USR-202008000',NULL,NULL),('COW-202101140','','561',NULL,NULL,'BAT-202101015',54,1,NULL,111,'2020-05-18',207.00,0.00,115.00,'',2,11600000,0,56038.65,1,'',2230,NULL,NULL,NULL,1,NULL,'','2021-01-19 10:12:55','USR-202008000','2021-03-11 09:02:32','USR-202008000',NULL,NULL),('COW-202101141','','562',NULL,NULL,'BAT-202101015',54,1,NULL,78,'2020-05-18',180.00,0.00,112.00,'',2,11350000,0,63055.56,1,'',288,NULL,NULL,NULL,1,NULL,'','2021-01-19 10:18:03','USR-202008000',NULL,NULL,NULL,NULL),('COW-202101142','','563',NULL,NULL,'BAT-202101015',25,1,NULL,110,'2020-05-18',214.00,0.00,115.00,'',2,11750000,0,54906.54,1,'Pegon Hitam',2142,NULL,NULL,NULL,1,NULL,'MUT-2021030329','2021-01-19 10:24:58','USR-202008000','2021-03-10 15:07:02','USR-202008000',NULL,NULL),('COW-202101143','','564',NULL,NULL,'BAT-202101015',25,1,NULL,78,'2020-05-18',150.00,0.00,112.00,'',2,10000000,0,66666.67,1,'',290,NULL,NULL,NULL,1,NULL,'','2021-01-19 14:27:08','USR-202008000',NULL,NULL,NULL,NULL),('COW-202101144','','565',NULL,NULL,'BAT-202101015',43,1,NULL,111,'2020-05-18',177.00,0.00,113.00,'2',2,11600000,0,65536.72,1,'',2228,NULL,NULL,NULL,1,NULL,'','2021-01-19 14:27:57','USR-202008000','2021-03-11 09:00:37','USR-202008000',NULL,NULL),('COW-202101145','','566',NULL,NULL,'BAT-202101015',51,1,NULL,109,'2020-05-18',174.00,0.00,112.00,'',2,10150000,0,58333.33,1,'',2141,NULL,NULL,NULL,1,NULL,'MUT-2021030323','2021-01-19 14:28:57','USR-202008000','2021-03-10 14:58:35','USR-202008000',NULL,NULL),('COW-202101146','','567',NULL,NULL,'BAT-202101015',25,1,NULL,83,'2020-05-18',179.00,0.00,112.00,'2',2,10450000,0,58379.89,1,'Pegon Hitam',1973,NULL,NULL,NULL,1,NULL,'MUT-2021030429','2021-01-19 14:30:02','USR-202008000','2021-03-04 14:20:54','USR-202008000',NULL,NULL),('COW-202101147','','568',NULL,NULL,'BAT-202101015',51,1,NULL,111,'2020-05-18',195.00,0.00,115.00,'',2,10500000,0,53846.15,1,'',2224,NULL,NULL,NULL,1,NULL,'','2021-01-19 14:31:53','USR-202008000','2021-03-11 08:53:31','USR-202008000',NULL,NULL),('COW-202101148','','569',NULL,NULL,'BAT-202101015',51,1,NULL,110,'2020-05-18',168.00,0.00,112.00,'',2,10500000,0,62500,1,'',2277,NULL,NULL,NULL,1,NULL,'MUT-2021030330','2021-01-19 16:07:12','USR-202008000','2021-03-12 10:13:35','USR-202008000',NULL,NULL),('COW-202101149','','570',NULL,NULL,'BAT-202101015',25,1,NULL,78,'2020-05-18',198.00,0.00,116.00,'',2,10200000,0,51515.15,1,'Pegon Hitam',296,NULL,NULL,NULL,1,NULL,'','2021-01-19 16:08:06','USR-202008000',NULL,NULL,NULL,NULL),('COW-202101150','','572',NULL,NULL,'BAT-202101015',43,1,NULL,112,'2020-05-18',200.00,0.00,110.00,'2',2,11400000,0,57000,1,'',2261,NULL,NULL,NULL,1,NULL,'','2021-01-19 16:08:52','USR-202008000','2021-03-12 09:30:48','USR-202008000',NULL,NULL),('COW-202101151','','573',NULL,NULL,'BAT-202101016',25,1,NULL,78,'2020-05-20',239.00,0.00,111.00,'',2,11600000,0,48535.56,1,'Pegon Hitam',1906,NULL,NULL,NULL,1,NULL,'','2021-01-19 16:19:38','USR-202008000','2021-02-16 14:07:51','USR-202008000',NULL,NULL),('COW-202101152','','575',NULL,NULL,'BAT-202101016',54,1,NULL,117,'2020-05-20',191.00,0.00,111.00,'',2,10500000,0,54973.82,1,'',2302,NULL,NULL,NULL,1,NULL,'','2021-01-19 16:20:51','USR-202008000','2021-03-12 16:26:19','USR-202008000',NULL,NULL),('COW-202101153','','576',NULL,NULL,'BAT-202101016',51,1,NULL,96,'2020-05-20',201.00,0.00,115.00,'',2,10500000,0,52238.81,1,'',2453,NULL,NULL,NULL,1,NULL,'MUT-2021040223','2021-01-19 16:22:00','USR-202008000','2021-04-14 08:04:43','USR-202008000',NULL,NULL),('COW-202101154','','577',NULL,NULL,'BAT-202101016',25,1,NULL,83,'2020-05-20',198.00,0.00,115.00,'',2,10500000,0,53030.3,1,'Pegon Hitam',1974,NULL,NULL,NULL,1,NULL,'MUT-2021030430','2021-01-19 16:23:01','USR-202008000','2021-03-04 14:21:32','USR-202008000',NULL,NULL),('COW-202101155','','578',NULL,NULL,'BAT-202101016',51,1,NULL,96,'2020-05-20',144.00,0.00,108.00,'',2,9600000,0,66666.67,1,'',2447,NULL,NULL,NULL,1,NULL,'MUT-2021040219','2021-01-19 16:31:17','USR-202008000','2021-04-14 08:00:50','USR-202008000',NULL,NULL),('COW-202101156','','579',NULL,NULL,'BAT-202101016',51,1,NULL,111,'2020-05-20',154.00,0.00,108.00,'',2,8700000,0,56493.51,1,'',2218,NULL,NULL,NULL,1,NULL,'','2021-01-19 16:32:05','USR-202008000','2021-03-11 08:36:54','USR-202008000',NULL,NULL),('COW-202101157','','580',NULL,NULL,'BAT-202101016',51,1,NULL,109,'2020-05-20',174.00,0.00,111.00,'',2,9750000,0,56034.48,1,'',2216,NULL,NULL,NULL,1,NULL,'','2021-01-19 16:32:44','USR-202008000','2021-03-11 08:36:06','USR-202008000',NULL,NULL),('COW-202101158','','581',NULL,NULL,'BAT-202101016',54,1,NULL,83,'2020-05-20',157.00,0.00,109.00,'',2,9550000,0,60828.03,1,'',1977,NULL,NULL,NULL,1,NULL,'MUT-2021030431','2021-01-19 16:33:53','USR-202008000','2021-03-04 14:25:44','USR-202008000',NULL,NULL),('COW-202101159','','582',NULL,NULL,'BAT-202101016',51,1,NULL,78,'2020-05-20',156.00,0.00,110.00,'',2,9400000,0,60256.41,1,'',306,NULL,NULL,NULL,1,NULL,'','2021-01-19 16:35:29','USR-202008000',NULL,NULL,NULL,NULL),('COW-202101160','','583',NULL,NULL,'BAT-202101016',51,1,NULL,95,'2020-05-20',201.00,0.00,115.00,'',2,10600000,0,52736.32,1,'',2472,NULL,NULL,NULL,1,NULL,'MUT-2021040237','2021-01-19 16:36:18','USR-202008000','2021-04-16 07:55:15','USR-202008000',NULL,NULL),('COW-202101161','','584',NULL,NULL,'BAT-202101016',51,1,NULL,116,'2020-05-20',183.00,0.00,113.00,'',2,10750000,0,58743.17,1,'',2282,NULL,NULL,NULL,1,NULL,'MUT-2021030410','2021-01-19 16:36:53','USR-202008000','2021-03-12 10:23:31','USR-202008000',NULL,NULL),('COW-202101162','','585',NULL,NULL,'BAT-202101017',24,1,NULL,105,'2020-05-20',128.00,0.00,101.00,'',1,6400000,0,50000,1,'',2194,NULL,NULL,NULL,1,NULL,'','2021-01-20 15:35:46','USR-202008000','2021-03-10 16:53:29','USR-202008000',NULL,NULL),('COW-202101163','','586',NULL,NULL,'BAT-202101017',24,1,NULL,104,'2020-05-20',132.00,0.00,95.00,'',1,6600000,0,50000,1,'',2193,NULL,NULL,NULL,1,NULL,'','2021-01-20 15:36:13','USR-202008000','2021-03-10 16:52:49','USR-202008000',NULL,NULL),('COW-202101164','','587',NULL,NULL,'BAT-202101017',24,1,NULL,87,'2020-05-20',125.00,0.00,100.00,'',1,6250000,0,50000,1,'',2106,NULL,NULL,NULL,1,NULL,'MUT-2021030459','2021-01-20 15:39:18','USR-202008000','2021-03-05 10:03:51','USR-202008000',NULL,NULL),('COW-202101165','','588',NULL,NULL,'BAT-202101017',24,1,NULL,78,'2020-05-20',124.00,0.00,98.00,'',1,6200000,0,50000,1,'',312,NULL,NULL,NULL,1,NULL,'','2021-01-20 15:39:49','USR-202008000',NULL,NULL,NULL,NULL),('COW-202101166','','589',NULL,NULL,'BAT-202101017',24,1,NULL,104,'2020-05-20',134.00,0.00,100.00,'',1,6700000,0,50000,1,'',2191,NULL,NULL,NULL,1,NULL,'MUT-2021030284','2021-01-20 15:40:18','USR-202008000','2021-03-10 16:51:42','USR-202008000',NULL,NULL),('COW-202101167','','590',NULL,NULL,'BAT-202101017',24,1,NULL,78,'2020-05-20',142.00,0.00,100.00,'',1,7100000,0,50000,1,'',314,NULL,NULL,NULL,1,NULL,'','2021-01-20 15:40:46','USR-202008000',NULL,NULL,NULL,NULL),('COW-202101168','','591',NULL,NULL,'BAT-202101017',24,1,NULL,107,'2020-05-20',144.00,0.00,101.00,'',1,7200000,0,50000,1,'',2247,NULL,NULL,NULL,1,NULL,'MUT-2021030308','2021-01-20 15:41:17','USR-202008000','2021-03-12 08:38:53','USR-202008000',NULL,NULL),('COW-202101169','','592',NULL,NULL,'BAT-202101017',24,1,NULL,78,'2020-05-20',145.00,0.00,104.00,'',1,7250000,0,50000,1,'',2067,NULL,NULL,NULL,1,NULL,'','2021-01-20 15:41:47','USR-202008000','2021-03-05 09:19:39','USR-202008000',NULL,NULL),('COW-202101170','','593',NULL,NULL,'BAT-202101017',24,1,NULL,86,'2020-05-20',132.00,0.00,100.00,'',1,6600000,0,50000,1,'',2069,NULL,NULL,NULL,1,NULL,'MUT-2021030453','2021-01-20 15:42:18','USR-202008000','2021-03-05 09:20:55','USR-202008000',NULL,NULL),('COW-202101171','','595',NULL,NULL,'BAT-202101017',24,1,NULL,107,'2020-05-20',154.00,0.00,105.00,'',1,7700000,0,50000,1,'',2246,NULL,NULL,NULL,1,NULL,'MUT-2021030307','2021-01-20 15:42:55','USR-202008000','2021-03-12 08:36:35','USR-202008000',NULL,NULL),('COW-202101172','','597',NULL,NULL,'BAT-202101017',24,1,NULL,106,'2020-05-20',143.00,0.00,104.00,'',1,7150000,0,50000,1,'',2198,NULL,NULL,NULL,1,NULL,'MUT-2021030297','2021-01-20 15:43:22','USR-202008000','2021-03-10 16:58:17','USR-202008000',NULL,NULL),('COW-202101173','','599',NULL,NULL,'BAT-202101017',24,1,NULL,78,'2020-05-20',133.00,0.00,98.00,'',1,6650000,0,50000,1,'',320,NULL,NULL,NULL,1,NULL,'','2021-01-20 15:43:58','USR-202008000',NULL,NULL,NULL,NULL),('COW-202101174','','600',NULL,NULL,'BAT-202101017',24,1,NULL,78,'2020-05-20',128.00,0.00,108.00,'',1,6400000,0,50000,1,'',2068,NULL,NULL,NULL,1,NULL,'','2021-01-20 15:44:24','USR-202008000','2021-03-05 09:20:19','USR-202008000',NULL,NULL),('COW-202101175','','602',NULL,NULL,'BAT-202101017',48,1,NULL,84,'2020-05-20',147.00,0.00,105.00,'',1,7350000,0,50000,1,'',2531,NULL,NULL,NULL,1,NULL,'MUT-2021030425','2021-01-20 15:44:55','USR-202008000','2021-04-20 10:35:27','USR-202008000',NULL,NULL),('COW-202101176','','603',NULL,NULL,'BAT-202101018',25,1,NULL,78,'2020-06-01',205.00,0.00,115.00,'',2,10600000,0,51707.32,1,'Pegon Hitam',2040,NULL,NULL,NULL,1,NULL,'','2021-01-20 15:57:05','USR-202008000','2021-03-05 08:45:07','USR-202008000',NULL,NULL),('COW-202101177','','604',NULL,NULL,'BAT-202101018',25,1,NULL,110,'2020-06-01',230.00,0.00,115.00,'',2,11700000,0,50869.57,1,'Pegon Hitam',2140,NULL,NULL,NULL,1,NULL,'MUT-2021030326','2021-01-20 16:10:26','USR-202008000','2021-03-10 14:58:09','USR-202008000',NULL,NULL),('COW-202101178','','605',NULL,NULL,'BAT-202101018',51,1,NULL,91,'2020-06-01',228.00,0.00,114.00,'',2,11000000,0,48245.61,1,'',2517,NULL,NULL,NULL,1,NULL,'MUT-2021040260','2021-01-20 16:11:00','USR-202008000','2021-04-20 10:21:13','USR-202008000',NULL,NULL),('COW-202101179','','606',NULL,NULL,'BAT-202101018',25,1,NULL,78,'2020-06-01',207.00,0.00,108.00,'',2,10750000,0,51932.37,1,'Pegon Hitam',1933,NULL,NULL,NULL,1,NULL,'','2021-01-20 16:12:17','USR-202008000','2021-02-19 16:17:17','USR-202008000',NULL,NULL),('COW-202101180','','607',NULL,NULL,'BAT-202101018',43,1,NULL,78,'2020-06-01',148.00,0.00,105.00,'2',2,10000000,0,67567.57,1,'',1901,NULL,NULL,NULL,1,NULL,'','2021-01-20 16:15:24','USR-202008000','2021-02-16 13:44:54','USR-202008000',NULL,NULL),('COW-202101181','','608',NULL,NULL,'BAT-202101018',42,1,NULL,111,'2020-06-01',213.00,0.00,116.00,'',2,11600000,0,54460.09,1,'',2233,NULL,NULL,NULL,1,NULL,'MUT-2021030343','2021-01-20 16:15:56','USR-202008000','2021-03-11 09:05:57','USR-202008000',NULL,NULL),('COW-202101182','','609',NULL,NULL,'BAT-202101018',51,1,NULL,78,'2020-06-01',173.00,0.00,113.00,'',2,10200000,0,58959.54,1,'',1934,NULL,NULL,NULL,1,NULL,'','2021-01-20 16:16:37','USR-202008000','2021-02-19 16:17:44','USR-202008000',NULL,NULL),('COW-202101183','','610',NULL,NULL,'BAT-202101018',43,1,NULL,108,'2020-06-01',173.00,0.00,112.00,'',2,11450000,0,66184.97,1,'',2184,NULL,NULL,NULL,1,NULL,'MUT-2021030309','2021-01-20 16:17:15','USR-202008000','2021-03-10 16:40:17','USR-202008000',NULL,NULL),('COW-202101184','','611',NULL,NULL,'BAT-202101018',51,1,NULL,78,'2020-06-01',109.00,0.00,109.00,'',2,9400000,0,86238.53,1,'',331,NULL,NULL,NULL,1,NULL,'','2021-01-20 16:17:46','USR-202008000',NULL,NULL,NULL,NULL),('COW-202101185','','612',NULL,NULL,'BAT-202101018',25,1,NULL,115,'2020-06-01',118.00,0.00,96.00,'',2,9150000,0,77542.37,1,'Pegon Hitam',2292,NULL,NULL,NULL,1,NULL,'','2021-01-20 16:18:29','USR-202008000','2021-03-12 16:20:30','USR-202008000',NULL,NULL),('COW-202101186','','613',NULL,NULL,'BAT-202101018',25,1,NULL,78,'2020-06-01',129.00,0.00,97.00,'',2,8900000,0,68992.25,1,'Pegon Hitam',1908,NULL,NULL,NULL,1,NULL,'','2021-01-20 16:19:20','USR-202008000','2021-02-16 14:09:49','USR-202008000',NULL,NULL),('COW-202101187','','614',NULL,NULL,'BAT-202101018',51,1,NULL,78,'2020-06-01',119.00,0.00,101.00,'',2,8150000,0,68487.39,1,'',334,NULL,NULL,NULL,1,NULL,'','2021-01-20 16:29:52','USR-202008000',NULL,NULL,NULL,NULL),('COW-202101188','','615',NULL,NULL,'BAT-202101018',51,1,NULL,116,'2020-06-01',139.00,0.00,108.00,'',2,9000000,0,64748.2,1,'',2147,NULL,NULL,NULL,1,NULL,'MUT-2021030411','2021-01-20 16:30:34','USR-202008000','2021-03-10 15:14:44','USR-202008000',NULL,NULL),('COW-202101189','','616',NULL,NULL,'BAT-202101018',25,1,NULL,78,'2020-06-01',178.00,0.00,117.00,'',2,11200000,0,62921.35,1,'Pegon Hitam',336,NULL,NULL,NULL,1,NULL,'','2021-01-20 16:38:09','USR-202008000',NULL,NULL,NULL,NULL),('COW-202101190','','617',NULL,NULL,'BAT-202101018',43,1,NULL,78,'2020-06-01',170.00,0.00,111.00,'',2,11700000,0,68823.53,1,'',337,NULL,NULL,NULL,1,NULL,'','2021-01-20 16:38:39','USR-202008000',NULL,NULL,NULL,NULL),('COW-202101191','','618',NULL,NULL,'BAT-202101019',51,1,NULL,111,'2020-06-03',175.00,0.00,111.00,'',2,11200000,0,64000,1,'',2236,NULL,NULL,NULL,1,NULL,'','2021-01-21 10:26:53','USR-202008000','2021-03-12 08:10:29','USR-202008000',NULL,NULL),('COW-202101192','','619',NULL,NULL,'BAT-202101019',51,1,NULL,111,'2020-06-03',157.00,0.00,104.00,'',2,10350000,0,65923.57,1,'',2234,NULL,NULL,NULL,1,NULL,'','2021-01-21 10:32:34','USR-202008000','2021-03-11 09:06:28','USR-202008000',NULL,NULL),('COW-202101193','','620',NULL,NULL,'BAT-202101019',51,1,NULL,96,'2020-06-03',160.00,0.00,108.00,'',2,10350000,0,64687.5,1,'',2450,NULL,NULL,NULL,1,NULL,'MUT-2021040221','2021-01-21 10:36:13','USR-202008000','2021-04-14 08:03:07','USR-202008000',NULL,NULL),('COW-202101194','','621',NULL,NULL,'BAT-202101019',54,1,NULL,92,'2020-06-03',162.00,0.00,102.00,'',2,9875000,0,60956.79,1,'',2468,NULL,NULL,NULL,1,NULL,'MUT-2021040005','2021-01-21 10:37:46','USR-202008000','2021-04-16 07:52:01','USR-202008000',NULL,NULL),('COW-202101195','','622',NULL,NULL,'BAT-202101019',51,1,NULL,78,'2020-06-03',155.00,0.00,107.00,'',2,9875000,0,63709.68,1,'',1935,NULL,NULL,NULL,1,NULL,'','2021-01-21 10:38:25','USR-202008000','2021-02-19 16:18:33','USR-202008000',NULL,NULL),('COW-202101196','','623',NULL,NULL,'BAT-202101019',51,1,NULL,78,'2020-06-03',176.00,0.00,109.00,'',2,11000000,0,62500,1,'',2031,NULL,NULL,NULL,1,NULL,'','2021-01-21 10:41:04','USR-202008000','2021-03-05 08:24:14','USR-202008000',NULL,NULL),('COW-202101197','','624',NULL,NULL,'BAT-202101019',54,1,NULL,119,'2020-06-03',183.00,0.00,112.00,'',2,11250000,0,61475.41,1,'',2343,NULL,NULL,NULL,1,NULL,'','2021-01-21 10:43:00','USR-202008000','2021-03-13 10:09:05','USR-202008000',NULL,NULL),('COW-202101198','','625',NULL,NULL,'BAT-202101019',51,1,NULL,84,'2020-06-03',201.00,0.00,112.00,'',2,11500000,0,57213.93,1,'Pegon LimPO Hitam',2539,NULL,NULL,NULL,1,NULL,'MUT-2021030445','2021-01-21 11:09:34','USR-202008000','2021-04-20 10:58:11','USR-202008000',NULL,NULL),('COW-202101199','','626',NULL,NULL,'BAT-202101019',51,1,NULL,78,'2020-06-03',160.00,0.00,110.00,'',2,10500000,0,65625,1,'',2065,NULL,NULL,NULL,1,NULL,'','2021-01-21 11:14:38','USR-202008000','2021-03-05 09:16:56','USR-202008000',NULL,NULL),('COW-202101200','','627',NULL,NULL,'BAT-202101019',51,1,NULL,78,'2020-06-03',133.00,0.00,106.00,'',2,9300000,0,69924.81,1,'',1928,NULL,NULL,NULL,1,NULL,'','2021-01-21 11:15:15','USR-202008000','2021-02-19 16:11:41','USR-202008000',NULL,NULL),('COW-202101201','','628',NULL,NULL,'BAT-202101019',51,1,NULL,109,'2020-06-03',170.00,0.00,111.00,'',2,10000000,0,58823.53,1,'',2143,NULL,NULL,NULL,1,NULL,'MUT-2021030320','2021-01-21 11:17:28','USR-202008000','2021-03-10 15:08:27','USR-202008000',NULL,NULL),('COW-202101202','','629',NULL,NULL,'BAT-202101019',25,1,NULL,78,'2020-06-03',192.00,0.00,115.00,'',2,10600000,0,55208.33,1,'Pegon Hitam',349,NULL,NULL,NULL,1,NULL,'','2021-01-21 11:18:08','USR-202008000',NULL,NULL,NULL,NULL),('COW-202101203','','631',NULL,NULL,'BAT-202101019',51,1,NULL,78,'2020-06-03',155.00,0.00,107.00,'',2,9850000,0,63548.39,1,'Pegon LimPO Dawuk',1936,NULL,NULL,NULL,1,NULL,'','2021-01-21 11:19:05','USR-202008000','2021-02-19 16:19:07','USR-202008000',NULL,NULL),('COW-202101204','','632',NULL,NULL,'BAT-202101020',51,1,NULL,78,'2020-06-04',184.00,0.00,110.00,'',2,10350000,0,56250,1,'',2038,NULL,NULL,NULL,1,NULL,'','2021-01-21 11:30:25','USR-202008000','2021-03-05 08:42:45','USR-202008000',NULL,NULL),('COW-202101205','','633',NULL,NULL,'BAT-202101020',51,1,NULL,78,'2020-06-04',208.00,0.00,115.00,'',2,13000000,0,62500,1,'',2028,NULL,NULL,NULL,1,NULL,'','2021-01-21 11:32:41','USR-202008000','2021-03-05 08:14:29','USR-202008000',NULL,NULL),('COW-202101206','','634',NULL,NULL,'BAT-202101020',47,1,NULL,119,'2020-06-04',242.00,0.00,120.00,'',2,13650000,0,56404.96,1,'',2314,NULL,NULL,NULL,1,NULL,'','2021-01-21 11:34:11','USR-202008000','2021-03-12 17:02:54','USR-202008000',NULL,NULL),('COW-202101207','','635',NULL,NULL,'BAT-202101020',51,1,NULL,78,'2020-06-04',194.00,0.00,109.00,'',2,10000000,0,51546.39,1,'',2035,NULL,NULL,NULL,1,NULL,'','2021-01-21 11:34:52','USR-202008000','2021-03-05 08:38:25','USR-202008000',NULL,NULL),('COW-202101208','','637',NULL,NULL,'BAT-202101020',51,1,NULL,95,'2020-06-04',170.00,0.00,109.00,'',2,9800000,0,57647.06,1,'',2487,NULL,NULL,NULL,1,NULL,'MUT-2021040251','2021-01-21 11:36:03','USR-202008000','2021-04-16 09:40:56','USR-202008000',NULL,NULL),('COW-202101209','','638',NULL,NULL,'BAT-202101020',51,1,NULL,108,'2020-06-04',165.00,0.00,109.00,'',2,10000000,0,60606.06,1,'Pegon Limpo Hitam',2159,NULL,NULL,NULL,1,NULL,'','2021-01-21 11:36:48','USR-202008000','2021-03-10 15:56:57','USR-202008000',NULL,NULL),('COW-202101210','','639',NULL,NULL,'BAT-202101020',54,1,NULL,95,'2020-06-04',225.00,0.00,115.00,'',2,13150000,0,58444.44,1,'',2485,NULL,NULL,NULL,1,NULL,'MUT-2021040249','2021-01-21 11:37:25','USR-202008000','2021-04-16 09:39:34','USR-202008000',NULL,NULL),('COW-202101211','','640',NULL,NULL,'BAT-202101020',51,1,NULL,95,'2020-06-04',209.00,0.00,118.00,'',2,11800000,0,56459.33,1,'',2486,NULL,NULL,NULL,1,NULL,'MUT-2021040250','2021-01-21 11:39:24','USR-202008000','2021-04-16 09:40:15','USR-202008000',NULL,NULL),('COW-202101212','','641',NULL,NULL,'BAT-202101020',51,1,NULL,119,'2020-06-04',214.00,0.00,120.00,'',2,12850000,0,60046.73,1,'',2335,NULL,NULL,NULL,1,NULL,'','2021-01-21 11:43:11','USR-202008000','2021-03-13 10:03:49','USR-202008000',NULL,NULL),('COW-202101213','','642',NULL,NULL,'BAT-202101020',25,1,NULL,119,'2020-06-04',211.00,0.00,114.00,'',2,12850000,0,60900.47,1,'Pegon Hitam',2337,NULL,NULL,NULL,1,NULL,'','2021-01-21 11:44:48','USR-202008000','2021-03-13 10:05:29','USR-202008000',NULL,NULL),('COW-202101214','','643',NULL,NULL,'BAT-202101020',25,1,NULL,84,'2020-06-04',212.00,0.00,113.00,'',2,11850000,0,55896.23,1,'Pegon Hitam',2541,NULL,NULL,NULL,1,NULL,'MUT-2021030447','2021-01-21 11:45:27','USR-202008000','2021-04-20 10:59:23','USR-202008000',NULL,NULL),('COW-202101215','','644',NULL,NULL,'BAT-202101020',25,1,NULL,78,'2020-06-04',172.00,0.00,108.00,'',2,9400000,0,54651.16,1,'Pegon Hitam',2057,NULL,NULL,NULL,1,NULL,'','2021-01-21 11:46:17','USR-202008000','2021-03-05 09:09:33','USR-202008000',NULL,NULL),('COW-202101216','','645',NULL,NULL,'BAT-202101021',54,1,NULL,114,'2020-06-09',149.00,0.00,109.00,'',2,9350000,0,62751.68,1,'',2290,NULL,NULL,NULL,1,NULL,'MUT-2021030404','2021-01-21 12:38:16','USR-202008000','2021-03-12 16:18:07','USR-202008000',NULL,NULL),('COW-202101217','','646',NULL,NULL,'BAT-202101021',51,1,NULL,78,'2020-06-09',156.00,0.00,108.00,'',2,9000000,0,57692.31,1,'',1891,NULL,NULL,NULL,1,NULL,'','2021-01-21 12:38:52','USR-202008000','2021-02-16 13:35:03','USR-202008000',NULL,NULL),('COW-202101218','','647',NULL,NULL,'BAT-202101021',51,1,NULL,110,'2020-06-09',173.00,0.00,105.00,'',2,10000000,0,57803.47,1,'',2167,NULL,NULL,NULL,1,NULL,'MUT-2021030331','2021-01-21 12:39:31','USR-202008000','2021-03-10 16:22:33','USR-202008000',NULL,NULL),('COW-202101219','','648',NULL,NULL,'BAT-202101021',51,1,NULL,104,'2020-06-09',135.00,0.00,99.00,'',2,9000000,0,66666.67,1,'',2244,NULL,NULL,NULL,1,NULL,'MUT-2021030395','2021-01-21 12:56:19','USR-202008000','2021-03-12 08:21:19','USR-202008000',NULL,NULL),('COW-202101220','','649',NULL,NULL,'BAT-202101021',25,1,NULL,85,'2020-06-09',210.00,0.00,111.00,'',2,10700000,0,50952.38,1,'',2006,NULL,NULL,NULL,1,NULL,'','2021-01-21 13:09:10','USR-202008000','2021-03-04 15:16:14','USR-202008000',NULL,NULL),('COW-202101221','','650',NULL,NULL,'BAT-202101021',25,1,NULL,119,'2020-06-09',222.00,0.00,116.00,'',2,11800000,0,53153.15,1,'Di Excel tulisannya ',2339,NULL,NULL,NULL,1,NULL,'','2021-01-21 13:09:53','USR-202008000','2021-03-13 10:06:17','USR-202008000',NULL,NULL),('COW-202101222','','651',NULL,NULL,'BAT-202101021',43,1,NULL,117,'2020-06-09',161.00,0.00,106.00,'',2,11300000,0,70186.34,1,'',2279,NULL,NULL,NULL,1,NULL,'','2021-01-21 13:11:36','USR-202008000','2021-03-12 10:16:39','USR-202008000',NULL,NULL),('COW-202101223','','652',NULL,NULL,'BAT-202101021',43,1,NULL,114,'2020-06-09',157.00,0.00,108.00,'',2,11700000,0,74522.29,1,'',2393,NULL,NULL,NULL,1,NULL,'','2021-01-21 13:12:40','USR-202008000','2021-03-23 11:37:42','USR-202008000',NULL,NULL),('COW-202101224','','653',NULL,NULL,'BAT-202101021',51,1,NULL,113,'2020-06-09',145.00,0.00,101.00,'',2,9700000,0,66896.55,1,'',2306,NULL,NULL,NULL,1,NULL,'MUT-2021030415','2021-01-21 13:13:22','USR-202008000','2021-03-12 16:28:44','USR-202008000',NULL,NULL),('COW-202101225','','654',NULL,NULL,'BAT-202101021',50,1,NULL,108,'2020-06-09',123.00,0.00,98.00,'',2,9250000,0,75203.25,1,'',2185,NULL,NULL,NULL,1,NULL,'MUT-2021030317','2021-01-21 13:14:52','USR-202008000','2021-03-10 16:40:40','USR-202008000',NULL,NULL),('COW-202101226','','655',NULL,NULL,'BAT-202101021',43,1,NULL,78,'2020-06-09',225.00,0.00,113.00,'',2,11650000,0,51777.78,1,'',2026,NULL,NULL,NULL,1,NULL,'','2021-01-21 13:15:41','USR-202008000','2021-03-05 08:12:47','USR-202008000',NULL,NULL),('COW-202101227','','656',NULL,NULL,'BAT-202101021',51,1,NULL,119,'2020-06-09',183.00,0.00,113.00,'',2,11400000,0,62295.08,1,'',2333,NULL,NULL,NULL,1,NULL,'','2021-01-21 13:16:25','USR-202008000','2021-03-13 10:02:10','USR-202008000',NULL,NULL),('COW-202101228','','657',NULL,NULL,'BAT-202101021',46,1,NULL,109,'2020-06-09',172.00,0.00,108.00,'',2,12000000,0,69767.44,1,'',2225,NULL,NULL,NULL,1,NULL,'','2021-01-21 13:17:01','USR-202008000','2021-03-11 08:56:03','USR-202008000',NULL,NULL),('COW-202101229','','658',NULL,NULL,'BAT-202101021',54,1,NULL,78,'2020-06-09',171.00,0.00,110.00,'',2,10400000,0,60818.71,1,'',1893,NULL,NULL,NULL,1,NULL,'','2021-01-21 13:17:39','USR-202008000','2021-02-16 13:36:00','USR-202008000',NULL,NULL),('COW-202101230','','659',NULL,NULL,'BAT-202101022',25,1,NULL,78,'2020-06-12',239.00,0.00,115.00,'',2,11650000,0,48744.77,1,'Pegon Hitam Petak',2037,NULL,NULL,NULL,1,NULL,'','2021-01-21 13:26:04','USR-202008000','2021-03-05 08:41:50','USR-202008000',NULL,NULL),('COW-202101231','','660',NULL,NULL,'BAT-202101022',54,1,NULL,78,'2020-06-12',169.00,0.00,112.00,'',2,11100000,0,65680.47,1,'',2064,NULL,NULL,NULL,1,NULL,'','2021-01-21 13:26:40','USR-202008000','2021-03-05 09:13:59','USR-202008000',NULL,NULL),('COW-202101232','','661',NULL,NULL,'BAT-202101022',51,1,NULL,119,'2020-06-12',203.00,0.00,115.00,'',2,11300000,0,55665.02,1,'',2323,NULL,NULL,NULL,1,NULL,'','2021-01-21 13:27:51','USR-202008000','2021-03-12 17:13:21','USR-202008000',NULL,NULL),('COW-202101233','','662',NULL,NULL,'BAT-202101022',25,1,NULL,110,'2020-06-12',208.00,0.00,119.00,'',2,11900000,0,57211.54,1,'Pegon Hitam',2322,NULL,NULL,NULL,1,NULL,'MUT-2021030327','2021-01-21 13:32:38','USR-202008000','2021-03-12 17:12:42','USR-202008000',NULL,NULL),('COW-202101234','','663',NULL,NULL,'BAT-202101022',51,1,NULL,117,'2020-06-12',193.00,0.00,107.00,'',2,10400000,0,53886.01,1,'',2296,NULL,NULL,NULL,1,NULL,'','2021-01-21 13:34:05','USR-202008000','2021-03-12 16:23:27','USR-202008000',NULL,NULL),('COW-202101235','','664',NULL,NULL,'BAT-202101022',51,1,NULL,113,'2020-06-12',208.00,0.00,113.00,'',2,11700000,0,56250,1,'Pegon Limpo Gelap',2229,NULL,NULL,NULL,1,NULL,'','2021-01-21 13:35:13','USR-202008000','2021-03-11 09:01:57','USR-202008000',NULL,NULL),('COW-202101236','','665',NULL,NULL,'BAT-202101022',25,1,NULL,119,'2020-06-12',213.00,0.00,112.00,'',2,11200000,0,52582.16,1,'Pegon Hitam',2318,NULL,NULL,NULL,1,NULL,'','2021-01-21 13:35:54','USR-202008000','2021-03-12 17:09:14','USR-202008000',NULL,NULL),('COW-202101237','','666',NULL,NULL,'BAT-202101022',51,1,NULL,78,'2020-06-12',216.00,0.00,111.00,'',2,11400000,0,52777.78,1,'',2020,NULL,NULL,NULL,1,NULL,'','2021-01-21 13:58:05','USR-202008000','2021-03-04 15:50:12','USR-202008000',NULL,NULL),('COW-202101238','','667',NULL,NULL,'BAT-202101022',51,1,NULL,112,'2020-06-12',165.00,0.00,112.00,'',2,10400000,0,63030.3,1,'',2278,NULL,NULL,NULL,1,NULL,'','2021-01-21 13:58:51','USR-202008000','2021-03-12 10:16:04','USR-202008000',NULL,NULL),('COW-202101239','','668',NULL,NULL,'BAT-202101022',54,1,NULL,78,'2020-06-12',204.00,0.00,115.00,'',2,11100000,0,54411.76,1,'',1895,NULL,NULL,NULL,1,NULL,'','2021-01-21 14:17:43','USR-202008000','2021-02-16 13:40:26','USR-202008000',NULL,NULL),('COW-202101240','','669',NULL,NULL,'BAT-202101022',54,1,NULL,117,'2020-06-12',141.00,0.00,104.00,'',2,9500000,0,67375.89,1,'',2305,NULL,NULL,NULL,1,NULL,'','2021-01-21 14:19:26','USR-202008000','2021-03-12 16:28:02','USR-202008000',NULL,NULL),('COW-202101241','','670',NULL,NULL,'BAT-202101022',51,1,NULL,84,'2020-06-12',165.00,0.00,108.00,'',2,10050000,0,60909.09,1,'',2532,NULL,NULL,NULL,1,NULL,'MUT-2021030448','2021-01-21 14:21:01','USR-202008000','2021-04-20 10:35:55','USR-202008000',NULL,NULL),('COW-202101242','','671',NULL,NULL,'BAT-202101022',51,1,NULL,91,'2020-06-12',184.00,0.00,107.00,'',2,10400000,0,56521.74,1,'',2526,NULL,NULL,NULL,1,NULL,'MUT-2021040010','2021-01-21 14:33:15','USR-202008000','2021-04-20 10:32:13','USR-202008000',NULL,NULL),('COW-202101243','','672',NULL,NULL,'BAT-202101022',51,1,NULL,78,'2020-06-12',168.00,0.00,114.00,'',2,10800000,0,64285.71,1,'',2029,NULL,NULL,NULL,1,NULL,'','2021-01-21 14:35:50','USR-202008000','2021-03-05 08:16:14','USR-202008000',NULL,NULL),('COW-202101244','','673',NULL,NULL,'BAT-202101023',25,1,NULL,109,'2020-06-15',163.00,0.00,105.00,'',2,9300000,0,57055.21,1,'Pegon Abu-Abu',2235,NULL,NULL,NULL,1,NULL,'','2021-01-21 14:46:25','USR-202008000','2021-03-12 08:09:44','USR-202008000',NULL,NULL),('COW-202101245','','674',NULL,NULL,'BAT-202101023',51,1,NULL,78,'2020-06-15',139.00,0.00,107.00,'',2,9850000,0,70863.31,1,'',2047,NULL,NULL,NULL,1,NULL,'','2021-01-21 14:47:05','USR-202008000','2021-03-05 08:56:58','USR-202008000',NULL,NULL),('COW-202101246','','675',NULL,NULL,'BAT-202101023',51,1,NULL,78,'2020-06-15',180.00,0.00,108.00,'',2,10150000,0,56388.89,1,'',2042,NULL,NULL,NULL,1,NULL,'','2021-01-21 14:47:42','USR-202008000','2021-03-05 08:49:16','USR-202008000',NULL,NULL),('COW-202101247','','676',NULL,NULL,'BAT-202101023',51,1,NULL,107,'2020-06-15',128.00,0.00,105.00,'',2,9700000,0,75781.25,1,'',2332,NULL,NULL,NULL,1,NULL,'MUT-2021030298','2021-01-21 14:49:03','USR-202008000','2021-03-12 17:19:16','USR-202008000',NULL,NULL),('COW-202101248','','677',NULL,NULL,'BAT-202101023',54,1,NULL,78,'2020-06-15',214.00,0.00,115.00,'',2,12500000,0,58411.21,1,'',2054,NULL,NULL,NULL,1,NULL,'','2021-01-21 14:50:15','USR-202008000','2021-03-05 09:06:26','USR-202008000',NULL,NULL),('COW-202101249','','678',NULL,NULL,'BAT-202101023',51,1,NULL,91,'2020-06-15',139.00,0.00,104.00,'',2,9600000,0,69064.75,1,'',2524,NULL,NULL,NULL,1,NULL,'MUT-2021040011','2021-01-21 14:52:17','USR-202008000','2021-04-20 10:30:54','USR-202008000',NULL,NULL),('COW-202101250','','679',NULL,NULL,'BAT-202101023',54,1,NULL,109,'2020-06-15',154.00,0.00,102.00,'',2,10050000,0,65259.74,1,'',2299,NULL,NULL,NULL,1,NULL,'MUT-2021030321','2021-01-21 14:53:05','USR-202008000','2021-03-12 16:24:44','USR-202008000',NULL,NULL),('COW-202101251','','680',NULL,NULL,'BAT-202101023',51,1,NULL,95,'2020-06-15',160.00,0.00,112.00,'',2,10250000,0,64062.5,1,'',2484,NULL,NULL,NULL,1,NULL,'MUT-2021040248','2021-01-21 15:02:05','USR-202008000','2021-04-16 09:38:40','USR-202008000',NULL,NULL),('COW-202101252','','681',NULL,NULL,'BAT-202101023',25,1,NULL,118,'2020-06-15',120.00,0.00,100.00,'',2,8750000,0,72916.67,1,'Pagon Abu-Abu',2189,NULL,NULL,NULL,1,NULL,'MUT-2021030421','2021-01-21 15:15:41','USR-202008000','2021-03-10 16:50:18','USR-202008000',NULL,NULL),('COW-202101253','','682',NULL,NULL,'BAT-202101023',54,1,NULL,117,'2020-06-15',151.00,0.00,110.00,'',2,9900000,0,65562.91,1,'Pegon SimPO Hitam',2301,NULL,NULL,NULL,1,NULL,'','2021-01-21 15:16:26','USR-202008000','2021-03-12 16:25:50','USR-202008000',NULL,NULL),('COW-202101254','','683',NULL,NULL,'BAT-202101023',51,1,NULL,78,'2020-06-15',150.00,0.00,107.00,'',2,9950000,0,66333.33,1,'',2012,NULL,NULL,NULL,1,NULL,'','2021-01-21 15:17:59','USR-202008000','2021-03-04 15:20:44','USR-202008000',NULL,NULL),('COW-202101255','','684',NULL,NULL,'BAT-202101023',25,1,NULL,78,'2020-06-15',148.00,0.00,104.00,'',2,9200000,0,62162.16,1,'Pegon Hitam',1897,NULL,NULL,NULL,1,NULL,'','2021-01-21 15:18:42','USR-202008000','2021-02-16 13:41:14','USR-202008000',NULL,NULL),('COW-202101256','','685',NULL,NULL,'BAT-202101023',51,1,NULL,119,'2020-06-15',195.00,0.00,109.00,'',2,11150000,0,57179.49,1,'Pegon LimPO Abu-Abu',2321,NULL,NULL,NULL,1,NULL,'','2021-01-21 15:19:32','USR-202008000','2021-03-12 17:12:08','USR-202008000',NULL,NULL),('COW-202101257','','686',NULL,NULL,'BAT-202101023',51,1,NULL,108,'2020-06-15',156.00,0.00,109.00,'',2,10400000,0,66666.67,1,'',2161,NULL,NULL,NULL,1,NULL,'MUT-2021030318','2021-01-21 15:20:43','USR-202008000','2021-03-10 15:57:44','USR-202008000',NULL,NULL),('COW-202101258','','687',NULL,NULL,'BAT-202101024',51,1,NULL,119,'2020-06-18',200.00,0.00,109.00,'',2,11200000,0,56000,1,'',2334,NULL,NULL,NULL,1,NULL,'','2021-01-21 15:30:48','USR-202008000','2021-03-13 10:03:24','USR-202008000',NULL,NULL),('COW-202101259','','688',NULL,NULL,'BAT-202101024',51,1,NULL,78,'2020-06-18',196.00,0.00,113.00,'',2,11700000,0,59693.88,1,'',2048,NULL,NULL,NULL,1,NULL,'','2021-01-21 15:31:35','USR-202008000','2021-03-05 08:57:33','USR-202008000',NULL,NULL),('COW-202101260','','689',NULL,NULL,'BAT-202101024',54,1,NULL,78,'2020-06-18',195.00,0.00,112.00,'',2,11700000,0,60000,1,'',2041,NULL,NULL,NULL,1,NULL,'','2021-01-21 15:32:30','USR-202008000','2021-03-05 08:46:44','USR-202008000',NULL,NULL),('COW-202101261','','690',NULL,NULL,'BAT-202101024',51,1,NULL,78,'2020-06-18',191.00,0.00,116.00,'',2,11700000,0,61256.54,1,'',2032,NULL,NULL,NULL,1,NULL,'','2021-01-21 15:33:05','USR-202008000','2021-03-05 08:25:42','USR-202008000',NULL,NULL),('COW-202101262','','691',NULL,NULL,'BAT-202101024',25,1,NULL,85,'2020-06-18',217.00,0.00,111.00,'',2,11700000,0,53917.05,1,'Pegon Hitam',1982,NULL,NULL,NULL,1,NULL,'','2021-01-21 15:34:25','USR-202008000','2021-03-04 14:45:26','USR-202008000',NULL,NULL),('COW-202101263','','692',NULL,NULL,'BAT-202101024',25,1,NULL,96,'2020-06-18',201.00,0.00,113.00,'',2,11700000,0,58208.96,1,'Pegon Hitam',2449,NULL,NULL,NULL,1,NULL,'MUT-2021030482','2021-01-21 15:35:08','USR-202008000','2021-04-14 08:02:15','USR-202008000',NULL,NULL),('COW-202101264','','693',NULL,NULL,'BAT-202101024',25,1,NULL,96,'2020-06-18',197.00,0.00,112.00,'',2,10900000,0,55329.95,1,'Pegon Hitam Putih',2444,NULL,NULL,NULL,1,NULL,'MUT-2021040216','2021-01-21 15:36:15','USR-202008000','2021-04-14 07:58:19','USR-202008000',NULL,NULL),('COW-202101265','','694',NULL,NULL,'BAT-202101024',43,1,NULL,119,'2020-06-18',115.00,0.00,102.00,'',2,9250000,0,80434.78,1,'',2342,NULL,NULL,NULL,1,NULL,'','2021-01-21 15:37:09','USR-202008000','2021-03-13 10:08:30','USR-202008000',NULL,NULL),('COW-202101266','','695',NULL,NULL,'BAT-202101024',55,1,NULL,110,'2020-06-18',153.00,0.00,112.00,'',2,11000000,0,71895.42,1,'',2180,NULL,NULL,NULL,1,NULL,'MUT-2021030332','2021-01-21 15:43:14','USR-202008000','2021-03-10 16:38:20','USR-202008000',NULL,NULL),('COW-202101267','','696',NULL,NULL,'BAT-202101024',42,1,NULL,113,'2020-06-18',163.00,0.00,112.00,'',2,11550000,0,70858.9,1,'',2240,NULL,NULL,NULL,1,NULL,'','2021-01-21 15:43:55','USR-202008000','2021-03-12 08:15:40','USR-202008000',NULL,NULL),('COW-202101268','','697',NULL,NULL,'BAT-202101024',51,1,NULL,119,'2020-06-18',178.00,0.00,113.00,'',2,10750000,0,60393.26,1,'',2330,NULL,NULL,NULL,1,NULL,'','2021-01-21 15:44:31','USR-202008000','2021-03-12 17:18:07','USR-202008000',NULL,NULL),('COW-202101269','','698',NULL,NULL,'BAT-202101024',25,1,NULL,78,'2020-06-18',184.00,0.00,110.00,'',2,10600000,0,57608.7,1,'Pegon Hitam',2039,NULL,NULL,NULL,1,NULL,'','2021-01-21 15:45:16','USR-202008000','2021-03-05 08:43:12','USR-202008000',NULL,NULL),('COW-202101270','','699',NULL,NULL,'BAT-202101024',51,1,NULL,117,'2020-06-18',128.00,0.00,107.00,'',2,9400000,0,73437.5,1,'',2304,NULL,NULL,NULL,1,NULL,'','2021-01-21 15:45:42','USR-202008000','2021-03-12 16:27:26','USR-202008000',NULL,NULL),('COW-202101271','','700',NULL,NULL,'BAT-202101025',42,1,NULL,114,'2020-06-23',168.00,0.00,107.00,'',2,11250000,0,66964.29,1,'',2293,NULL,NULL,NULL,1,NULL,'','2021-01-21 15:52:02','USR-202008000','2021-03-12 16:22:03','USR-202008000',NULL,NULL),('COW-202101272','','701',NULL,NULL,'BAT-202101025',42,1,NULL,95,'2020-06-23',159.00,0.00,103.00,'',2,11600000,0,72955.97,1,'',2482,NULL,NULL,NULL,1,NULL,'MUT-2021040246','2021-01-21 15:53:26','USR-202008000','2021-04-16 09:36:41','USR-202008000',NULL,NULL),('COW-202101273','','702',NULL,NULL,'BAT-202101025',25,1,NULL,92,'2020-06-23',215.00,0.00,114.00,'',2,11700000,0,54418.6,1,'Pegon Hitam',2462,NULL,NULL,NULL,1,NULL,'MUT-2021040227','2021-01-21 15:54:13','USR-202008000','2021-04-14 08:13:06','USR-202008000',NULL,NULL),('COW-202101274','','703',NULL,NULL,'BAT-202101025',43,1,NULL,82,'2020-06-23',213.00,0.00,109.00,'',2,11950000,0,56103.29,1,'',2121,NULL,NULL,NULL,1,NULL,'MUT-2021030427','2021-01-21 15:54:57','USR-202008000','2021-03-05 11:24:19','USR-202008000',NULL,NULL),('COW-202101275','','704',NULL,NULL,'BAT-202101025',43,1,NULL,85,'2020-06-23',193.00,0.00,110.00,'',2,12550000,0,65025.91,1,'',1997,NULL,NULL,NULL,1,NULL,'','2021-01-21 15:56:20','USR-202008000','2021-03-04 15:07:55','USR-202008000',NULL,NULL),('COW-202101276','','705',NULL,NULL,'BAT-202101025',54,1,NULL,117,'2020-06-23',157.00,0.00,102.00,'',2,10250000,0,65286.62,1,'',2283,NULL,NULL,NULL,1,NULL,'','2021-01-21 15:56:58','USR-202008000','2021-03-12 10:27:46','USR-202008000',NULL,NULL),('COW-202101277','','706',NULL,NULL,'BAT-202101025',51,1,NULL,85,'2020-06-23',173.00,0.00,115.00,'',2,10700000,0,61849.71,1,'',2066,NULL,NULL,NULL,1,NULL,'','2021-01-21 15:57:30','USR-202008000','2021-03-05 09:17:23','USR-202008000',NULL,NULL),('COW-202101278','','707',NULL,NULL,'BAT-202101025',54,1,NULL,85,'2020-06-23',165.00,0.00,112.00,'',2,11200000,0,67878.79,1,'',2005,NULL,NULL,NULL,1,NULL,'','2021-01-21 15:58:05','USR-202008000','2021-03-04 15:15:29','USR-202008000',NULL,NULL),('COW-202101279','','708',NULL,NULL,'BAT-202101025',25,1,NULL,119,'2020-06-23',196.00,0.00,119.00,'',2,12200000,0,62244.9,1,'Pegon Hitam',2324,NULL,NULL,NULL,1,NULL,'','2021-01-21 16:03:41','USR-202008000','2021-03-12 17:13:43','USR-202008000',NULL,NULL),('COW-202101280','','709',NULL,NULL,'BAT-202101025',25,1,NULL,78,'2020-06-23',192.00,0.00,114.00,'',2,11000000,0,57291.67,1,'Pegon Hitam',2043,NULL,NULL,NULL,1,NULL,'','2021-01-21 16:04:41','USR-202008000','2021-03-05 08:49:47','USR-202008000',NULL,NULL),('COW-202101281','','710',NULL,NULL,'BAT-202101025',25,1,NULL,119,'2020-06-23',147.00,0.00,103.00,'',2,10500000,0,71428.57,1,'Pegon Hitam',2331,NULL,NULL,NULL,1,NULL,'','2021-01-21 16:05:34','USR-202008000','2021-03-12 17:18:44','USR-202008000',NULL,NULL),('COW-202101282','','711',NULL,NULL,'BAT-202101025',25,1,NULL,117,'2020-06-23',165.00,0.00,103.00,'',2,10600000,0,64242.42,1,'Pegon Hitam',2303,NULL,NULL,NULL,1,NULL,'','2021-01-21 16:06:10','USR-202008000','2021-03-12 16:26:37','USR-202008000',NULL,NULL),('COW-202101283','','713',NULL,NULL,'BAT-202101026',54,1,NULL,78,'2020-06-29',127.00,0.00,103.00,'',2,9500000,0,74803.15,2,'',2442,NULL,NULL,NULL,1,NULL,'','2021-01-21 16:09:12','USR-202008000','2021-04-09 16:09:28','USR-202008000',NULL,NULL),('COW-202101284','','714',NULL,NULL,'BAT-202101026',43,1,NULL,112,'2020-06-29',200.00,0.00,121.00,'',2,12800000,0,64000,1,'',2341,NULL,NULL,NULL,1,NULL,'MUT-2021030389','2021-01-21 16:10:35','USR-202008000','2021-03-13 10:08:07','USR-202008000',NULL,NULL),('COW-202101285','','715',NULL,NULL,'BAT-202101026',25,1,NULL,119,'2020-06-29',149.00,0.00,109.00,'',2,10000000,0,67114.09,1,'Pegon Hitam',2328,NULL,NULL,NULL,1,NULL,'','2021-01-21 16:12:04','USR-202008000','2021-03-12 17:16:55','USR-202008000',NULL,NULL),('COW-202101286','','716',NULL,NULL,'BAT-202101026',25,1,NULL,85,'2020-06-29',187.00,0.00,114.00,'',2,11450000,0,61229.95,1,'Pegon Hitam',1980,NULL,NULL,NULL,1,NULL,'','2021-01-21 16:13:18','USR-202008000','2021-03-04 14:29:02','USR-202008000',NULL,NULL),('COW-202101287','','717',NULL,NULL,'BAT-202101026',51,1,NULL,78,'2020-06-29',154.00,0.00,112.00,'',2,10700000,0,69480.52,1,'',2060,NULL,NULL,NULL,1,NULL,'','2021-01-21 16:15:12','USR-202008000','2021-03-05 09:11:46','USR-202008000',NULL,NULL),('COW-202101288','','718',NULL,NULL,'BAT-202101026',51,1,NULL,119,'2020-06-29',182.00,0.00,111.00,'',2,11300000,0,62087.91,1,'',2325,NULL,NULL,NULL,1,NULL,'','2021-01-21 16:16:47','USR-202008000','2021-03-12 17:14:14','USR-202008000',NULL,NULL),('COW-202101289','','719',NULL,NULL,'BAT-202101026',54,1,NULL,95,'2020-06-29',220.00,0.00,119.00,'',2,12600000,0,57272.73,1,'',2480,NULL,NULL,NULL,1,NULL,'MUT-2021040244','2021-01-21 16:17:42','USR-202008000','2021-04-16 08:03:23','USR-202008000',NULL,NULL),('COW-202101290','','720',NULL,NULL,'BAT-202101026',51,1,NULL,78,'2020-06-29',209.00,0.00,112.00,'',2,11400000,0,54545.45,1,'',2044,NULL,NULL,NULL,1,NULL,'','2021-01-21 16:18:17','USR-202008000','2021-03-05 08:53:56','USR-202008000',NULL,NULL),('COW-202101291','','721',NULL,NULL,'BAT-202101026',25,1,NULL,116,'2020-06-29',127.00,0.00,104.00,'',2,9700000,0,76377.95,1,'Pegon Hitam',2176,NULL,NULL,NULL,1,NULL,'MUT-2021030412','2021-01-21 16:19:00','USR-202008000','2021-03-10 16:32:59','USR-202008000',NULL,NULL),('COW-202101292','','722',NULL,NULL,'BAT-202101026',43,1,NULL,113,'2020-06-29',164.00,0.00,105.00,'',2,10300000,0,62804.88,1,'',2294,NULL,NULL,NULL,1,NULL,'MUT-2021030417','2021-01-21 16:19:42','USR-202008000','2021-03-12 16:22:25','USR-202008000',NULL,NULL),('COW-202101293','','723',NULL,NULL,'BAT-202101026',25,1,NULL,117,'2020-06-29',142.00,0.00,105.00,'',2,9800000,0,69014.08,1,'Pegon Hitam',2308,NULL,NULL,NULL,1,NULL,'','2021-01-21 16:20:26','USR-202008000','2021-03-12 16:29:36','USR-202008000',NULL,NULL),('COW-202101294','','724',NULL,NULL,'BAT-202101026',25,1,NULL,117,'2020-06-29',175.00,0.00,108.00,'',2,11000000,0,62857.14,1,'Pegon Hitam',2165,NULL,NULL,NULL,1,NULL,'MUT-2021030418','2021-01-21 16:21:07','USR-202008000','2021-03-10 16:21:49','USR-202008000',NULL,NULL),('COW-202101295','','725',NULL,NULL,'BAT-202101026',43,1,NULL,115,'2020-06-29',153.00,0.00,104.00,'',2,10900000,0,71241.83,1,'',2307,NULL,NULL,NULL,1,NULL,'','2021-01-21 16:21:39','USR-202008000','2021-03-12 16:29:09','USR-202008000',NULL,NULL),('COW-202101296','','726',NULL,NULL,'BAT-202101026',54,1,NULL,78,'2020-06-29',144.00,0.00,109.00,'',2,9700000,0,67361.11,1,'',1938,NULL,NULL,NULL,1,NULL,'','2021-01-21 16:22:12','USR-202008000','2021-02-19 16:20:39','USR-202008000',NULL,NULL),('COW-202101297','','727',NULL,NULL,'BAT-202101027',39,1,NULL,83,'2020-09-18',313.00,0.00,127.00,'',2,16400000,0,52396.17,1,'',2099,NULL,NULL,NULL,1,NULL,'MUT-2021030446','2021-01-22 09:47:13','USR-202008000','2021-03-05 10:00:45','USR-202008000',NULL,NULL),('COW-202101298','','728',NULL,NULL,'BAT-202101027',39,1,NULL,110,'2020-09-18',182.00,0.00,123.00,'',2,12000000,0,65934.07,1,'',2241,NULL,NULL,NULL,1,NULL,'MUT-2021030333','2021-01-22 09:48:38','USR-202008000','2021-03-12 08:17:22','USR-202008000',NULL,NULL),('COW-202101299','','729',NULL,NULL,'BAT-202101027',39,1,NULL,92,'2020-09-18',341.00,0.00,130.00,'',2,16200000,0,47507.33,1,'',2465,NULL,NULL,NULL,1,NULL,'MUT-2021040234','2021-01-22 09:49:21','USR-202008000','2021-04-16 07:50:14','USR-202008000',NULL,NULL),('COW-202101300','','730',NULL,NULL,'BAT-202101027',47,1,NULL,83,'2020-09-18',284.00,0.00,125.00,'',2,15000000,0,52816.9,1,'',2093,NULL,NULL,NULL,1,NULL,'MUT-2021030438','2021-01-22 09:49:54','USR-202008000','2021-03-05 09:58:29','USR-202008000',NULL,NULL),('COW-202101301','','731',NULL,NULL,'BAT-202101027',43,1,NULL,84,'2020-09-18',266.00,0.00,123.00,'',2,15300000,0,57518.8,1,'',2538,NULL,NULL,NULL,1,NULL,'MUT-2021030449','2021-01-22 09:50:31','USR-202008000','2021-04-20 10:55:12','USR-202008000',NULL,NULL),('COW-202101302','','732',NULL,NULL,'BAT-202101027',39,1,NULL,83,'2020-09-18',286.00,0.00,127.00,'',2,14800000,0,51748.25,1,'',2086,NULL,NULL,NULL,1,NULL,'MUT-2021030439','2021-01-22 09:51:18','USR-202008000','2021-03-05 09:53:18','USR-202008000',NULL,NULL),('COW-202101303','','733',NULL,NULL,'BAT-202101027',43,1,NULL,84,'2020-09-18',315.00,0.00,126.00,'',2,15000000,0,47619.05,1,'',2536,NULL,NULL,NULL,1,NULL,'MUT-2021030450','2021-01-22 09:51:52','USR-202008000','2021-04-20 10:52:51','USR-202008000',NULL,NULL),('COW-202101304','','734',NULL,NULL,'BAT-202101027',25,1,NULL,91,'2020-09-18',307.00,0.00,132.00,'',2,15500000,0,50488.6,1,'',2518,NULL,NULL,NULL,1,NULL,'MUT-2021040261','2021-01-22 09:52:29','USR-202008000','2021-04-20 10:21:36','USR-202008000',NULL,NULL),('COW-202101305','','735',NULL,NULL,'BAT-202101027',25,1,NULL,84,'2020-09-18',340.00,0.00,125.00,'',2,15700000,0,46176.47,1,'',2534,NULL,NULL,NULL,1,NULL,'MUT-2021030451','2021-01-22 09:56:10','USR-202008000','2021-04-20 10:51:41','USR-202008000',NULL,NULL),('COW-202101306','','736',NULL,NULL,'BAT-202101027',39,1,NULL,91,'2020-09-18',317.00,0.00,127.00,'',2,15600000,0,49211.36,1,'',2519,NULL,NULL,NULL,1,NULL,'MUT-2021040262','2021-01-22 09:56:50','USR-202008000','2021-04-20 10:22:40','USR-202008000',NULL,NULL),('COW-202101307','','737',NULL,NULL,'BAT-202101028',61,1,NULL,91,'2020-12-15',202.00,0.00,0.00,'',2,11350380,0,56190,1,'Sapi FH Cross',2525,NULL,NULL,NULL,1,NULL,'MUT-2021040012','2021-01-22 10:05:09','USR-202008000','2021-04-20 10:31:22','USR-202008000',NULL,NULL),('COW-202101308','','738',NULL,NULL,'BAT-202101028',62,1,NULL,91,'2020-12-15',194.00,0.00,0.00,'',2,10900860,0,56190,1,'Sapi Angus Limosine Cross',2527,NULL,NULL,NULL,1,NULL,'MUT-2021040009','2021-01-22 10:07:49','USR-202008000','2021-04-20 10:32:46','USR-202008000',NULL,NULL),('COW-202101309','','739',NULL,NULL,'BAT-202101028',63,1,NULL,91,'2020-12-15',202.00,0.00,0.00,'',2,11350380,0,56190,1,'',2523,NULL,NULL,NULL,1,NULL,'MUT-2021040013','2021-01-22 10:09:21','USR-202008000','2021-04-20 10:30:24','USR-202008000',NULL,NULL),('COW-202101310','','740',NULL,NULL,'BAT-202101028',24,1,NULL,87,'2020-12-15',199.00,0.00,0.00,'',2,11103006,0,55794,1,'',2111,NULL,NULL,NULL,1,NULL,'MUT-2021030460','2021-01-22 10:10:05','USR-202008000','2021-03-05 11:08:49','USR-202008000',NULL,NULL),('COW-202101311','','741',NULL,NULL,'BAT-202101028',24,1,NULL,85,'2020-12-15',164.00,0.00,0.00,'',2,9150216,0,55794,1,'',2114,NULL,NULL,NULL,1,NULL,'MUT-2021030488','2021-01-22 10:10:40','USR-202008000','2021-03-05 11:11:34','USR-202008000',NULL,NULL),('COW-202101312','','742',NULL,NULL,'BAT-202101028',24,1,NULL,87,'2020-12-15',173.00,0.00,0.00,'',2,9652632,0,55795.56,1,'',2113,NULL,NULL,NULL,1,NULL,'MUT-2021030455','2021-01-22 10:11:11','USR-202008000','2021-03-05 11:11:01','USR-202008000',NULL,NULL),('COW-202101313','','743',NULL,NULL,'BAT-202101028',24,1,NULL,87,'2020-12-15',224.00,0.00,0.00,'',2,12497856,0,55794,1,'',2109,NULL,NULL,NULL,1,NULL,'MUT-2021030456','2021-01-22 10:11:40','USR-202008000','2021-03-05 11:07:42','USR-202008000',NULL,NULL),('COW-202101314','','744',NULL,NULL,'BAT-202101028',24,1,NULL,78,'2020-12-15',172.00,0.00,0.00,'',2,9596568,0,55794,1,'',2115,NULL,NULL,NULL,1,NULL,'','2021-01-22 10:12:18','USR-202008000','2021-03-05 11:12:06','USR-202008000',NULL,NULL),('COW-202101315','','745',NULL,NULL,'BAT-202101028',24,1,NULL,78,'2020-12-15',192.00,0.00,0.00,'',2,11000000,0,57291.67,1,'',2112,NULL,NULL,NULL,1,NULL,'','2021-01-22 10:12:49','USR-202008000','2021-03-05 11:10:29','USR-202008000',NULL,NULL),('COW-202101316','','746',NULL,NULL,'BAT-202101028',39,1,NULL,91,'2020-12-15',150.00,0.00,0.00,'',2,9300000,0,62000,1,'',2528,NULL,NULL,NULL,1,NULL,'MUT-2021040008','2021-01-22 10:13:23','USR-202008000','2021-04-20 10:33:25','USR-202008000',NULL,NULL),('COW-202102001','','747',NULL,NULL,'BAT-202102001',54,1,NULL,82,'2021-01-13',174.00,0.00,0.00,'',2,9400000,0,54022.99,1,'',1951,NULL,NULL,NULL,1,NULL,'MUT-2021020522','2021-02-03 15:45:12','USR-202008000','2021-02-25 08:17:36','USR-202008000',NULL,NULL),('COW-202102002','','748',NULL,NULL,'BAT-202102001',25,1,NULL,84,'2021-01-13',293.00,0.00,0.00,'',2,12500000,0,42662.12,1,'',1952,NULL,NULL,NULL,1,NULL,'','2021-02-03 15:49:23','USR-202008000','2021-02-25 08:18:46','USR-202008000',NULL,NULL),('COW-202102003','','749',NULL,NULL,'BAT-202102001',25,1,NULL,82,'2021-01-13',360.00,0.00,0.00,'',1,16920000,0,47000,1,'Putih Coklat',1953,NULL,NULL,NULL,1,NULL,'','2021-02-03 15:50:08','USR-202008000','2021-03-31 11:36:26','USR-202008000',NULL,NULL),('COW-202102004','','750',NULL,NULL,'BAT-202102001',25,1,NULL,82,'2021-01-13',354.00,0.00,0.00,'',1,16638000,0,47000,1,'Pegon Hitam',1954,NULL,NULL,NULL,1,NULL,'MUT-2021030428','2021-02-03 15:51:04','USR-202008000','2021-02-25 08:19:37','USR-202008000',NULL,NULL),('COW-202102005','','751',NULL,NULL,'BAT-202102001',25,1,NULL,82,'2021-01-13',362.00,0.00,0.00,'',1,17014000,0,47000,1,'Pegon Hitam',1955,NULL,NULL,NULL,1,NULL,'MUT-2021020523','2021-02-03 15:52:03','USR-202008000','2021-02-25 08:22:36','USR-202008000',NULL,NULL),('COW-202102006','','752',NULL,NULL,'BAT-202102001',25,1,NULL,84,'2021-01-13',313.00,0.00,0.00,'',1,15337000,0,49000,1,'Pegon Hitam',1956,NULL,NULL,NULL,1,NULL,'','2021-02-03 15:52:47','USR-202008000','2021-02-25 08:23:44','USR-202008000',NULL,NULL),('COW-202102007','','753',NULL,NULL,'BAT-202102001',25,1,NULL,84,'2021-01-13',358.00,0.00,0.00,'',1,16826000,0,47000,1,'Pegon Hitam',1957,NULL,NULL,NULL,1,NULL,'','2021-02-03 15:53:34','USR-202008000','2021-02-25 08:24:23','USR-202008000',NULL,NULL),('COW-202102008','','754',NULL,NULL,'BAT-202102001',51,1,NULL,82,'2021-01-13',318.00,0.00,0.00,'',1,15582000,0,49000,1,'',1958,NULL,NULL,NULL,1,NULL,'MUT-2021030873','2021-02-03 15:55:05','USR-202008000','2021-02-25 08:30:23','USR-202008000',NULL,NULL),('COW-202102009','','755',NULL,NULL,'BAT-202102001',25,1,NULL,92,'2021-01-13',310.00,0.00,0.00,'',1,15190000,0,49000,1,'Pegon Hitam',2466,NULL,NULL,NULL,1,NULL,'MUT-2021040006','2021-02-03 15:55:44','USR-202008000','2021-04-16 07:50:46','USR-202008000',NULL,NULL),('COW-202102010','','756',NULL,NULL,'BAT-202102001',54,1,NULL,82,'2021-01-13',349.00,0.00,0.00,'',1,16752000,0,48000,1,'',1960,NULL,NULL,NULL,1,NULL,'MUT-2021030874','2021-02-03 15:56:22','USR-202008000','2021-02-25 08:39:49','USR-202008000',NULL,NULL),('COW-202102011','','757',NULL,NULL,'BAT-202102002',50,1,NULL,81,'2021-01-17',229.00,0.00,0.00,'',2,12500000,0,54585.15,1,'',1948,NULL,NULL,NULL,1,NULL,'','2021-02-03 16:15:39','USR-202008000','2021-03-31 11:30:46','USR-202008000',NULL,NULL),('COW-202102012','','758',NULL,NULL,'BAT-202102002',54,1,NULL,81,'2021-01-17',309.00,0.00,0.00,'',1,15141000,0,49000,1,'',1949,NULL,NULL,NULL,1,NULL,'','2021-02-03 16:16:06','USR-202008000','2021-03-31 11:30:22','USR-202008000',NULL,NULL),('COW-202102013','','759',NULL,NULL,'BAT-202102002',43,1,NULL,81,'2021-01-17',348.00,0.00,0.00,'',1,16704000,0,48000,1,'',1950,NULL,NULL,NULL,1,NULL,'','2021-02-03 16:16:52','USR-202008000','2021-03-31 11:30:02','USR-202008000',NULL,NULL),('COW-202102014','','760',NULL,NULL,'BAT-202102002',51,1,NULL,81,'2021-01-17',258.00,0.00,0.00,'',1,13287000,0,51500,1,'',2133,NULL,NULL,NULL,1,NULL,'','2021-02-03 16:17:32','USR-202008000','2021-03-31 11:29:40','USR-202008000',NULL,NULL),('COW-202102015','','761',NULL,NULL,'BAT-202102002',43,1,NULL,81,'2021-01-17',318.00,0.00,0.00,'',1,15582000,0,49000,1,'',2123,NULL,NULL,NULL,1,NULL,'','2021-02-03 16:19:47','USR-202008000','2021-03-31 11:29:15','USR-202008000',NULL,NULL),('COW-202102016','','762',NULL,NULL,'BAT-202102002',25,1,NULL,81,'2021-01-17',223.00,0.00,0.00,'',1,11484500,0,51500,1,'Pegon Hitam Dugul',2137,NULL,NULL,NULL,1,NULL,'','2021-02-03 16:20:24','USR-202008000','2021-03-31 11:28:53','USR-202008000',NULL,NULL),('COW-202102017','','763',NULL,NULL,'BAT-202102002',25,1,NULL,81,'2021-01-17',232.00,0.00,0.00,'',1,11948000,0,51500,1,'Pegon Hitam Garis Putih Punggung',2135,NULL,NULL,NULL,1,NULL,'','2021-02-03 16:21:19','USR-202008000','2021-03-31 11:28:35','USR-202008000',NULL,NULL),('COW-202102018','','764',NULL,NULL,'BAT-202102002',25,1,NULL,81,'2021-01-17',245.00,0.00,0.00,'',1,12617500,0,51500,1,'Pegon Hitam Dugul',2134,NULL,NULL,NULL,1,NULL,'','2021-02-03 16:24:39','USR-202008000','2021-03-31 11:28:12','USR-202008000',NULL,NULL),('COW-202102019','','765',NULL,NULL,'BAT-202102002',54,1,NULL,91,'2021-01-17',331.00,0.00,0.00,'',1,15888000,0,48000,1,'',2529,NULL,NULL,NULL,1,NULL,'MUT-2021040264','2021-02-03 16:25:30','USR-202008000','2021-04-20 10:34:28','USR-202008000',NULL,NULL),('COW-202102020','','766',NULL,NULL,'BAT-202102002',25,1,NULL,84,'2021-01-17',207.00,0.00,0.00,'',1,10660500,0,51500,1,'Pegon Hitam Petak Putih',2530,NULL,NULL,NULL,1,NULL,'','2021-02-03 16:26:07','USR-202008000','2021-04-20 10:35:01','USR-202008000',NULL,NULL),('COW-202102021','','38',NULL,NULL,'1',64,1,NULL,118,'2020-01-25',200.00,0.00,0.00,'2',2,14500000,0,72500,1,'',2249,NULL,NULL,NULL,1,NULL,'MUT-2021030419','2021-02-05 11:45:40','USR-202008000','2021-03-12 08:58:45','USR-202008000',NULL,NULL),('COW-202103001','','767',NULL,NULL,'BAT-202103001',24,1,NULL,105,'2021-03-03',279.00,0.00,0.00,'',2,13905000,0,49838.71,1,'Real Beli Timbang Hidup \nBobot Sapi lebih dari Perjanjian (270 Kg)',2374,NULL,NULL,NULL,1,NULL,'','2021-03-03 14:01:42','USR-202008000','2021-03-18 14:15:22','USR-202008000',NULL,NULL),('COW-202103002','','768',NULL,NULL,'BAT-202103001',24,1,NULL,105,'2021-03-03',236.00,0.00,0.00,'',1,12154000,0,51500,1,'',2372,NULL,NULL,NULL,1,NULL,'','2021-03-03 14:03:40','USR-202008000','2021-03-17 15:51:05','USR-202008000',NULL,NULL),('COW-202103003','','769',NULL,NULL,'BAT-202103001',24,1,NULL,105,'2021-03-03',276.00,0.00,0.00,'',2,13905000,0,50380.43,1,'Real Beli Timbang Hidup \nBobot Sapi lebih dari Perjanjian (270 Kg)',2380,NULL,NULL,NULL,1,NULL,'','2021-03-03 14:05:09','USR-202008000','2021-03-18 14:23:52','USR-202008000',NULL,NULL),('COW-202103004','','770',NULL,NULL,'BAT-202103001',24,1,NULL,105,'2021-03-03',209.00,0.00,0.00,'',1,10763500,0,51500,1,'',2378,NULL,NULL,NULL,1,NULL,'','2021-03-03 14:10:50','USR-202008000','2021-03-18 14:20:41','USR-202008000',NULL,NULL),('COW-202103005','','771',NULL,NULL,'BAT-202103001',24,1,NULL,105,'2021-03-03',255.00,0.00,0.00,'',1,13132500,0,51500,1,'',2379,NULL,NULL,NULL,1,NULL,'','2021-03-03 14:11:32','USR-202008000','2021-03-18 14:22:59','USR-202008000',NULL,NULL),('COW-202103006','','772',NULL,NULL,'BAT-202103001',24,1,NULL,105,'2021-03-03',219.00,0.00,0.00,'',1,11278500,0,51500,1,'',2375,NULL,NULL,NULL,1,NULL,'','2021-03-03 14:12:17','USR-202008000','2021-03-18 14:15:44','USR-202008000',NULL,NULL),('COW-202103007','','773',NULL,NULL,'BAT-202103001',24,1,NULL,105,'2021-03-03',243.00,0.00,0.00,'',1,12514500,0,51500,1,'',2373,NULL,NULL,NULL,1,NULL,'','2021-03-03 14:12:50','USR-202008000','2021-03-18 14:14:34','USR-202008000',NULL,NULL),('COW-202103008','','774',NULL,NULL,'BAT-202103001',24,1,NULL,105,'2021-03-03',277.00,0.00,0.00,'',2,13905000,0,50198.56,1,'Real Beli Timbang Hidup \nBobot Sapi lebih dari Perjanjian (270 Kg)',2376,NULL,NULL,NULL,1,NULL,'','2021-03-03 14:13:24','USR-202008000','2021-03-18 14:17:08','USR-202008000',NULL,NULL),('COW-202103009','','775',NULL,NULL,'BAT-202103001',24,1,NULL,105,'2021-03-03',237.00,0.00,0.00,'',1,12205500,0,51500,1,'',2377,NULL,NULL,NULL,1,NULL,'','2021-03-03 14:14:00','USR-202008000','2021-03-18 14:17:59','USR-202008000',NULL,NULL),('COW-202103010','','776',NULL,NULL,'BAT-202103002',24,1,NULL,107,'2021-03-09',269.00,0.00,0.00,'',1,13853500,0,51500,1,'',2382,NULL,NULL,NULL,1,NULL,'MUT-2021030299','2021-03-10 09:33:27','USR-202008000','2021-03-18 15:05:50','USR-202008000',NULL,NULL),('COW-202103011','','777',NULL,NULL,'BAT-202103002',24,1,NULL,107,'2021-03-09',228.00,0.00,0.00,'',1,11742000,0,51500,1,'',2390,NULL,NULL,NULL,1,NULL,'MUT-2021030306','2021-03-10 09:34:26','USR-202008000','2021-03-18 15:15:27','USR-202008000',NULL,NULL),('COW-202103012','','778',NULL,NULL,'BAT-202103002',24,1,NULL,107,'2021-03-09',255.00,0.00,0.00,'',1,13132500,0,51500,1,'',2385,NULL,NULL,NULL,1,NULL,'MUT-2021030301','2021-03-10 09:35:17','USR-202008000','2021-03-18 15:07:53','USR-202008000',NULL,NULL),('COW-202103013','','779',NULL,NULL,'BAT-202103002',24,1,NULL,107,'2021-03-09',250.00,0.00,0.00,'',1,12875000,0,51500,1,'',2388,NULL,NULL,NULL,1,NULL,'MUT-2021030304','2021-03-10 09:36:29','USR-202008000','2021-03-18 15:12:58','USR-202008000',NULL,NULL),('COW-202103014','','780',NULL,NULL,'BAT-202103002',24,1,NULL,107,'2021-03-09',261.00,0.00,0.00,'',1,13441500,0,51500,1,'',2387,NULL,NULL,NULL,1,NULL,'MUT-2021030303','2021-03-10 09:37:04','USR-202008000','2021-03-18 15:11:45','USR-202008000',NULL,NULL),('COW-202103015','','781',NULL,NULL,'BAT-202103002',24,1,NULL,106,'2021-03-09',229.00,0.00,0.00,'',1,11793500,0,51500,1,'',2381,NULL,NULL,NULL,1,NULL,'','2021-03-10 09:37:51','USR-202008000','2021-03-18 15:04:24','USR-202008000',NULL,NULL),('COW-202103016','','782',NULL,NULL,'BAT-202103002',24,1,NULL,107,'2021-03-09',270.00,0.00,0.00,'',1,13905000,0,51500,1,'BB real timbang di Farm 274kg',2386,NULL,NULL,NULL,1,NULL,'MUT-2021030302','2021-03-10 09:39:14','USR-202008000','2021-03-18 15:10:10','USR-202008000',NULL,NULL),('COW-202103017','','783',NULL,NULL,'BAT-202103002',24,1,NULL,107,'2021-03-09',239.00,0.00,0.00,'',1,12308500,0,51500,1,'',2383,NULL,NULL,NULL,1,NULL,'MUT-2021030300','2021-03-10 09:39:52','USR-202008000','2021-03-18 15:06:48','USR-202008000',NULL,NULL),('COW-202103018','','784',NULL,NULL,'BAT-202103002',24,1,NULL,106,'2021-03-09',237.00,0.00,0.00,'',1,12205500,0,51500,1,'',2389,NULL,NULL,NULL,1,NULL,'','2021-03-10 09:40:26','USR-202008000','2021-03-18 15:14:34','USR-202008000',NULL,NULL),('COW-202103019','','785',NULL,NULL,'BAT-202103003',24,1,NULL,88,'2021-03-15',198.00,0.00,0.00,'',1,10197000,0,51500,1,'',2488,NULL,NULL,NULL,1,NULL,'','2021-03-16 07:53:16','USR-202008000','2021-04-16 09:45:37','USR-202008000',NULL,NULL),('COW-202103020','','786',NULL,NULL,'BAT-202103003',24,1,NULL,85,'2021-03-15',241.00,0.00,0.00,'',1,12411500,0,51500,1,'',2489,NULL,NULL,NULL,1,NULL,'MUT-2021040003','2021-03-16 07:53:48','USR-202008000','2021-04-16 09:46:00','USR-202008000',NULL,NULL),('COW-202103021','','787',NULL,NULL,'BAT-202103003',24,1,NULL,92,'2021-03-15',221.00,0.00,0.00,'',1,11381500,0,51500,1,'',2490,NULL,NULL,NULL,1,NULL,'MUT-2021040007','2021-03-16 07:54:46','USR-202008000','2021-04-16 09:46:28','USR-202008000',NULL,NULL),('COW-202103022','','788',NULL,NULL,'BAT-202103003',24,1,NULL,88,'2021-03-15',229.00,0.00,0.00,'',1,11793500,0,51500,1,'',2491,NULL,NULL,NULL,1,NULL,'','2021-03-16 07:55:22','USR-202008000','2021-04-16 09:46:53','USR-202008000',NULL,NULL),('COW-202103023','','789',NULL,NULL,'BAT-202103003',24,1,NULL,88,'2021-03-15',241.00,0.00,0.00,'',1,12411500,0,51500,1,'',2492,NULL,NULL,NULL,1,NULL,'','2021-03-16 07:56:07','USR-202008000','2021-04-16 09:47:19','USR-202008000',NULL,NULL),('COW-202103024','','790',NULL,NULL,'BAT-202103003',24,1,NULL,88,'2021-03-15',223.00,0.00,0.00,'',1,11484500,0,51500,1,'',2493,NULL,NULL,NULL,1,NULL,'','2021-03-16 07:56:35','USR-202008000','2021-04-16 09:48:14','USR-202008000',NULL,NULL),('COW-202103025','','791',NULL,NULL,'BAT-202103003',24,1,NULL,88,'2021-03-15',283.00,0.00,0.00,'',1,14574500,0,51500,1,'',2494,NULL,NULL,NULL,1,NULL,'','2021-03-16 07:57:03','USR-202008000','2021-04-16 09:48:41','USR-202008000',NULL,NULL),('COW-202103026','','792',NULL,NULL,'BAT-202103003',24,1,NULL,88,'2021-03-15',201.00,0.00,0.00,'',1,10351500,0,51500,1,'',2495,NULL,NULL,NULL,1,NULL,'','2021-03-16 07:57:33','USR-202008000','2021-04-16 09:49:08','USR-202008000',NULL,NULL),('COW-202103027','','793',NULL,NULL,'BAT-202103003',24,1,NULL,88,'2021-03-15',234.00,0.00,0.00,'',1,12051000,0,51500,1,'',2496,NULL,NULL,NULL,1,NULL,'','2021-03-16 07:58:05','USR-202008000','2021-04-16 09:49:38','USR-202008000',NULL,NULL),('COW-202103028','','794',NULL,NULL,'BAT-202103003',24,1,NULL,88,'2021-03-15',264.00,0.00,0.00,'',1,13596000,0,51500,1,'',2497,NULL,NULL,NULL,1,NULL,'','2021-03-16 07:58:29','USR-202008000','2021-04-16 09:50:12','USR-202008000',NULL,NULL),('COW-202103029','','795',NULL,NULL,'BAT-202103003',24,1,NULL,92,'2021-03-15',242.00,0.00,0.00,'',1,12463000,0,51500,1,'',2498,NULL,NULL,NULL,1,NULL,'','2021-03-16 07:59:28','USR-202008000','2021-04-16 09:50:38','USR-202008000',NULL,NULL),('COW-202103030','','796',NULL,NULL,'BAT-202103003',24,1,NULL,92,'2021-03-15',249.00,0.00,0.00,'',1,12823500,0,51500,1,'',2499,NULL,NULL,NULL,1,NULL,'','2021-03-16 08:00:05','USR-202008000','2021-04-16 09:50:59','USR-202008000',NULL,NULL),('COW-202103031','','797',NULL,NULL,'BAT-202103003',24,1,NULL,92,'2021-03-15',244.00,0.00,0.00,'',1,12566000,0,51500,1,'',2500,NULL,NULL,NULL,1,NULL,'','2021-03-16 08:00:43','USR-202008000','2021-04-16 09:52:15','USR-202008000',NULL,NULL),('COW-202103032','','798',NULL,NULL,'BAT-202103003',24,1,NULL,87,'2021-03-15',289.00,0.00,0.00,'',1,14883500,0,51500,1,'',2501,NULL,NULL,NULL,1,NULL,'','2021-03-16 08:02:32','USR-202008000','2021-04-16 09:52:37','USR-202008000',NULL,NULL),('COW-202103033','','799',NULL,NULL,'BAT-202103003',24,1,NULL,87,'2021-03-15',272.00,0.00,0.00,'',1,14008000,0,51500,1,'',2502,NULL,NULL,NULL,1,NULL,'','2021-03-16 08:03:03','USR-202008000','2021-04-16 09:53:01','USR-202008000',NULL,NULL),('COW-202103034','','800',NULL,NULL,'BAT-202103003',24,1,NULL,87,'2021-03-15',262.00,0.00,0.00,'',1,13493000,0,51500,1,'',2503,NULL,NULL,NULL,1,NULL,'','2021-03-16 08:03:37','USR-202008000','2021-04-16 09:53:26','USR-202008000',NULL,NULL),('COW-202103035','','801',NULL,NULL,'BAT-202103003',24,1,NULL,87,'2021-03-15',283.00,0.00,0.00,'',1,14574500,0,51500,1,'',2504,NULL,NULL,NULL,1,NULL,'','2021-03-16 08:04:05','USR-202008000','2021-04-16 09:53:47','USR-202008000',NULL,NULL),('COW-202103036','','802',NULL,NULL,'BAT-202103003',24,1,NULL,87,'2021-03-15',299.00,0.00,0.00,'',1,15398500,0,51500,1,'',2505,NULL,NULL,NULL,1,NULL,'','2021-03-16 08:04:45','USR-202008000','2021-04-16 09:54:10','USR-202008000',NULL,NULL),('COW-202103037','','803',NULL,NULL,'BAT-202103003',24,1,NULL,87,'2021-03-15',287.00,0.00,0.00,'',1,14780500,0,51500,1,'',2506,NULL,NULL,NULL,1,NULL,'','2021-03-16 08:05:11','USR-202008000','2021-04-16 09:54:45','USR-202008000',NULL,NULL),('COW-202103038','','804',NULL,NULL,'BAT-202103003',24,1,NULL,88,'2021-03-15',306.00,0.00,0.00,'',1,15759000,0,51500,1,'',2507,NULL,NULL,NULL,1,NULL,'','2021-03-16 08:07:40','USR-202008000','2021-04-16 09:55:50','USR-202008000',NULL,NULL),('COW-202103039','','805',NULL,NULL,'BAT-202103003',24,1,NULL,88,'2021-03-15',272.00,0.00,0.00,'',1,14008000,0,51500,1,'',2508,NULL,NULL,NULL,1,NULL,'','2021-03-16 08:08:29','USR-202008000','2021-04-16 09:56:26','USR-202008000',NULL,NULL),('COW-202103040','','806',NULL,NULL,'BAT-202103003',24,1,NULL,88,'2021-03-15',299.00,0.00,0.00,'',1,15398500,0,51500,1,'',2509,NULL,NULL,NULL,1,NULL,'','2021-03-16 08:09:16','USR-202008000','2021-04-16 09:56:51','USR-202008000',NULL,NULL),('COW-202103041','','807',NULL,NULL,'BAT-202103003',24,1,NULL,88,'2021-03-15',273.00,0.00,0.00,'',1,14059500,0,51500,1,'',2510,NULL,NULL,NULL,1,NULL,'','2021-03-16 08:09:44','USR-202008000','2021-04-16 09:57:13','USR-202008000',NULL,NULL),('COW-202103042','','808',NULL,NULL,'BAT-202103003',24,1,NULL,88,'2021-03-15',300.00,0.00,0.00,'',1,15450000,0,51500,1,'',2511,NULL,NULL,NULL,1,NULL,'','2021-03-16 08:10:11','USR-202008000','2021-04-16 09:57:36','USR-202008000',NULL,NULL),('COW-202103043','','809',NULL,NULL,'BAT-202103003',24,1,NULL,87,'2021-03-15',295.00,0.00,0.00,'',1,15192500,0,51500,1,'',2512,NULL,NULL,NULL,1,NULL,'','2021-03-16 08:10:47','USR-202008000','2021-04-16 09:58:50','USR-202008000',NULL,NULL),('COW-202103044','','810',NULL,NULL,'BAT-202103003',24,1,NULL,88,'2021-03-15',304.00,0.00,0.00,'',1,15656000,0,51500,1,'',2513,NULL,NULL,NULL,1,NULL,'','2021-03-16 08:11:51','USR-202008000','2021-04-16 09:59:22','USR-202008000',NULL,NULL),('COW-202103045','','811',NULL,NULL,'BAT-202103004',24,1,NULL,81,'2021-03-23',265.00,0.00,0.00,'',1,13647500,0,51500,1,'',2552,NULL,NULL,NULL,1,NULL,'','2021-03-25 13:46:45','USR-202008000','2021-04-23 09:16:14','USR-202008000',NULL,NULL),('COW-202103046','','812',NULL,NULL,'BAT-202103004',24,1,NULL,81,'2021-03-23',244.00,0.00,0.00,'',1,12566000,0,51500,1,'',2553,NULL,NULL,NULL,1,NULL,'','2021-03-25 13:47:28','USR-202008000','2021-04-23 09:17:18','USR-202008000',NULL,NULL),('COW-202103047','','813',NULL,NULL,'BAT-202103004',24,1,NULL,81,'2021-03-23',270.00,0.00,0.00,'',1,13905000,0,51500,1,'BB 284kg',2554,NULL,NULL,NULL,1,NULL,'','2021-03-25 13:59:59','USR-202008000','2021-04-23 09:17:57','USR-202008000',NULL,NULL),('COW-202103048','','814',NULL,NULL,'BAT-202103004',24,1,NULL,81,'2021-03-23',231.00,0.00,0.00,'',1,11896500,0,51500,1,'',2555,NULL,NULL,NULL,1,NULL,'','2021-03-25 14:01:01','USR-202008000','2021-04-23 09:18:56','USR-202008000',NULL,NULL),('COW-202103049','','815',NULL,NULL,'BAT-202103004',24,1,NULL,81,'2021-03-23',256.00,0.00,0.00,'',1,13184000,0,51500,1,'',2556,NULL,NULL,NULL,1,NULL,'','2021-03-25 14:15:35','USR-202008000','2021-04-23 09:19:36','USR-202008000',NULL,NULL),('COW-202103050','','816',NULL,NULL,'BAT-202103004',24,1,NULL,85,'2021-03-23',270.00,0.00,0.00,'',1,13905000,0,51500,1,'BB 323',2557,NULL,NULL,NULL,1,NULL,'','2021-03-25 14:18:05','USR-202008000','2021-04-23 09:20:08','USR-202008000',NULL,NULL),('COW-202103051','','817',NULL,NULL,'BAT-202103004',24,1,NULL,85,'2021-03-23',270.00,0.00,0.00,'',1,13905000,0,51500,1,'BB 286kg',2558,NULL,NULL,NULL,1,NULL,'','2021-03-25 14:19:05','USR-202008000','2021-04-23 09:20:39','USR-202008000',NULL,NULL),('COW-202103052','','818',NULL,NULL,'BAT-202103004',24,1,NULL,81,'2021-03-23',270.00,0.00,0.00,'',1,13905000,0,51500,1,'BB 301kg',2559,NULL,NULL,NULL,1,NULL,'','2021-03-25 14:20:08','USR-202008000','2021-04-23 09:21:54','USR-202008000',NULL,NULL),('COW-202103053','','819',NULL,NULL,'BAT-202103004',24,1,NULL,81,'2021-03-23',260.00,0.00,0.00,'',1,13390000,0,51500,1,'',2560,NULL,NULL,NULL,1,NULL,'','2021-03-25 14:21:14','USR-202008000','2021-04-23 09:22:23','USR-202008000',NULL,NULL),('COW-202103054','','820',NULL,NULL,'BAT-202103004',24,1,NULL,85,'2021-03-23',270.00,0.00,0.00,'',1,13905000,0,51500,1,'BB 293kg',2561,NULL,NULL,NULL,1,NULL,'','2021-03-25 14:22:06','USR-202008000','2021-04-23 09:23:15','USR-202008000',NULL,NULL),('COW-202103055','','821',NULL,NULL,'BAT-202103005',65,1,NULL,125,'2021-03-24',321.00,0.00,0.00,'',1,16324134,0,50854,1,'over faktur dengan harga Rp 44.000 BB 371kg',2543,NULL,NULL,NULL,1,NULL,'','2021-03-28 11:29:15','USR-202008000','2021-04-21 17:07:06','USR-202008000',NULL,NULL),('COW-202103056','','822',NULL,NULL,'BAT-202103005',65,1,NULL,125,'2021-03-24',355.00,0.00,0.00,'',1,17336070,0,48834,1,'over faktur Rp 44.000/kg BB 394',2544,NULL,NULL,NULL,1,NULL,'','2021-03-28 11:35:53','USR-202008000','2021-04-21 17:07:53','USR-202008000',NULL,NULL),('COW-202103057','','823',NULL,NULL,'BAT-202103005',65,1,NULL,125,'2021-03-24',335.00,0.00,0.00,'',1,15708150,0,46890,1,'over faktur Rp 44.000/kg BB 357kg',2545,NULL,NULL,NULL,1,NULL,'','2021-03-28 11:37:26','USR-202008000','2021-04-21 17:08:42','USR-202008000',NULL,NULL),('COW-202103058','','824',NULL,NULL,'BAT-202103005',65,1,NULL,125,'2021-03-24',291.00,0.00,0.00,'',1,13596102,0,46722,1,'over faktur Rp 44.000/kg BB 309kg\n',2546,NULL,NULL,NULL,1,NULL,'','2021-03-28 11:42:40','USR-202008000','2021-04-21 17:09:35','USR-202008000',NULL,NULL),('COW-202103059','','825',NULL,NULL,'BAT-202103005',65,1,NULL,125,'2021-03-24',295.00,0.00,0.00,'',1,14432001.8,0,48922.04,1,'over faktur Rp 44.000/kg BB 328kg',2547,NULL,NULL,NULL,1,NULL,'','2021-03-28 11:46:15','USR-202008000','2021-04-21 17:10:18','USR-202008000',NULL,NULL),('COW-202103060','','826',NULL,NULL,'BAT-202103005',65,1,NULL,125,'2021-03-24',315.00,0.00,0.00,'',1,14959998.9,0,47492.06,1,'over faktur Rp 44.000/kg BB 340kg\n',2548,NULL,NULL,NULL,1,NULL,'','2021-03-28 11:50:20','USR-202008000','2021-04-21 17:10:57','USR-202008000',NULL,NULL),('COW-202103061','','827',NULL,NULL,'BAT-202103005',65,1,NULL,125,'2021-03-24',281.00,0.00,0.00,'',1,14959998.83,0,53238.43,1,'over faktur Rp 44.000/kg BB 340kg',2549,NULL,NULL,NULL,1,NULL,'','2021-03-28 11:51:37','USR-202008000','2021-04-21 17:11:24','USR-202008000',NULL,NULL),('COW-202103062','','828',NULL,NULL,'BAT-202103005',65,1,NULL,125,'2021-03-24',289.00,0.00,0.00,'',1,14695999.69,0,50851.21,1,'over faktur Rp 44.000/kg BB 334kg',2550,NULL,NULL,NULL,1,NULL,'','2021-03-28 11:53:03','USR-202008000','2021-04-21 17:11:51','USR-202008000',NULL,NULL),('COW-202103063','','829',NULL,NULL,'BAT-202103005',65,1,NULL,125,'2021-03-24',293.00,0.00,0.00,'',1,13464000.46,0,45952.22,1,'',2551,NULL,NULL,NULL,1,NULL,'','2021-03-28 11:54:50','USR-202008000','2021-04-21 17:12:19','USR-202008000',NULL,NULL),('COW-202103064','','30a',NULL,NULL,'1',43,1,NULL,114,'2020-02-20',482.00,0.00,0.00,'',1,22172000,0,46000,1,'Sapi Lama (8 Jan 20)',2432,NULL,NULL,NULL,1,NULL,'','2021-03-30 15:36:55','USR-202008000',NULL,NULL,NULL,NULL),('COW-202111001','','830',NULL,NULL,'BAT-202111001',43,1,NULL,105,'2021-10-03',221.00,0.00,0.00,'',2,14400000,0,65158.37,1,'',2568,NULL,NULL,NULL,1,NULL,'','2021-11-05 10:43:46','USR-202008000','2021-11-07 15:51:15','USR-202008000',NULL,NULL),('COW-202111002','','831',NULL,NULL,'BAT-202111001',25,1,NULL,105,'2021-10-03',209.00,0.00,0.00,'',2,13900000,0,66507.18,1,'',2606,NULL,NULL,NULL,1,NULL,'','2021-11-07 15:45:24','USR-202008000','2021-11-11 15:19:55','USR-202008000',NULL,NULL),('COW-202111003','','832',NULL,NULL,'BAT-202111001',43,1,NULL,105,'2021-10-03',247.00,0.00,0.00,'',2,15300000,0,61943.32,1,'',2607,NULL,NULL,NULL,1,NULL,'','2021-11-07 15:49:05','USR-202008000','2021-11-11 15:23:28','USR-202008000',NULL,NULL),('COW-202111004','','833',NULL,NULL,'BAT-202111001',42,1,NULL,105,'2021-10-03',191.00,0.00,0.00,'',2,14050000,0,73560.21,1,'',2608,NULL,NULL,NULL,1,NULL,'','2021-11-07 15:50:20','USR-202008000','2021-11-11 15:25:03','USR-202008000',NULL,NULL),('COW-202111005','','834',NULL,NULL,'BAT-202111001',42,1,NULL,105,'2021-10-03',215.00,0.00,0.00,'',2,14350000,0,66744.19,1,'',2609,NULL,NULL,NULL,1,NULL,'','2021-11-07 15:54:14','USR-202008000','2021-11-11 15:26:09','USR-202008000',NULL,NULL),('COW-202111006','','835',NULL,NULL,'BAT-202111001',42,1,NULL,105,'2021-10-03',338.00,0.00,0.00,'',2,18650000,0,55177.51,1,'',2610,NULL,NULL,NULL,1,NULL,'','2021-11-07 15:55:20','USR-202008000','2021-11-11 16:03:50','USR-202008000',NULL,NULL),('COW-202111007','','836',NULL,NULL,'BAT-202111001',25,1,NULL,105,'2021-10-03',238.00,0.00,0.00,'',2,14300000,0,60084.03,1,'',2611,NULL,NULL,NULL,1,NULL,'','2021-11-07 15:56:31','USR-202008000','2021-11-11 16:05:01','USR-202008000',NULL,NULL),('COW-202111008','','837',NULL,NULL,'BAT-202111001',54,1,NULL,105,'2021-10-03',360.00,0.00,0.00,'',2,18050000,0,50138.89,1,'',2612,NULL,NULL,NULL,1,NULL,'','2021-11-07 15:57:49','USR-202008000','2021-11-11 16:05:40','USR-202008000',NULL,NULL),('COW-202111009','','838',NULL,NULL,'BAT-202111001',47,1,NULL,105,'2021-10-03',331.00,0.00,0.00,'',2,17800000,0,53776.44,1,'',2613,NULL,NULL,NULL,1,NULL,'','2021-11-07 16:08:49','USR-202008000','2021-11-11 16:06:27','USR-202008000',NULL,NULL),('COW-202111010','','839',NULL,NULL,'BAT-202111001',25,1,NULL,105,'2021-10-03',345.00,0.00,0.00,'',2,17700000,0,51304.35,1,'',2614,NULL,NULL,NULL,1,NULL,'','2021-11-07 16:09:48','USR-202008000','2021-11-11 16:07:01','USR-202008000',NULL,NULL),('COW-202111011','','840',NULL,NULL,'BAT-202111001',54,1,NULL,105,'2021-10-03',370.00,0.00,0.00,'',2,18050000,0,48783.78,1,'',2615,NULL,NULL,NULL,1,NULL,'','2021-11-07 16:10:57','USR-202008000','2021-11-11 16:07:40','USR-202008000',NULL,NULL),('COW-202111012','','841',NULL,NULL,'BAT-202111001',54,1,NULL,105,'2021-10-03',316.00,0.00,0.00,'',2,16500000,0,52215.19,1,'',2616,NULL,NULL,NULL,1,NULL,'','2021-11-07 16:11:55','USR-202008000','2021-11-11 16:08:26','USR-202008000',NULL,NULL),('COW-202111013','','842',NULL,NULL,'BAT-202111001',51,1,NULL,105,'2021-10-03',241.00,0.00,0.00,'',2,15300000,0,63485.48,1,'',2617,NULL,NULL,NULL,1,NULL,'','2021-11-07 16:13:19','USR-202008000','2021-11-11 16:09:24','USR-202008000',NULL,NULL),('COW-202111014','','843',NULL,NULL,'BAT-202111001',25,1,NULL,105,'2021-10-03',288.00,0.00,0.00,'',2,16000000,0,55555.56,1,'',2618,NULL,NULL,NULL,1,NULL,'','2021-11-07 16:14:22','USR-202008000','2021-11-11 16:09:58','USR-202008000',NULL,NULL),('COW-202111015','','844',NULL,NULL,'BAT-202111001',42,1,NULL,105,'2021-10-03',212.00,0.00,0.00,'',2,14400000,0,67924.53,1,'',2619,NULL,NULL,NULL,1,NULL,'','2021-11-07 16:15:30','USR-202008000','2021-11-11 16:10:42','USR-202008000',NULL,NULL),('COW-202111016','','845',NULL,NULL,'BAT-202111001',54,1,NULL,105,'2021-10-03',233.00,0.00,0.00,'',2,14400000,0,61802.58,1,'',2620,NULL,NULL,NULL,1,NULL,'','2021-11-07 16:17:35','USR-202008000','2021-11-11 16:11:19','USR-202008000',NULL,NULL),('COW-202111017','','846',NULL,NULL,'BAT-202111001',43,1,NULL,105,'2021-10-03',332.00,0.00,0.00,'',2,17600000,0,53012.05,1,'',2621,NULL,NULL,NULL,1,NULL,'','2021-11-07 16:21:10','USR-202008000','2021-11-11 16:12:03','USR-202008000',NULL,NULL),('COW-202111018','','847',NULL,NULL,'BAT-202111001',42,1,NULL,105,'2021-10-03',253.00,0.00,0.00,'',2,14400000,0,56917,1,'',2622,NULL,NULL,NULL,1,NULL,'','2021-11-07 16:21:58','USR-202008000','2021-11-11 16:12:50','USR-202008000',NULL,NULL),('COW-202111019','','848',NULL,NULL,'BAT-202111001',43,1,NULL,106,'2021-10-03',205.00,0.00,0.00,'',2,14600000,0,71219.51,1,'',2623,NULL,NULL,NULL,1,NULL,'MUT-2021110031','2021-11-07 16:23:03','USR-202008000','2021-11-11 16:13:29','USR-202008000',NULL,NULL),('COW-202111020','','849',NULL,NULL,'BAT-202111002',25,1,NULL,107,'2021-10-14',259.00,0.00,0.00,'',1,13468000,0,52000,1,'',2624,NULL,NULL,NULL,1,NULL,'','2021-11-08 08:51:30','USR-202008000','2021-11-11 16:33:20','USR-202008000',NULL,NULL),('COW-202111021','','850',NULL,NULL,'BAT-202111002',25,1,NULL,107,'2021-10-14',252.00,0.00,0.00,'',1,13104000,0,52000,1,'',2625,NULL,NULL,NULL,1,NULL,'','2021-11-08 09:01:03','USR-202008000','2021-11-11 16:33:57','USR-202008000',NULL,NULL),('COW-202111022','','851',NULL,NULL,'BAT-202111002',25,1,NULL,107,'2021-10-14',311.00,0.00,0.00,'',1,15550000,0,50000,1,'',2626,NULL,NULL,NULL,1,NULL,'','2021-11-08 09:02:37','USR-202008000','2021-11-11 16:34:44','USR-202008000',NULL,NULL),('COW-202111023','','852',NULL,NULL,'BAT-202111002',25,1,NULL,107,'2021-10-14',352.00,0.00,0.00,'',1,16896000,0,48000,1,'',2627,NULL,NULL,NULL,1,NULL,'','2021-11-08 09:07:41','USR-202008000','2021-11-11 16:35:40','USR-202008000',NULL,NULL),('COW-202111024','','853',NULL,NULL,'BAT-202111002',47,1,NULL,107,'2021-10-14',288.00,0.00,0.00,'',1,14976000,0,52000,1,'',2628,NULL,NULL,NULL,1,NULL,'','2021-11-08 09:10:06','USR-202008000','2021-11-11 16:36:14','USR-202008000',NULL,NULL),('COW-202111025','','854',NULL,NULL,'BAT-202111002',43,1,NULL,107,'2021-10-14',329.00,0.00,0.00,'',1,16450000,0,50000,1,'',2629,NULL,NULL,NULL,1,NULL,'','2021-11-08 09:12:22','USR-202008000','2021-11-11 16:36:51','USR-202008000',NULL,NULL),('COW-202111026','','855',NULL,NULL,'BAT-202111002',47,1,NULL,107,'2021-10-14',334.00,0.00,0.00,'',1,16700000,0,50000,1,'',2630,NULL,NULL,NULL,1,NULL,'','2021-11-08 09:14:53','USR-202008000','2021-11-11 16:37:54','USR-202008000',NULL,NULL),('COW-202111027','','856',NULL,NULL,'BAT-202111002',47,1,NULL,107,'2021-10-14',312.00,0.00,0.00,'',1,15600000,0,50000,1,'',2631,NULL,NULL,NULL,1,NULL,'','2021-11-08 09:16:08','USR-202008000','2021-11-11 16:38:33','USR-202008000',NULL,NULL),('COW-202111028','','857',NULL,NULL,'BAT-202111002',54,1,NULL,107,'2021-10-14',436.00,0.00,0.00,'',1,20492000,0,47000,1,'',2632,NULL,NULL,NULL,1,NULL,'','2021-11-08 09:19:04','USR-202008000','2021-11-11 16:39:06','USR-202008000',NULL,NULL),('COW-202111029','','858',NULL,NULL,'BAT-202111002',25,1,NULL,107,'2021-10-14',303.00,0.00,0.00,'',1,15150000,0,50000,1,'',2633,NULL,NULL,NULL,1,NULL,'','2021-11-08 09:20:21','USR-202008000','2021-11-11 16:40:03','USR-202008000',NULL,NULL),('COW-202111030','','869',NULL,NULL,'BAT-202111004',25,1,NULL,109,'2021-10-31',334.00,0.00,0.00,'',1,16833600,0,50400,1,'',2655,NULL,NULL,NULL,1,NULL,'','2021-11-09 08:26:12','USR-202008000','2021-11-15 10:11:10','USR-202008000',NULL,NULL),('COW-202111031','','870',NULL,NULL,'BAT-202111004',47,1,NULL,109,'2021-10-31',273.00,0.00,0.00,'',1,14332500,0,52500,1,'',2656,NULL,NULL,NULL,1,NULL,'','2021-11-09 08:27:06','USR-202008000','2021-11-15 15:07:17','USR-202008000',NULL,NULL),('COW-202111032','','871',NULL,NULL,'BAT-202111004',43,1,NULL,109,'2021-10-31',340.00,0.00,0.00,'',1,17136000,0,50400,1,'',2657,NULL,NULL,NULL,1,NULL,'','2021-11-09 08:27:55','USR-202008000','2021-11-15 15:08:03','USR-202008000',NULL,NULL),('COW-202111033','','872',NULL,NULL,'BAT-202111004',47,1,NULL,109,'2021-10-31',284.00,0.00,0.00,'',1,14910000,0,52500,1,'',2658,NULL,NULL,NULL,1,NULL,'','2021-11-09 08:29:03','USR-202008000','2021-11-15 15:09:40','USR-202008000',NULL,NULL),('COW-202111034','','873',NULL,NULL,'BAT-202111004',25,1,NULL,109,'2021-10-31',282.00,0.00,0.00,'',1,14805000,0,52500,1,'',2659,NULL,NULL,NULL,1,NULL,'','2021-11-09 08:29:59','USR-202008000','2021-11-15 15:10:29','USR-202008000',NULL,NULL),('COW-202111035','','874',NULL,NULL,'BAT-202111004',43,1,NULL,109,'2021-10-31',325.00,0.00,0.00,'',1,16380000,0,50400,1,'',2660,NULL,NULL,NULL,1,NULL,'','2021-11-09 08:31:26','USR-202008000','2021-11-15 15:11:13','USR-202008000',NULL,NULL),('COW-202111036','','875',NULL,NULL,'BAT-202111004',25,1,NULL,109,'2021-10-31',310.00,0.00,0.00,'',1,15624000,0,50400,1,'',2661,NULL,NULL,NULL,1,NULL,'','2021-11-09 08:34:54','USR-202008000','2021-11-15 15:11:49','USR-202008000',NULL,NULL),('COW-202111037','','876',NULL,NULL,'BAT-202111004',25,1,NULL,109,'2021-10-31',244.00,0.00,0.00,'',1,12810000,0,52500,1,'',2662,NULL,NULL,NULL,1,NULL,'','2021-11-09 08:37:26','USR-202008000','2021-11-15 15:12:20','USR-202008000',NULL,NULL),('COW-202111038','','877',NULL,NULL,'BAT-202111004',47,1,NULL,109,'2021-10-31',276.00,0.00,0.00,'',1,14490000,0,52500,1,'',2663,NULL,NULL,NULL,1,NULL,'','2021-11-09 08:38:27','USR-202008000','2021-11-15 15:46:40','USR-202008000',NULL,NULL),('COW-202111039','','878',NULL,NULL,'BAT-202111004',25,1,NULL,109,'2021-10-31',284.00,0.00,0.00,'',1,14910000,0,52500,1,'',2664,NULL,NULL,NULL,1,NULL,'','2021-11-09 08:45:15','USR-202008000','2021-11-15 15:47:26','USR-202008000',NULL,NULL),('COW-202111040','','879',NULL,NULL,'BAT-202111004',25,1,NULL,109,'2021-10-31',325.00,0.00,0.00,'',1,16380000,0,50400,1,'',2665,NULL,NULL,NULL,1,NULL,'','2021-11-09 08:48:03','USR-202008000','2021-11-15 15:48:13','USR-202008000',NULL,NULL),('COW-202111041','','859',NULL,NULL,'BAT-202111003',43,1,NULL,111,'2021-10-21',337.00,0.00,0.00,'',1,16850000,0,50000,1,'',2635,NULL,NULL,NULL,1,NULL,'','2021-11-12 11:36:24','USR-202008000','2021-11-12 11:37:00','USR-202008000',NULL,NULL),('COW-202111042','','860',NULL,NULL,'BAT-202111003',43,1,NULL,111,'2021-10-21',273.00,0.00,0.00,'',1,14196000,0,52000,1,'',2637,NULL,NULL,NULL,1,NULL,'','2021-11-12 11:38:12','USR-202008000','2021-11-12 11:38:38','USR-202008000',NULL,NULL),('COW-202111043','','861',NULL,NULL,'BAT-202111003',43,1,NULL,111,'2021-10-21',331.00,0.00,0.00,'',1,16550000,0,50000,1,'',2639,NULL,NULL,NULL,1,NULL,'','2021-11-12 11:39:53','USR-202008000','2021-11-12 11:40:19','USR-202008000',NULL,NULL),('COW-202111044','','862',NULL,NULL,'BAT-202111003',54,1,NULL,111,'2021-10-21',339.00,0.00,0.00,'',1,16950000,0,50000,1,'',2641,NULL,NULL,NULL,1,NULL,'','2021-11-12 11:41:36','USR-202008000','2021-11-12 11:42:26','USR-202008000',NULL,NULL),('COW-202111045','','863',NULL,NULL,'BAT-202111003',47,1,NULL,111,'2021-10-21',250.00,0.00,0.00,'',1,13000000,0,52000,1,'',2643,NULL,NULL,NULL,1,NULL,'','2021-11-12 11:53:38','USR-202008000','2021-11-12 11:54:09','USR-202008000',NULL,NULL),('COW-202111046','','864',NULL,NULL,'BAT-202111003',25,1,NULL,111,'2021-10-21',357.00,0.00,0.00,'',1,17136000,0,48000,1,'',2646,NULL,NULL,NULL,1,NULL,'','2021-11-12 14:53:26','USR-202008000','2021-11-12 14:54:23','USR-202008000',NULL,NULL),('COW-202111047','','865',NULL,NULL,'BAT-202111003',54,1,NULL,111,'2021-10-21',253.00,0.00,0.00,'',1,13156000,0,52000,1,'',2647,NULL,NULL,NULL,1,NULL,'','2021-11-12 14:55:47','USR-202008000',NULL,NULL,NULL,NULL),('COW-202111048','','866',NULL,NULL,'BAT-202111003',47,1,NULL,111,'2021-10-21',328.00,0.00,0.00,'',1,16400000,0,50000,1,'',2649,NULL,NULL,NULL,1,NULL,'','2021-11-12 15:06:40','USR-202008000','2021-11-12 15:07:13','USR-202008000',NULL,NULL),('COW-202111049','','867',NULL,NULL,'BAT-202111003',25,1,NULL,111,'2021-10-21',344.00,0.00,0.00,'',1,17200000,0,50000,1,'',2651,NULL,NULL,NULL,1,NULL,'','2021-11-12 15:08:33','USR-202008000','2021-11-12 15:09:07','USR-202008000',NULL,NULL),('COW-202111050','','868',NULL,NULL,'BAT-202111003',43,1,NULL,111,'2021-10-21',335.00,0.00,0.00,'',1,16750000,0,50000,1,'',2654,NULL,NULL,NULL,1,NULL,'','2021-11-12 15:10:21','USR-202008000','2021-11-12 15:10:50','USR-202008000',NULL,NULL);

--
-- Table structure for table `tp_cow_mating`
--

CREATE TABLE `tp_cow_mating` (
  `id` varchar(21) NOT NULL,
  `mated` date DEFAULT NULL,
  `cow_id` varchar(21) NOT NULL,
  `pen_id` varchar(21) NOT NULL,
  `is_finished` tinyint(1) NOT NULL DEFAULT 0,
  `finished_at` datetime DEFAULT NULL,
  `created_at` datetime NOT NULL,
  `created_by` varchar(21) NOT NULL,
  `updated_at` datetime DEFAULT NULL,
  `updated_by` varchar(21) DEFAULT NULL,
  `deleted_at` datetime DEFAULT NULL,
  `deleted_by` varchar(21) DEFAULT NULL,
  PRIMARY KEY (`id`),
  KEY `cow_id` (`cow_id`)
) ENGINE=InnoDB DEFAULT CHARSET=latin1;

--
-- Dumping data for table `tp_cow_mating`
--


--
-- Table structure for table `tp_cow_mating_detail`
--

CREATE TABLE `tp_cow_mating_detail` (
  `id` varchar(21) NOT NULL,
  `mating_id` varchar(21) NOT NULL,
  `cow_id` varchar(21) NOT NULL,
  `created_at` datetime NOT NULL,
  `created_by` varchar(21) NOT NULL,
  `updated_at` datetime DEFAULT NULL,
  `updated_by` varchar(21) DEFAULT NULL,
  `deleted_at` datetime DEFAULT NULL,
  `deleted_by` varchar(21) DEFAULT NULL,
  PRIMARY KEY (`id`),
  KEY `mating_id` (`mating_id`),
  KEY `cow_id` (`cow_id`)
) ENGINE=InnoDB DEFAULT CHARSET=latin1;

--
-- Dumping data for table `tp_cow_mating_detail`
--


--
-- Table structure for table `tp_cow_pregnancy`
--

CREATE TABLE `tp_cow_pregnancy` (
  `id` varchar(21) NOT NULL,
  `pregnancy_test_id` varchar(21) NOT NULL,
  `birth_date_estimation` date NOT NULL,
  `created_at` datetime NOT NULL,
  `created_by` varchar(21) NOT NULL,
  `updated_at` datetime DEFAULT NULL,
  `updated_by` varchar(21) DEFAULT NULL,
  `deleted_at` datetime DEFAULT NULL,
  `deleted_by` varchar(21) DEFAULT NULL,
  PRIMARY KEY (`id`),
  KEY `pregnancy_test_id` (`pregnancy_test_id`)
) ENGINE=InnoDB DEFAULT CHARSET=latin1;

--
-- Dumping data for table `tp_cow_pregnancy`
--


--
-- Table structure for table `tp_cow_pregnancy_test`
--

CREATE TABLE `tp_cow_pregnancy_test` (
  `id` varchar(21) NOT NULL,
  `mating_detail_id` varchar(21) NOT NULL,
  `cow_id` varchar(21) NOT NULL,
  `test_date` date NOT NULL,
  `result` tinyint(1) NOT NULL,
  `gestational_age` smallint(6) DEFAULT NULL,
  `description` varchar(200) DEFAULT NULL,
  `created_at` datetime NOT NULL,
  `created_by` varchar(21) NOT NULL,
  `updated_at` datetime DEFAULT NULL,
  `updated_by` varchar(21) DEFAULT NULL,
  `deleted_at` datetime DEFAULT NULL,
  `deleted_by` varchar(21) DEFAULT NULL,
  PRIMARY KEY (`id`),
  KEY `mating_detail_id` (`mating_detail_id`)
) ENGINE=InnoDB DEFAULT CHARSET=latin1;

--
-- Dumping data for table `tp_cow_pregnancy_test`
--


--
-- Table structure for table `tp_cow_transaction`
--

CREATE TABLE `tp_cow_transaction` (
  `id` varchar(21) NOT NULL,
  `date` date NOT NULL,
  `type` varchar(21) NOT NULL,
  `customer_id` varchar(21) NOT NULL,
  `agent_id` varchar(21) DEFAULT NULL,
  `qty` int(11) NOT NULL DEFAULT 0,
  `amount` double NOT NULL DEFAULT 0,
  `discount` double DEFAULT 0,
  `agent_fee` double DEFAULT 0,
  `other_cost` double unsigned DEFAULT 0,
  `net_sales` decimal(10,0) DEFAULT 0,
  `description` varchar(200) DEFAULT NULL,
  `is_posting` tinyint(1) NOT NULL DEFAULT 0,
  `posting_date` date DEFAULT NULL,
  `due_to_date` date DEFAULT NULL,
  `posting_by` varchar(21) DEFAULT NULL,
  `create_bill` smallint(6) DEFAULT 0,
  `create_invoice` smallint(6) DEFAULT 0,
  `posting_dt` datetime DEFAULT NULL,
  `document_id` int(11) DEFAULT NULL,
  `document_id2` int(11) DEFAULT NULL,
  `is_payment` tinyint(4) NOT NULL DEFAULT 0,
  `created_at` datetime NOT NULL,
  `created_by` varchar(21) NOT NULL,
  `updated_at` datetime DEFAULT NULL,
  `updated_by` varchar(21) DEFAULT NULL,
  `deleted_at` datetime DEFAULT NULL,
  `deleted_by` varchar(21) DEFAULT NULL,
  PRIMARY KEY (`id`)
) ENGINE=InnoDB DEFAULT CHARSET=latin1;

--
-- Dumping data for table `tp_cow_transaction`
--

INSERT INTO `tp_cow_transaction` VALUES ('TRX-202101001','2021-01-11','TY0002','15','35',0,0,0,0,0,0,'',0,NULL,NULL,NULL,0,0,NULL,NULL,NULL,0,'2021-01-11 13:27:25','USR-202008000','2021-01-22 15:02:56','USR-202008000','2021-01-22 15:03:11','USR-202008000'),('TRX-202101002','2021-01-26','TY0002','15','35',0,0,0,0,0,0,'Nyoba input (Bukan Real)',0,NULL,NULL,NULL,0,0,NULL,NULL,NULL,0,'2021-01-26 13:14:02','USR-202008000','2021-01-26 13:24:52','USR-202008000','2021-01-26 13:32:06','USR-202008000'),('TRX-202102001','2021-02-03','TY0002','15','35',0,0,0,0,0,0,'',0,NULL,NULL,NULL,0,0,NULL,NULL,NULL,0,'2021-02-03 13:36:40','USR-202008000','2021-02-03 15:12:42','USR-202008000','2021-02-25 14:07:12','USR-202008000'),('TRX-202102002','2021-01-06','TY0002','15','35',2,64119000,1000000,0,0,63119000,'',1,NULL,'2021-04-29',NULL,1,0,'2021-04-20 11:26:25',30,NULL,0,'2021-02-25 14:07:41','USR-202008000',NULL,NULL,NULL,NULL),('TRX-202102003','2021-02-25','TY0002','15','35',0,0,0,0,0,0,'',0,NULL,NULL,NULL,0,0,NULL,NULL,NULL,0,'2021-02-25 16:06:00','USR-202008000',NULL,NULL,'2021-03-19 10:55:30','USR-202008000'),('TRX-202103001','2021-01-08','TY0002','15','35',2,26883000,400000,0,0,26483000,'',1,NULL,'2021-05-27',NULL,1,0,'2021-05-18 09:09:03',31,NULL,0,'2021-03-19 11:25:16','USR-202008000',NULL,NULL,NULL,NULL),('TRX-202103002','2021-02-23','TY0003','46','47',2,22458000,0,0,0,22458000,'Sapi Baru Keluar Tgl 11 Mar \'21',0,NULL,NULL,NULL,0,0,NULL,NULL,NULL,0,'2021-03-30 15:53:55','USR-202008000','2021-03-30 16:03:39','USR-202008000',NULL,NULL),('TRX-202103003','2021-03-27','TY0002','48','35',2,50199000,0,0,0,50199000,'',0,NULL,NULL,NULL,0,0,NULL,NULL,NULL,0,'2021-03-30 16:04:47','USR-202008000',NULL,NULL,NULL,NULL),('TRX-202104001','2021-04-08','TY0002','52','53',1,13292500,0,0,0,13292500,'-',0,NULL,NULL,NULL,0,0,NULL,NULL,NULL,0,'2021-04-09 17:01:53','USR-202008000',NULL,NULL,NULL,NULL),('TRX-202105001','2021-04-09','TY0002','48','35',1,9576000,0,0,0,9576000,'',1,NULL,'2021-05-27',NULL,1,0,'2021-05-18 09:19:35',32,NULL,0,'2021-05-18 09:18:10','USR-202008000',NULL,NULL,NULL,NULL),('TRX-202105002','2021-05-11','TY0003','56','57',2,53400000,0,0,0,53400000,'',1,NULL,'2021-05-27',NULL,1,0,'2021-05-18 09:32:52',33,NULL,0,'2021-05-18 09:26:33','USR-202008000',NULL,NULL,NULL,NULL);

--
-- Table structure for table `tp_cow_transaction_detail`
--

CREATE TABLE `tp_cow_transaction_detail` (
  `invoice_number` varchar(21) NOT NULL DEFAULT '',
  `cow_id` varchar(21) NOT NULL,
  `last_weighed` date NOT NULL,
  `last_weight` decimal(10,2) NOT NULL,
  `dof` int(10) unsigned NOT NULL DEFAULT 0,
  `adg` decimal(10,2) NOT NULL DEFAULT 0.00,
  `price_perkg` decimal(10,0) NOT NULL DEFAULT 0,
  `set_total_fee` decimal(10,0) NOT NULL DEFAULT 0,
  `selling_price` double(10,2) NOT NULL DEFAULT 0.00,
  `discount` double(10,1) DEFAULT 0.0,
  `agent_fee` double(10,2) DEFAULT 0.00,
  `other_cost` double unsigned DEFAULT 0,
  `net_sales` decimal(10,0) DEFAULT 0,
  `description` varchar(200) DEFAULT NULL,
  `note_invoice` varchar(150) DEFAULT NULL,
  `karkas_weight` decimal(10,2) NOT NULL DEFAULT 0.00,
  `created_at` datetime NOT NULL,
  `created_by` varchar(21) NOT NULL,
  `updated_at` datetime DEFAULT NULL,
  `updated_by` varchar(21) DEFAULT NULL,
  PRIMARY KEY (`invoice_number`,`cow_id`)
) ENGINE=InnoDB DEFAULT CHARSET=latin1;

--
-- Dumping data for table `tp_cow_transaction_detail`
--

INSERT INTO `tp_cow_transaction_detail` VALUES ('TRX-202102002','COW-202012078','2021-01-06',755.00,272,1.15,87000,1000000,32799000.00,500000.0,0.00,0,32299000,'','307, Bobot 755.00 kg ',377.00,'2021-03-19 10:51:30','USR-202008000','2021-03-30 14:30:31','USR-202008000'),('TRX-202102002','COW-202012104','2021-01-06',750.00,269,1.04,87000,1000000,31320000.00,500000.0,0.00,0,30820000,'','345, Bobot 750.00 kg ',360.00,'2021-03-19 11:09:48','USR-202008000','2021-03-30 14:30:36','USR-202008000'),('TRX-202103001','COW-202012017','2021-01-08',293.00,305,0.24,87000,1000000,14355000.00,200000.0,0.00,0,14155000,'','188a, Bobot 293.00 kg ',165.00,'2021-03-19 11:26:17','USR-202008000','2021-03-30 14:24:34','USR-202008000'),('TRX-202103001','COW-202012059','2021-01-08',287.00,298,0.30,87000,1000000,12528000.00,200000.0,0.00,0,12328000,'','263, Bobot 287.00 kg ',144.00,'2021-03-19 11:27:01','USR-202008000','2021-03-30 14:24:43','USR-202008000'),('TRX-202103002','COW-202012023','2021-02-23',394.00,349,0.55,57000,1000000,22458000.00,0.0,0.00,0,22458000,'','210, Bobot 394.00 kg ',0.00,'2021-03-30 15:56:01','USR-202008000','2021-04-14 15:14:30','USR-202008000'),('TRX-202103002','COW-202012039','2021-02-23',492.00,365,0.72,57000,1000000,0.00,0.0,0.00,0,0,'','68, Bobot 492.00 kg ',0.00,'2021-03-30 15:55:43','USR-202008000',NULL,NULL),('TRX-202103003','COW-202012116','2021-03-20',583.00,341,1.04,87000,1000000,25404000.00,0.0,0.00,0,25404000,'','359, Bobot 583.00 kg ',292.00,'2021-03-30 16:06:05','USR-202008000',NULL,NULL),('TRX-202103003','COW-202012129','2021-03-20',560.00,336,1.10,87000,1000000,24795000.00,0.0,0.00,0,24795000,'','374, Bobot 560.00 kg ',285.00,'2021-03-30 16:06:53','USR-202008000',NULL,NULL),('TRX-202104001','COW-202012118','2021-01-21',515.00,278,1.06,65000,1000000,13292500.00,0.0,0.00,0,13292500,'','362, Bobot 515.00 kg ',204.50,'2021-04-09 17:05:37','USR-202008000','2021-04-14 13:27:36','USR-202008000'),('TRX-202105001','COW-202101283','2021-04-09',246.00,284,0.42,85500,1000000,9576000.00,0.0,0.00,0,9576000,'-','713, Bobot 246.00 kg ',112.00,'2021-05-18 09:19:28','USR-202008000',NULL,NULL),('TRX-202105002','COW-202012131','2021-05-11',534.00,386,0.82,50000,1000000,26700000.00,0.0,0.00,0,26700000,'-','376, Bobot 534.00 kg ',0.00,'2021-05-18 09:31:43','USR-202008000',NULL,NULL),('TRX-202105002','COW-202101077','2021-05-11',534.00,370,0.92,50000,1000000,26700000.00,0.0,0.00,0,26700000,'-','477, Bobot 534.00 kg ',0.00,'2021-05-18 09:32:09','USR-202008000',NULL,NULL);

--
-- Table structure for table `tp_cow_weight`
--

CREATE TABLE `tp_cow_weight` (
  `id` int(10) unsigned NOT NULL AUTO_INCREMENT,
  `cow_id` varchar(21) NOT NULL,
  `date` date NOT NULL,
  `is_first` tinyint(4) NOT NULL DEFAULT 0,
  `last_weighed` date NOT NULL,
  `last_length` decimal(10,2) unsigned DEFAULT NULL,
  `last_weight` decimal(10,2) unsigned NOT NULL,
  `last_height` decimal(10,2) unsigned DEFAULT NULL,
  `description` varchar(255) DEFAULT NULL,
  `created_at` datetime NOT NULL,
  `created_by` varchar(21) NOT NULL,
  `updated_at` datetime DEFAULT NULL,
  `updated_by` varchar(21) DEFAULT NULL,
  `deleted_at` datetime DEFAULT NULL,
  `deleted_by` varchar(21) DEFAULT NULL,
  PRIMARY KEY (`id`),
  KEY `cow_id` (`cow_id`)
) ENGINE=InnoDB AUTO_INCREMENT=2666 DEFAULT CHARSET=latin1;

--
-- Dumping data for table `tp_cow_weight`
--

INSERT INTO `tp_cow_weight` VALUES (2,'COW-202012002','2021-01-11',1,'2020-03-05',NULL,293.00,NULL,'','2020-12-01 14:59:00','USR-202008000','2021-01-11 17:09:20','USR-202008000',NULL,NULL),(3,'COW-202012003','2020-12-01',1,'2020-03-05',NULL,230.00,NULL,'','2020-12-01 14:59:49','USR-202008000',NULL,NULL,NULL,NULL),(4,'COW-202012004','2020-12-01',1,'2020-03-05',NULL,230.00,NULL,'','2020-12-01 15:00:48','USR-202008000',NULL,NULL,NULL,NULL),(5,'COW-202012005','2020-12-01',1,'2020-03-05',0.00,159.00,0.00,'','2020-12-01 15:01:31','USR-202008000','2021-02-04 20:47:35','USR-202008000',NULL,NULL),(6,'COW-202012006','2020-12-01',1,'2020-03-05',NULL,230.00,NULL,'','2020-12-01 15:01:56','USR-202008000',NULL,NULL,NULL,NULL),(7,'COW-202012007','2020-12-01',1,'2020-03-05',0.00,151.00,0.00,'','2020-12-01 15:02:26','USR-202008000','2021-02-04 19:16:27','USR-202008000',NULL,NULL),(8,'COW-202012008','2020-12-01',1,'2020-03-08',NULL,173.00,NULL,'','2020-12-01 15:04:10','USR-202008000',NULL,NULL,NULL,NULL),(9,'COW-202012009','2020-12-01',1,'2020-03-08',0.00,163.00,0.00,'','2020-12-01 15:04:47','USR-202008000','2021-02-04 18:45:19','USR-202008000',NULL,NULL),(10,'COW-202012010','2020-12-01',1,'2020-03-08',NULL,205.00,NULL,'','2020-12-01 15:13:43','USR-202008000',NULL,NULL,NULL,NULL),(11,'COW-202012011','2020-12-01',1,'2020-03-08',0.00,158.00,0.00,'','2020-12-01 15:14:14','USR-202008000','2021-02-04 19:30:18','USR-202008000',NULL,NULL),(12,'COW-202012012','2020-12-01',1,'2020-03-08',0.00,161.00,0.00,'','2020-12-01 15:14:56','USR-202008000','2021-02-04 19:32:24','USR-202008000',NULL,NULL),(13,'COW-202012013','2020-12-01',1,'2020-03-08',0.00,154.00,0.00,'','2020-12-01 15:15:33','USR-202008000','2021-02-04 19:19:56','USR-202008000',NULL,NULL),(14,'COW-202012014','2020-12-01',1,'2020-03-08',0.00,158.00,0.00,'','2020-12-01 15:15:57','USR-202008000','2021-02-04 18:03:06','USR-202008000',NULL,NULL),(15,'COW-202012015','2020-12-01',1,'2020-03-09',0.00,172.00,0.00,'','2020-12-01 15:18:05','USR-202008000','2021-02-04 19:36:06','USR-202008000',NULL,NULL),(17,'COW-202012017','2021-01-11',1,'2020-03-09',0.00,220.00,0.00,'','2020-12-01 15:20:06','USR-202008000','2021-01-11 17:31:55','USR-202008000',NULL,NULL),(19,'COW-202012019','2020-12-01',1,'2020-03-09',NULL,166.00,NULL,'','2020-12-01 15:22:03','USR-202008000',NULL,NULL,NULL,NULL),(20,'COW-202012020','2020-12-01',1,'2020-03-09',0.00,156.00,0.00,'','2020-12-01 15:22:49','USR-202008000','2021-02-04 20:24:18','USR-202008000',NULL,NULL),(21,'COW-202012021','2020-12-01',1,'2020-03-09',0.00,161.00,0.00,'','2020-12-01 15:23:50','USR-202008000','2021-02-04 20:27:17','USR-202008000',NULL,NULL),(23,'COW-202012023','2020-12-01',1,'2020-03-11',0.00,201.00,0.00,'','2020-12-01 15:29:00','USR-202008000','2021-02-04 16:06:01','USR-202008000',NULL,NULL),(27,'COW-202012025','2020-12-01',1,'2020-03-12',0.00,145.00,0.00,'','2020-12-01 15:36:20','USR-202008000','2021-02-09 14:44:28','USR-202008000',NULL,NULL),(28,'COW-202012026','2020-12-01',1,'2020-03-12',0.00,151.00,0.00,'','2020-12-01 15:37:00','USR-202008000','2021-02-04 16:12:42','USR-202008000',NULL,NULL),(29,'COW-202012027','2020-12-01',1,'2020-03-12',0.00,207.00,0.00,'','2020-12-01 15:37:22','USR-202008000','2021-02-04 20:30:49','USR-202008000',NULL,NULL),(31,'COW-202012029','2020-12-01',1,'2020-03-14',NULL,197.00,NULL,'','2020-12-01 15:39:14','USR-202008000',NULL,NULL,NULL,NULL),(32,'COW-202012030','2020-12-01',1,'2020-03-14',NULL,222.00,NULL,'','2020-12-01 15:39:56','USR-202008000',NULL,NULL,NULL,NULL),(34,'COW-202012032','2020-12-01',1,'2020-03-14',0.00,207.00,0.00,'','2020-12-01 15:41:09','USR-202008000','2021-02-04 20:34:22','USR-202008000',NULL,NULL),(35,'COW-202012033','2020-12-01',1,'2020-03-14',NULL,229.00,NULL,'','2020-12-01 15:41:41','USR-202008000',NULL,NULL,NULL,NULL),(36,'COW-202012034','2020-12-01',1,'2020-03-15',0.00,210.00,0.00,'','2020-12-01 15:47:25','USR-202008000','2021-02-04 16:19:42','USR-202008000',NULL,NULL),(37,'COW-202012035','2020-12-01',1,'2020-03-15',NULL,202.00,NULL,'','2020-12-01 15:48:15','USR-202008000',NULL,NULL,NULL,NULL),(38,'COW-202012036','2020-12-01',1,'2020-03-15',0.00,164.00,0.00,'','2020-12-01 15:50:22','USR-202008000','2021-02-04 18:48:42','USR-202008000',NULL,NULL),(39,'COW-202012037','2020-12-01',1,'2020-03-15',NULL,225.00,NULL,'','2020-12-01 15:51:12','USR-202008000',NULL,NULL,NULL,NULL),(40,'COW-202012038','2020-12-01',1,'2020-03-15',NULL,207.00,NULL,'','2020-12-01 15:51:54','USR-202008000',NULL,NULL,NULL,NULL),(41,'COW-202012039','2021-02-04',1,'2020-02-24',0.00,230.00,0.00,'','2020-12-01 16:11:55','USR-202008000','2021-02-04 14:59:59','USR-202008000',NULL,NULL),(42,'COW-202012040','2021-02-04',1,'2020-02-24',0.00,174.00,0.00,'','2020-12-01 16:12:29','USR-202008000','2021-02-04 15:07:34','USR-202008000',NULL,NULL),(45,'COW-202012043','2020-12-01',1,'2020-02-26',0.00,212.00,0.00,'','2020-12-01 16:15:51','USR-202008000','2021-02-04 15:13:52','USR-202008000',NULL,NULL),(47,'COW-202012045','2021-02-04',1,'2020-02-26',0.00,201.00,0.00,'','2020-12-01 16:17:30','USR-202008000','2021-02-04 15:24:27','USR-202008000',NULL,NULL),(48,'COW-202012046','2020-12-01',1,'2020-03-01',0.00,177.00,0.00,'','2020-12-01 16:18:51','USR-202008000','2021-02-04 15:28:19','USR-202008000',NULL,NULL),(49,'COW-202012047','2020-12-01',1,'2020-03-01',0.00,141.00,0.00,'','2020-12-01 16:19:24','USR-202008000','2021-02-04 15:34:05','USR-202008000',NULL,NULL),(50,'COW-202012048','2020-12-01',1,'2020-03-01',0.00,179.00,0.00,'','2020-12-01 16:20:01','USR-202008000','2021-02-04 15:41:57','USR-202008000',NULL,NULL),(51,'COW-202012049','2020-12-01',1,'2020-03-01',0.00,200.00,0.00,'','2020-12-01 16:20:37','USR-202008000','2021-01-13 11:28:19','USR-202008000',NULL,NULL),(52,'COW-202012050','2020-12-01',1,'2020-03-01',NULL,174.00,NULL,'','2020-12-01 16:21:17','USR-202008000',NULL,NULL,NULL,NULL),(53,'COW-202012051','2020-12-01',1,'2020-03-01',NULL,229.00,NULL,'','2020-12-01 16:22:23','USR-202008000',NULL,NULL,NULL,NULL),(54,'COW-202012052','2020-12-01',1,'2020-03-02',0.00,178.00,0.00,'','2020-12-01 16:23:23','USR-202008000','2021-02-04 19:08:11','USR-202008000',NULL,NULL),(55,'COW-202012053','2020-12-01',1,'2020-03-02',NULL,164.00,NULL,'','2020-12-01 16:23:55','USR-202008000',NULL,NULL,NULL,NULL),(56,'COW-202012054','2020-12-01',1,'2020-03-02',0.00,166.00,0.00,'','2020-12-01 16:24:38','USR-202008000','2021-02-04 19:13:43','USR-202008000',NULL,NULL),(57,'COW-202012055','2020-12-01',1,'2020-03-02',NULL,205.00,NULL,'','2020-12-01 16:25:34','USR-202008000',NULL,NULL,NULL,NULL),(58,'COW-202012056','2020-12-01',1,'2020-03-16',0.00,154.00,99.00,'','2020-12-01 16:27:10','USR-202008000','2021-01-13 11:29:07','USR-202008000',NULL,NULL),(59,'COW-202012057','2020-12-01',1,'2020-03-16',0.00,176.00,98.00,'','2020-12-01 16:27:42','USR-202008000','2021-02-04 18:52:08','USR-202008000',NULL,NULL),(60,'COW-202012058','2020-12-01',1,'2020-03-16',0.00,172.00,95.00,'','2020-12-01 16:28:10','USR-202008000','2021-01-13 11:28:52','USR-202008000',NULL,NULL),(61,'COW-202012059','2020-12-01',1,'2020-03-16',NULL,197.00,NULL,'','2020-12-01 16:29:27','USR-202008000',NULL,NULL,NULL,NULL),(62,'COW-202012060','2020-12-01',1,'2020-03-16',0.00,214.00,104.00,'','2020-12-01 16:31:00','USR-202008000','2021-02-04 16:27:24','USR-202008000',NULL,NULL),(63,'COW-202012061','2020-12-01',1,'2020-03-16',0.00,177.00,110.00,'','2020-12-01 16:31:58','USR-202008000','2021-02-04 18:54:08','USR-202008000',NULL,NULL),(64,'COW-202012062','2020-12-01',1,'2020-03-17',NULL,199.00,NULL,'','2020-12-01 16:40:16','USR-202008000',NULL,NULL,NULL,NULL),(65,'COW-202012063','2020-12-01',1,'2020-03-17',NULL,189.00,NULL,'','2020-12-01 16:40:53','USR-202008000',NULL,NULL,NULL,NULL),(66,'COW-202012064','2020-12-01',1,'2020-04-06',NULL,95.00,NULL,'','2020-12-01 16:42:19','USR-202008000',NULL,NULL,NULL,NULL),(67,'COW-202012065','2020-12-01',1,'2020-04-06',NULL,149.00,NULL,'','2020-12-01 16:43:07','USR-202008000',NULL,NULL,NULL,NULL),(68,'COW-202012066','2020-12-01',1,'2020-04-06',NULL,100.00,NULL,'','2020-12-01 16:44:12','USR-202008000',NULL,NULL,NULL,NULL),(69,'COW-202012067','2020-12-01',1,'2020-04-06',NULL,93.00,NULL,'','2020-12-01 16:44:52','USR-202008000',NULL,NULL,NULL,NULL),(70,'COW-202012068','2020-12-01',1,'2020-04-06',NULL,223.00,NULL,'','2020-12-01 16:51:44','USR-202008000',NULL,NULL,NULL,NULL),(71,'COW-202012069','2020-12-01',1,'2020-04-06',NULL,179.00,NULL,'','2020-12-01 16:52:06','USR-202008000',NULL,NULL,NULL,NULL),(72,'COW-202012070','2020-12-01',1,'2020-04-06',0.00,149.00,0.00,'','2020-12-01 16:52:31','USR-202008000','2021-02-04 19:22:55','USR-202008000',NULL,NULL),(73,'COW-202012071','2020-12-01',1,'2020-04-06',0.00,192.00,0.00,'','2020-12-01 16:52:58','USR-202008000','2021-02-04 18:06:47','USR-202008000',NULL,NULL),(74,'COW-202012072','2020-12-01',1,'2020-04-06',0.00,212.00,0.00,'','2020-12-01 16:53:31','USR-202008000','2021-02-09 14:35:28','USR-202008000',NULL,NULL),(76,'COW-202012074','2020-12-02',1,'2020-04-06',0.00,183.00,0.00,'','2020-12-02 16:07:29','USR-202008000','2021-02-04 17:08:02','USR-202008000',NULL,NULL),(78,'COW-202012076','2020-12-02',1,'2020-04-06',0.00,222.00,0.00,'','2020-12-02 16:08:38','USR-202008000','2021-02-04 18:57:23','USR-202008000',NULL,NULL),(79,'COW-202012077','2020-12-02',1,'2020-04-06',NULL,205.00,NULL,'','2020-12-02 16:09:03','USR-202008000',NULL,NULL,NULL,NULL),(80,'COW-202012078','2020-12-02',1,'2020-04-09',NULL,441.00,NULL,'','2020-12-02 16:10:19','USR-202008000',NULL,NULL,NULL,NULL),(84,'COW-202012082','2020-12-02',1,'2020-04-10',0.00,204.00,115.00,'','2020-12-02 16:18:51','USR-202008000','2021-02-07 11:05:03','USR-202008000',NULL,NULL),(85,'COW-202012083','2020-12-02',1,'2020-04-10',NULL,117.00,NULL,'','2020-12-02 16:19:59','USR-202008000',NULL,NULL,NULL,NULL),(86,'COW-202012084','2020-12-02',1,'2020-04-10',NULL,110.00,NULL,'','2020-12-02 16:20:51','USR-202008000',NULL,NULL,NULL,NULL),(87,'COW-202012085','2020-12-02',1,'2020-04-10',0.00,135.00,98.00,'','2020-12-02 16:25:54','USR-202008000','2021-02-04 18:38:31','USR-202008000',NULL,NULL),(88,'COW-202012086','2020-12-02',1,'2020-04-10',NULL,168.00,NULL,'','2020-12-02 16:26:45','USR-202008000',NULL,NULL,NULL,NULL),(89,'COW-202012087','2020-12-02',1,'2020-04-10',0.00,122.00,95.00,'','2020-12-02 16:27:26','USR-202008000','2021-02-04 19:26:28','USR-202008000',NULL,NULL),(90,'COW-202012088','2020-12-02',1,'2020-04-10',NULL,133.00,NULL,'','2020-12-02 16:28:02','USR-202008000',NULL,NULL,NULL,NULL),(91,'COW-202012089','2020-12-02',1,'2020-04-10',0.00,172.00,108.00,'','2020-12-02 16:28:46','USR-202008000','2021-02-05 13:24:51','USR-202008000',NULL,NULL),(92,'COW-202012090','2020-12-02',1,'2020-04-10',NULL,134.00,NULL,'','2020-12-02 16:31:44','USR-202008000',NULL,NULL,NULL,NULL),(93,'COW-202012091','2020-12-02',1,'2020-04-10',NULL,122.00,NULL,'','2020-12-02 16:32:40','USR-202008000',NULL,NULL,NULL,NULL),(94,'COW-202012092','2020-12-02',1,'2020-04-10',0.00,106.00,95.00,'','2020-12-02 16:33:26','USR-202008000','2021-02-07 11:33:00','USR-202008000',NULL,NULL),(95,'COW-202012093','2020-12-02',1,'2020-04-10',NULL,152.00,NULL,'','2020-12-02 16:34:18','USR-202008000',NULL,NULL,NULL,NULL),(96,'COW-202012094','2020-12-02',1,'2020-04-10',NULL,115.00,NULL,'','2020-12-02 16:35:01','USR-202008000',NULL,NULL,NULL,NULL),(97,'COW-202012095','2020-12-02',1,'2020-04-10',NULL,110.00,NULL,'','2020-12-02 16:40:24','USR-202008000',NULL,NULL,NULL,NULL),(98,'COW-202012096','2020-12-02',1,'2020-04-10',0.00,181.00,110.00,'','2020-12-02 16:41:13','USR-202008000','2021-02-05 18:55:35','USR-202008000',NULL,NULL),(99,'COW-202012097','2020-12-30',1,'2020-04-11',0.00,191.00,107.00,'','2020-12-30 14:09:58','USR-202008000','2021-02-07 11:32:41','USR-202008000',NULL,NULL),(100,'COW-202012098','2020-12-30',1,'2020-04-11',NULL,181.00,NULL,'','2020-12-30 14:11:07','USR-202008000',NULL,NULL,NULL,NULL),(101,'COW-202012099','2020-12-30',1,'2020-04-11',0.00,201.00,110.00,'','2020-12-30 14:12:19','USR-202008000','2021-02-04 21:15:01','USR-202008000',NULL,NULL),(102,'COW-202012100','2020-12-30',1,'2020-04-11',0.00,196.00,107.00,'','2020-12-30 14:13:12','USR-202008000','2021-02-07 11:35:49','USR-202008000',NULL,NULL),(103,'COW-202012101','2020-12-30',1,'2020-04-11',NULL,189.00,NULL,'','2020-12-30 14:13:59','USR-202008000',NULL,NULL,NULL,NULL),(104,'COW-202012102','2020-12-30',1,'2020-04-11',NULL,220.00,NULL,'','2020-12-30 14:15:21','USR-202008000',NULL,NULL,NULL,NULL),(105,'COW-202012103','2020-12-30',1,'2020-04-12',0.00,374.00,0.00,'','2020-12-30 14:20:49','USR-202008000','2021-02-05 18:28:20','USR-202008000',NULL,NULL),(106,'COW-202012104','2020-12-30',1,'2020-04-12',NULL,469.00,NULL,'','2020-12-30 14:21:34','USR-202008000',NULL,NULL,NULL,NULL),(107,'COW-202012105','2020-12-30',1,'2020-04-13',NULL,160.00,NULL,'','2020-12-30 14:26:16','USR-202008000',NULL,NULL,NULL,NULL),(108,'COW-202012106','2020-12-30',1,'2020-04-13',NULL,106.00,NULL,'','2020-12-30 14:27:04','USR-202008000',NULL,NULL,NULL,NULL),(109,'COW-202012107','2020-12-30',1,'2020-04-13',NULL,103.00,NULL,'','2020-12-30 14:27:46','USR-202008000',NULL,NULL,NULL,NULL),(110,'COW-202012108','2020-12-30',1,'2020-04-13',0.00,119.00,102.00,'','2020-12-30 14:29:01','USR-202008000','2021-02-04 18:10:47','USR-202008000',NULL,NULL),(111,'COW-202012109','2020-12-30',1,'2020-04-13',NULL,101.00,NULL,'','2020-12-30 14:29:39','USR-202008000',NULL,NULL,NULL,NULL),(112,'COW-202012110','2020-12-30',1,'2020-04-13',0.00,104.00,96.00,'','2020-12-30 14:38:00','USR-202008000','2021-02-05 13:30:43','USR-202008000',NULL,NULL),(113,'COW-202012111','2020-12-30',1,'2020-04-13',NULL,123.00,NULL,'','2020-12-30 14:38:53','USR-202008000',NULL,NULL,NULL,NULL),(114,'COW-202012112','2020-12-30',1,'2020-04-13',NULL,103.00,NULL,'','2020-12-30 14:40:24','USR-202008000',NULL,NULL,NULL,NULL),(115,'COW-202012113','2020-12-30',1,'2020-04-13',NULL,108.00,NULL,'','2020-12-30 14:41:25','USR-202008000',NULL,NULL,NULL,NULL),(116,'COW-202012114','2020-12-30',1,'2020-04-13',0.00,245.00,112.00,'','2020-12-30 14:42:04','USR-202008000','2021-02-04 22:01:04','USR-202008000',NULL,NULL),(117,'COW-202012115','2020-12-30',1,'2020-04-13',0.00,218.00,110.00,'','2020-12-30 14:42:51','USR-202008000','2021-02-04 21:17:39','USR-202008000',NULL,NULL),(118,'COW-202012116','2020-12-30',1,'2020-04-13',0.00,228.00,113.00,'','2020-12-30 14:44:23','USR-202008000','2021-02-04 21:20:02','USR-202008000',NULL,NULL),(119,'COW-202012117','2020-12-30',1,'2020-04-13',NULL,210.00,NULL,'','2020-12-30 14:46:42','USR-202008000',NULL,NULL,NULL,NULL),(120,'COW-202012118','2020-12-30',1,'2020-04-18',0.00,220.00,110.00,'','2020-12-30 15:10:13','USR-202008000','2021-02-07 11:38:31','USR-202008000',NULL,NULL),(121,'COW-202012119','2020-12-30',1,'2020-04-18',0.00,116.00,100.00,'','2020-12-30 15:11:00','USR-202008000','2021-02-05 11:18:34','USR-202008000',NULL,NULL),(122,'COW-202012120','2020-12-30',1,'2020-04-18',0.00,115.00,97.00,'','2020-12-30 15:29:18','USR-202008000','2020-12-30 15:38:19','USR-202008000',NULL,NULL),(123,'COW-202012121','2020-12-30',1,'2020-04-18',NULL,105.00,NULL,'','2020-12-30 15:31:06','USR-202008000',NULL,NULL,NULL,NULL),(124,'COW-202012122','2020-12-30',1,'2020-04-18',0.00,119.00,97.00,'','2020-12-30 15:31:47','USR-202008000','2021-02-04 17:30:32','USR-202008000',NULL,NULL),(125,'COW-202012123','2020-12-30',1,'2020-04-18',NULL,117.00,NULL,'','2020-12-30 15:32:36','USR-202008000',NULL,NULL,NULL,NULL),(126,'COW-202012124','2020-12-30',1,'2020-04-18',0.00,248.00,113.00,'','2020-12-30 15:33:22','USR-202008000','2021-02-07 11:41:05','USR-202008000',NULL,NULL),(127,'COW-202012125','2020-12-30',1,'2020-04-18',NULL,125.00,NULL,'','2020-12-30 15:34:12','USR-202008000',NULL,NULL,NULL,NULL),(128,'COW-202012126','2020-12-30',1,'2020-04-18',0.00,227.00,113.00,'','2020-12-30 15:34:56','USR-202008000','2021-02-07 11:44:03','USR-202008000',NULL,NULL),(129,'COW-202012127','2020-12-30',1,'2020-04-18',0.00,235.00,114.00,'','2020-12-30 15:35:41','USR-202008000','2021-02-04 21:22:47','USR-202008000',NULL,NULL),(130,'COW-202012128','2020-12-30',1,'2020-04-18',NULL,107.00,NULL,'','2020-12-30 15:36:54','USR-202008000',NULL,NULL,NULL,NULL),(131,'COW-202012129','2020-12-30',1,'2020-04-18',0.00,189.00,112.00,'','2020-12-30 15:45:57','USR-202008000','2021-02-06 10:17:26','USR-202008000',NULL,NULL),(132,'COW-202012130','2020-12-30',1,'2020-04-18',NULL,75.00,NULL,'','2020-12-30 15:46:44','USR-202008000',NULL,NULL,NULL,NULL),(133,'COW-202012131','2020-12-30',1,'2020-04-20',0.00,217.00,115.00,'','2020-12-30 16:22:45','USR-202008000','2021-02-04 21:24:55','USR-202008000',NULL,NULL),(134,'COW-202012132','2020-12-30',1,'2020-04-20',NULL,115.00,NULL,'','2020-12-30 16:23:31','USR-202008000',NULL,NULL,NULL,NULL),(135,'COW-202012133','2020-12-30',1,'2020-04-20',0.00,225.00,115.00,'','2020-12-30 16:24:11','USR-202008000','2021-02-07 11:46:50','USR-202008000',NULL,NULL),(136,'COW-202012134','2020-12-30',1,'2020-04-20',NULL,129.00,NULL,'','2020-12-30 16:25:33','USR-202008000',NULL,NULL,NULL,NULL),(137,'COW-202012135','2020-12-30',1,'2020-04-20',NULL,122.00,NULL,'','2020-12-30 16:26:16','USR-202008000',NULL,NULL,NULL,NULL),(138,'COW-202012136','2020-12-30',1,'2020-04-20',NULL,196.00,NULL,'','2020-12-30 16:27:21','USR-202008000',NULL,NULL,NULL,NULL),(139,'COW-202012137','2020-12-30',1,'2020-04-20',0.00,236.00,115.00,'','2020-12-30 16:28:07','USR-202008000','2021-02-07 11:59:16','USR-202008000',NULL,NULL),(140,'COW-202012138','2020-12-30',1,'2020-04-20',0.00,184.00,115.00,'','2020-12-30 16:28:48','USR-202008000','2021-02-06 10:19:35','USR-202008000',NULL,NULL),(141,'COW-202012139','2020-12-30',1,'2020-04-20',NULL,186.00,NULL,'','2020-12-30 16:29:30','USR-202008000',NULL,NULL,NULL,NULL),(142,'COW-202012140','2020-12-30',1,'2020-04-20',0.00,233.00,111.00,'','2020-12-30 16:30:13','USR-202008000','2021-02-04 21:27:07','USR-202008000',NULL,NULL),(143,'COW-202012141','2020-12-30',1,'2020-04-20',0.00,158.00,105.00,'','2020-12-30 16:44:03','USR-202008000','2021-02-05 11:22:17','USR-202008000',NULL,NULL),(144,'COW-202012142','2020-12-30',1,'2020-04-20',0.00,136.00,108.00,'','2020-12-30 16:44:49','USR-202008000','2021-02-05 08:40:39','USR-202008000',NULL,NULL),(145,'COW-202012143','2020-12-30',1,'2020-04-20',0.00,213.00,120.00,'','2020-12-30 16:45:59','USR-202008000','2021-02-05 11:10:03','USR-202008000',NULL,NULL),(146,'COW-202012144','2020-12-30',1,'2020-04-20',0.00,279.00,120.00,'','2020-12-30 16:46:29','USR-202008000','2021-02-06 10:21:32','USR-202008000',NULL,NULL),(147,'COW-202012017','2021-01-11',0,'2021-01-08',0.00,293.00,0.00,'','2021-01-11 17:33:08','USR-202008000',NULL,NULL,'2021-02-19 16:01:41','USR-202008000'),(148,'COW-202101001','2020-04-23',1,'2020-04-23',0.00,183.00,107.00,'','2021-01-15 07:39:49','USR-202008000','2021-01-15 07:47:47','USR-202008000',NULL,NULL),(149,'COW-202101002','2020-04-23',1,'2020-04-23',0.00,192.00,114.00,'','2021-01-15 07:42:36','USR-202008000','2021-02-07 12:02:51','USR-202008000',NULL,NULL),(150,'COW-202101003','2020-04-23',1,'2020-04-23',0.00,199.00,112.00,'','2021-01-15 07:45:18','USR-202008000','2021-02-07 12:08:06','USR-202008000',NULL,NULL),(151,'COW-202101004','2020-04-23',1,'2020-04-23',0.00,259.00,122.00,'','2021-01-15 07:49:29','USR-202008000','2021-02-07 12:10:25','USR-202008000',NULL,NULL),(152,'COW-202101005','2020-04-23',1,'2020-04-23',NULL,228.00,NULL,'','2021-01-15 07:50:20','USR-202008000',NULL,NULL,NULL,NULL),(153,'COW-202101006','2020-04-23',1,'2020-04-23',NULL,268.00,NULL,'','2021-01-15 07:51:31','USR-202008000',NULL,NULL,NULL,NULL),(154,'COW-202101007','2020-04-23',1,'2020-04-23',0.00,237.00,120.00,'','2021-01-15 07:52:38','USR-202008000','2021-02-06 10:24:29','USR-202008000',NULL,NULL),(155,'COW-202101008','2020-04-23',1,'2020-04-23',0.00,261.00,119.00,'','2021-01-15 07:53:57','USR-202008000','2021-02-06 11:06:52','USR-202008000',NULL,NULL),(156,'COW-202101009','2020-04-23',1,'2020-04-23',0.00,269.00,119.00,'','2021-01-15 07:54:44','USR-202008000','2021-02-05 08:56:15','USR-202008000',NULL,NULL),(157,'COW-202101010','2020-04-26',1,'2020-04-26',0.00,169.00,107.00,'','2021-01-15 07:58:44','USR-202008000','2021-02-05 09:10:25','USR-202008000',NULL,NULL),(158,'COW-202101011','2020-04-26',1,'2020-04-26',0.00,197.00,113.00,'','2021-01-15 07:59:44','USR-202008000','2021-02-04 20:49:30','USR-202008000',NULL,NULL),(159,'COW-202101012','2020-04-26',1,'2020-04-26',0.00,192.00,109.00,'','2021-01-15 08:00:41','USR-202008000','2021-02-05 11:25:20','USR-202008000',NULL,NULL),(160,'COW-202101013','2020-04-26',1,'2020-04-26',0.00,183.00,104.00,'','2021-01-15 08:01:36','USR-202008000','2021-02-04 20:51:22','USR-202008000',NULL,NULL),(161,'COW-202101014','2020-04-26',1,'2020-04-26',NULL,282.00,NULL,'','2021-01-15 08:04:30','USR-202008000',NULL,NULL,NULL,NULL),(162,'COW-202101015','2020-04-26',1,'2020-04-26',0.00,116.00,97.00,'','2021-01-15 08:05:46','USR-202008000','2021-02-04 18:12:16','USR-202008000',NULL,NULL),(163,'COW-202101016','2020-04-26',1,'2020-04-26',NULL,123.00,NULL,'','2021-01-15 08:06:55','USR-202008000',NULL,NULL,NULL,NULL),(164,'COW-202101017','2020-04-26',1,'2020-04-26',NULL,120.00,NULL,'','2021-01-15 08:08:33','USR-202008000',NULL,NULL,NULL,NULL),(165,'COW-202101018','2020-04-26',1,'2020-04-26',NULL,188.00,NULL,'','2021-01-15 08:10:08','USR-202008000',NULL,NULL,NULL,NULL),(166,'COW-202101019','2020-04-26',1,'2020-04-26',NULL,202.00,NULL,'','2021-01-15 08:12:10','USR-202008000',NULL,NULL,NULL,NULL),(167,'COW-202101020','2020-04-26',1,'2020-04-26',NULL,132.00,NULL,'','2021-01-15 08:14:03','USR-202008000',NULL,NULL,NULL,NULL),(168,'COW-202101021','2020-04-26',1,'2020-04-26',0.00,257.00,119.00,'','2021-01-15 08:15:19','USR-202008000','2021-02-04 20:53:30','USR-202008000',NULL,NULL),(169,'COW-202101022','2020-04-29',1,'2020-04-29',0.00,234.00,112.00,'','2021-01-15 08:21:57','USR-202008000','2021-02-06 11:11:23','USR-202008000',NULL,NULL),(170,'COW-202101023','2020-04-29',1,'2020-04-29',0.00,271.00,125.00,'','2021-01-15 08:23:13','USR-202008000','2021-02-06 11:20:23','USR-202008000',NULL,NULL),(171,'COW-202101024','2020-04-29',1,'2020-04-29',0.00,148.00,108.00,'','2021-01-15 08:28:01','USR-202008000','2021-02-05 18:58:26','USR-202008000',NULL,NULL),(172,'COW-202101025','2020-04-29',1,'2020-04-29',NULL,174.00,NULL,'','2021-01-15 08:37:34','USR-202008000',NULL,NULL,NULL,NULL),(173,'COW-202101026','2020-04-29',1,'2020-04-29',0.00,184.00,107.00,'','2021-01-15 08:38:51','USR-202008000','2021-02-04 19:00:59','USR-202008000',NULL,NULL),(174,'COW-202101027','2020-04-29',1,'2020-04-29',0.00,145.00,106.00,'','2021-01-15 08:45:35','USR-202008000','2021-02-06 10:04:18','USR-202008000',NULL,NULL),(175,'COW-202101028','2020-04-29',1,'2020-04-29',0.00,121.00,103.00,'','2021-01-15 08:47:25','USR-202008000','2021-01-15 08:48:44','USR-202008000',NULL,NULL),(176,'COW-202101029','2020-04-29',1,'2020-04-29',NULL,136.00,NULL,'','2021-01-15 08:48:17','USR-202008000',NULL,NULL,NULL,NULL),(177,'COW-202101030','2020-04-29',1,'2020-04-29',NULL,162.00,NULL,'','2021-01-15 08:50:48','USR-202008000',NULL,NULL,NULL,NULL),(178,'COW-202101031','2020-04-29',1,'2020-04-29',0.00,156.00,102.00,'','2021-01-15 08:51:36','USR-202008000','2021-01-15 08:53:34','USR-202008000',NULL,NULL),(179,'COW-202101032','2020-04-29',1,'2020-04-29',NULL,113.00,NULL,'','2021-01-15 08:52:52','USR-202008000',NULL,NULL,NULL,NULL),(180,'COW-202101033','2020-04-29',1,'2020-04-29',0.00,191.00,118.00,'','2021-01-15 08:54:29','USR-202008000','2021-02-05 18:34:03','USR-202008000',NULL,NULL),(181,'COW-202101034','2020-04-29',1,'2020-04-29',NULL,131.00,NULL,'','2021-01-15 08:55:30','USR-202008000',NULL,NULL,NULL,NULL),(182,'COW-202101035','2020-04-29',1,'2020-04-29',0.00,200.00,119.00,'','2021-01-15 08:56:48','USR-202008000','2021-02-05 18:37:51','USR-202008000',NULL,NULL),(183,'COW-202101036','2020-04-30',1,'2020-04-30',NULL,265.00,NULL,'','2021-01-15 09:07:44','USR-202008000',NULL,NULL,NULL,NULL),(184,'COW-202101037','2020-04-30',1,'2020-04-30',NULL,288.00,NULL,'','2021-01-15 09:11:39','USR-202008000',NULL,NULL,NULL,NULL),(185,'COW-202101038','2020-04-30',1,'2020-04-30',NULL,266.00,NULL,'','2021-01-15 09:13:53','USR-202008000',NULL,NULL,NULL,NULL),(186,'COW-202101039','2020-04-30',1,'2020-04-30',NULL,282.00,NULL,'','2021-01-15 09:14:40','USR-202008000',NULL,NULL,NULL,NULL),(187,'COW-202101040','2020-04-30',1,'2020-04-30',NULL,232.00,NULL,'','2021-01-15 14:15:44','USR-202008000',NULL,NULL,NULL,NULL),(188,'COW-202101041','2020-04-30',1,'2020-04-30',0.00,218.00,115.00,'','2021-01-15 14:17:39','USR-202008000','2021-02-05 11:51:11','USR-202008000',NULL,NULL),(189,'COW-202101042','2020-04-30',1,'2020-04-30',0.00,213.00,114.00,'','2021-01-15 14:21:17','USR-202008000','2021-02-05 19:01:58','USR-202008000',NULL,NULL),(190,'COW-202101043','2020-04-30',1,'2020-04-30',0.00,265.00,122.00,'','2021-01-15 14:22:17','USR-202008000','2021-02-06 11:30:33','USR-202008000',NULL,NULL),(191,'COW-202101044','2020-04-30',1,'2020-04-30',0.00,395.00,130.00,'','2021-01-15 14:22:56','USR-202008000','2021-02-05 13:34:37','USR-202008000',NULL,NULL),(192,'COW-202101045','2020-05-01',1,'2020-05-01',0.00,169.00,103.00,'','2021-01-15 14:38:20','USR-202008000','2021-02-05 18:41:32','USR-202008000',NULL,NULL),(193,'COW-202101046','2020-05-01',1,'2020-05-01',NULL,137.00,NULL,'','2021-01-15 14:39:22','USR-202008000',NULL,NULL,NULL,NULL),(194,'COW-202101047','2020-05-01',1,'2020-05-01',0.00,106.00,98.00,'','2021-01-15 14:40:05','USR-202008000','2021-02-04 21:13:23','USR-202008000',NULL,NULL),(195,'COW-202101048','2020-05-03',1,'2020-05-03',0.00,167.00,111.00,'','2021-01-15 14:42:32','USR-202008000','2021-02-04 20:55:33','USR-202008000',NULL,NULL),(196,'COW-202101049','2020-05-03',1,'2020-05-03',0.00,158.00,111.00,'','2021-01-15 14:43:20','USR-202008000','2021-02-06 10:07:24','USR-202008000',NULL,NULL),(197,'COW-202101050','2020-05-03',1,'2020-05-03',NULL,135.00,NULL,'','2021-01-15 14:45:37','USR-202008000',NULL,NULL,NULL,NULL),(198,'COW-202101051','2020-05-03',1,'2020-05-03',0.00,176.00,112.00,'','2021-01-15 14:46:30','USR-202008000','2021-02-04 17:13:22','USR-202008000',NULL,NULL),(199,'COW-202101052','2020-05-03',1,'2020-05-03',NULL,192.00,NULL,'','2021-01-15 14:48:05','USR-202008000',NULL,NULL,NULL,NULL),(200,'COW-202101053','2020-05-03',1,'2020-05-03',NULL,173.00,NULL,'','2021-01-15 14:48:59','USR-202008000',NULL,NULL,NULL,NULL),(201,'COW-202101054','2020-05-03',1,'2020-05-03',NULL,200.00,NULL,'','2021-01-15 14:49:47','USR-202008000',NULL,NULL,NULL,NULL),(202,'COW-202101055','2020-05-03',1,'2020-05-03',0.00,185.00,114.00,'','2021-01-15 14:50:45','USR-202008000','2021-02-06 08:49:56','USR-202008000',NULL,NULL),(203,'COW-202101056','2020-05-03',1,'2020-05-03',0.00,253.00,117.00,'','2021-01-15 14:53:13','USR-202008000','2021-02-04 21:29:21','USR-202008000',NULL,NULL),(204,'COW-202101057','2020-05-03',1,'2020-05-03',0.00,313.00,123.00,'','2021-01-15 14:54:00','USR-202008000','2021-02-06 11:41:32','USR-202008000',NULL,NULL),(205,'COW-202101058','2020-05-04',1,'2020-05-04',0.00,173.00,103.00,'','2021-01-15 15:00:31','USR-202008000','2021-01-15 15:02:20','USR-202008000',NULL,NULL),(206,'COW-202101059','2020-05-04',1,'2020-05-04',NULL,107.00,NULL,'','2021-01-15 15:02:04','USR-202008000',NULL,NULL,NULL,NULL),(207,'COW-202101060','2020-05-04',1,'2020-05-04',NULL,147.00,NULL,'','2021-01-15 15:03:06','USR-202008000',NULL,NULL,NULL,NULL),(208,'COW-202101061','2020-05-04',1,'2020-05-04',NULL,253.00,NULL,'','2021-01-15 15:04:05','USR-202008000',NULL,NULL,NULL,NULL),(209,'COW-202101062','2020-05-04',1,'2020-05-04',NULL,235.00,NULL,'','2021-01-15 15:05:01','USR-202008000',NULL,NULL,NULL,NULL),(210,'COW-202101063','2020-05-04',1,'2020-05-04',0.00,154.00,107.00,'','2021-01-15 15:05:49','USR-202008000','2021-02-04 17:18:58','USR-202008000',NULL,NULL),(211,'COW-202101064','2020-05-04',1,'2020-05-04',NULL,186.00,NULL,'','2021-01-15 15:06:41','USR-202008000',NULL,NULL,NULL,NULL),(212,'COW-202101065','2020-05-04',1,'2020-05-04',0.00,179.00,114.00,'','2021-01-15 15:11:33','USR-202008000','2021-02-04 19:03:27','USR-202008000',NULL,NULL),(213,'COW-202101066','2020-05-04',1,'2020-05-04',0.00,200.00,114.00,'','2021-01-15 15:12:11','USR-202008000','2021-01-15 15:18:24','USR-202008000',NULL,NULL),(214,'COW-202101067','2020-05-04',1,'2020-05-04',NULL,97.00,NULL,'','2021-01-15 15:13:31','USR-202008000',NULL,NULL,NULL,NULL),(215,'COW-202101068','2020-05-04',1,'2020-05-04',0.00,199.00,108.00,'','2021-01-15 15:14:32','USR-202008000','2021-02-04 20:44:20','USR-202008000',NULL,NULL),(216,'COW-202101069','2020-05-04',1,'2020-05-04',0.00,151.00,106.00,'','2021-01-15 15:15:25','USR-202008000','2021-02-06 11:57:18','USR-202008000',NULL,NULL),(217,'COW-202101070','2020-05-04',1,'2020-05-04',NULL,99.00,NULL,'','2021-01-15 15:16:04','USR-202008000',NULL,NULL,NULL,NULL),(218,'COW-202101071','2020-05-04',1,'2020-05-04',0.00,131.00,100.00,'','2021-01-15 15:16:40','USR-202008000','2021-02-08 10:35:54','USR-202008000',NULL,NULL),(219,'COW-202101072','2020-05-06',1,'2020-05-06',0.00,213.00,114.00,'','2021-01-15 15:43:14','USR-202008000','2021-02-06 11:44:30','USR-202008000',NULL,NULL),(220,'COW-202101073','2020-05-06',1,'2020-05-06',NULL,209.00,NULL,'','2021-01-15 15:44:47','USR-202008000',NULL,NULL,NULL,NULL),(221,'COW-202101074','2020-05-06',1,'2020-05-06',0.00,182.00,113.00,'','2021-01-15 15:45:35','USR-202008000','2021-02-04 21:37:29','USR-202008000',NULL,NULL),(222,'COW-202101075','2020-05-06',1,'2020-05-06',NULL,209.00,NULL,'','2021-01-15 15:46:22','USR-202008000',NULL,NULL,NULL,NULL),(223,'COW-202101076','2020-05-06',1,'2020-05-06',0.00,212.00,111.00,'','2021-01-15 15:47:05','USR-202008000','2021-02-04 20:58:18','USR-202008000',NULL,NULL),(224,'COW-202101077','2020-05-06',1,'2020-05-06',NULL,194.00,NULL,'','2021-01-15 15:47:45','USR-202008000',NULL,NULL,NULL,NULL),(225,'COW-202101078','2020-05-06',1,'2020-05-06',NULL,208.00,NULL,'','2021-01-15 15:48:31','USR-202008000',NULL,NULL,NULL,NULL),(226,'COW-202101079','2020-05-06',1,'2020-05-06',NULL,209.00,NULL,'','2021-01-15 15:49:15','USR-202008000',NULL,NULL,NULL,NULL),(227,'COW-202101080','2020-05-06',1,'2020-05-06',NULL,180.00,NULL,'','2021-01-15 15:56:57','USR-202008000',NULL,NULL,NULL,NULL),(228,'COW-202101081','2020-05-07',1,'2020-05-07',0.00,167.00,107.00,'','2021-01-18 13:16:38','USR-202008000','2021-02-06 08:53:49','USR-202008000',NULL,NULL),(229,'COW-202101082','2020-05-07',1,'2020-05-07',NULL,125.00,NULL,'','2021-01-18 13:17:19','USR-202008000',NULL,NULL,NULL,NULL),(230,'COW-202101083','2020-05-07',1,'2020-05-07',NULL,108.00,NULL,'','2021-01-18 13:18:10','USR-202008000',NULL,NULL,NULL,NULL),(231,'COW-202101084','2020-05-07',1,'2020-05-07',NULL,318.00,NULL,'','2021-01-18 13:20:57','USR-202008000',NULL,NULL,NULL,NULL),(232,'COW-202101085','2020-05-07',1,'2020-05-07',0.00,198.00,115.00,'','2021-01-18 13:22:37','USR-202008000','2021-02-06 11:52:39','USR-202008000',NULL,NULL),(233,'COW-202101086','2020-05-07',1,'2020-05-07',NULL,247.00,NULL,'','2021-01-18 13:23:13','USR-202008000',NULL,NULL,NULL,NULL),(234,'COW-202101087','2020-05-07',1,'2020-05-07',0.00,163.00,110.00,'','2021-01-18 13:24:05','USR-202008000','2021-02-06 08:57:27','USR-202008000',NULL,NULL),(235,'COW-202101088','2020-05-07',1,'2020-05-07',NULL,226.00,NULL,'','2021-01-18 13:25:35','USR-202008000',NULL,NULL,NULL,NULL),(236,'COW-202101089','2020-05-07',1,'2020-05-07',NULL,243.00,NULL,'','2021-01-18 13:28:48','USR-202008000',NULL,NULL,NULL,NULL),(237,'COW-202101090','2020-05-07',1,'2020-05-07',NULL,240.00,NULL,'','2021-01-18 13:29:29','USR-202008000',NULL,NULL,NULL,NULL),(238,'COW-202101091','2020-05-07',1,'2020-05-07',0.00,110.00,99.00,'','2021-01-18 13:34:32','USR-202008000','2021-02-05 13:37:14','USR-202008000',NULL,NULL),(239,'COW-202101092','2020-05-07',1,'2020-05-07',0.00,111.00,99.00,'','2021-01-18 13:35:23','USR-202008000','2021-02-05 13:38:40','USR-202008000',NULL,NULL),(240,'COW-202101093','2020-02-20',1,'2020-02-20',0.00,179.00,0.00,'','2021-01-18 13:44:45','USR-202008000','2021-02-04 14:45:28','USR-202008000',NULL,NULL),(241,'COW-202101094','2020-02-20',1,'2020-02-20',0.00,145.00,0.00,'','2021-01-18 13:45:43','USR-202008000','2021-02-04 14:56:48','USR-202008000',NULL,NULL),(242,'COW-202101095','2020-02-20',1,'2020-02-20',0.00,140.00,0.00,'','2021-01-18 13:46:37','USR-202008000','2021-02-04 14:56:15','USR-202008000',NULL,NULL),(243,'COW-202101096','2020-05-10',1,'2020-05-10',NULL,239.00,NULL,'','2021-01-18 14:13:30','USR-202008000',NULL,NULL,NULL,NULL),(244,'COW-202101097','2020-05-10',1,'2020-05-10',0.00,337.00,123.00,'','2021-01-18 14:14:10','USR-202008000','2021-02-05 13:44:18','USR-202008000',NULL,NULL),(245,'COW-202101098','2020-05-10',1,'2020-05-10',NULL,212.00,NULL,'','2021-01-18 14:14:58','USR-202008000',NULL,NULL,NULL,NULL),(246,'COW-202101099','2020-05-10',1,'2020-05-10',NULL,199.00,NULL,'','2021-01-18 14:16:30','USR-202008000',NULL,NULL,NULL,NULL),(247,'COW-202101100','2020-05-10',1,'2020-05-10',0.00,157.00,110.00,'','2021-01-18 14:17:14','USR-202008000','2021-02-06 09:32:20','USR-202008000',NULL,NULL),(248,'COW-202101101','2020-05-10',1,'2020-05-10',NULL,246.00,NULL,'','2021-01-18 14:19:20','USR-202008000',NULL,NULL,NULL,NULL),(249,'COW-202101102','2020-05-10',1,'2020-05-10',NULL,216.00,NULL,'','2021-01-18 14:20:19','USR-202008000',NULL,NULL,NULL,NULL),(250,'COW-202101103','2020-05-13',1,'2020-05-13',NULL,144.00,NULL,'Pegon Hitam','2021-01-19 08:20:22','USR-202008000',NULL,NULL,NULL,NULL),(251,'COW-202101104','2020-05-13',1,'2020-05-13',0.00,116.00,101.00,'','2021-01-19 08:21:14','USR-202008000','2021-02-04 17:31:10','USR-202008000',NULL,NULL),(252,'COW-202101105','2020-05-13',1,'2020-05-13',NULL,125.00,NULL,'','2021-01-19 08:22:59','USR-202008000',NULL,NULL,NULL,NULL),(253,'COW-202101106','2020-05-13',1,'2020-05-13',0.00,122.00,95.00,'Pegon Hitam','2021-01-19 08:24:33','USR-202008000','2021-02-04 21:53:48','USR-202008000',NULL,NULL),(254,'COW-202101107','2020-05-13',1,'2020-05-13',NULL,161.00,NULL,'','2021-01-19 08:28:36','USR-202008000',NULL,NULL,NULL,NULL),(255,'COW-202101108','2020-05-13',1,'2020-05-13',NULL,146.00,NULL,'','2021-01-19 08:30:39','USR-202008000',NULL,NULL,NULL,NULL),(256,'COW-202101109','2020-05-13',1,'2020-05-13',0.00,136.00,98.00,'','2021-01-19 08:32:30','USR-202008000','2021-02-04 18:42:23','USR-202008000',NULL,NULL),(257,'COW-202101110','2020-05-13',1,'2020-05-13',0.00,206.00,112.00,'','2021-01-19 08:34:26','USR-202008000','2021-02-05 11:16:48','USR-202008000',NULL,NULL),(258,'COW-202101111','2020-05-13',1,'2020-05-13',0.00,194.00,112.00,'','2021-01-19 08:36:37','USR-202008000','2021-02-05 11:49:27','USR-202008000',NULL,NULL),(259,'COW-202101112','2020-05-13',1,'2020-05-13',NULL,207.00,NULL,'Pegon Hitam','2021-01-19 08:37:59','USR-202008000',NULL,NULL,NULL,NULL),(260,'COW-202101113','2020-05-13',1,'2020-05-13',NULL,226.00,NULL,'','2021-01-19 08:40:48','USR-202008000',NULL,NULL,NULL,NULL),(261,'COW-202101114','2020-05-13',1,'2020-05-13',NULL,182.00,NULL,'Pegon Hitam','2021-01-19 08:42:32','USR-202008000',NULL,NULL,NULL,NULL),(262,'COW-202101115','2020-05-13',1,'2020-05-13',NULL,141.00,NULL,'Pegon Hitam','2021-01-19 08:43:46','USR-202008000',NULL,NULL,NULL,NULL),(263,'COW-202101116','2020-05-15',1,'2020-05-15',NULL,205.00,NULL,'','2021-01-19 08:49:33','USR-202008000',NULL,NULL,NULL,NULL),(264,'COW-202101117','2020-05-15',1,'2020-05-15',0.00,219.00,117.00,'','2021-01-19 08:50:25','USR-202008000','2021-02-08 10:37:33','USR-202008000',NULL,NULL),(265,'COW-202101118','2020-05-15',1,'2020-05-15',NULL,225.00,NULL,'','2021-01-19 08:52:12','USR-202008000',NULL,NULL,NULL,NULL),(266,'COW-202101119','2020-05-15',1,'2020-05-15',NULL,251.00,NULL,'','2021-01-19 08:52:58','USR-202008000',NULL,NULL,NULL,NULL),(267,'COW-202101120','2020-05-15',1,'2020-05-15',NULL,184.00,NULL,'Pegon Hitam','2021-01-19 08:54:01','USR-202008000',NULL,NULL,NULL,NULL),(268,'COW-202101121','2020-05-15',1,'2020-05-15',0.00,235.00,115.00,'','2021-01-19 08:54:50','USR-202008000','2021-02-04 21:55:02','USR-202008000',NULL,NULL),(269,'COW-202101122','2020-05-15',1,'2020-05-15',0.00,199.00,114.00,'','2021-01-19 08:55:37','USR-202008000','2021-02-05 13:22:36','USR-202008000',NULL,NULL),(270,'COW-202101123','2020-05-15',1,'2020-05-15',0.00,189.00,106.00,'','2021-01-19 08:56:29','USR-202008000','2021-02-05 11:08:19','USR-202008000',NULL,NULL),(271,'COW-202101124','2020-05-15',1,'2020-05-15',NULL,325.00,NULL,'','2021-01-19 08:57:08','USR-202008000',NULL,NULL,NULL,NULL),(272,'COW-202101125','2020-05-16',1,'2020-05-16',NULL,298.00,NULL,'','2021-01-19 09:00:38','USR-202008000',NULL,NULL,NULL,NULL),(273,'COW-202101126','2020-05-17',1,'2020-05-17',NULL,175.00,NULL,'','2021-01-19 09:03:37','USR-202008000',NULL,NULL,NULL,NULL),(274,'COW-202101127','2020-05-17',1,'2020-05-17',NULL,236.00,NULL,'Pegon Hitam','2021-01-19 09:05:19','USR-202008000',NULL,NULL,NULL,NULL),(275,'COW-202101128','2020-05-17',1,'2020-05-17',0.00,196.00,110.00,'','2021-01-19 09:06:12','USR-202008000','2021-02-06 09:37:02','USR-202008000',NULL,NULL),(276,'COW-202101129','2020-05-17',1,'2020-05-17',NULL,166.00,NULL,'','2021-01-19 09:07:20','USR-202008000',NULL,NULL,NULL,NULL),(277,'COW-202101130','2020-05-17',1,'2020-05-17',0.00,153.00,106.00,'','2021-01-19 09:09:17','USR-202008000','2021-02-06 09:42:59','USR-202008000',NULL,NULL),(278,'COW-202101131','2020-05-17',1,'2020-05-17',NULL,144.00,NULL,'','2021-01-19 09:10:20','USR-202008000',NULL,NULL,NULL,NULL),(279,'COW-202101132','2020-05-17',1,'2020-05-17',0.00,128.00,103.00,'','2021-01-19 09:19:02','USR-202008000','2021-02-05 11:12:51','USR-202008000',NULL,NULL),(280,'COW-202101133','2020-05-17',1,'2020-05-17',0.00,190.00,105.00,'Pegon Hitam','2021-01-19 09:43:56','USR-202008000','2021-02-05 09:14:26','USR-202008000',NULL,NULL),(281,'COW-202101134','2020-05-17',1,'2020-05-17',0.00,175.00,102.00,'Pegon Hitam','2021-01-19 09:45:39','USR-202008000','2021-02-04 18:13:56','USR-202008000',NULL,NULL),(282,'COW-202101135','2020-05-17',1,'2020-05-17',NULL,119.00,NULL,'','2021-01-19 09:47:22','USR-202008000',NULL,NULL,NULL,NULL),(283,'COW-202101136','2020-05-17',1,'2020-05-17',NULL,177.00,NULL,'Pegon Hitam','2021-01-19 09:48:12','USR-202008000',NULL,NULL,NULL,NULL),(284,'COW-202101137','2020-05-17',1,'2020-05-17',NULL,198.00,NULL,'','2021-01-19 09:52:20','USR-202008000',NULL,NULL,NULL,NULL),(285,'COW-202101138','2020-05-17',1,'2020-05-17',NULL,198.00,NULL,'','2021-01-19 09:58:51','USR-202008000',NULL,NULL,NULL,NULL),(286,'COW-202101139','2020-05-18',1,'2020-05-18',0.00,189.00,112.00,'','2021-01-19 10:11:52','USR-202008000','2021-02-05 09:15:50','USR-202008000',NULL,NULL),(287,'COW-202101140','2020-05-18',1,'2020-05-18',0.00,207.00,115.00,'','2021-01-19 10:12:55','USR-202008000','2021-02-05 09:37:06','USR-202008000',NULL,NULL),(288,'COW-202101141','2020-05-18',1,'2020-05-18',NULL,180.00,NULL,'','2021-01-19 10:18:03','USR-202008000',NULL,NULL,NULL,NULL),(289,'COW-202101142','2020-05-18',1,'2020-05-18',0.00,214.00,115.00,'Pegon Hitam','2021-01-19 10:24:58','USR-202008000','2021-02-04 17:33:24','USR-202008000',NULL,NULL),(290,'COW-202101143','2020-05-18',1,'2020-05-18',NULL,150.00,NULL,'','2021-01-19 14:27:08','USR-202008000',NULL,NULL,NULL,NULL),(291,'COW-202101144','2020-05-18',1,'2020-05-18',0.00,177.00,113.00,'','2021-01-19 14:27:57','USR-202008000','2021-02-05 09:39:16','USR-202008000',NULL,NULL),(292,'COW-202101145','2020-05-18',1,'2020-05-18',0.00,174.00,112.00,'','2021-01-19 14:28:57','USR-202008000','2021-02-04 17:37:14','USR-202008000',NULL,NULL),(293,'COW-202101146','2020-05-18',1,'2020-05-18',NULL,179.00,NULL,'Pegon Hitam','2021-01-19 14:30:02','USR-202008000',NULL,NULL,NULL,NULL),(294,'COW-202101147','2020-05-18',1,'2020-05-18',0.00,195.00,115.00,'','2021-01-19 14:31:53','USR-202008000','2021-02-05 09:41:08','USR-202008000',NULL,NULL),(295,'COW-202101148','2020-05-18',1,'2020-05-18',0.00,168.00,112.00,'','2021-01-19 16:07:12','USR-202008000','2021-02-05 18:43:38','USR-202008000',NULL,NULL),(296,'COW-202101149','2020-05-18',1,'2020-05-18',NULL,198.00,NULL,'Pegon Hitam','2021-01-19 16:08:06','USR-202008000',NULL,NULL,NULL,NULL),(297,'COW-202101150','2020-05-18',1,'2020-05-18',0.00,200.00,110.00,'','2021-01-19 16:08:52','USR-202008000','2021-02-05 11:14:50','USR-202008000',NULL,NULL),(298,'COW-202101151','2020-05-20',1,'2020-05-20',NULL,239.00,NULL,'Pegon Hitam','2021-01-19 16:19:38','USR-202008000',NULL,NULL,NULL,NULL),(299,'COW-202101152','2020-05-20',1,'2020-05-20',0.00,191.00,111.00,'','2021-01-19 16:20:51','USR-202008000','2021-02-06 12:00:21','USR-202008000',NULL,NULL),(300,'COW-202101153','2020-05-20',1,'2020-05-20',NULL,201.00,NULL,'','2021-01-19 16:22:00','USR-202008000',NULL,NULL,NULL,NULL),(301,'COW-202101154','2020-05-20',1,'2020-05-20',NULL,198.00,NULL,'Pegon Hitam','2021-01-19 16:23:01','USR-202008000',NULL,NULL,NULL,NULL),(302,'COW-202101155','2020-05-20',1,'2020-05-20',NULL,144.00,NULL,'','2021-01-19 16:31:17','USR-202008000',NULL,NULL,NULL,NULL),(303,'COW-202101156','2020-05-20',1,'2020-05-20',0.00,154.00,108.00,'','2021-01-19 16:32:05','USR-202008000','2021-02-05 09:52:10','USR-202008000',NULL,NULL),(304,'COW-202101157','2020-05-20',1,'2020-05-20',0.00,174.00,111.00,'','2021-01-19 16:32:44','USR-202008000','2021-02-04 21:01:03','USR-202008000',NULL,NULL),(305,'COW-202101158','2020-05-20',1,'2020-05-20',NULL,157.00,NULL,'','2021-01-19 16:33:53','USR-202008000',NULL,NULL,NULL,NULL),(306,'COW-202101159','2020-05-20',1,'2020-05-20',NULL,156.00,NULL,'','2021-01-19 16:35:29','USR-202008000',NULL,NULL,NULL,NULL),(307,'COW-202101160','2020-05-20',1,'2020-05-20',NULL,201.00,NULL,'','2021-01-19 16:36:18','USR-202008000',NULL,NULL,NULL,NULL),(308,'COW-202101161','2020-05-20',1,'2020-05-20',NULL,183.00,NULL,'','2021-01-19 16:36:53','USR-202008000',NULL,NULL,NULL,NULL),(309,'COW-202101162','2020-05-20',1,'2020-05-20',0.00,128.00,101.00,'','2021-01-20 15:35:46','USR-202008000','2021-02-04 18:40:02','USR-202008000',NULL,NULL),(310,'COW-202101163','2020-05-20',1,'2020-05-20',0.00,132.00,95.00,'','2021-01-20 15:36:13','USR-202008000','2021-02-04 17:55:44','USR-202008000',NULL,NULL),(311,'COW-202101164','2020-05-20',1,'2020-05-20',NULL,125.00,NULL,'','2021-01-20 15:39:18','USR-202008000',NULL,NULL,NULL,NULL),(312,'COW-202101165','2020-05-20',1,'2020-05-20',NULL,124.00,NULL,'','2021-01-20 15:39:49','USR-202008000',NULL,NULL,NULL,NULL),(313,'COW-202101166','2020-05-20',1,'2020-05-20',0.00,134.00,100.00,'','2021-01-20 15:40:18','USR-202008000','2021-02-04 20:37:52','USR-202008000',NULL,NULL),(314,'COW-202101167','2020-05-20',1,'2020-05-20',NULL,142.00,NULL,'','2021-01-20 15:40:46','USR-202008000',NULL,NULL,NULL,NULL),(315,'COW-202101168','2020-05-20',1,'2020-05-20',0.00,144.00,101.00,'','2021-01-20 15:41:17','USR-202008000','2021-02-04 21:00:09','USR-202008000',NULL,NULL),(316,'COW-202101169','2020-05-20',1,'2020-05-20',NULL,145.00,NULL,'','2021-01-20 15:41:47','USR-202008000',NULL,NULL,NULL,NULL),(317,'COW-202101170','2020-05-20',1,'2020-05-20',NULL,132.00,NULL,'','2021-01-20 15:42:18','USR-202008000',NULL,NULL,NULL,NULL),(318,'COW-202101171','2020-05-20',1,'2020-05-20',0.00,154.00,105.00,'','2021-01-20 15:42:55','USR-202008000','2021-02-04 21:10:47','USR-202008000',NULL,NULL),(319,'COW-202101172','2020-05-20',1,'2020-05-20',NULL,143.00,NULL,'','2021-01-20 15:43:22','USR-202008000',NULL,NULL,NULL,NULL),(320,'COW-202101173','2020-05-20',1,'2020-05-20',NULL,133.00,NULL,'','2021-01-20 15:43:58','USR-202008000',NULL,NULL,NULL,NULL),(321,'COW-202101174','2020-05-20',1,'2020-05-20',NULL,128.00,NULL,'','2021-01-20 15:44:24','USR-202008000',NULL,NULL,NULL,NULL),(322,'COW-202101175','2020-05-20',1,'2020-05-20',0.00,147.00,105.00,'','2021-01-20 15:44:55','USR-202008000','2021-02-09 14:43:25','USR-202008000',NULL,NULL),(323,'COW-202101176','2020-06-01',1,'2020-06-01',0.00,205.00,115.00,'Pegon Hitam','2021-01-20 15:57:05','USR-202008000','2021-01-20 16:11:22','USR-202008000',NULL,NULL),(324,'COW-202101177','2020-06-01',1,'2020-06-01',0.00,230.00,115.00,'Pegon Hitam','2021-01-20 16:10:26','USR-202008000','2021-02-04 17:43:28','USR-202008000',NULL,NULL),(325,'COW-202101178','2020-06-01',1,'2020-06-01',NULL,228.00,NULL,'','2021-01-20 16:11:00','USR-202008000',NULL,NULL,NULL,NULL),(326,'COW-202101179','2020-06-01',1,'2020-06-01',0.00,207.00,108.00,'Pegon Hitam','2021-01-20 16:12:17','USR-202008000','2021-01-20 16:12:27','USR-202008000',NULL,NULL),(327,'COW-202101180','2020-06-01',1,'2020-06-01',NULL,148.00,NULL,'','2021-01-20 16:15:24','USR-202008000',NULL,NULL,NULL,NULL),(328,'COW-202101181','2020-06-01',1,'2020-06-01',NULL,213.00,NULL,'','2021-01-20 16:15:56','USR-202008000',NULL,NULL,NULL,NULL),(329,'COW-202101182','2020-06-01',1,'2020-06-01',NULL,173.00,NULL,'','2021-01-20 16:16:37','USR-202008000',NULL,NULL,NULL,NULL),(330,'COW-202101183','2020-06-01',1,'2020-06-01',0.00,173.00,112.00,'','2021-01-20 16:17:15','USR-202008000','2021-02-04 19:25:05','USR-202008000',NULL,NULL),(331,'COW-202101184','2020-06-01',1,'2020-06-01',NULL,109.00,NULL,'','2021-01-20 16:17:46','USR-202008000',NULL,NULL,NULL,NULL),(332,'COW-202101185','2020-06-01',1,'2020-06-01',0.00,118.00,96.00,'Pegon Hitam','2021-01-20 16:18:29','USR-202008000','2021-02-06 10:09:09','USR-202008000',NULL,NULL),(333,'COW-202101186','2020-06-01',1,'2020-06-01',0.00,129.00,97.00,'Pegon Hitam','2021-01-20 16:19:20','USR-202008000','2021-01-20 16:37:20','USR-202008000',NULL,NULL),(334,'COW-202101187','2020-06-01',1,'2020-06-01',NULL,119.00,NULL,'','2021-01-20 16:29:52','USR-202008000',NULL,NULL,NULL,NULL),(335,'COW-202101188','2020-06-01',1,'2020-06-01',0.00,139.00,108.00,'','2021-01-20 16:30:34','USR-202008000','2021-02-04 18:20:08','USR-202008000',NULL,NULL),(336,'COW-202101189','2020-06-01',1,'2020-06-01',NULL,178.00,NULL,'Pegon Hitam','2021-01-20 16:38:09','USR-202008000',NULL,NULL,NULL,NULL),(337,'COW-202101190','2020-06-01',1,'2020-06-01',NULL,170.00,NULL,'','2021-01-20 16:38:39','USR-202008000',NULL,NULL,NULL,NULL),(338,'COW-202101191','2020-06-03',1,'2020-06-03',0.00,175.00,111.00,'','2021-01-21 10:26:53','USR-202008000','2021-02-05 10:52:58','USR-202008000',NULL,NULL),(339,'COW-202101192','2020-06-03',1,'2020-06-03',0.00,157.00,104.00,'','2021-01-21 10:32:34','USR-202008000','2021-02-05 11:03:25','USR-202008000',NULL,NULL),(340,'COW-202101193','2020-06-03',1,'2020-06-03',NULL,160.00,NULL,'','2021-01-21 10:36:13','USR-202008000',NULL,NULL,NULL,NULL),(341,'COW-202101194','2020-06-03',1,'2020-06-03',NULL,162.00,NULL,'','2021-01-21 10:37:46','USR-202008000',NULL,NULL,NULL,NULL),(342,'COW-202101195','2020-06-03',1,'2020-06-03',NULL,155.00,NULL,'','2021-01-21 10:38:25','USR-202008000',NULL,NULL,NULL,NULL),(343,'COW-202101196','2020-06-03',1,'2020-06-03',NULL,176.00,NULL,'','2021-01-21 10:41:04','USR-202008000',NULL,NULL,NULL,NULL),(344,'COW-202101197','2020-06-03',1,'2020-06-03',0.00,183.00,112.00,'','2021-01-21 10:43:00','USR-202008000','2021-02-08 11:44:12','USR-202008000',NULL,NULL),(345,'COW-202101198','2020-06-03',1,'2020-06-03',NULL,201.00,NULL,'Pegon LimPO Hitam','2021-01-21 11:09:34','USR-202008000',NULL,NULL,NULL,NULL),(346,'COW-202101199','2020-06-03',1,'2020-06-03',NULL,160.00,NULL,'','2021-01-21 11:14:38','USR-202008000',NULL,NULL,NULL,NULL),(347,'COW-202101200','2020-06-03',1,'2020-06-03',NULL,133.00,NULL,'','2021-01-21 11:15:15','USR-202008000',NULL,NULL,NULL,NULL),(348,'COW-202101201','2020-06-03',1,'2020-06-03',0.00,170.00,111.00,'','2021-01-21 11:17:28','USR-202008000','2021-02-04 19:28:15','USR-202008000',NULL,NULL),(349,'COW-202101202','2020-06-03',1,'2020-06-03',NULL,192.00,NULL,'Pegon Hitam','2021-01-21 11:18:08','USR-202008000',NULL,NULL,NULL,NULL),(350,'COW-202101203','2020-06-03',1,'2020-06-03',NULL,155.00,NULL,'Pegon LimPO Dawuk','2021-01-21 11:19:05','USR-202008000',NULL,NULL,NULL,NULL),(351,'COW-202101204','2020-06-04',1,'2020-06-04',NULL,184.00,NULL,'','2021-01-21 11:30:25','USR-202008000',NULL,NULL,NULL,NULL),(352,'COW-202101205','2020-06-04',1,'2020-06-04',0.00,208.00,115.00,'','2021-01-21 11:32:41','USR-202008000','2021-01-21 13:06:19','USR-202008000',NULL,NULL),(353,'COW-202101206','2020-06-04',1,'2020-06-04',0.00,242.00,120.00,'','2021-01-21 11:34:11','USR-202008000','2021-02-08 11:47:03','USR-202008000',NULL,NULL),(354,'COW-202101207','2020-06-04',1,'2020-06-04',NULL,194.00,NULL,'','2021-01-21 11:34:52','USR-202008000',NULL,NULL,NULL,NULL),(355,'COW-202101208','2020-06-04',1,'2020-06-04',NULL,170.00,NULL,'','2021-01-21 11:36:03','USR-202008000',NULL,NULL,NULL,NULL),(356,'COW-202101209','2020-06-04',1,'2020-06-04',0.00,165.00,109.00,'Pegon Limpo Hitam','2021-01-21 11:36:48','USR-202008000','2021-02-04 20:40:35','USR-202008000',NULL,NULL),(357,'COW-202101210','2020-06-04',1,'2020-06-04',NULL,225.00,NULL,'','2021-01-21 11:37:25','USR-202008000',NULL,NULL,NULL,NULL),(358,'COW-202101211','2020-06-04',1,'2020-06-04',NULL,209.00,NULL,'','2021-01-21 11:39:24','USR-202008000',NULL,NULL,NULL,NULL),(359,'COW-202101212','2020-06-04',1,'2020-06-04',0.00,214.00,120.00,'','2021-01-21 11:43:11','USR-202008000','2021-02-08 11:56:49','USR-202008000',NULL,NULL),(360,'COW-202101213','2020-06-04',1,'2020-06-04',0.00,211.00,114.00,'Pegon Hitam','2021-01-21 11:44:48','USR-202008000','2021-02-08 18:53:17','USR-202008000',NULL,NULL),(361,'COW-202101214','2020-06-04',1,'2020-06-04',NULL,212.00,NULL,'Pegon Hitam','2021-01-21 11:45:27','USR-202008000',NULL,NULL,NULL,NULL),(362,'COW-202101215','2020-06-04',1,'2020-06-04',NULL,172.00,NULL,'Pegon Hitam','2021-01-21 11:46:17','USR-202008000',NULL,NULL,NULL,NULL),(363,'COW-202101216','2020-06-09',1,'2020-06-09',0.00,149.00,109.00,'','2021-01-21 12:38:16','USR-202008000','2021-02-06 14:02:58','USR-202008000',NULL,NULL),(364,'COW-202101217','2020-06-09',1,'2020-06-09',NULL,156.00,NULL,'','2021-01-21 12:38:52','USR-202008000',NULL,NULL,NULL,NULL),(365,'COW-202101218','2020-06-09',1,'2020-06-09',0.00,173.00,105.00,'','2021-01-21 12:39:31','USR-202008000','2021-02-04 18:20:42','USR-202008000',NULL,NULL),(366,'COW-202101219','2020-06-09',1,'2020-06-09',0.00,135.00,99.00,'','2021-01-21 12:56:19','USR-202008000','2021-02-05 14:00:16','USR-202008000',NULL,NULL),(367,'COW-202101220','2020-06-09',1,'2020-06-09',0.00,210.00,111.00,'','2021-01-21 13:09:10','USR-202008000','2021-02-09 14:37:36','USR-202008000',NULL,NULL),(368,'COW-202101221','2020-06-09',1,'2020-06-09',0.00,222.00,116.00,'Di Excel tulisannya ','2021-01-21 13:09:53','USR-202008000','2021-02-08 18:55:52','USR-202008000',NULL,NULL),(369,'COW-202101222','2020-06-09',1,'2020-06-09',0.00,161.00,106.00,'','2021-01-21 13:11:36','USR-202008000','2021-02-06 14:03:44','USR-202008000',NULL,NULL),(370,'COW-202101223','2020-06-09',1,'2020-06-09',0.00,157.00,108.00,'','2021-01-21 13:12:40','USR-202008000','2021-02-05 18:48:41','USR-202008000',NULL,NULL),(371,'COW-202101224','2020-06-09',1,'2020-06-09',0.00,145.00,101.00,'','2021-01-21 13:13:22','USR-202008000','2021-02-06 14:08:32','USR-202008000',NULL,NULL),(372,'COW-202101225','2020-06-09',1,'2020-06-09',0.00,123.00,98.00,'','2021-01-21 13:14:52','USR-202008000','2021-02-04 17:46:49','USR-202008000',NULL,NULL),(373,'COW-202101226','2020-06-09',1,'2020-06-09',NULL,225.00,NULL,'','2021-01-21 13:15:41','USR-202008000',NULL,NULL,NULL,NULL),(374,'COW-202101227','2020-06-09',1,'2020-06-09',0.00,183.00,113.00,'','2021-01-21 13:16:25','USR-202008000','2021-02-08 19:00:41','USR-202008000',NULL,NULL),(375,'COW-202101228','2020-06-09',1,'2020-06-09',0.00,172.00,108.00,'','2021-01-21 13:17:01','USR-202008000','2021-02-04 21:05:28','USR-202008000',NULL,NULL),(376,'COW-202101229','2020-06-09',1,'2020-06-09',NULL,171.00,NULL,'','2021-01-21 13:17:39','USR-202008000',NULL,NULL,NULL,NULL),(377,'COW-202101230','2020-06-12',1,'2020-06-12',NULL,239.00,NULL,'Pegon Hitam Petak','2021-01-21 13:26:04','USR-202008000',NULL,NULL,NULL,NULL),(378,'COW-202101231','2020-06-12',1,'2020-06-12',NULL,169.00,NULL,'','2021-01-21 13:26:40','USR-202008000',NULL,NULL,NULL,NULL),(379,'COW-202101232','2020-06-12',1,'2020-06-12',0.00,203.00,115.00,'','2021-01-21 13:27:51','USR-202008000','2021-02-09 08:00:21','USR-202008000',NULL,NULL),(380,'COW-202101233','2020-06-12',1,'2020-06-12',0.00,208.00,119.00,'Pegon Hitam','2021-01-21 13:32:38','USR-202008000','2021-02-08 10:41:16','USR-202008000',NULL,NULL),(381,'COW-202101234','2020-06-12',1,'2020-06-12',0.00,193.00,107.00,'','2021-01-21 13:34:05','USR-202008000','2021-02-06 14:10:23','USR-202008000',NULL,NULL),(382,'COW-202101235','2020-06-12',1,'2020-06-12',0.00,208.00,113.00,'Pegon Limpo Gelap','2021-01-21 13:35:13','USR-202008000','2021-02-05 14:01:47','USR-202008000',NULL,NULL),(383,'COW-202101236','2020-06-12',1,'2020-06-12',0.00,213.00,112.00,'Pegon Hitam','2021-01-21 13:35:54','USR-202008000','2021-02-09 08:03:49','USR-202008000',NULL,NULL),(384,'COW-202101237','2020-06-12',1,'2020-06-12',NULL,216.00,NULL,'','2021-01-21 13:58:05','USR-202008000',NULL,NULL,NULL,NULL),(385,'COW-202101238','2020-06-12',1,'2020-06-12',0.00,165.00,112.00,'','2021-01-21 13:58:51','USR-202008000','2021-02-05 11:53:01','USR-202008000',NULL,NULL),(386,'COW-202101239','2020-06-12',1,'2020-06-12',NULL,204.00,NULL,'','2021-01-21 14:17:43','USR-202008000',NULL,NULL,NULL,NULL),(387,'COW-202101240','2020-06-12',1,'2020-06-12',0.00,141.00,104.00,'','2021-01-21 14:19:26','USR-202008000','2021-02-06 14:12:55','USR-202008000',NULL,NULL),(388,'COW-202101241','2020-06-12',1,'2020-06-12',NULL,165.00,NULL,'','2021-01-21 14:21:01','USR-202008000',NULL,NULL,NULL,NULL),(389,'COW-202101242','2020-06-12',1,'2020-06-12',NULL,184.00,NULL,'','2021-01-21 14:33:15','USR-202008000',NULL,NULL,NULL,NULL),(390,'COW-202101243','2020-06-12',1,'2020-06-12',NULL,168.00,NULL,'','2021-01-21 14:35:50','USR-202008000',NULL,NULL,NULL,NULL),(391,'COW-202101244','2020-06-15',1,'2020-06-15',0.00,163.00,105.00,'Pegon Abu-Abu','2021-01-21 14:46:25','USR-202008000','2021-02-04 21:08:37','USR-202008000',NULL,NULL),(392,'COW-202101245','2020-06-15',1,'2020-06-15',NULL,139.00,NULL,'','2021-01-21 14:47:05','USR-202008000',NULL,NULL,NULL,NULL),(393,'COW-202101246','2020-06-15',1,'2020-06-15',NULL,180.00,NULL,'','2021-01-21 14:47:42','USR-202008000',NULL,NULL,NULL,NULL),(394,'COW-202101247','2020-06-15',1,'2020-06-15',0.00,128.00,105.00,'','2021-01-21 14:49:03','USR-202008000','2021-02-08 10:48:23','USR-202008000',NULL,NULL),(395,'COW-202101248','2020-06-15',1,'2020-06-15',NULL,214.00,NULL,'','2021-01-21 14:50:15','USR-202008000',NULL,NULL,NULL,NULL),(396,'COW-202101249','2020-06-15',1,'2020-06-15',NULL,139.00,NULL,'','2021-01-21 14:52:17','USR-202008000',NULL,NULL,NULL,NULL),(397,'COW-202101250','2020-06-15',1,'2020-06-15',0.00,154.00,102.00,'','2021-01-21 14:53:05','USR-202008000','2021-02-06 14:16:31','USR-202008000',NULL,NULL),(398,'COW-202101251','2020-06-15',1,'2020-06-15',NULL,160.00,NULL,'','2021-01-21 15:02:05','USR-202008000',NULL,NULL,NULL,NULL),(399,'COW-202101252','2020-06-15',1,'2020-06-15',0.00,120.00,100.00,'Pagon Abu-Abu','2021-01-21 15:15:41','USR-202008000','2021-02-04 18:22:59','USR-202008000',NULL,NULL),(400,'COW-202101253','2020-06-15',1,'2020-06-15',0.00,151.00,110.00,'Pegon SimPO Hitam','2021-01-21 15:16:26','USR-202008000','2021-02-06 14:18:39','USR-202008000',NULL,NULL),(401,'COW-202101254','2020-06-15',1,'2020-06-15',NULL,150.00,NULL,'','2021-01-21 15:17:59','USR-202008000',NULL,NULL,NULL,NULL),(402,'COW-202101255','2020-06-15',1,'2020-06-15',NULL,148.00,NULL,'Pegon Hitam','2021-01-21 15:18:42','USR-202008000',NULL,NULL,NULL,NULL),(403,'COW-202101256','2020-06-15',1,'2020-06-15',0.00,195.00,109.00,'Pegon LimPO Abu-Abu','2021-01-21 15:19:32','USR-202008000','2021-02-09 08:09:59','USR-202008000',NULL,NULL),(404,'COW-202101257','2020-06-15',1,'2020-06-15',0.00,156.00,109.00,'','2021-01-21 15:20:43','USR-202008000','2021-02-04 17:50:45','USR-202008000',NULL,NULL),(405,'COW-202101258','2020-06-18',1,'2020-06-18',0.00,200.00,109.00,'','2021-01-21 15:30:48','USR-202008000','2021-02-09 08:12:31','USR-202008000',NULL,NULL),(406,'COW-202101259','2020-06-18',1,'2020-06-18',NULL,196.00,NULL,'','2021-01-21 15:31:35','USR-202008000',NULL,NULL,NULL,NULL),(407,'COW-202101260','2020-06-18',1,'2020-06-18',NULL,195.00,NULL,'','2021-01-21 15:32:30','USR-202008000',NULL,NULL,NULL,NULL),(408,'COW-202101261','2020-06-18',1,'2020-06-18',NULL,191.00,NULL,'','2021-01-21 15:33:05','USR-202008000',NULL,NULL,NULL,NULL),(409,'COW-202101262','2020-06-18',1,'2020-06-18',0.00,217.00,111.00,'Pegon Hitam','2021-01-21 15:34:25','USR-202008000','2021-02-09 14:38:40','USR-202008000',NULL,NULL),(410,'COW-202101263','2020-06-18',1,'2020-06-18',NULL,201.00,NULL,'Pegon Hitam','2021-01-21 15:35:08','USR-202008000',NULL,NULL,NULL,NULL),(411,'COW-202101264','2020-06-18',1,'2020-06-18',NULL,197.00,NULL,'Pegon Hitam Putih','2021-01-21 15:36:15','USR-202008000',NULL,NULL,NULL,NULL),(412,'COW-202101265','2020-06-18',1,'2020-06-18',0.00,115.00,102.00,'','2021-01-21 15:37:09','USR-202008000','2021-02-09 08:36:08','USR-202008000',NULL,NULL),(413,'COW-202101266','2020-06-18',1,'2020-06-18',0.00,153.00,112.00,'','2021-01-21 15:43:14','USR-202008000','2021-02-04 18:27:03','USR-202008000',NULL,NULL),(414,'COW-202101267','2020-06-18',1,'2020-06-18',0.00,163.00,112.00,'','2021-01-21 15:43:55','USR-202008000','2021-02-05 14:05:50','USR-202008000',NULL,NULL),(415,'COW-202101268','2020-06-18',1,'2020-06-18',0.00,178.00,113.00,'','2021-01-21 15:44:31','USR-202008000','2021-02-09 08:40:31','USR-202008000',NULL,NULL),(416,'COW-202101269','2020-06-18',1,'2020-06-18',NULL,184.00,NULL,'Pegon Hitam','2021-01-21 15:45:16','USR-202008000',NULL,NULL,NULL,NULL),(417,'COW-202101270','2020-06-18',1,'2020-06-18',0.00,128.00,107.00,'','2021-01-21 15:45:42','USR-202008000','2021-02-06 14:21:04','USR-202008000',NULL,NULL),(418,'COW-202101271','2020-06-23',1,'2020-06-23',0.00,168.00,107.00,'','2021-01-21 15:52:02','USR-202008000','2021-02-05 18:46:02','USR-202008000',NULL,NULL),(419,'COW-202101272','2020-06-23',1,'2020-06-23',0.00,159.00,103.00,'','2021-01-21 15:53:26','USR-202008000','2021-02-09 14:39:36','USR-202008000',NULL,NULL),(420,'COW-202101273','2020-06-23',1,'2020-06-23',NULL,215.00,NULL,'Pegon Hitam','2021-01-21 15:54:13','USR-202008000',NULL,NULL,NULL,NULL),(421,'COW-202101274','2020-06-23',1,'2020-06-23',0.00,213.00,109.00,'','2021-01-21 15:54:57','USR-202008000','2021-02-09 14:39:59','USR-202008000',NULL,NULL),(422,'COW-202101275','2020-06-23',1,'2020-06-23',0.00,193.00,110.00,'','2021-01-21 15:56:20','USR-202008000','2021-02-09 14:40:44','USR-202008000',NULL,NULL),(423,'COW-202101276','2020-06-23',1,'2020-06-23',0.00,157.00,102.00,'','2021-01-21 15:56:58','USR-202008000','2021-02-06 14:24:15','USR-202008000',NULL,NULL),(424,'COW-202101277','2020-06-23',1,'2020-06-23',0.00,173.00,115.00,'','2021-01-21 15:57:30','USR-202008000','2021-02-09 14:41:07','USR-202008000',NULL,NULL),(425,'COW-202101278','2020-06-23',1,'2020-06-23',0.00,165.00,112.00,'','2021-01-21 15:58:05','USR-202008000','2021-02-09 14:42:45','USR-202008000',NULL,NULL),(426,'COW-202101279','2020-06-23',1,'2020-06-23',0.00,196.00,119.00,'Pegon Hitam','2021-01-21 16:03:41','USR-202008000','2021-02-09 08:43:37','USR-202008000',NULL,NULL),(427,'COW-202101280','2020-06-23',1,'2020-06-23',NULL,192.00,NULL,'Pegon Hitam','2021-01-21 16:04:41','USR-202008000',NULL,NULL,NULL,NULL),(428,'COW-202101281','2020-06-23',1,'2020-06-23',0.00,147.00,103.00,'Pegon Hitam','2021-01-21 16:05:34','USR-202008000','2021-02-09 08:49:52','USR-202008000',NULL,NULL),(429,'COW-202101282','2020-06-23',1,'2020-06-23',0.00,165.00,103.00,'Pegon Hitam','2021-01-21 16:06:10','USR-202008000','2021-02-06 14:27:11','USR-202008000',NULL,NULL),(430,'COW-202101283','2020-06-29',1,'2020-06-29',NULL,127.00,NULL,'','2021-01-21 16:09:12','USR-202008000',NULL,NULL,NULL,NULL),(431,'COW-202101284','2020-06-29',1,'2020-06-29',0.00,200.00,121.00,'','2021-01-21 16:10:35','USR-202008000','2021-02-08 10:51:28','USR-202008000',NULL,NULL),(432,'COW-202101285','2020-06-29',1,'2020-06-29',0.00,149.00,109.00,'Pegon Hitam','2021-01-21 16:12:04','USR-202008000','2021-02-09 09:28:20','USR-202008000',NULL,NULL),(433,'COW-202101286','2020-06-29',1,'2020-06-29',0.00,187.00,114.00,'Pegon Hitam','2021-01-21 16:13:18','USR-202008000','2021-02-09 14:43:03','USR-202008000',NULL,NULL),(434,'COW-202101287','2020-06-29',1,'2020-06-29',NULL,154.00,NULL,'','2021-01-21 16:15:12','USR-202008000',NULL,NULL,NULL,NULL),(435,'COW-202101288','2020-06-29',1,'2020-06-29',0.00,182.00,111.00,'','2021-01-21 16:16:47','USR-202008000','2021-02-09 09:31:14','USR-202008000',NULL,NULL),(436,'COW-202101289','2020-06-29',1,'2020-06-29',NULL,220.00,NULL,'','2021-01-21 16:17:42','USR-202008000',NULL,NULL,NULL,NULL),(437,'COW-202101290','2020-06-29',1,'2020-06-29',NULL,209.00,NULL,'','2021-01-21 16:18:17','USR-202008000',NULL,NULL,NULL,NULL),(438,'COW-202101291','2020-06-29',1,'2020-06-29',0.00,127.00,104.00,'Pegon Hitam','2021-01-21 16:19:00','USR-202008000','2021-02-04 18:31:19','USR-202008000',NULL,NULL),(439,'COW-202101292','2020-06-29',1,'2020-06-29',0.00,164.00,105.00,'','2021-01-21 16:19:42','USR-202008000','2021-02-06 14:29:13','USR-202008000',NULL,NULL),(440,'COW-202101293','2020-06-29',1,'2020-06-29',0.00,142.00,105.00,'Pegon Hitam','2021-01-21 16:20:26','USR-202008000','2021-02-06 14:50:38','USR-202008000',NULL,NULL),(441,'COW-202101294','2020-06-29',1,'2020-06-29',0.00,175.00,108.00,'Pegon Hitam','2021-01-21 16:21:07','USR-202008000','2021-02-04 18:33:58','USR-202008000',NULL,NULL),(442,'COW-202101295','2020-06-29',1,'2020-06-29',0.00,153.00,104.00,'','2021-01-21 16:21:39','USR-202008000','2021-02-06 09:47:25','USR-202008000',NULL,NULL),(443,'COW-202101296','2020-06-29',1,'2020-06-29',NULL,144.00,NULL,'','2021-01-21 16:22:12','USR-202008000',NULL,NULL,NULL,NULL),(444,'COW-202101297','2020-09-18',1,'2020-09-18',NULL,313.00,NULL,'','2021-01-22 09:47:13','USR-202008000',NULL,NULL,NULL,NULL),(445,'COW-202101298','2020-09-18',1,'2020-09-18',0.00,182.00,123.00,'','2021-01-22 09:48:38','USR-202008000','2021-02-04 20:42:23','USR-202008000',NULL,NULL),(446,'COW-202101299','2020-09-18',1,'2020-09-18',NULL,341.00,NULL,'','2021-01-22 09:49:21','USR-202008000',NULL,NULL,NULL,NULL),(447,'COW-202101300','2020-09-18',1,'2020-09-18',NULL,284.00,NULL,'','2021-01-22 09:49:54','USR-202008000',NULL,NULL,NULL,NULL),(448,'COW-202101301','2020-09-18',1,'2020-09-18',NULL,266.00,NULL,'','2021-01-22 09:50:31','USR-202008000',NULL,NULL,NULL,NULL),(449,'COW-202101302','2020-09-18',1,'2020-09-18',NULL,286.00,NULL,'','2021-01-22 09:51:18','USR-202008000',NULL,NULL,NULL,NULL),(450,'COW-202101303','2020-09-18',1,'2020-09-18',NULL,315.00,NULL,'','2021-01-22 09:51:52','USR-202008000',NULL,NULL,NULL,NULL),(451,'COW-202101304','2020-09-18',1,'2020-09-18',NULL,307.00,NULL,'','2021-01-22 09:52:29','USR-202008000',NULL,NULL,NULL,NULL),(452,'COW-202101305','2020-09-18',1,'2020-09-18',NULL,340.00,NULL,'','2021-01-22 09:56:10','USR-202008000',NULL,NULL,NULL,NULL),(453,'COW-202101306','2020-09-18',1,'2020-09-18',NULL,317.00,NULL,'','2021-01-22 09:56:50','USR-202008000',NULL,NULL,NULL,NULL),(454,'COW-202101307','2020-12-15',1,'2020-12-15',0.00,202.00,0.00,'Sapi FH Cross','2021-01-22 10:05:09','USR-202008000','2021-01-22 10:06:29','USR-202008000',NULL,NULL),(455,'COW-202101308','2020-12-15',1,'2020-12-15',NULL,194.00,NULL,'Sapi Angus Limosine Cross','2021-01-22 10:07:49','USR-202008000',NULL,NULL,NULL,NULL),(456,'COW-202101309','2020-12-15',1,'2020-12-15',NULL,202.00,NULL,'','2021-01-22 10:09:21','USR-202008000',NULL,NULL,NULL,NULL),(457,'COW-202101310','2020-12-15',1,'2020-12-15',NULL,199.00,NULL,'','2021-01-22 10:10:05','USR-202008000',NULL,NULL,NULL,NULL),(458,'COW-202101311','2020-12-15',1,'2020-12-15',NULL,164.00,NULL,'','2021-01-22 10:10:40','USR-202008000',NULL,NULL,NULL,NULL),(459,'COW-202101312','2020-12-15',1,'2020-12-15',NULL,173.00,NULL,'','2021-01-22 10:11:11','USR-202008000',NULL,NULL,NULL,NULL),(460,'COW-202101313','2020-12-15',1,'2020-12-15',NULL,224.00,NULL,'','2021-01-22 10:11:40','USR-202008000',NULL,NULL,NULL,NULL),(461,'COW-202101314','2020-12-15',1,'2020-12-15',NULL,172.00,NULL,'','2021-01-22 10:12:18','USR-202008000',NULL,NULL,NULL,NULL),(462,'COW-202101315','2020-12-15',1,'2020-12-15',NULL,192.00,NULL,'','2021-01-22 10:12:49','USR-202008000',NULL,NULL,NULL,NULL),(463,'COW-202101316','2020-12-15',1,'2020-12-15',NULL,150.00,NULL,'','2021-01-22 10:13:23','USR-202008000',NULL,NULL,NULL,NULL),(464,'COW-202012078','2021-01-26',0,'2021-01-06',0.00,755.00,0.00,'','2021-01-26 11:26:26','USR-202008000',NULL,NULL,'2021-02-19 15:56:49','USR-202008000'),(465,'COW-202012104','2021-01-26',0,'2021-01-06',0.00,750.00,0.00,'','2021-01-26 11:30:42','USR-202008000',NULL,NULL,'2021-02-19 16:03:45','USR-202008000'),(466,'COW-202012059','2021-01-26',0,'2021-01-08',0.00,287.00,0.00,'','2021-01-26 11:31:51','USR-202008000',NULL,NULL,'2021-02-19 15:48:22','USR-202008000'),(467,'COW-202012017','2021-01-26',0,'2021-01-08',0.00,293.00,0.00,'','2021-01-26 11:33:20','USR-202008000',NULL,NULL,'2021-02-19 16:01:44','USR-202008000'),(468,'COW-202101093','2021-02-03',0,'2021-01-18',0.00,350.00,0.00,'','2021-02-03 14:59:15','USR-202008000',NULL,NULL,'2021-02-04 09:27:58','USR-202008000'),(469,'COW-202101095','2021-02-03',0,'2021-01-17',0.00,261.00,0.00,'','2021-02-03 14:59:48','USR-202008000',NULL,NULL,'2021-02-04 14:22:15','USR-202008000'),(470,'COW-202101094','2021-02-03',0,'2021-01-17',0.00,357.00,0.00,'','2021-02-03 15:01:11','USR-202008000',NULL,NULL,'2021-02-04 14:09:00','USR-202008000'),(471,'COW-202012039','2021-02-03',0,'2021-01-18',0.00,468.00,0.00,'','2021-02-03 15:02:24','USR-202008000',NULL,NULL,'2021-02-04 14:58:33','USR-202008000'),(472,'COW-202102001','2021-01-13',1,'2021-01-13',0.00,174.00,0.00,'','2021-02-03 15:45:12','USR-202008000','2021-02-09 11:33:29','USR-202008000',NULL,NULL),(473,'COW-202102002','2021-01-13',1,'2021-01-13',0.00,293.00,0.00,'','2021-02-03 15:49:23','USR-202008000','2021-02-09 11:47:48','USR-202008000',NULL,NULL),(474,'COW-202102003','2021-01-13',1,'2021-01-13',0.00,360.00,0.00,'Putih Coklat','2021-02-03 15:50:08','USR-202008000','2021-03-31 11:36:26','USR-202008000',NULL,NULL),(475,'COW-202102004','2021-01-13',1,'2021-01-13',0.00,354.00,0.00,'Pegon Hitam','2021-02-03 15:51:04','USR-202008000','2021-02-09 11:49:30','USR-202008000',NULL,NULL),(476,'COW-202102005','2021-01-13',1,'2021-01-13',0.00,362.00,0.00,'Pegon Hitam','2021-02-03 15:52:03','USR-202008000','2021-02-09 11:50:13','USR-202008000',NULL,NULL),(477,'COW-202102006','2021-01-13',1,'2021-01-13',0.00,313.00,0.00,'Pegon Hitam','2021-02-03 15:52:47','USR-202008000','2021-02-09 14:27:03','USR-202008000',NULL,NULL),(478,'COW-202102007','2021-01-13',1,'2021-01-13',0.00,358.00,0.00,'Pegon Hitam','2021-02-03 15:53:34','USR-202008000','2021-02-09 14:27:59','USR-202008000',NULL,NULL),(479,'COW-202102008','2021-01-13',1,'2021-01-13',0.00,318.00,0.00,'','2021-02-03 15:55:05','USR-202008000','2021-02-09 14:28:25','USR-202008000',NULL,NULL),(480,'COW-202102009','2021-01-13',1,'2021-01-13',0.00,310.00,0.00,'Pegon Hitam','2021-02-03 15:55:44','USR-202008000','2021-02-09 14:29:03','USR-202008000',NULL,NULL),(481,'COW-202102010','2021-01-13',1,'2021-01-13',0.00,349.00,0.00,'','2021-02-03 15:56:22','USR-202008000','2021-02-09 14:27:32','USR-202008000',NULL,NULL),(482,'COW-202102011','2021-01-17',1,'2021-01-17',0.00,229.00,0.00,'','2021-02-03 16:15:39','USR-202008000','2021-03-31 11:30:46','USR-202008000',NULL,NULL),(483,'COW-202102012','2021-01-17',1,'2021-01-17',0.00,309.00,0.00,'','2021-02-03 16:16:06','USR-202008000','2021-03-31 11:30:22','USR-202008000',NULL,NULL),(484,'COW-202102013','2021-01-17',1,'2021-01-17',0.00,348.00,0.00,'','2021-02-03 16:16:52','USR-202008000','2021-03-31 11:30:02','USR-202008000',NULL,NULL),(485,'COW-202102014','2021-01-17',1,'2021-01-17',0.00,258.00,0.00,'','2021-02-03 16:17:32','USR-202008000','2021-03-31 11:29:40','USR-202008000',NULL,NULL),(486,'COW-202102015','2021-01-17',1,'2021-01-17',0.00,318.00,0.00,'','2021-02-03 16:19:47','USR-202008000','2021-03-31 11:29:15','USR-202008000',NULL,NULL),(487,'COW-202102016','2021-01-17',1,'2021-01-17',0.00,223.00,0.00,'Pegon Hitam Dugul','2021-02-03 16:20:24','USR-202008000','2021-03-31 11:28:53','USR-202008000',NULL,NULL),(488,'COW-202102017','2021-01-17',1,'2021-01-17',0.00,232.00,0.00,'Pegon Hitam Garis Putih Punggung','2021-02-03 16:21:19','USR-202008000','2021-03-31 11:28:35','USR-202008000',NULL,NULL),(489,'COW-202102018','2021-01-17',1,'2021-01-17',0.00,245.00,0.00,'Pegon Hitam Dugul','2021-02-03 16:24:39','USR-202008000','2021-03-31 11:28:12','USR-202008000',NULL,NULL),(490,'COW-202102019','2021-01-17',1,'2021-01-17',0.00,331.00,0.00,'','2021-02-03 16:25:30','USR-202008000','2021-03-31 11:32:35','USR-202008000',NULL,NULL),(491,'COW-202102020','2021-01-17',1,'2021-01-17',0.00,207.00,0.00,'Pegon Hitam Petak Putih','2021-02-03 16:26:07','USR-202008000','2021-03-31 11:32:57','USR-202008000',NULL,NULL),(492,'COW-202012040','2021-02-03',0,'2021-01-18',0.00,324.00,0.00,'','2021-02-03 16:36:04','USR-202008000','2021-02-03 16:36:41','USR-202008000','2021-02-04 15:06:33','USR-202008000'),(493,'COW-202012043','2021-02-04',0,'2020-08-27',0.00,284.00,0.00,'','2021-02-03 16:38:21','USR-202008000','2021-02-04 15:20:57','USR-202008000',NULL,NULL),(494,'COW-202012045','2021-02-04',0,'2020-08-27',0.00,276.00,0.00,'','2021-02-03 16:38:48','USR-202008000','2021-02-04 15:23:39','USR-202008000',NULL,NULL),(495,'COW-202012046','2021-02-04',0,'2020-08-28',0.00,264.00,0.00,'','2021-02-03 16:39:28','USR-202008000','2021-02-04 15:29:17','USR-202008000','2021-02-04 15:29:38','USR-202008000'),(496,'COW-202012047','2021-02-04',0,'2020-08-27',0.00,226.00,0.00,'','2021-02-03 16:40:00','USR-202008000','2021-02-04 15:35:08','USR-202008000',NULL,NULL),(497,'COW-202012048','2021-02-03',0,'2021-01-12',0.00,354.00,0.00,'','2021-02-03 16:40:36','USR-202008000',NULL,NULL,'2021-02-04 15:33:34','USR-202008000'),(498,'COW-202102001','2021-02-03',0,'2021-01-27',0.00,193.00,0.00,'','2021-02-03 16:42:15','USR-202008000',NULL,NULL,NULL,NULL),(499,'COW-202102002','2021-02-03',0,'2021-01-27',0.00,277.00,0.00,'','2021-02-03 16:43:03','USR-202008000',NULL,NULL,NULL,NULL),(500,'COW-202102003','2021-02-03',0,'2021-01-27',0.00,367.00,0.00,'','2021-02-03 16:43:39','USR-202008000',NULL,NULL,NULL,NULL),(501,'COW-202102004','2021-02-03',0,'2021-01-27',0.00,350.00,0.00,'','2021-02-03 16:44:25','USR-202008000',NULL,NULL,NULL,NULL),(502,'COW-202102005','2021-02-03',0,'2021-01-27',0.00,372.00,0.00,'','2021-02-03 16:44:55','USR-202008000',NULL,NULL,NULL,NULL),(503,'COW-202102006','2021-02-03',0,'2021-01-27',0.00,330.00,0.00,'','2021-02-03 16:45:24','USR-202008000',NULL,NULL,NULL,NULL),(504,'COW-202102007','2021-02-03',0,'2021-01-27',0.00,371.00,0.00,'','2021-02-03 16:46:18','USR-202008000',NULL,NULL,NULL,NULL),(505,'COW-202102008','2021-02-03',0,'2021-01-27',0.00,330.00,0.00,'','2021-02-03 16:46:53','USR-202008000',NULL,NULL,NULL,NULL),(506,'COW-202102009','2021-02-03',0,'2021-01-27',0.00,316.00,0.00,'','2021-02-03 16:47:22','USR-202008000',NULL,NULL,NULL,NULL),(507,'COW-202102010','2021-02-03',0,'2021-01-27',0.00,368.00,0.00,'','2021-02-03 16:47:58','USR-202008000',NULL,NULL,NULL,NULL),(508,'COW-202102011','2021-02-03',0,'2021-01-27',0.00,236.00,0.00,'','2021-02-03 16:50:20','USR-202008000',NULL,NULL,NULL,NULL),(509,'COW-202102012','2021-02-03',0,'2021-01-27',0.00,301.00,0.00,'','2021-02-03 16:50:46','USR-202008000',NULL,NULL,NULL,NULL),(510,'COW-202102013','2021-02-03',0,'2021-01-27',0.00,344.00,0.00,'','2021-02-03 16:51:15','USR-202008000',NULL,NULL,NULL,NULL),(511,'COW-202102014','2021-02-03',0,'2021-01-27',0.00,259.00,0.00,'','2021-02-03 16:51:44','USR-202008000',NULL,NULL,NULL,NULL),(512,'COW-202102015','2021-02-03',0,'2021-01-27',0.00,340.00,0.00,'','2021-02-03 16:52:07','USR-202008000',NULL,NULL,NULL,NULL),(513,'COW-202102016','2021-02-03',0,'2021-01-27',0.00,231.00,0.00,'','2021-02-03 16:52:39','USR-202008000',NULL,NULL,NULL,NULL),(514,'COW-202102017','2021-02-03',0,'2021-01-27',0.00,245.00,0.00,'','2021-02-03 16:53:13','USR-202008000',NULL,NULL,NULL,NULL),(515,'COW-202102018','2021-02-03',0,'2021-01-27',0.00,260.00,0.00,'','2021-02-03 16:54:10','USR-202008000',NULL,NULL,NULL,NULL),(516,'COW-202102019','2021-02-03',0,'2021-01-27',0.00,350.00,0.00,'','2021-02-03 16:56:44','USR-202008000',NULL,NULL,NULL,NULL),(517,'COW-202102020','2021-02-03',0,'2021-01-27',0.00,229.00,0.00,'','2021-02-03 16:57:26','USR-202008000',NULL,NULL,NULL,NULL),(518,'COW-202101093','2021-02-04',0,'2020-11-12',0.00,287.00,0.00,'','2021-02-04 09:31:17','USR-202008000',NULL,NULL,NULL,NULL),(519,'COW-202101093','2021-02-04',0,'2021-01-18',0.00,350.00,0.00,'','2021-02-04 09:32:00','USR-202008000',NULL,NULL,NULL,NULL),(520,'COW-202101094','2021-02-04',0,'2020-09-17',0.00,296.00,0.00,'','2021-02-04 14:09:56','USR-202008000',NULL,NULL,NULL,NULL),(521,'COW-202101094','2021-02-04',0,'2020-11-12',0.00,314.00,0.00,'','2021-02-04 14:10:34','USR-202008000','2021-02-04 14:12:11','USR-202008000',NULL,NULL),(522,'COW-202101094','2021-02-04',0,'2021-01-17',0.00,357.00,0.00,'','2021-02-04 14:12:42','USR-202008000',NULL,NULL,NULL,NULL),(523,'COW-202101095','2021-02-04',0,'2020-09-17',0.00,241.00,0.00,'','2021-02-04 14:22:39','USR-202008000',NULL,NULL,NULL,NULL),(524,'COW-202101095','2021-02-04',0,'2020-11-12',0.00,244.00,0.00,'','2021-02-04 14:23:16','USR-202008000',NULL,NULL,NULL,NULL),(525,'COW-202101095','2021-02-04',0,'2021-01-17',0.00,261.00,0.00,'','2021-02-04 14:23:45','USR-202008000',NULL,NULL,NULL,NULL),(526,'COW-202012072','2021-02-04',0,'2020-08-27',0.00,262.00,0.00,'','2021-02-04 14:56:39','USR-202008000',NULL,NULL,NULL,NULL),(527,'COW-202012072','2021-02-04',0,'2020-09-22',0.00,281.00,0.00,'','2021-02-04 14:57:02','USR-202008000',NULL,NULL,NULL,NULL),(528,'COW-202012072','2021-02-04',0,'2020-11-17',0.00,303.00,0.00,'','2021-02-04 14:57:26','USR-202008000',NULL,NULL,NULL,NULL),(529,'COW-202012072','2021-02-04',0,'2021-01-12',0.00,318.00,0.00,'','2021-02-04 14:57:46','USR-202008000',NULL,NULL,NULL,NULL),(530,'COW-202101220','2021-02-04',0,'2020-08-04',0.00,236.00,0.00,'','2021-02-04 14:58:32','USR-202008000',NULL,NULL,NULL,NULL),(531,'COW-202101220','2021-02-04',0,'2020-09-18',0.00,275.00,0.00,'','2021-02-04 14:58:47','USR-202008000',NULL,NULL,NULL,NULL),(532,'COW-202101220','2021-02-04',0,'2020-11-18',0.00,302.00,0.00,'','2021-02-04 14:59:03','USR-202008000',NULL,NULL,NULL,NULL),(533,'COW-202012039','2021-02-04',0,'2020-09-17',0.00,426.00,0.00,'','2021-02-04 14:59:06','USR-202008000',NULL,NULL,NULL,NULL),(534,'COW-202101220','2021-02-04',0,'2021-01-12',0.00,352.00,0.00,'','2021-02-04 14:59:24','USR-202008000',NULL,NULL,NULL,NULL),(535,'COW-202101262','2021-02-04',0,'2020-08-04',0.00,227.00,0.00,'','2021-02-04 15:00:11','USR-202008000',NULL,NULL,NULL,NULL),(536,'COW-202101262','2021-02-04',0,'2020-09-18',0.00,291.00,0.00,'','2021-02-04 15:00:28','USR-202008000',NULL,NULL,NULL,NULL),(537,'COW-202012039','2021-02-04',0,'2020-10-16',0.00,436.00,0.00,'','2021-02-04 15:00:41','USR-202008000',NULL,NULL,NULL,NULL),(538,'COW-202101262','2021-02-04',0,'2020-11-18',0.00,334.00,0.00,'','2021-02-04 15:00:43','USR-202008000',NULL,NULL,NULL,NULL),(539,'COW-202101262','2021-02-04',0,'2021-01-12',0.00,412.00,0.00,'','2021-02-04 15:00:59','USR-202008000',NULL,NULL,NULL,NULL),(540,'COW-202012039','2021-02-04',0,'2020-11-12',0.00,451.00,0.00,'','2021-02-04 15:01:14','USR-202008000',NULL,NULL,NULL,NULL),(541,'COW-202012039','2021-02-04',0,'2021-01-17',0.00,468.00,0.00,'','2021-02-04 15:01:45','USR-202008000','2021-02-04 15:02:08','USR-202008000',NULL,NULL),(542,'COW-202101272','2021-02-04',0,'2020-08-04',0.00,172.00,0.00,'','2021-02-04 15:02:06','USR-202008000',NULL,NULL,NULL,NULL),(543,'COW-202101272','2021-02-04',0,'2020-09-18',0.00,227.00,0.00,'','2021-02-04 15:02:27','USR-202008000',NULL,NULL,NULL,NULL),(544,'COW-202012039','2021-02-04',0,'2021-01-18',0.00,468.00,0.00,'','2021-02-04 15:02:33','USR-202008000',NULL,NULL,'2021-02-04 15:02:48','USR-202008000'),(545,'COW-202101272','2021-02-04',0,'2020-10-15',0.00,240.00,0.00,'','2021-02-04 15:02:48','USR-202008000',NULL,NULL,NULL,NULL),(546,'COW-202101272','2021-02-04',0,'2020-11-18',0.00,280.00,0.00,'','2021-02-04 15:03:07','USR-202008000',NULL,NULL,NULL,NULL),(547,'COW-202101272','2021-02-04',0,'2021-01-12',0.00,347.00,0.00,'','2021-02-04 15:03:24','USR-202008000',NULL,NULL,NULL,NULL),(548,'COW-202101274','2021-02-04',0,'2020-08-04',0.00,218.00,0.00,'','2021-02-04 15:04:19','USR-202008000',NULL,NULL,NULL,NULL),(549,'COW-202101274','2021-02-04',0,'2020-09-18',0.00,271.00,0.00,'','2021-02-04 15:04:36','USR-202008000',NULL,NULL,NULL,NULL),(550,'COW-202101274','2021-02-04',0,'2020-10-14',0.00,281.00,0.00,'','2021-02-04 15:04:50','USR-202008000',NULL,NULL,NULL,NULL),(551,'COW-202101274','2021-02-04',0,'2020-11-18',0.00,308.00,0.00,'','2021-02-04 15:05:05','USR-202008000',NULL,NULL,NULL,NULL),(552,'COW-202101274','2021-02-04',0,'2021-01-12',0.00,380.00,0.00,'','2021-02-04 15:05:22','USR-202008000',NULL,NULL,NULL,NULL),(553,'COW-202101275','2021-02-04',0,'2020-08-04',0.00,229.00,0.00,'','2021-02-04 15:05:48','USR-202008000',NULL,NULL,NULL,NULL),(554,'COW-202101275','2021-02-04',0,'2020-09-18',0.00,285.00,0.00,'','2021-02-04 15:06:19','USR-202008000',NULL,NULL,NULL,NULL),(555,'COW-202101275','2021-02-04',0,'2020-10-15',0.00,288.00,0.00,'','2021-02-04 15:06:34','USR-202008000',NULL,NULL,NULL,NULL),(556,'COW-202101275','2021-02-04',0,'2020-11-18',0.00,321.00,0.00,'','2021-02-04 15:06:50','USR-202008000',NULL,NULL,NULL,NULL),(557,'COW-202101275','2021-02-04',0,'2021-01-12',0.00,370.00,0.00,'','2021-02-04 15:07:04','USR-202008000',NULL,NULL,NULL,NULL),(558,'COW-202012040','2021-02-04',0,'2020-09-17',0.00,275.00,0.00,'','2021-02-04 15:07:07','USR-202008000',NULL,NULL,NULL,NULL),(559,'COW-202101275','2021-02-04',0,'2020-08-04',0.00,181.00,0.00,'','2021-02-04 15:07:24','USR-202008000',NULL,NULL,'2021-02-04 15:08:12','USR-202008000'),(560,'COW-202101275','2021-02-04',0,'2020-11-18',0.00,212.00,0.00,'','2021-02-04 15:07:45','USR-202008000',NULL,NULL,'2021-02-04 15:08:16','USR-202008000'),(561,'COW-202012040','2021-02-04',0,'2020-10-16',0.00,282.00,0.00,'','2021-02-04 15:08:22','USR-202008000',NULL,NULL,NULL,NULL),(562,'COW-202101277','2021-02-04',0,'2020-08-04',0.00,181.00,0.00,'','2021-02-04 15:09:08','USR-202008000',NULL,NULL,NULL,NULL),(563,'COW-202101277','2021-02-04',0,'2018-11-18',0.00,212.00,0.00,'','2021-02-04 15:09:32','USR-202008000',NULL,NULL,'2021-02-04 15:09:47','USR-202008000'),(564,'COW-202012040','2021-02-04',0,'2020-11-12',0.00,292.00,0.00,'','2021-02-04 15:09:53','USR-202008000','2021-02-04 15:10:32','USR-202008000',NULL,NULL),(565,'COW-202101277','2021-02-04',0,'2020-11-18',0.00,212.00,0.00,'','2021-02-04 15:10:06','USR-202008000',NULL,NULL,NULL,NULL),(566,'COW-202101277','2021-02-04',0,'2021-01-12',0.00,274.00,0.00,'','2021-02-04 15:10:28','USR-202008000',NULL,NULL,NULL,NULL),(567,'COW-202101277','2021-02-04',0,'2021-01-12',0.00,274.00,0.00,'','2021-02-04 15:10:29','USR-202008000',NULL,NULL,NULL,NULL),(568,'COW-202012040','2021-02-04',0,'2021-01-18',0.00,324.00,0.00,'','2021-02-04 15:11:30','USR-202008000','2021-02-04 15:11:53','USR-202008000',NULL,NULL),(569,'COW-202101278','2021-02-04',0,'2020-08-04',0.00,191.00,0.00,'','2021-02-04 15:11:33','USR-202008000',NULL,NULL,NULL,NULL),(570,'COW-202101278','2021-02-04',0,'2020-09-18',0.00,258.00,0.00,'','2021-02-04 15:11:47','USR-202008000',NULL,NULL,NULL,NULL),(571,'COW-202101278','2021-02-04',0,'2020-10-15',0.00,262.00,0.00,'','2021-02-04 15:12:06','USR-202008000',NULL,NULL,NULL,NULL),(572,'COW-202101278','2021-02-04',0,'2020-11-18',0.00,293.00,0.00,'','2021-02-04 15:12:25','USR-202008000',NULL,NULL,NULL,NULL),(573,'COW-202101278','2021-02-04',0,'2021-01-12',0.00,353.00,0.00,'','2021-02-04 15:12:53','USR-202008000',NULL,NULL,NULL,NULL),(574,'COW-202101286','2021-02-04',0,'2020-08-04',0.00,221.00,0.00,'','2021-02-04 15:13:25','USR-202008000',NULL,NULL,NULL,NULL),(575,'COW-202101286','2021-02-04',0,'2020-09-18',0.00,283.00,0.00,'','2021-02-04 15:13:41','USR-202008000',NULL,NULL,NULL,NULL),(576,'COW-202101286','2021-02-04',0,'2020-11-18',0.00,349.00,0.00,'','2021-02-04 15:14:00','USR-202008000',NULL,NULL,NULL,NULL),(577,'COW-202101286','2021-02-04',0,'2020-11-18',0.00,349.00,0.00,'','2021-02-04 15:14:00','USR-202008000',NULL,NULL,NULL,NULL),(578,'COW-202101286','2021-02-04',0,'2021-01-12',0.00,429.00,0.00,'','2021-02-04 15:14:25','USR-202008000',NULL,NULL,NULL,NULL),(579,'COW-202101175','2021-02-04',0,'2021-01-12',0.00,351.00,0.00,'','2021-02-04 15:16:24','USR-202008000',NULL,NULL,NULL,NULL),(580,'COW-202012025','2021-02-04',0,'2021-01-12',0.00,283.00,0.00,'','2021-02-04 15:16:58','USR-202008000',NULL,NULL,NULL,NULL),(581,'COW-202012043','2021-02-04',0,'2020-09-22',0.00,298.00,0.00,'','2021-02-04 15:20:31','USR-202008000',NULL,NULL,NULL,NULL),(582,'COW-202012043','2021-02-04',0,'2020-11-17',0.00,323.00,0.00,'','2021-02-04 15:21:34','USR-202008000',NULL,NULL,NULL,NULL),(583,'COW-202012043','2021-02-04',0,'2021-01-12',0.00,365.00,0.00,'','2021-02-04 15:22:02','USR-202008000',NULL,NULL,NULL,NULL),(584,'COW-202012045','2021-02-04',0,'2020-09-22',0.00,297.00,0.00,'','2021-02-04 15:24:53','USR-202008000',NULL,NULL,NULL,NULL),(585,'COW-202012045','2021-02-04',0,'2020-11-17',0.00,325.00,0.00,'','2021-02-04 15:26:13','USR-202008000',NULL,NULL,NULL,NULL),(586,'COW-202012045','2021-02-04',0,'2021-01-12',0.00,363.00,0.00,'','2021-02-04 15:26:44','USR-202008000',NULL,NULL,NULL,NULL),(587,'COW-202012046','2021-02-04',0,'2020-08-22',0.00,264.00,0.00,'','2021-02-04 15:29:40','USR-202008000','2021-02-04 15:32:03','USR-202008000','2021-02-04 15:31:20','USR-202008000'),(588,'COW-202012046','2021-02-04',0,'2020-08-28',0.00,264.00,0.00,'','2021-02-04 15:29:59','USR-202008000',NULL,NULL,'2021-02-04 15:31:14','USR-202008000'),(589,'COW-202012046','2021-02-04',0,'2020-11-17',0.00,285.00,0.00,'','2021-02-04 15:30:10','USR-202008000',NULL,NULL,'2021-02-04 15:31:17','USR-202008000'),(590,'COW-202012046','2021-02-04',0,'2020-09-22',0.00,279.00,0.00,'','2021-02-04 15:30:14','USR-202008000',NULL,NULL,'2021-02-04 15:30:43','USR-202008000'),(591,'COW-202012046','2021-02-04',0,'2020-08-28',0.00,264.00,0.00,'','2021-02-04 15:32:00','USR-202008000',NULL,NULL,NULL,NULL),(592,'COW-202012046','2021-02-04',0,'2020-09-22',0.00,279.00,0.00,'','2021-02-04 15:32:14','USR-202008000',NULL,NULL,NULL,NULL),(593,'COW-202012046','2021-02-04',0,'2020-11-17',0.00,285.00,0.00,'','2021-02-04 15:32:32','USR-202008000',NULL,NULL,NULL,NULL),(594,'COW-202012046','2021-02-04',0,'2021-01-12',0.00,318.00,0.00,'','2021-02-04 15:33:00','USR-202008000',NULL,NULL,NULL,NULL),(595,'COW-202012046','2021-02-04',0,'2021-01-12',0.00,317.00,0.00,'','2021-02-04 15:33:10','USR-202008000',NULL,NULL,'2021-02-04 15:33:24','USR-202008000'),(596,'COW-202012048','2021-02-04',0,'2020-08-28',0.00,264.00,0.00,'','2021-02-04 15:33:51','USR-202008000',NULL,NULL,NULL,NULL),(597,'COW-202012048','2021-02-04',0,'2020-09-22',0.00,299.00,0.00,'','2021-02-04 15:34:14','USR-202008000',NULL,NULL,NULL,NULL),(598,'COW-202012048','2021-02-04',0,'2020-11-17',0.00,318.00,0.00,'','2021-02-04 15:34:28','USR-202008000',NULL,NULL,NULL,NULL),(599,'COW-202012048','2021-02-04',0,'2021-01-12',0.00,354.00,0.00,'','2021-02-04 15:34:46','USR-202008000',NULL,NULL,NULL,NULL),(600,'COW-202012055','2021-02-04',0,'2020-08-27',0.00,247.00,0.00,'','2021-02-04 15:35:42','USR-202008000',NULL,NULL,NULL,NULL),(601,'COW-202012047','2021-02-04',0,'2020-09-22',0.00,237.00,0.00,'','2021-02-04 15:35:57','USR-202008000','2021-02-04 15:36:17','USR-202008000',NULL,NULL),(602,'COW-202012055','2021-02-04',0,'2020-09-22',0.00,263.00,0.00,'','2021-02-04 15:35:59','USR-202008000',NULL,NULL,NULL,NULL),(603,'COW-202012055','2021-02-04',0,'2020-11-17',0.00,279.00,0.00,'','2021-02-04 15:36:18','USR-202008000',NULL,NULL,NULL,NULL),(604,'COW-202012055','2021-02-04',0,'2021-01-12',0.00,310.00,0.00,'','2021-02-04 15:36:30','USR-202008000',NULL,NULL,NULL,NULL),(605,'COW-202012047','2021-02-04',0,'2020-11-12',0.00,254.00,0.00,'','2021-02-04 15:36:52','USR-202008000',NULL,NULL,NULL,NULL),(606,'COW-202012002','2021-02-04',0,'2020-08-27',0.00,290.00,0.00,'','2021-02-04 15:37:02','USR-202008000',NULL,NULL,NULL,NULL),(607,'COW-202012047','2021-02-04',0,'2021-01-17',0.00,280.00,0.00,'','2021-02-04 15:37:18','USR-202008000',NULL,NULL,NULL,NULL),(608,'COW-202012002','2021-02-04',0,'2020-09-22',0.00,304.00,0.00,'','2021-02-04 15:37:19','USR-202008000',NULL,NULL,NULL,NULL),(609,'COW-202012002','2021-02-04',0,'2020-11-17',0.00,333.00,0.00,'','2021-02-04 15:37:33','USR-202008000',NULL,NULL,NULL,NULL),(610,'COW-202012002','2021-02-04',0,'2021-01-12',0.00,363.00,0.00,'','2021-02-04 15:37:47','USR-202008000',NULL,NULL,NULL,NULL),(611,'COW-202012006','2021-02-04',0,'2020-08-27',0.00,284.00,0.00,'','2021-02-04 15:38:38','USR-202008000',NULL,NULL,NULL,NULL),(612,'COW-202012006','2021-02-04',0,'2020-09-22',0.00,315.00,0.00,'','2021-02-04 15:38:53','USR-202008000',NULL,NULL,NULL,NULL),(613,'COW-202012006','2021-02-04',0,'2020-11-17',0.00,332.00,0.00,'','2021-02-04 15:39:12','USR-202008000',NULL,NULL,NULL,NULL),(614,'COW-202012006','2021-02-04',0,'2021-01-12',0.00,360.00,0.00,'','2021-02-04 15:39:25','USR-202008000',NULL,NULL,NULL,NULL),(615,'COW-202012008','2021-02-04',0,'2020-08-28',0.00,264.00,0.00,'','2021-02-04 15:39:53','USR-202008000',NULL,NULL,NULL,NULL),(616,'COW-202012008','2021-02-04',0,'2020-09-22',0.00,290.00,0.00,'','2021-02-04 15:40:10','USR-202008000',NULL,NULL,NULL,NULL),(617,'COW-202012008','2021-02-04',0,'2020-11-17',0.00,308.00,0.00,'','2021-02-04 15:40:30','USR-202008000',NULL,NULL,NULL,NULL),(618,'COW-202012008','2021-02-04',0,'2021-01-12',0.00,343.00,0.00,'','2021-02-04 15:40:43','USR-202008000',NULL,NULL,NULL,NULL),(619,'COW-202012010','2021-02-04',0,'2020-08-27',0.00,287.00,0.00,'','2021-02-04 15:41:18','USR-202008000',NULL,NULL,NULL,NULL),(620,'COW-202012010','2021-02-04',0,'2020-09-22',0.00,303.00,0.00,'','2021-02-04 15:41:33','USR-202008000',NULL,NULL,NULL,NULL),(621,'COW-202012010','2021-02-04',0,'2020-11-17',0.00,324.00,0.00,'','2021-02-04 15:41:49','USR-202008000',NULL,NULL,NULL,NULL),(622,'COW-202012010','2021-02-04',0,'2021-01-12',0.00,374.00,0.00,'','2021-02-04 15:42:02','USR-202008000',NULL,NULL,NULL,NULL),(623,'COW-202012029','2021-02-04',0,'2020-08-28',0.00,264.00,0.00,'','2021-02-04 15:42:46','USR-202008000',NULL,NULL,NULL,NULL),(624,'COW-202012029','2021-02-04',0,'2020-09-22',0.00,273.00,0.00,'','2021-02-04 15:43:03','USR-202008000',NULL,NULL,NULL,NULL),(625,'COW-202012029','2021-02-04',0,'2020-11-17',0.00,318.00,0.00,'','2021-02-04 15:43:19','USR-202008000',NULL,NULL,NULL,NULL),(626,'COW-202012029','2021-02-04',0,'2021-01-12',0.00,363.00,0.00,'','2021-02-04 15:43:40','USR-202008000',NULL,NULL,NULL,NULL),(627,'COW-202012058','2021-02-04',0,'2020-08-27',0.00,278.00,0.00,'','2021-02-04 15:44:22','USR-202008000',NULL,NULL,NULL,NULL),(628,'COW-202012058','2021-02-04',0,'2020-09-23',0.00,305.00,0.00,'','2021-02-04 15:44:36','USR-202008000',NULL,NULL,NULL,NULL),(629,'COW-202012058','2021-02-04',0,'2020-11-17',0.00,324.00,0.00,'','2021-02-04 15:45:17','USR-202008000',NULL,NULL,NULL,NULL),(630,'COW-202012058','2021-02-04',0,'2021-01-12',0.00,360.00,0.00,'','2021-02-04 15:45:37','USR-202008000',NULL,NULL,NULL,NULL),(631,'COW-202012063','2021-02-04',0,'2020-08-27',0.00,232.00,0.00,'','2021-02-04 15:46:21','USR-202008000',NULL,NULL,NULL,NULL),(632,'COW-202012063','2021-02-04',0,'2020-09-22',0.00,246.00,0.00,'','2021-02-04 15:46:40','USR-202008000',NULL,NULL,NULL,NULL),(633,'COW-202012063','2021-02-04',0,'2020-09-22',0.00,246.00,0.00,'','2021-02-04 15:46:41','USR-202008000',NULL,NULL,'2021-02-04 15:46:51','USR-202008000'),(634,'COW-202012063','2021-02-04',0,'2020-11-17',0.00,273.00,0.00,'','2021-02-04 15:47:14','USR-202008000',NULL,NULL,NULL,NULL),(635,'COW-202012063','2021-02-04',0,'2021-01-12',0.00,292.00,0.00,'','2021-02-04 15:47:35','USR-202008000',NULL,NULL,NULL,NULL),(636,'COW-202012063','2021-02-04',0,'2021-01-12',0.00,292.00,0.00,'','2021-02-04 15:47:35','USR-202008000',NULL,NULL,'2021-02-04 15:47:44','USR-202008000'),(637,'COW-202012069','2021-02-04',0,'2020-08-27',0.00,276.00,0.00,'','2021-02-04 15:51:55','USR-202008000',NULL,NULL,NULL,NULL),(638,'COW-202012069','2021-02-04',0,'2020-09-22',0.00,299.00,0.00,'','2021-02-04 15:52:09','USR-202008000',NULL,NULL,NULL,NULL),(639,'COW-202012069','2021-02-04',0,'2020-11-17',0.00,336.00,0.00,'','2021-02-04 15:52:23','USR-202008000',NULL,NULL,NULL,NULL),(640,'COW-202012069','2021-02-04',0,'2021-01-12',0.00,374.00,0.00,'','2021-02-04 15:52:44','USR-202008000',NULL,NULL,NULL,NULL),(641,'COW-202012077','2021-02-04',0,'2020-08-28',0.00,267.00,0.00,'','2021-02-04 15:53:19','USR-202008000',NULL,NULL,NULL,NULL),(642,'COW-202012077','2021-02-04',0,'2020-09-22',0.00,278.00,0.00,'','2021-02-04 15:53:31','USR-202008000',NULL,NULL,NULL,NULL),(643,'COW-202012077','2021-02-04',0,'2020-11-17',0.00,299.00,0.00,'','2021-02-04 15:53:46','USR-202008000',NULL,NULL,NULL,NULL),(644,'COW-202012077','2021-02-04',0,'2021-01-12',0.00,326.00,0.00,'','2021-02-04 15:53:58','USR-202008000',NULL,NULL,NULL,NULL),(645,'COW-202101254','2021-02-04',0,'2020-08-04',0.00,177.00,0.00,'','2021-02-04 15:54:31','USR-202008000',NULL,NULL,NULL,NULL),(646,'COW-202101254','2021-02-04',0,'2020-09-22',0.00,234.00,0.00,'','2021-02-04 15:54:52','USR-202008000',NULL,NULL,NULL,NULL),(647,'COW-202101254','2021-02-04',0,'2020-10-15',0.00,254.00,0.00,'','2021-02-04 15:55:43','USR-202008000',NULL,NULL,NULL,NULL),(648,'COW-202101254','2021-02-04',0,'2020-11-18',0.00,290.00,0.00,'','2021-02-04 15:56:24','USR-202008000',NULL,NULL,NULL,NULL),(649,'COW-202101254','2021-02-04',0,'2021-01-12',0.00,315.00,0.00,'','2021-02-04 15:56:37','USR-202008000',NULL,NULL,NULL,NULL),(650,'COW-202012062','2021-02-04',0,'2020-08-27',0.00,290.00,0.00,'','2021-02-04 16:01:05','USR-202008000',NULL,NULL,NULL,NULL),(651,'COW-202012062','2021-02-04',0,'2020-09-22',0.00,316.00,0.00,'','2021-02-04 16:01:19','USR-202008000',NULL,NULL,NULL,NULL),(652,'COW-202012062','2021-02-04',0,'2020-11-17',0.00,340.00,0.00,'','2021-02-04 16:01:34','USR-202008000',NULL,NULL,NULL,NULL),(653,'COW-202012062','2021-02-04',0,'2021-01-12',0.00,381.00,0.00,'','2021-02-04 16:01:50','USR-202008000',NULL,NULL,NULL,NULL),(654,'COW-202101040','2021-02-04',0,'2020-08-27',0.00,294.00,0.00,'','2021-02-04 16:02:28','USR-202008000',NULL,NULL,NULL,NULL),(655,'COW-202101040','2021-02-04',0,'2020-09-23',0.00,334.00,0.00,'','2021-02-04 16:02:49','USR-202008000',NULL,NULL,NULL,NULL),(656,'COW-202101040','2021-02-04',0,'2020-10-17',0.00,333.00,0.00,'','2021-02-04 16:03:07','USR-202008000',NULL,NULL,NULL,NULL),(657,'COW-202101040','2021-02-04',0,'2020-11-18',0.00,349.00,0.00,'','2021-02-04 16:03:27','USR-202008000',NULL,NULL,NULL,NULL),(658,'COW-202101040','2021-02-04',0,'2021-01-12',0.00,410.00,0.00,'','2021-02-04 16:03:42','USR-202008000',NULL,NULL,NULL,NULL),(659,'COW-202101062','2021-02-04',0,'2020-09-17',0.00,400.00,0.00,'','2021-02-04 16:04:13','USR-202008000',NULL,NULL,NULL,NULL),(660,'COW-202101062','2021-02-04',0,'2020-10-16',0.00,430.00,0.00,'','2021-02-04 16:04:39','USR-202008000',NULL,NULL,NULL,NULL),(661,'COW-202101062','2021-02-04',0,'2020-11-18',0.00,452.00,0.00,'','2021-02-04 16:05:00','USR-202008000',NULL,NULL,NULL,NULL),(662,'COW-202101062','2021-02-04',0,'2021-01-12',0.00,488.00,0.00,'','2021-02-04 16:05:15','USR-202008000',NULL,NULL,NULL,NULL),(663,'COW-202101084','2021-02-04',0,'2020-09-17',0.00,453.00,0.00,'','2021-02-04 16:05:52','USR-202008000',NULL,NULL,NULL,NULL),(664,'COW-202101084','2021-02-04',0,'2020-10-16',0.00,467.00,0.00,'','2021-02-04 16:06:07','USR-202008000',NULL,NULL,NULL,NULL),(665,'COW-202101084','2021-02-04',0,'2020-11-18',0.00,483.00,0.00,'','2021-02-04 16:06:29','USR-202008000',NULL,NULL,NULL,NULL),(666,'COW-202101084','2021-02-04',0,'2021-01-12',0.00,547.00,0.00,'','2021-02-04 16:06:40','USR-202008000',NULL,NULL,NULL,NULL),(667,'COW-202101096','2021-02-04',0,'2020-09-21',0.00,356.00,0.00,'','2021-02-04 16:07:33','USR-202008000',NULL,NULL,NULL,NULL),(668,'COW-202101096','2021-02-04',0,'2020-10-21',0.00,360.00,0.00,'','2021-02-04 16:07:50','USR-202008000',NULL,NULL,NULL,NULL),(669,'COW-202101096','2021-02-04',0,'2020-11-18',0.00,374.00,0.00,'','2021-02-04 16:08:11','USR-202008000',NULL,NULL,NULL,NULL),(670,'COW-202101096','2021-02-04',0,'2020-11-18',0.00,374.00,0.00,'','2021-02-04 16:08:11','USR-202008000',NULL,NULL,NULL,NULL),(671,'COW-202101096','2021-02-04',0,'2021-01-12',0.00,450.00,0.00,'','2021-02-04 16:08:26','USR-202008000',NULL,NULL,NULL,NULL),(672,'COW-202012023','2021-02-04',0,'2020-08-27',0.00,285.00,0.00,'','2021-02-04 16:08:34','USR-202008000',NULL,NULL,NULL,NULL),(673,'COW-202101113','2021-02-04',0,'2020-09-23',0.00,288.00,0.00,'','2021-02-04 16:09:04','USR-202008000',NULL,NULL,NULL,NULL),(674,'COW-202012023','2021-02-04',0,'2020-09-23',0.00,308.00,0.00,'','2021-02-04 16:09:10','USR-202008000',NULL,NULL,NULL,NULL),(675,'COW-202012023','2021-02-04',0,'2020-11-12',0.00,334.00,0.00,'','2021-02-04 16:10:21','USR-202008000',NULL,NULL,NULL,NULL),(676,'COW-202012023','2021-02-04',0,'2021-01-18',0.00,388.00,0.00,'','2021-02-04 16:11:23','USR-202008000',NULL,NULL,NULL,NULL),(677,'COW-202012026','2021-02-04',0,'2020-09-17',0.00,279.00,0.00,'','2021-02-04 16:14:00','USR-202008000','2021-02-04 16:14:27','USR-202008000',NULL,NULL),(678,'COW-202012026','2021-02-04',0,'2020-10-16',0.00,293.00,0.00,'','2021-02-04 16:14:52','USR-202008000',NULL,NULL,'2021-02-04 16:15:44','USR-202008000'),(679,'COW-202012026','2021-02-04',0,'2020-11-12',0.00,298.00,0.00,'','2021-02-04 16:15:13','USR-202008000',NULL,NULL,'2021-02-04 16:17:05','USR-202008000'),(680,'COW-202012026','2021-02-04',0,'2020-11-12',0.00,298.00,0.00,'','2021-02-04 16:17:41','USR-202008000',NULL,NULL,NULL,NULL),(681,'COW-202012026','2021-02-04',0,'2021-01-18',0.00,316.00,0.00,'','2021-02-04 16:18:49','USR-202008000',NULL,NULL,NULL,NULL),(682,'COW-202012034','2021-02-04',0,'2020-09-17',0.00,312.00,0.00,'','2021-02-04 16:21:01','USR-202008000',NULL,NULL,NULL,NULL),(683,'COW-202012034','2021-02-04',0,'2020-10-16',0.00,328.00,0.00,'','2021-02-04 16:21:33','USR-202008000',NULL,NULL,NULL,NULL),(684,'COW-202101120','2021-02-04',0,'2020-08-21',0.00,240.00,0.00,'','2021-02-04 16:21:45','USR-202008000',NULL,NULL,NULL,NULL),(685,'COW-202012034','2021-02-04',0,'2020-11-12',0.00,339.00,0.00,'','2021-02-04 16:22:01','USR-202008000','2021-02-04 16:22:23','USR-202008000',NULL,NULL),(686,'COW-202101120','2021-02-04',0,'2020-09-18',0.00,290.00,0.00,'','2021-02-04 16:22:05','USR-202008000',NULL,NULL,NULL,NULL),(687,'COW-202101120','2021-02-04',0,'2020-10-17',0.00,316.00,0.00,'','2021-02-04 16:22:27','USR-202008000',NULL,NULL,NULL,NULL),(688,'COW-202101120','2021-02-04',0,'2020-11-18',0.00,340.00,0.00,'','2021-02-04 16:22:46','USR-202008000',NULL,NULL,NULL,NULL),(689,'COW-202101120','2021-02-04',0,'2021-01-12',0.00,388.00,0.00,'','2021-02-04 16:23:03','USR-202008000',NULL,NULL,NULL,NULL),(690,'COW-202012034','2021-02-04',0,'2021-01-18',0.00,356.00,0.00,'','2021-02-04 16:23:07','USR-202008000',NULL,NULL,NULL,NULL),(691,'COW-202101113','2021-02-04',0,'2020-11-18',0.00,333.00,0.00,'','2021-02-04 16:23:41','USR-202008000',NULL,NULL,NULL,NULL),(692,'COW-202101113','2021-02-04',0,'2021-01-12',0.00,410.00,0.00,'','2021-02-04 16:23:53','USR-202008000',NULL,NULL,NULL,NULL),(693,'COW-202101198','2021-02-04',0,'2020-08-04',0.00,248.00,0.00,'','2021-02-04 16:24:25','USR-202008000',NULL,NULL,NULL,NULL),(694,'COW-202101198','2021-02-04',0,'2020-09-18',0.00,287.00,0.00,'','2021-02-04 16:24:38','USR-202008000',NULL,NULL,NULL,NULL),(695,'COW-202101198','2021-02-04',0,'2020-10-14',0.00,287.00,0.00,'','2021-02-04 16:24:55','USR-202008000',NULL,NULL,NULL,NULL),(696,'COW-202101198','2021-02-04',0,'2020-11-18',0.00,323.00,0.00,'','2021-02-04 16:25:11','USR-202008000',NULL,NULL,NULL,NULL),(697,'COW-202101198','2021-02-04',0,'2021-01-12',0.00,382.00,0.00,'','2021-02-04 16:25:24','USR-202008000',NULL,NULL,NULL,NULL),(698,'COW-202101214','2021-02-04',0,'2020-08-04',0.00,246.00,0.00,'','2021-02-04 16:26:05','USR-202008000',NULL,NULL,NULL,NULL),(699,'COW-202101214','2021-02-04',0,'2020-09-18',0.00,292.00,0.00,'','2021-02-04 16:26:22','USR-202008000',NULL,NULL,NULL,NULL),(700,'COW-202101214','2021-02-04',0,'2020-10-14',0.00,297.00,0.00,'','2021-02-04 16:26:33','USR-202008000',NULL,NULL,NULL,NULL),(701,'COW-202101214','2021-02-04',0,'2020-11-18',0.00,315.00,0.00,'','2021-02-04 16:26:47','USR-202008000',NULL,NULL,NULL,NULL),(702,'COW-202101214','2021-02-04',0,'2021-01-12',0.00,385.00,0.00,'','2021-02-04 16:26:59','USR-202008000',NULL,NULL,NULL,NULL),(703,'COW-202101241','2021-02-04',0,'2020-08-04',0.00,205.00,0.00,'','2021-02-04 16:27:32','USR-202008000',NULL,NULL,NULL,NULL),(704,'COW-202101241','2021-02-04',0,'2020-09-18',0.00,255.00,0.00,'','2021-02-04 16:27:45','USR-202008000',NULL,NULL,NULL,NULL),(705,'COW-202101241','2021-02-04',0,'2020-10-14',0.00,263.00,0.00,'','2021-02-04 16:28:01','USR-202008000',NULL,NULL,NULL,NULL),(706,'COW-202101241','2021-02-04',0,'2020-11-18',0.00,303.00,0.00,'','2021-02-04 16:28:14','USR-202008000',NULL,NULL,NULL,NULL),(707,'COW-202101241','2021-02-04',0,'2021-01-12',0.00,372.00,0.00,'','2021-02-04 16:28:29','USR-202008000',NULL,NULL,NULL,NULL),(708,'COW-202012060','2021-02-04',0,'2020-08-27',0.00,262.00,0.00,'','2021-02-04 16:29:20','USR-202008000',NULL,NULL,NULL,NULL),(709,'COW-202101242','2021-02-04',0,'2020-08-04',0.00,238.00,0.00,'','2021-02-04 16:29:31','USR-202008000',NULL,NULL,NULL,NULL),(710,'COW-202012060','2021-02-04',0,'2020-09-23',0.00,277.00,0.00,'','2021-02-04 16:29:38','USR-202008000',NULL,NULL,NULL,NULL),(711,'COW-202101242','2021-02-04',0,'2020-09-18',0.00,273.00,0.00,'','2021-02-04 16:29:45','USR-202008000',NULL,NULL,NULL,NULL),(712,'COW-202101242','2021-02-04',0,'2020-10-15',0.00,278.00,0.00,'','2021-02-04 16:30:00','USR-202008000','2021-02-04 16:30:17','USR-202008000',NULL,NULL),(713,'COW-202012060','2021-02-04',0,'2020-11-12',0.00,291.00,0.00,'','2021-02-04 16:30:08','USR-202008000',NULL,NULL,NULL,NULL),(714,'COW-202012060','2021-02-04',0,'2021-02-18',0.00,313.00,0.00,'','2021-02-04 16:30:31','USR-202008000',NULL,NULL,NULL,NULL),(715,'COW-202101242','2021-02-04',0,'2020-11-18',0.00,330.00,0.00,'','2021-02-04 16:30:33','USR-202008000',NULL,NULL,NULL,NULL),(716,'COW-202101242','2021-02-04',0,'2020-11-18',0.00,330.00,0.00,'','2021-02-04 16:30:33','USR-202008000',NULL,NULL,'2021-02-04 16:30:40','USR-202008000'),(717,'COW-202101242','2021-02-04',0,'2021-01-12',0.00,400.00,0.00,'','2021-02-04 16:32:47','USR-202008000',NULL,NULL,NULL,NULL),(718,'COW-202101242','2021-02-04',0,'2021-01-12',0.00,400.00,0.00,'','2021-02-04 16:32:48','USR-202008000',NULL,NULL,'2021-02-04 16:32:54','USR-202008000'),(719,'COW-202101249','2021-02-04',0,'2020-08-04',0.00,175.00,0.00,'','2021-02-04 16:33:46','USR-202008000',NULL,NULL,NULL,NULL),(720,'COW-202101249','2021-02-04',0,'2020-09-18',0.00,234.00,0.00,'','2021-02-04 16:34:00','USR-202008000',NULL,NULL,NULL,NULL),(721,'COW-202101249','2021-02-04',0,'2020-11-18',0.00,274.00,0.00,'','2021-02-04 16:34:14','USR-202008000',NULL,NULL,NULL,NULL),(722,'COW-202101249','2021-02-04',0,'2021-01-12',0.00,327.00,0.00,'','2021-02-04 16:34:37','USR-202008000',NULL,NULL,NULL,NULL),(723,'COW-202101264','2021-02-04',0,'2020-08-04',0.00,235.00,0.00,'','2021-02-04 16:35:16','USR-202008000',NULL,NULL,NULL,NULL),(724,'COW-202101264','2021-02-04',0,'2020-09-18',0.00,288.00,0.00,'','2021-02-04 16:35:31','USR-202008000',NULL,NULL,NULL,NULL),(725,'COW-202101264','2021-02-04',0,'2020-11-18',0.00,345.00,0.00,'','2021-02-04 16:35:44','USR-202008000',NULL,NULL,NULL,NULL),(726,'COW-202101264','2021-02-04',0,'2021-01-12',0.00,391.00,0.00,'','2021-02-04 16:36:05','USR-202008000',NULL,NULL,NULL,NULL),(727,'COW-202101273','2021-02-04',0,'2020-08-04',0.00,192.00,0.00,'','2021-02-04 16:36:40','USR-202008000',NULL,NULL,NULL,NULL),(728,'COW-202101273','2021-02-04',0,'2020-09-18',0.00,240.00,0.00,'','2021-02-04 16:36:59','USR-202008000',NULL,NULL,NULL,NULL),(729,'COW-202101273','2021-02-04',0,'2020-11-18',0.00,305.00,0.00,'','2021-02-04 16:37:12','USR-202008000',NULL,NULL,NULL,NULL),(730,'COW-202101273','2021-02-04',0,'2021-01-12',0.00,376.00,0.00,'','2021-02-04 16:37:29','USR-202008000','2021-02-04 16:37:41','USR-202008000',NULL,NULL),(731,'COW-202012101','2021-02-04',0,'2020-08-30',0.00,328.00,0.00,'','2021-02-04 16:43:40','USR-202008000',NULL,NULL,NULL,NULL),(732,'COW-202012101','2021-02-04',0,'2020-09-20',0.00,361.00,0.00,'','2021-02-04 16:43:53','USR-202008000',NULL,NULL,NULL,NULL),(733,'COW-202012101','2021-02-04',0,'2020-10-19',0.00,381.00,0.00,'','2021-02-04 16:44:06','USR-202008000',NULL,NULL,NULL,NULL),(734,'COW-202012101','2021-02-04',0,'2020-11-08',0.00,420.00,0.00,'','2021-02-04 16:44:19','USR-202008000',NULL,NULL,NULL,NULL),(735,'COW-202012101','2021-02-04',0,'2021-01-12',0.00,466.00,0.00,'','2021-02-04 16:44:31','USR-202008000',NULL,NULL,NULL,NULL),(736,'COW-202012101','2021-02-04',0,'2020-09-02',0.00,255.00,0.00,'','2021-02-04 16:44:54','USR-202008000',NULL,NULL,'2021-02-04 16:45:19','USR-202008000'),(737,'COW-202012101','2021-02-04',0,'2021-01-03',0.00,342.00,0.00,'','2021-02-04 16:45:08','USR-202008000',NULL,NULL,'2021-02-04 16:45:21','USR-202008000'),(738,'COW-202101031','2021-02-04',0,'2020-09-02',0.00,255.00,0.00,'','2021-02-04 16:45:48','USR-202008000',NULL,NULL,NULL,NULL),(739,'COW-202101031','2021-02-04',0,'2021-01-03',0.00,342.00,0.00,'','2021-02-04 16:46:01','USR-202008000',NULL,NULL,NULL,NULL),(740,'COW-202101112','2021-02-04',0,'2020-08-15',0.00,273.00,0.00,'','2021-02-04 16:46:34','USR-202008000',NULL,NULL,NULL,NULL),(741,'COW-202101112','2021-02-04',0,'2020-09-18',0.00,325.00,0.00,'','2021-02-04 16:46:50','USR-202008000',NULL,NULL,NULL,NULL),(742,'COW-202101112','2021-02-04',0,'2020-10-19',0.00,338.00,0.00,'','2021-02-04 16:47:23','USR-202008000',NULL,NULL,NULL,NULL),(743,'COW-202101112','2021-02-04',0,'2020-11-08',0.00,360.00,0.00,'','2021-02-04 16:47:42','USR-202008000',NULL,NULL,NULL,NULL),(744,'COW-202101112','2021-02-04',0,'2021-01-12',0.00,440.00,0.00,'','2021-02-04 16:47:54','USR-202008000',NULL,NULL,NULL,NULL),(745,'COW-202101114','2021-02-04',0,'2020-08-15',0.00,252.00,0.00,'','2021-02-04 16:49:11','USR-202008000',NULL,NULL,NULL,NULL),(746,'COW-202101114','2021-02-04',0,'2020-09-20',0.00,269.00,0.00,'','2021-02-04 16:49:24','USR-202008000',NULL,NULL,NULL,NULL),(747,'COW-202101114','2021-02-04',0,'2020-10-19',0.00,317.00,0.00,'','2021-02-04 16:52:49','USR-202008000',NULL,NULL,NULL,NULL),(748,'COW-202101114','2021-02-04',0,'2020-11-08',0.00,339.00,0.00,'','2021-02-04 16:53:06','USR-202008000',NULL,NULL,NULL,NULL),(749,'COW-202101114','2021-02-04',0,'2021-01-12',0.00,380.00,0.00,'','2021-02-04 16:53:30','USR-202008000',NULL,NULL,NULL,NULL),(750,'COW-202101146','2021-02-04',0,'2020-09-01',0.00,260.00,0.00,'','2021-02-04 16:56:06','USR-202008000',NULL,NULL,NULL,NULL),(751,'COW-202101146','2021-02-04',0,'2020-09-20',0.00,300.00,0.00,'','2021-02-04 16:56:20','USR-202008000',NULL,NULL,NULL,NULL),(752,'COW-202101146','2021-02-04',0,'2020-10-19',0.00,326.00,0.00,'','2021-02-04 16:56:32','USR-202008000',NULL,NULL,NULL,NULL),(753,'COW-202101146','2021-02-04',0,'2020-11-08',0.00,367.00,0.00,'','2021-02-04 16:56:48','USR-202008000',NULL,NULL,NULL,NULL),(754,'COW-202101146','2021-02-04',0,'2021-01-12',0.00,450.00,0.00,'','2021-02-04 16:57:00','USR-202008000',NULL,NULL,NULL,NULL),(755,'COW-202101153','2021-02-04',0,'2020-08-15',0.00,230.00,0.00,'','2021-02-04 16:57:35','USR-202008000',NULL,NULL,NULL,NULL),(756,'COW-202101153','2021-02-04',0,'2020-09-20',0.00,295.00,0.00,'','2021-02-04 16:57:54','USR-202008000',NULL,NULL,NULL,NULL),(757,'COW-202101153','2021-02-04',0,'2020-10-19',0.00,316.00,0.00,'','2021-02-04 16:58:10','USR-202008000',NULL,NULL,NULL,NULL),(758,'COW-202101153','2021-02-04',0,'2020-11-08',0.00,345.00,0.00,'','2021-02-04 16:58:29','USR-202008000',NULL,NULL,NULL,NULL),(759,'COW-202101153','2021-02-04',0,'2021-01-12',0.00,408.00,0.00,'','2021-02-04 16:58:44','USR-202008000',NULL,NULL,NULL,NULL),(760,'COW-202101154','2021-02-04',0,'2020-08-15',0.00,249.00,0.00,'','2021-02-04 16:59:22','USR-202008000',NULL,NULL,NULL,NULL),(761,'COW-202101154','2021-02-04',0,'2020-09-18',0.00,317.00,0.00,'','2021-02-04 16:59:35','USR-202008000',NULL,NULL,NULL,NULL),(762,'COW-202101154','2021-02-04',0,'2020-10-19',0.00,342.00,0.00,'','2021-02-04 16:59:54','USR-202008000',NULL,NULL,NULL,NULL),(763,'COW-202101154','2021-02-04',0,'2020-11-08',0.00,370.00,0.00,'','2021-02-04 17:00:14','USR-202008000',NULL,NULL,NULL,NULL),(764,'COW-202101154','2021-02-04',0,'2021-01-12',0.00,447.00,0.00,'','2021-02-04 17:00:27','USR-202008000',NULL,NULL,NULL,NULL),(765,'COW-202101155','2021-02-04',0,'2020-08-15',0.00,222.00,0.00,'','2021-02-04 17:01:05','USR-202008000',NULL,NULL,NULL,NULL),(766,'COW-202101155','2021-02-04',0,'2020-09-20',0.00,279.00,0.00,'','2021-02-04 17:01:22','USR-202008000',NULL,NULL,NULL,NULL),(767,'COW-202101155','2021-02-04',0,'2020-10-19',0.00,305.00,0.00,'','2021-02-04 17:01:42','USR-202008000',NULL,NULL,NULL,NULL),(768,'COW-202101155','2021-02-04',0,'2020-11-08',0.00,337.00,0.00,'','2021-02-04 17:01:59','USR-202008000',NULL,NULL,NULL,NULL),(769,'COW-202101155','2021-02-04',0,'2021-01-12',0.00,427.00,0.00,'','2021-02-04 17:02:14','USR-202008000',NULL,NULL,NULL,NULL),(770,'COW-202101158','2021-02-04',0,'2020-08-15',0.00,248.00,0.00,'','2021-02-04 17:02:55','USR-202008000',NULL,NULL,NULL,NULL),(771,'COW-202101158','2021-02-04',0,'2020-09-18',0.00,301.00,0.00,'','2021-02-04 17:03:06','USR-202008000',NULL,NULL,NULL,NULL),(772,'COW-202101158','2021-02-04',0,'2020-11-08',0.00,348.00,0.00,'','2021-02-04 17:03:34','USR-202008000',NULL,NULL,NULL,NULL),(773,'COW-202101158','2021-02-04',0,'2021-01-12',0.00,424.00,0.00,'','2021-02-04 17:03:49','USR-202008000',NULL,NULL,NULL,NULL),(774,'COW-202101160','2021-02-04',0,'2020-09-01',0.00,292.00,0.00,'','2021-02-04 17:05:19','USR-202008000',NULL,NULL,NULL,NULL),(775,'COW-202101160','2021-02-04',0,'2020-09-20',0.00,287.00,0.00,'','2021-02-04 17:06:00','USR-202008000',NULL,NULL,NULL,NULL),(776,'COW-202101160','2021-02-04',0,'2020-10-19',0.00,338.00,0.00,'','2021-02-04 17:06:18','USR-202008000',NULL,NULL,NULL,NULL),(777,'COW-202101160','2021-02-04',0,'2020-11-08',0.00,367.00,0.00,'','2021-02-04 17:06:31','USR-202008000',NULL,NULL,NULL,NULL),(778,'COW-202101160','2021-02-04',0,'2021-01-12',0.00,418.00,0.00,'','2021-02-04 17:06:48','USR-202008000',NULL,NULL,NULL,NULL),(779,'COW-202101193','2021-02-04',0,'2020-09-01',0.00,240.00,0.00,'','2021-02-04 17:07:44','USR-202008000',NULL,NULL,NULL,NULL),(780,'COW-202101193','2021-02-04',0,'2020-09-20',0.00,266.00,0.00,'','2021-02-04 17:07:57','USR-202008000',NULL,NULL,NULL,NULL),(781,'COW-202101193','2021-02-04',0,'2020-10-19',0.00,293.00,0.00,'','2021-02-04 17:10:24','USR-202008000',NULL,NULL,NULL,NULL),(782,'COW-202101193','2021-02-04',0,'2020-11-08',0.00,335.00,0.00,'','2021-02-04 17:10:44','USR-202008000',NULL,NULL,NULL,NULL),(783,'COW-202012074','2021-02-04',0,'2020-09-17',0.00,261.00,0.00,'','2021-02-04 17:10:50','USR-202008000',NULL,NULL,NULL,NULL),(784,'COW-202101193','2021-02-04',0,'2021-01-12',0.00,403.00,0.00,'','2021-02-04 17:10:59','USR-202008000',NULL,NULL,NULL,NULL),(785,'COW-202012074','2021-02-04',0,'2020-10-16',0.00,281.00,0.00,'','2021-02-04 17:11:18','USR-202008000',NULL,NULL,NULL,NULL),(786,'COW-202012074','2021-02-04',0,'2020-11-12',0.00,299.00,0.00,'','2021-02-04 17:11:42','USR-202008000',NULL,NULL,NULL,NULL),(787,'COW-202012074','2021-02-04',0,'2021-01-18',0.00,345.00,0.00,'','2021-02-04 17:12:39','USR-202008000',NULL,NULL,NULL,NULL),(788,'COW-202101051','2021-02-04',0,'2020-08-21',0.00,233.00,0.00,'','2021-02-04 17:14:58','USR-202008000',NULL,NULL,NULL,NULL),(789,'COW-202101051','2021-02-04',0,'2020-09-18',0.00,265.00,0.00,'','2021-02-04 17:15:41','USR-202008000',NULL,NULL,NULL,NULL),(790,'COW-202101051','2021-02-04',0,'2020-10-17',0.00,303.00,0.00,'','2021-02-04 17:16:00','USR-202008000',NULL,NULL,NULL,NULL),(791,'COW-202101051','2021-02-04',0,'2020-11-12',0.00,319.00,0.00,'','2021-02-04 17:16:28','USR-202008000',NULL,NULL,NULL,NULL),(792,'COW-202101051','2021-02-04',0,'2021-01-18',0.00,373.00,0.00,'','2021-02-04 17:17:59','USR-202008000',NULL,NULL,NULL,NULL),(793,'COW-202101063','2021-02-04',0,'2020-08-21',0.00,227.00,0.00,'','2021-02-04 17:25:30','USR-202008000',NULL,NULL,NULL,NULL),(794,'COW-202101063','2021-02-04',0,'2020-09-18',0.00,265.00,0.00,'','2021-02-04 17:26:43','USR-202008000',NULL,NULL,NULL,NULL),(795,'COW-202101063','2021-02-04',0,'2020-10-17',0.00,291.00,0.00,'','2021-02-04 17:27:51','USR-202008000',NULL,NULL,NULL,NULL),(796,'COW-202101063','2021-02-04',0,'2020-11-12',0.00,304.00,0.00,'','2021-02-04 17:28:19','USR-202008000',NULL,NULL,NULL,NULL),(797,'COW-202101063','2021-02-04',0,'2021-01-18',0.00,314.00,0.00,'','2021-02-04 17:28:49','USR-202008000','2021-02-04 17:29:22','USR-202008000',NULL,NULL),(798,'COW-202101104','2021-02-04',0,'2020-09-02',0.00,249.00,0.00,'','2021-02-04 17:32:07','USR-202008000',NULL,NULL,NULL,NULL),(799,'COW-202101104','2021-02-04',0,'2021-01-18',0.00,366.00,0.00,'','2021-02-04 17:32:36','USR-202008000',NULL,NULL,NULL,NULL),(800,'COW-202101142','2021-02-04',0,'2020-08-15',0.00,280.00,0.00,'','2021-02-04 17:34:14','USR-202008000',NULL,NULL,NULL,NULL),(801,'COW-202101142','2021-02-04',0,'2020-09-18',0.00,335.00,0.00,'','2021-02-04 17:34:32','USR-202008000',NULL,NULL,NULL,NULL),(802,'COW-202101142','2021-02-04',0,'2020-11-12',0.00,340.00,0.00,'','2021-02-04 17:34:59','USR-202008000','2021-02-04 17:36:13','USR-202008000',NULL,NULL),(803,'COW-202101142','2021-02-04',0,'2021-01-18',0.00,419.00,0.00,'','2021-02-04 17:36:45','USR-202008000',NULL,NULL,NULL,NULL),(804,'COW-202101145','2021-02-04',0,'2020-08-21',0.00,250.00,0.00,'','2021-02-04 17:37:49','USR-202008000',NULL,NULL,NULL,NULL),(805,'COW-202101145','2021-02-04',0,'2020-09-18',0.00,298.00,0.00,'','2021-02-04 17:38:15','USR-202008000',NULL,NULL,NULL,NULL),(806,'COW-202101145','2021-02-04',0,'2020-10-17',0.00,337.00,0.00,'','2021-02-04 17:38:44','USR-202008000','2021-02-04 17:40:10','USR-202008000',NULL,NULL),(807,'COW-202101145','2021-02-04',0,'2020-11-12',0.00,350.00,0.00,'','2021-02-04 17:39:14','USR-202008000','2021-02-04 17:39:55','USR-202008000',NULL,NULL),(808,'COW-202101145','2021-02-04',0,'2021-01-18',0.00,424.00,0.00,'','2021-02-04 17:40:55','USR-202008000',NULL,NULL,NULL,NULL),(809,'COW-202101177','2021-02-04',0,'2020-08-21',0.00,248.00,0.00,'','2021-02-04 17:44:18','USR-202008000',NULL,NULL,NULL,NULL),(810,'COW-202101177','2021-02-04',0,'2020-09-18',0.00,289.00,0.00,'','2021-02-04 17:44:41','USR-202008000',NULL,NULL,NULL,NULL),(811,'COW-202101177','2021-02-04',0,'2020-10-17',0.00,329.00,0.00,'','2021-02-04 17:45:05','USR-202008000',NULL,NULL,NULL,NULL),(812,'COW-202101177','2021-02-04',0,'2020-11-12',0.00,359.00,0.00,'','2021-02-04 17:45:38','USR-202008000',NULL,NULL,NULL,NULL),(813,'COW-202101177','2021-02-04',0,'2021-01-18',0.00,433.00,0.00,'','2021-02-04 17:46:03','USR-202008000',NULL,NULL,NULL,NULL),(814,'COW-202101225','2021-02-04',0,'2020-08-04',0.00,145.00,0.00,'','2021-02-04 17:47:26','USR-202008000',NULL,NULL,NULL,NULL),(815,'COW-202101225','2021-02-04',0,'2020-09-18',0.00,172.00,0.00,'','2021-02-04 17:47:45','USR-202008000',NULL,NULL,NULL,NULL),(816,'COW-202101225','2021-02-04',0,'2020-11-11',0.00,206.00,0.00,'','2021-02-04 17:48:08','USR-202008000',NULL,NULL,NULL,NULL),(817,'COW-202101225','2021-02-04',0,'2021-01-18',0.00,274.00,0.00,'','2021-02-04 17:49:11','USR-202008000','2021-02-04 17:49:43','USR-202008000',NULL,NULL),(818,'COW-202101257','2021-02-04',0,'2020-08-04',0.00,188.00,0.00,'','2021-02-04 17:51:33','USR-202008000',NULL,NULL,NULL,NULL),(819,'COW-202101257','2021-02-04',0,'2020-09-18',0.00,240.00,0.00,'','2021-02-04 17:52:06','USR-202008000',NULL,NULL,NULL,NULL),(820,'COW-202101257','2021-02-04',0,'2020-11-11',0.00,275.00,0.00,'','2021-02-04 17:52:50','USR-202008000',NULL,NULL,NULL,NULL),(821,'COW-202101257','2021-02-04',0,'2021-01-18',0.00,330.00,0.00,'','2021-02-04 17:53:42','USR-202008000',NULL,NULL,NULL,NULL),(822,'COW-202101163','2021-02-04',0,'2020-09-02',0.00,190.00,0.00,'','2021-02-04 17:57:51','USR-202008000',NULL,NULL,NULL,NULL),(823,'COW-202101163','2021-02-04',0,'2021-01-18',0.00,268.00,0.00,'','2021-02-04 17:58:18','USR-202008000',NULL,NULL,NULL,NULL),(824,'COW-202012014','2021-02-04',0,'2020-08-27',0.00,213.00,0.00,'','2021-02-04 18:04:05','USR-202008000',NULL,NULL,NULL,NULL),(825,'COW-202012014','2021-02-04',0,'2020-09-23',0.00,216.00,0.00,'','2021-02-04 18:04:29','USR-202008000',NULL,NULL,NULL,NULL),(826,'COW-202012014','2021-02-04',0,'2020-10-16',0.00,225.00,0.00,'','2021-02-04 18:05:12','USR-202008000',NULL,NULL,NULL,NULL),(827,'COW-202012014','2021-02-04',0,'2020-11-12',0.00,232.00,0.00,'','2021-02-04 18:05:36','USR-202008000',NULL,NULL,NULL,NULL),(828,'COW-202012014','2021-02-04',0,'2021-01-17',0.00,252.00,0.00,'','2021-02-04 18:06:05','USR-202008000',NULL,NULL,NULL,NULL),(829,'COW-202012071','2021-02-04',0,'2020-11-12',0.00,225.00,0.00,'','2021-02-04 18:08:35','USR-202008000',NULL,NULL,NULL,NULL),(830,'COW-202012071','2021-02-04',0,'2021-01-17',0.00,305.00,0.00,'','2021-02-04 18:08:58','USR-202008000',NULL,NULL,NULL,NULL),(831,'COW-202012108','2021-02-04',0,'2021-01-17',0.00,339.00,0.00,'','2021-02-04 18:11:38','USR-202008000',NULL,NULL,NULL,NULL),(832,'COW-202101015','2021-02-04',0,'2020-09-04',0.00,212.00,0.00,'','2021-02-04 18:12:54','USR-202008000',NULL,NULL,NULL,NULL),(833,'COW-202101015','2021-02-04',0,'2021-01-18',0.00,358.00,0.00,'','2021-02-04 18:13:23','USR-202008000',NULL,NULL,NULL,NULL),(834,'COW-202101134','2021-02-04',0,'2020-09-17',0.00,270.00,0.00,'','2021-02-04 18:14:42','USR-202008000',NULL,NULL,NULL,NULL),(835,'COW-202101134','2021-02-04',0,'2020-10-16',0.00,294.00,0.00,'','2021-02-04 18:15:01','USR-202008000',NULL,NULL,NULL,NULL),(836,'COW-202101134','2021-02-04',0,'2020-11-12',0.00,318.00,0.00,'','2021-02-04 18:15:20','USR-202008000',NULL,NULL,NULL,NULL),(837,'COW-202101134','2021-02-04',0,'2021-01-17',0.00,357.00,0.00,'','2021-02-04 18:15:42','USR-202008000',NULL,NULL,NULL,NULL),(838,'COW-202101188','2021-02-04',0,'2020-09-04',0.00,237.00,0.00,'','2021-02-04 18:17:03','USR-202008000',NULL,NULL,NULL,NULL),(839,'COW-202101188','2021-02-04',0,'2020-11-12',0.00,311.00,0.00,'','2021-02-04 18:17:28','USR-202008000','2021-02-04 18:18:24','USR-202008000',NULL,NULL),(840,'COW-202101188','2021-02-04',0,'2021-01-17',0.00,368.00,0.00,'','2021-02-04 18:17:45','USR-202008000',NULL,NULL,NULL,NULL),(841,'COW-202101218','2021-02-04',0,'2020-08-04',0.00,214.00,0.00,'','2021-02-04 18:21:14','USR-202008000',NULL,NULL,NULL,NULL),(842,'COW-202101218','2021-02-04',0,'2020-09-18',0.00,263.00,0.00,'','2021-02-04 18:21:34','USR-202008000',NULL,NULL,NULL,NULL),(843,'COW-202101218','2021-02-04',0,'2020-11-12',0.00,273.00,0.00,'','2021-02-04 18:22:01','USR-202008000',NULL,NULL,NULL,NULL),(844,'COW-202101218','2021-02-04',0,'2021-01-17',0.00,330.00,0.00,'','2021-02-04 18:22:23','USR-202008000',NULL,NULL,NULL,NULL),(845,'COW-202101252','2021-02-04',0,'2020-08-04',0.00,166.00,0.00,'','2021-02-04 18:23:36','USR-202008000',NULL,NULL,NULL,NULL),(846,'COW-202101252','2021-02-04',0,'2020-09-18',0.00,217.00,0.00,'','2021-02-04 18:23:59','USR-202008000',NULL,NULL,NULL,NULL),(847,'COW-202101252','2021-02-04',0,'2020-10-14',0.00,233.00,0.00,'','2021-02-04 18:24:22','USR-202008000','2021-02-04 18:24:37','USR-202008000',NULL,NULL),(848,'COW-202101252','2021-02-04',0,'2020-11-12',0.00,235.00,0.00,'','2021-02-04 18:25:02','USR-202008000',NULL,NULL,NULL,NULL),(849,'COW-202101252','2021-02-04',0,'2021-01-17',0.00,243.00,0.00,'','2021-02-04 18:26:04','USR-202008000',NULL,NULL,NULL,NULL),(850,'COW-202101266','2021-02-04',0,'2020-08-04',0.00,180.00,0.00,'','2021-02-04 18:27:55','USR-202008000','2021-02-04 18:28:16','USR-202008000',NULL,NULL),(851,'COW-202101266','2021-02-04',0,'2020-09-18',0.00,215.00,0.00,'','2021-02-04 18:29:11','USR-202008000',NULL,NULL,NULL,NULL),(852,'COW-202101266','2021-02-04',0,'2020-10-15',0.00,230.00,0.00,'','2021-02-04 18:29:37','USR-202008000',NULL,NULL,NULL,NULL),(853,'COW-202101266','2021-02-04',0,'2020-11-12',0.00,246.00,0.00,'','2021-02-04 18:30:01','USR-202008000',NULL,NULL,NULL,NULL),(854,'COW-202101266','2021-02-04',0,'2021-01-17',0.00,320.00,0.00,'','2021-02-04 18:30:29','USR-202008000',NULL,NULL,NULL,NULL),(855,'COW-202101291','2021-02-04',0,'2020-08-04',0.00,139.00,0.00,'','2021-02-04 18:31:52','USR-202008000',NULL,NULL,NULL,NULL),(856,'COW-202101291','2021-02-04',0,'2020-09-18',0.00,179.00,0.00,'','2021-02-04 18:32:11','USR-202008000',NULL,NULL,NULL,NULL),(857,'COW-202101291','2021-02-04',0,'2020-10-15',0.00,192.00,0.00,'','2021-02-04 18:32:39','USR-202008000',NULL,NULL,NULL,NULL),(858,'COW-202101291','2021-02-04',0,'2020-11-12',0.00,216.00,0.00,'','2021-02-04 18:32:59','USR-202008000',NULL,NULL,NULL,NULL),(859,'COW-202101291','2021-02-04',0,'2021-01-17',0.00,297.00,0.00,'','2021-02-04 18:33:26','USR-202008000',NULL,NULL,NULL,NULL),(860,'COW-202101294','2021-02-04',0,'2020-08-04',0.00,199.00,0.00,'','2021-02-04 18:35:39','USR-202008000',NULL,NULL,NULL,NULL),(861,'COW-202101294','2021-02-04',0,'2020-09-18',0.00,248.00,0.00,'','2021-02-04 18:35:59','USR-202008000',NULL,NULL,NULL,NULL),(862,'COW-202101294','2021-02-04',0,'2020-10-14',0.00,262.00,0.00,'','2021-02-04 18:36:33','USR-202008000',NULL,NULL,NULL,NULL),(863,'COW-202101294','2021-02-04',0,'2020-11-12',0.00,288.00,0.00,'','2021-02-04 18:36:55','USR-202008000',NULL,NULL,NULL,NULL),(864,'COW-202101294','2021-02-04',0,'2021-01-17',0.00,330.00,0.00,'','2021-02-04 18:37:45','USR-202008000',NULL,NULL,NULL,NULL),(865,'COW-202012085','2021-02-04',0,'2021-01-03',0.00,359.00,0.00,'','2021-02-04 18:39:23','USR-202008000',NULL,NULL,NULL,NULL),(866,'COW-202101162','2021-02-04',0,'2020-09-02',0.00,183.00,0.00,'','2021-02-04 18:40:37','USR-202008000',NULL,NULL,NULL,NULL),(867,'COW-202101162','2021-02-04',0,'2021-01-17',0.00,283.00,0.00,'','2021-02-04 18:40:57','USR-202008000',NULL,NULL,NULL,NULL),(868,'COW-202101109','2021-02-04',0,'2021-01-17',0.00,360.00,0.00,'','2021-02-04 18:42:54','USR-202008000',NULL,NULL,NULL,NULL),(869,'COW-202012009','2021-02-04',0,'2020-08-27',0.00,271.00,0.00,'','2021-02-04 18:46:43','USR-202008000',NULL,NULL,NULL,NULL),(870,'COW-202012009','2021-02-04',0,'2020-09-23',0.00,285.00,0.00,'','2021-02-04 18:47:10','USR-202008000',NULL,NULL,NULL,NULL),(871,'COW-202012009','2021-02-04',0,'2020-11-12',0.00,286.00,0.00,'','2021-02-04 18:47:31','USR-202008000',NULL,NULL,NULL,NULL),(872,'COW-202012009','2021-02-04',0,'2021-01-18',0.00,318.00,0.00,'','2021-02-04 18:47:47','USR-202008000',NULL,NULL,NULL,NULL),(873,'COW-202012036','2021-02-04',0,'2020-08-27',0.00,231.00,0.00,'','2021-02-04 18:49:12','USR-202008000',NULL,NULL,NULL,NULL),(874,'COW-202012036','2021-02-04',0,'2020-09-23',0.00,248.00,0.00,'','2021-02-04 18:49:30','USR-202008000',NULL,NULL,NULL,NULL),(875,'COW-202012036','2021-02-04',0,'2020-11-12',0.00,269.00,0.00,'','2021-02-04 18:49:55','USR-202008000','2021-02-04 18:50:46','USR-202008000',NULL,NULL),(876,'COW-202012036','2021-02-04',0,'2021-01-18',0.00,324.00,0.00,'','2021-02-04 18:50:11','USR-202008000',NULL,NULL,NULL,NULL),(877,'COW-202012057','2021-02-04',0,'2020-08-27',0.00,287.00,0.00,'','2021-02-04 18:52:35','USR-202008000',NULL,NULL,NULL,NULL),(878,'COW-202012057','2021-02-04',0,'2020-09-23',0.00,299.00,0.00,'','2021-02-04 18:52:55','USR-202008000',NULL,NULL,NULL,NULL),(879,'COW-202012057','2021-02-04',0,'2020-11-12',0.00,326.00,0.00,'','2021-02-04 18:53:13','USR-202008000',NULL,NULL,NULL,NULL),(880,'COW-202012057','2021-02-04',0,'2021-01-18',0.00,365.00,0.00,'','2021-02-04 18:53:32','USR-202008000',NULL,NULL,NULL,NULL),(881,'COW-202012061','2021-02-04',0,'2020-08-27',0.00,274.00,0.00,'','2021-02-04 18:54:36','USR-202008000',NULL,NULL,NULL,NULL),(882,'COW-202012061','2021-02-04',0,'2020-09-23',0.00,288.00,0.00,'','2021-02-04 18:54:52','USR-202008000',NULL,NULL,NULL,NULL),(883,'COW-202012061','2021-02-04',0,'2020-11-12',0.00,310.00,0.00,'','2021-02-04 18:55:09','USR-202008000',NULL,NULL,NULL,NULL),(884,'COW-202012061','2021-02-04',0,'2021-01-18',0.00,356.00,0.00,'','2021-02-04 18:55:32','USR-202008000',NULL,NULL,NULL,NULL),(885,'COW-202012076','2021-02-04',0,'2020-08-28',0.00,266.00,0.00,'','2021-02-04 18:57:56','USR-202008000',NULL,NULL,NULL,NULL),(886,'COW-202012076','2021-02-04',0,'2020-09-22',0.00,274.00,0.00,'','2021-02-04 18:58:29','USR-202008000',NULL,NULL,NULL,NULL),(887,'COW-202012076','2021-02-04',0,'2020-10-17',0.00,287.00,0.00,'','2021-02-04 18:59:00','USR-202008000',NULL,NULL,NULL,NULL),(888,'COW-202012076','2021-02-04',0,'2020-11-12',0.00,290.00,0.00,'','2021-02-04 18:59:20','USR-202008000',NULL,NULL,NULL,NULL),(889,'COW-202012076','2021-02-04',0,'2021-01-18',0.00,334.00,0.00,'','2021-02-04 18:59:43','USR-202008000',NULL,NULL,NULL,NULL),(890,'COW-202101026','2021-02-04',0,'2020-09-02',0.00,243.00,0.00,'','2021-02-04 19:01:38','USR-202008000',NULL,NULL,NULL,NULL),(891,'COW-202101026','2021-02-04',0,'2021-01-18',0.00,350.00,0.00,'','2021-02-04 19:02:06','USR-202008000',NULL,NULL,NULL,NULL),(892,'COW-202101065','2021-02-04',0,'2020-09-17',0.00,242.00,0.00,'','2021-02-04 19:04:06','USR-202008000',NULL,NULL,NULL,NULL),(893,'COW-202101065','2021-02-04',0,'2020-11-12',0.00,247.00,0.00,'','2021-02-04 19:04:25','USR-202008000','2021-02-04 19:04:51','USR-202008000',NULL,NULL),(894,'COW-202101065','2021-02-04',0,'2021-01-18',0.00,281.00,0.00,'','2021-02-04 19:05:31','USR-202008000',NULL,NULL,NULL,NULL),(895,'COW-202012052','2021-02-04',0,'2020-08-27',0.00,278.00,0.00,'','2021-02-04 19:08:59','USR-202008000','2021-02-04 19:11:53','USR-202008000',NULL,NULL),(896,'COW-202012052','2021-02-04',0,'2020-09-22',0.00,290.00,0.00,'','2021-02-04 19:09:16','USR-202008000','2021-02-04 19:11:27','USR-202008000',NULL,NULL),(897,'COW-202012052','2021-02-04',0,'2020-11-12',0.00,304.00,0.00,'','2021-02-04 19:09:35','USR-202008000','2021-02-04 19:10:51','USR-202008000',NULL,NULL),(898,'COW-202012052','2021-02-04',0,'2021-01-17',0.00,330.00,0.00,'','2021-02-04 19:09:59','USR-202008000','2021-02-04 19:12:19','USR-202008000',NULL,NULL),(899,'COW-202012054','2021-02-04',0,'2020-08-27',0.00,246.00,0.00,'','2021-02-04 19:14:15','USR-202008000',NULL,NULL,NULL,NULL),(900,'COW-202012054','2021-02-04',0,'2020-09-22',0.00,265.00,0.00,'','2021-02-04 19:14:33','USR-202008000',NULL,NULL,NULL,NULL),(901,'COW-202012054','2021-02-04',0,'2020-11-12',0.00,284.00,0.00,'','2021-02-04 19:14:59','USR-202008000',NULL,NULL,NULL,NULL),(902,'COW-202012054','2021-02-04',0,'2021-01-17',0.00,317.00,0.00,'','2021-02-04 19:15:17','USR-202008000',NULL,NULL,NULL,NULL),(903,'COW-202012007','2021-02-04',0,'2020-08-28',0.00,264.00,0.00,'','2021-02-04 19:17:10','USR-202008000',NULL,NULL,NULL,NULL),(904,'COW-202012007','2021-02-04',0,'2020-09-22',0.00,280.00,0.00,'','2021-02-04 19:17:52','USR-202008000',NULL,NULL,NULL,NULL),(905,'COW-202012007','2021-02-04',0,'2020-11-12',0.00,298.00,0.00,'','2021-02-04 19:18:55','USR-202008000',NULL,NULL,NULL,NULL),(906,'COW-202012007','2021-02-04',0,'2021-01-17',0.00,329.00,0.00,'','2021-02-04 19:19:24','USR-202008000',NULL,NULL,NULL,NULL),(907,'COW-202012013','2021-02-04',0,'2020-08-28',0.00,249.00,0.00,'','2021-02-04 19:20:36','USR-202008000',NULL,NULL,NULL,NULL),(908,'COW-202012013','2021-02-04',0,'2020-09-22',0.00,257.00,0.00,'','2021-02-04 19:20:56','USR-202008000',NULL,NULL,NULL,NULL),(909,'COW-202012013','2021-02-04',0,'2020-11-12',0.00,264.00,0.00,'','2021-02-04 19:21:19','USR-202008000',NULL,NULL,NULL,NULL),(910,'COW-202012013','2021-02-04',0,'2021-01-17',0.00,285.00,0.00,'','2021-02-04 19:21:38','USR-202008000',NULL,NULL,NULL,NULL),(911,'COW-202012070','2021-02-04',0,'2020-08-28',0.00,236.00,0.00,'','2021-02-04 19:23:27','USR-202008000',NULL,NULL,NULL,NULL),(912,'COW-202012070','2021-02-04',0,'2020-09-22',0.00,256.00,0.00,'','2021-02-04 19:23:47','USR-202008000',NULL,NULL,NULL,NULL),(913,'COW-202012070','2021-02-04',0,'2020-11-12',0.00,280.00,0.00,'','2021-02-04 19:24:13','USR-202008000',NULL,NULL,NULL,NULL),(914,'COW-202012070','2021-02-04',0,'2021-01-17',0.00,315.00,0.00,'','2021-02-04 19:24:30','USR-202008000',NULL,NULL,NULL,NULL),(915,'COW-202101183','2021-02-04',0,'2020-11-12',0.00,221.00,0.00,'','2021-02-04 19:25:39','USR-202008000',NULL,NULL,NULL,NULL),(916,'COW-202101183','2021-02-04',0,'2021-01-17',0.00,292.00,0.00,'','2021-02-04 19:25:56','USR-202008000',NULL,NULL,NULL,NULL),(917,'COW-202012087','2021-02-04',0,'2020-09-02',0.00,243.00,0.00,'','2021-02-04 19:27:03','USR-202008000',NULL,NULL,NULL,NULL),(918,'COW-202012087','2021-02-04',0,'2021-01-17',0.00,359.00,0.00,'','2021-02-04 19:27:21','USR-202008000',NULL,NULL,NULL,NULL),(919,'COW-202101201','2021-02-04',0,'2020-09-04',0.00,260.00,0.00,'','2021-02-04 19:28:57','USR-202008000',NULL,NULL,NULL,NULL),(920,'COW-202101201','2021-02-04',0,'2021-01-17',0.00,390.00,0.00,'','2021-02-04 19:29:10','USR-202008000',NULL,NULL,NULL,NULL),(921,'COW-202012011','2021-02-04',0,'2020-08-27',0.00,223.00,0.00,'','2021-02-04 19:30:50','USR-202008000',NULL,NULL,NULL,NULL),(922,'COW-202012011','2021-02-04',0,'2020-09-23',0.00,243.00,0.00,'','2021-02-04 19:31:07','USR-202008000',NULL,NULL,NULL,NULL),(923,'COW-202012011','2021-02-04',0,'2020-11-09',0.00,263.00,0.00,'','2021-02-04 19:31:28','USR-202008000',NULL,NULL,NULL,NULL),(924,'COW-202012011','2021-02-04',0,'2021-01-19',0.00,308.00,0.00,'','2021-02-04 19:31:49','USR-202008000',NULL,NULL,NULL,NULL),(925,'COW-202012012','2021-02-04',0,'2020-08-27',0.00,263.00,0.00,'','2021-02-04 19:33:06','USR-202008000',NULL,NULL,NULL,NULL),(926,'COW-202012012','2021-02-04',0,'2020-09-23',0.00,298.00,0.00,'','2021-02-04 19:33:28','USR-202008000',NULL,NULL,NULL,NULL),(927,'COW-202012012','2021-02-04',0,'2020-11-09',0.00,300.00,0.00,'','2021-02-04 19:33:47','USR-202008000',NULL,NULL,NULL,NULL),(928,'COW-202012012','2021-02-04',0,'2021-01-09',0.00,329.00,0.00,'','2021-02-04 19:34:07','USR-202008000',NULL,NULL,NULL,NULL),(929,'COW-202012015','2021-02-04',0,'2020-08-27',0.00,262.00,0.00,'','2021-02-04 19:37:23','USR-202008000',NULL,NULL,NULL,NULL),(930,'COW-202012015','2021-02-04',0,'2020-09-23',0.00,288.00,0.00,'','2021-02-04 19:37:44','USR-202008000',NULL,NULL,NULL,NULL),(931,'COW-202012015','2021-02-04',0,'2020-11-09',0.00,279.00,0.00,'','2021-02-04 19:38:06','USR-202008000',NULL,NULL,NULL,NULL),(932,'COW-202012015','2021-02-04',0,'2021-01-19',0.00,318.00,0.00,'','2021-02-04 19:38:24','USR-202008000',NULL,NULL,NULL,NULL),(933,'COW-202012020','2021-02-04',0,'2020-08-27',0.00,269.00,0.00,'','2021-02-04 20:24:52','USR-202008000',NULL,NULL,NULL,NULL),(934,'COW-202012020','2021-02-04',0,'2020-09-23',0.00,294.00,0.00,'','2021-02-04 20:25:59','USR-202008000',NULL,NULL,NULL,NULL),(935,'COW-202012020','2021-02-04',0,'2020-11-09',0.00,307.00,0.00,'','2021-02-04 20:26:18','USR-202008000',NULL,NULL,NULL,NULL),(936,'COW-202012020','2021-02-04',0,'2021-01-19',0.00,345.00,0.00,'','2021-02-04 20:26:38','USR-202008000',NULL,NULL,NULL,NULL),(937,'COW-202012021','2021-02-04',0,'2020-08-27',0.00,288.00,0.00,'','2021-02-04 20:28:30','USR-202008000',NULL,NULL,NULL,NULL),(938,'COW-202012021','2021-02-04',0,'2020-09-23',0.00,303.00,0.00,'','2021-02-04 20:28:50','USR-202008000',NULL,NULL,NULL,NULL),(939,'COW-202012021','2021-02-04',0,'2020-11-09',0.00,323.00,0.00,'','2021-02-04 20:29:20','USR-202008000',NULL,NULL,NULL,NULL),(940,'COW-202012021','2021-02-04',0,'2021-01-19',0.00,370.00,0.00,'','2021-02-04 20:29:46','USR-202008000',NULL,NULL,NULL,NULL),(941,'COW-202012021','2021-02-04',0,'2021-01-19',0.00,370.00,0.00,'','2021-02-04 20:29:47','USR-202008000',NULL,NULL,'2021-02-04 20:30:07','USR-202008000'),(942,'COW-202012027','2021-02-04',0,'2020-08-27',0.00,262.00,0.00,'','2021-02-04 20:31:47','USR-202008000',NULL,NULL,NULL,NULL),(943,'COW-202012027','2021-02-04',0,'2020-09-23',0.00,263.00,0.00,'','2021-02-04 20:32:10','USR-202008000',NULL,NULL,NULL,NULL),(944,'COW-202012027','2021-02-04',0,'2020-11-09',0.00,257.00,0.00,'','2021-02-04 20:32:26','USR-202008000','2021-02-04 20:33:50','USR-202008000',NULL,NULL),(945,'COW-202012027','2021-02-04',0,'2021-01-19',0.00,279.00,0.00,'','2021-02-04 20:32:46','USR-202008000',NULL,NULL,NULL,NULL),(946,'COW-202012032','2021-02-04',0,'2020-08-27',0.00,252.00,0.00,'','2021-02-04 20:34:51','USR-202008000',NULL,NULL,NULL,NULL),(947,'COW-202012032','2021-02-04',0,'2020-09-23',0.00,268.00,0.00,'','2021-02-04 20:35:07','USR-202008000',NULL,NULL,NULL,NULL),(948,'COW-202012032','2021-02-04',0,'2020-11-09',0.00,269.00,0.00,'','2021-02-04 20:35:27','USR-202008000',NULL,NULL,NULL,NULL),(949,'COW-202012032','2021-02-04',0,'2021-01-19',0.00,319.00,0.00,'','2021-02-04 20:35:46','USR-202008000',NULL,NULL,NULL,NULL),(950,'COW-202012032','2021-02-04',0,'2021-01-19',0.00,319.00,0.00,'','2021-02-04 20:35:46','USR-202008000',NULL,NULL,'2021-02-04 20:36:02','USR-202008000'),(951,'COW-202101166','2021-02-04',0,'2020-08-04',0.00,185.00,0.00,'','2021-02-04 20:38:32','USR-202008000',NULL,NULL,NULL,NULL),(952,'COW-202101166','2021-02-04',0,'2020-09-02',0.00,199.00,0.00,'','2021-02-04 20:39:13','USR-202008000',NULL,NULL,NULL,NULL),(953,'COW-202101166','2021-02-04',0,'2020-11-29',0.00,265.00,0.00,'','2021-02-04 20:39:32','USR-202008000',NULL,NULL,NULL,NULL),(954,'COW-202101166','2021-02-04',0,'2021-01-19',0.00,283.00,0.00,'','2021-02-04 20:39:54','USR-202008000',NULL,NULL,NULL,NULL),(955,'COW-202101209','2021-02-04',0,'2020-08-04',0.00,185.00,0.00,'','2021-02-04 20:40:59','USR-202008000',NULL,NULL,NULL,NULL),(956,'COW-202101209','2021-02-04',0,'2020-09-18',0.00,231.00,0.00,'','2021-02-04 20:41:16','USR-202008000',NULL,NULL,NULL,NULL),(957,'COW-202101209','2021-02-04',0,'2020-11-11',0.00,280.00,0.00,'','2021-02-04 20:41:31','USR-202008000',NULL,NULL,NULL,NULL),(958,'COW-202101209','2021-02-04',0,'2021-01-19',0.00,330.00,0.00,'','2021-02-04 20:41:45','USR-202008000',NULL,NULL,NULL,NULL),(959,'COW-202101298','2021-02-04',0,'2020-10-17',0.00,213.00,0.00,'','2021-02-04 20:42:53','USR-202008000',NULL,NULL,NULL,NULL),(960,'COW-202101298','2021-02-04',0,'2020-11-09',0.00,233.00,0.00,'','2021-02-04 20:43:11','USR-202008000',NULL,NULL,NULL,NULL),(961,'COW-202101298','2021-02-04',0,'2021-01-19',0.00,294.00,0.00,'','2021-02-04 20:43:26','USR-202008000',NULL,NULL,NULL,NULL),(962,'COW-202101068','2021-02-04',0,'2020-09-17',0.00,389.00,0.00,'','2021-02-04 20:44:51','USR-202008000',NULL,NULL,NULL,NULL),(963,'COW-202101068','2021-02-04',0,'2020-10-16',0.00,412.00,0.00,'','2021-02-04 20:45:14','USR-202008000',NULL,NULL,NULL,NULL),(964,'COW-202101068','2021-02-04',0,'2021-01-19',0.00,499.00,0.00,'','2021-02-04 20:45:29','USR-202008000',NULL,NULL,NULL,NULL),(965,'COW-202012005','2021-02-04',0,'2020-08-27',0.00,242.00,0.00,'','2021-02-04 20:48:06','USR-202008000',NULL,NULL,NULL,NULL),(966,'COW-202012005','2021-02-04',0,'2020-09-23',0.00,262.00,0.00,'','2021-02-04 20:48:21','USR-202008000',NULL,NULL,NULL,NULL),(967,'COW-202012005','2021-02-04',0,'2020-11-09',0.00,268.00,0.00,'','2021-02-04 20:48:37','USR-202008000',NULL,NULL,NULL,NULL),(968,'COW-202012005','2021-02-04',0,'2021-01-19',0.00,301.00,0.00,'','2021-02-04 20:48:51','USR-202008000',NULL,NULL,NULL,NULL),(969,'COW-202101011','2021-02-04',0,'2020-09-17',0.00,337.00,0.00,'','2021-02-04 20:50:00','USR-202008000',NULL,NULL,NULL,NULL),(970,'COW-202101011','2021-02-04',0,'2020-10-16',0.00,350.00,0.00,'','2021-02-04 20:50:16','USR-202008000',NULL,NULL,NULL,NULL),(971,'COW-202101011','2021-02-04',0,'2020-11-09',0.00,364.00,0.00,'','2021-02-04 20:50:34','USR-202008000',NULL,NULL,NULL,NULL),(972,'COW-202101011','2021-02-04',0,'2021-01-19',0.00,426.00,0.00,'','2021-02-04 20:50:48','USR-202008000',NULL,NULL,NULL,NULL),(973,'COW-202101013','2021-02-04',0,'2020-09-17',0.00,364.00,0.00,'','2021-02-04 20:51:52','USR-202008000',NULL,NULL,NULL,NULL),(974,'COW-202101013','2021-02-04',0,'2020-10-16',0.00,399.00,0.00,'','2021-02-04 20:52:10','USR-202008000',NULL,NULL,NULL,NULL),(975,'COW-202101013','2021-02-04',0,'2020-11-09',0.00,404.00,0.00,'','2021-02-04 20:52:27','USR-202008000',NULL,NULL,NULL,NULL),(976,'COW-202101013','2021-02-04',0,'2021-01-19',0.00,444.00,0.00,'','2021-02-04 20:52:41','USR-202008000',NULL,NULL,NULL,NULL),(977,'COW-202101021','2021-02-04',0,'2020-09-17',0.00,283.00,0.00,'','2021-02-04 20:54:00','USR-202008000',NULL,NULL,NULL,NULL),(978,'COW-202101021','2021-02-04',0,'2020-10-16',0.00,312.00,0.00,'','2021-02-04 20:54:19','USR-202008000',NULL,NULL,NULL,NULL),(979,'COW-202101021','2021-02-04',0,'2020-11-09',0.00,324.00,0.00,'','2021-02-04 20:54:40','USR-202008000',NULL,NULL,NULL,NULL),(980,'COW-202101021','2021-02-04',0,'2021-01-19',0.00,381.00,0.00,'','2021-02-04 20:54:56','USR-202008000',NULL,NULL,NULL,NULL),(981,'COW-202101048','2021-02-04',0,'2020-08-21',0.00,259.00,0.00,'','2021-02-04 20:56:05','USR-202008000',NULL,NULL,NULL,NULL),(982,'COW-202101048','2021-02-04',0,'2020-09-18',0.00,311.00,0.00,'','2021-02-04 20:56:22','USR-202008000',NULL,NULL,NULL,NULL),(983,'COW-202101048','2021-02-04',0,'2020-10-17',0.00,349.00,0.00,'','2021-02-04 20:56:39','USR-202008000',NULL,NULL,NULL,NULL),(984,'COW-202101048','2021-02-04',0,'2020-11-09',0.00,366.00,0.00,'','2021-02-04 20:56:58','USR-202008000',NULL,NULL,NULL,NULL),(985,'COW-202101048','2021-02-04',0,'2021-01-19',0.00,418.00,0.00,'','2021-02-04 20:57:18','USR-202008000',NULL,NULL,NULL,NULL),(986,'COW-202101076','2021-02-04',0,'2020-09-17',0.00,403.00,0.00,'','2021-02-04 20:58:42','USR-202008000',NULL,NULL,NULL,NULL),(987,'COW-202101076','2021-02-04',0,'2020-10-16',0.00,419.00,0.00,'','2021-02-04 20:59:07','USR-202008000',NULL,NULL,NULL,NULL),(988,'COW-202101076','2021-02-04',0,'2020-11-09',0.00,419.00,0.00,'','2021-02-04 20:59:25','USR-202008000',NULL,NULL,NULL,NULL),(989,'COW-202101076','2021-02-04',0,'2021-01-19',0.00,471.00,0.00,'','2021-02-04 20:59:38','USR-202008000',NULL,NULL,NULL,NULL),(990,'COW-202101168','2021-03-12',0,'2021-01-19',0.00,230.00,0.00,'','2021-02-04 21:00:37','USR-202008000','2021-03-12 08:38:42','USR-202008000',NULL,NULL),(991,'COW-202101157','2021-02-04',0,'2020-08-21',0.00,247.00,0.00,'','2021-02-04 21:01:38','USR-202008000',NULL,NULL,NULL,NULL),(992,'COW-202101157','2021-02-04',0,'2020-09-18',0.00,289.00,0.00,'','2021-02-04 21:02:00','USR-202008000',NULL,NULL,NULL,NULL),(993,'COW-202101157','2021-02-04',0,'2020-10-17',0.00,327.00,0.00,'','2021-02-04 21:02:21','USR-202008000',NULL,NULL,NULL,NULL),(994,'COW-202101157','2021-02-04',0,'2020-11-09',0.00,334.00,0.00,'','2021-02-04 21:02:47','USR-202008000',NULL,NULL,NULL,NULL),(995,'COW-202101157','2021-02-04',0,'2020-11-09',0.00,334.00,0.00,'','2021-02-04 21:02:47','USR-202008000',NULL,NULL,'2021-02-04 21:02:59','USR-202008000'),(996,'COW-202101157','2021-02-04',0,'2021-01-19',0.00,408.00,0.00,'','2021-02-04 21:03:14','USR-202008000',NULL,NULL,NULL,NULL),(997,'COW-202101228','2021-02-04',0,'2020-08-04',0.00,222.00,0.00,'','2021-02-04 21:05:53','USR-202008000',NULL,NULL,NULL,NULL),(998,'COW-202101228','2021-02-04',0,'2020-09-18',0.00,273.00,0.00,'','2021-02-04 21:06:09','USR-202008000',NULL,NULL,NULL,NULL),(999,'COW-202101228','2021-02-04',0,'2020-11-11',0.00,315.00,0.00,'','2021-02-04 21:07:10','USR-202008000',NULL,NULL,NULL,NULL),(1000,'COW-202101228','2021-02-04',0,'2021-01-19',0.00,387.00,0.00,'','2021-02-04 21:07:43','USR-202008000',NULL,NULL,NULL,NULL),(1001,'COW-202101244','2021-02-04',0,'2020-08-04',0.00,207.00,0.00,'','2021-02-04 21:09:04','USR-202008000',NULL,NULL,NULL,NULL),(1002,'COW-202101244','2021-02-04',0,'2020-09-18',0.00,257.00,0.00,'','2021-02-04 21:09:20','USR-202008000',NULL,NULL,NULL,NULL),(1003,'COW-202101244','2021-02-04',0,'2020-11-11',0.00,270.00,0.00,'','2021-02-04 21:09:42','USR-202008000',NULL,NULL,NULL,NULL),(1004,'COW-202101244','2021-02-04',0,'2021-01-19',0.00,340.00,0.00,'','2021-02-04 21:09:56','USR-202008000',NULL,NULL,NULL,NULL),(1005,'COW-202101171','2021-02-04',0,'2020-09-02',0.00,165.00,0.00,'','2021-02-04 21:11:14','USR-202008000',NULL,NULL,NULL,NULL),(1006,'COW-202101171','2021-02-04',0,'2020-11-29',0.00,212.00,0.00,'','2021-02-04 21:11:32','USR-202008000',NULL,NULL,NULL,NULL),(1007,'COW-202101171','2021-02-04',0,'2021-01-19',0.00,242.00,0.00,'','2021-02-04 21:11:45','USR-202008000',NULL,NULL,NULL,NULL),(1008,'COW-202101047','2021-02-04',0,'2021-01-19',0.00,312.00,0.00,'','2021-02-04 21:13:59','USR-202008000',NULL,NULL,NULL,NULL),(1009,'COW-202012099','2021-02-04',0,'2020-08-30',0.00,361.00,0.00,'','2021-02-04 21:15:43','USR-202008000',NULL,NULL,NULL,NULL),(1010,'COW-202012099','2021-02-04',0,'2020-09-21',0.00,393.00,0.00,'','2021-02-04 21:15:59','USR-202008000',NULL,NULL,NULL,NULL),(1011,'COW-202012099','2021-02-04',0,'2020-10-21',0.00,414.00,0.00,'','2021-02-04 21:16:20','USR-202008000',NULL,NULL,NULL,NULL),(1012,'COW-202012099','2021-02-04',0,'2020-11-27',0.00,448.00,0.00,'','2021-02-04 21:16:36','USR-202008000',NULL,NULL,NULL,NULL),(1013,'COW-202012099','2021-02-04',0,'2021-01-20',0.00,491.00,0.00,'','2021-02-04 21:17:00','USR-202008000',NULL,NULL,NULL,NULL),(1014,'COW-202012115','2021-02-04',0,'2020-08-31',0.00,327.00,0.00,'','2021-02-04 21:18:31','USR-202008000',NULL,NULL,NULL,NULL),(1015,'COW-202012115','2021-02-04',0,'2020-09-18',0.00,359.00,0.00,'','2021-02-04 21:18:44','USR-202008000',NULL,NULL,NULL,NULL),(1016,'COW-202012115','2021-02-04',0,'2020-10-19',0.00,378.00,0.00,'','2021-02-04 21:19:01','USR-202008000',NULL,NULL,NULL,NULL),(1017,'COW-202012115','2021-02-04',0,'2020-11-09',0.00,375.00,0.00,'','2021-02-04 21:19:14','USR-202008000',NULL,NULL,NULL,NULL),(1018,'COW-202012115','2021-02-04',0,'2021-01-19',0.00,476.00,0.00,'','2021-02-04 21:19:28','USR-202008000',NULL,NULL,NULL,NULL),(1019,'COW-202012116','2021-02-04',0,'2020-08-31',0.00,381.00,0.00,'','2021-02-04 21:20:36','USR-202008000',NULL,NULL,NULL,NULL),(1020,'COW-202012116','2021-02-04',0,'2020-09-18',0.00,407.00,0.00,'','2021-02-04 21:20:49','USR-202008000',NULL,NULL,NULL,NULL),(1021,'COW-202012116','2021-02-04',0,'2020-10-19',0.00,410.00,0.00,'','2021-02-04 21:21:12','USR-202008000',NULL,NULL,NULL,NULL),(1022,'COW-202012116','2021-02-04',0,'2020-11-09',0.00,435.00,0.00,'','2021-02-04 21:21:28','USR-202008000',NULL,NULL,NULL,NULL),(1023,'COW-202012116','2021-02-04',0,'2021-01-19',0.00,496.00,0.00,'','2021-02-04 21:21:54','USR-202008000',NULL,NULL,NULL,NULL),(1024,'COW-202012127','2021-02-04',0,'2020-08-31',0.00,363.00,0.00,'','2021-02-04 21:23:11','USR-202008000',NULL,NULL,NULL,NULL),(1025,'COW-202012127','2021-02-04',0,'2020-09-18',0.00,395.00,0.00,'','2021-02-04 21:23:33','USR-202008000',NULL,NULL,NULL,NULL),(1026,'COW-202012127','2021-02-04',0,'2020-10-19',0.00,411.00,0.00,'','2021-02-04 21:23:50','USR-202008000',NULL,NULL,NULL,NULL),(1027,'COW-202012127','2021-02-04',0,'2020-11-09',0.00,431.00,0.00,'','2021-02-04 21:24:02','USR-202008000',NULL,NULL,NULL,NULL),(1028,'COW-202012127','2021-02-04',0,'2021-01-19',0.00,509.00,0.00,'','2021-02-04 21:24:17','USR-202008000',NULL,NULL,NULL,NULL),(1029,'COW-202012131','2021-02-04',0,'2020-08-31',0.00,399.00,0.00,'','2021-02-04 21:25:31','USR-202008000',NULL,NULL,NULL,NULL),(1030,'COW-202012131','2021-02-04',0,'2020-09-18',0.00,426.00,0.00,'','2021-02-04 21:25:52','USR-202008000',NULL,NULL,NULL,NULL),(1031,'COW-202012131','2021-02-04',0,'2020-10-19',0.00,438.00,0.00,'','2021-02-04 21:26:08','USR-202008000',NULL,NULL,NULL,NULL),(1032,'COW-202012131','2021-02-04',0,'2020-11-09',0.00,455.00,0.00,'','2021-02-04 21:26:24','USR-202008000',NULL,NULL,NULL,NULL),(1033,'COW-202012131','2021-02-04',0,'2021-01-19',0.00,480.00,0.00,'','2021-02-04 21:26:36','USR-202008000',NULL,NULL,NULL,NULL),(1034,'COW-202012140','2021-02-04',0,'2020-08-31',0.00,368.00,0.00,'','2021-02-04 21:27:30','USR-202008000',NULL,NULL,NULL,NULL),(1035,'COW-202012140','2021-02-04',0,'2020-09-18',0.00,406.00,0.00,'','2021-02-04 21:27:46','USR-202008000',NULL,NULL,NULL,NULL),(1036,'COW-202012140','2021-02-04',0,'2020-10-19',0.00,418.00,0.00,'','2021-02-04 21:28:19','USR-202008000',NULL,NULL,NULL,NULL),(1037,'COW-202012140','2021-02-04',0,'2020-11-09',0.00,432.00,0.00,'','2021-02-04 21:28:35','USR-202008000',NULL,NULL,NULL,NULL),(1038,'COW-202012140','2021-02-04',0,'2021-01-19',0.00,491.00,0.00,'','2021-02-04 21:28:50','USR-202008000',NULL,NULL,NULL,NULL),(1039,'COW-202101056','2021-02-04',0,'2020-08-31',0.00,364.00,0.00,'','2021-02-04 21:29:51','USR-202008000',NULL,NULL,NULL,NULL),(1040,'COW-202101056','2021-02-04',0,'2020-09-18',0.00,370.00,0.00,'','2021-02-04 21:30:08','USR-202008000',NULL,NULL,NULL,NULL),(1041,'COW-202101056','2021-02-04',0,'2020-10-19',0.00,392.00,0.00,'','2021-02-04 21:30:24','USR-202008000',NULL,NULL,NULL,NULL),(1042,'COW-202101056','2021-02-04',0,'2020-11-09',0.00,416.00,0.00,'','2021-02-04 21:30:36','USR-202008000',NULL,NULL,NULL,NULL),(1043,'COW-202101056','2021-02-04',0,'2021-01-19',0.00,471.00,0.00,'','2021-02-04 21:30:48','USR-202008000',NULL,NULL,NULL,NULL),(1044,'COW-202101074','2021-02-04',0,'2020-08-21',0.00,241.00,0.00,'','2021-02-04 21:37:56','USR-202008000',NULL,NULL,NULL,NULL),(1045,'COW-202101074','2021-02-04',0,'2020-09-18',0.00,276.00,0.00,'','2021-02-04 21:38:11','USR-202008000',NULL,NULL,NULL,NULL),(1046,'COW-202101074','2021-02-04',0,'2020-10-19',0.00,287.00,0.00,'','2021-02-04 21:38:30','USR-202008000',NULL,NULL,NULL,NULL),(1047,'COW-202101074','2021-02-04',0,'2020-11-09',0.00,308.00,0.00,'','2021-02-04 21:52:05','USR-202008000',NULL,NULL,NULL,NULL),(1048,'COW-202101074','2021-02-04',0,'2021-01-19',0.00,362.00,0.00,'','2021-02-04 21:52:41','USR-202008000',NULL,NULL,NULL,NULL),(1049,'COW-202101106','2021-02-04',0,'2020-11-29',0.00,334.00,0.00,'','2021-02-04 21:54:15','USR-202008000',NULL,NULL,NULL,NULL),(1050,'COW-202101106','2021-02-04',0,'2021-01-20',0.00,390.00,0.00,'','2021-02-04 21:54:30','USR-202008000',NULL,NULL,NULL,NULL),(1051,'COW-202101121','2021-02-04',0,'2020-08-21',0.00,275.00,0.00,'','2021-02-04 21:55:29','USR-202008000',NULL,NULL,NULL,NULL),(1052,'COW-202101121','2021-02-04',0,'2020-11-09',0.00,400.00,0.00,'','2021-02-04 22:00:05','USR-202008000',NULL,NULL,NULL,NULL),(1053,'COW-202101121','2021-02-04',0,'2021-01-19',0.00,483.00,0.00,'','2021-02-04 22:00:27','USR-202008000',NULL,NULL,NULL,NULL),(1054,'COW-202012114','2021-02-04',0,'2020-08-31',0.00,371.00,0.00,'','2021-02-04 22:01:28','USR-202008000',NULL,NULL,NULL,NULL),(1055,'COW-202012114','2021-02-04',0,'2020-09-18',0.00,391.00,0.00,'','2021-02-04 22:01:45','USR-202008000',NULL,NULL,NULL,NULL),(1056,'COW-202012114','2021-02-04',0,'2020-10-19',0.00,399.00,0.00,'','2021-02-04 22:02:02','USR-202008000',NULL,NULL,NULL,NULL),(1057,'COW-202012114','2021-02-04',0,'2020-11-09',0.00,420.00,0.00,'','2021-02-04 22:02:20','USR-202008000',NULL,NULL,NULL,NULL),(1058,'COW-202012114','2021-02-04',0,'2021-01-19',0.00,491.00,0.00,'','2021-02-04 22:02:34','USR-202008000',NULL,NULL,NULL,NULL),(1059,'COW-202012068','2021-02-05',0,'2020-08-22',0.00,250.00,0.00,'','2021-02-05 08:17:06','USR-202008000',NULL,NULL,NULL,NULL),(1060,'COW-202012068','2021-02-05',0,'2020-09-23',0.00,281.00,0.00,'','2021-02-05 08:17:42','USR-202008000',NULL,NULL,NULL,NULL),(1061,'COW-202012068','2021-02-05',0,'2020-11-23',0.00,320.00,0.00,'','2021-02-05 08:18:09','USR-202008000',NULL,NULL,NULL,NULL),(1062,'COW-202012068','2021-02-05',0,'2021-01-15',0.00,354.00,0.00,'','2021-02-05 08:18:19','USR-202008000',NULL,NULL,NULL,NULL),(1063,'COW-202101086','2021-02-05',0,'2020-09-21',0.00,366.00,0.00,'','2021-02-05 08:19:04','USR-202008000',NULL,NULL,NULL,NULL),(1064,'COW-202101086','2021-02-05',0,'2020-10-21',0.00,378.00,0.00,'','2021-02-05 08:19:18','USR-202008000',NULL,NULL,NULL,NULL),(1065,'COW-202101086','2021-02-05',0,'2020-11-23',0.00,410.00,0.00,'','2021-02-05 08:19:32','USR-202008000',NULL,NULL,NULL,NULL),(1066,'COW-202101086','2021-02-05',0,'2021-01-15',0.00,463.00,0.00,'','2021-02-05 08:19:47','USR-202008000',NULL,NULL,NULL,NULL),(1067,'COW-202101088','2021-02-05',0,'2020-09-21',0.00,354.00,0.00,'','2021-02-05 08:21:00','USR-202008000',NULL,NULL,NULL,NULL),(1068,'COW-202101088','2021-02-05',0,'2020-10-21',0.00,375.00,0.00,'','2021-02-05 08:21:15','USR-202008000',NULL,NULL,NULL,NULL),(1069,'COW-202101088','2021-02-05',0,'2020-11-23',0.00,415.00,0.00,'','2021-02-05 08:21:34','USR-202008000',NULL,NULL,NULL,NULL),(1070,'COW-202101088','2021-02-05',0,'2021-01-15',0.00,479.00,0.00,'','2021-02-05 08:21:55','USR-202008000',NULL,NULL,NULL,NULL),(1071,'COW-202101101','2021-02-05',0,'2020-09-21',0.00,409.00,0.00,'','2021-02-05 08:29:20','USR-202008000',NULL,NULL,NULL,NULL),(1072,'COW-202101101','2021-02-05',0,'2020-10-21',0.00,425.00,0.00,'','2021-02-05 08:29:35','USR-202008000',NULL,NULL,NULL,NULL),(1073,'COW-202101101','2021-02-05',0,'2020-11-23',0.00,461.00,0.00,'','2021-02-05 08:29:54','USR-202008000',NULL,NULL,NULL,NULL),(1074,'COW-202101101','2021-02-05',0,'2021-01-15',0.00,487.00,0.00,'','2021-02-05 08:30:08','USR-202008000',NULL,NULL,NULL,NULL),(1075,'COW-202101176','2021-02-05',0,'2020-08-04',0.00,256.00,0.00,'','2021-02-05 08:31:26','USR-202008000',NULL,NULL,NULL,NULL),(1076,'COW-202101176','2021-02-05',0,'2020-09-18',0.00,302.00,0.00,'','2021-02-05 08:31:45','USR-202008000',NULL,NULL,NULL,NULL),(1077,'COW-202101176','2021-02-05',0,'2020-11-23',0.00,360.00,0.00,'','2021-02-05 08:32:02','USR-202008000',NULL,NULL,NULL,NULL),(1078,'COW-202101176','2021-02-05',0,'2021-01-15',0.00,407.00,0.00,'','2021-02-05 08:32:15','USR-202008000',NULL,NULL,NULL,NULL),(1079,'COW-202101204','2021-02-05',0,'2020-08-04',0.00,236.00,0.00,'','2021-02-05 08:37:34','USR-202008000',NULL,NULL,NULL,NULL),(1080,'COW-202101204','2021-02-05',0,'2020-09-18',0.00,296.00,0.00,'','2021-02-05 08:37:55','USR-202008000',NULL,NULL,NULL,NULL),(1081,'COW-202101204','2021-02-05',0,'2020-11-23',0.00,354.00,0.00,'','2021-02-05 08:38:10','USR-202008000',NULL,NULL,NULL,NULL),(1082,'COW-202101204','2021-02-05',0,'2021-01-15',0.00,406.00,0.00,'','2021-02-05 08:38:29','USR-202008000',NULL,NULL,NULL,NULL),(1083,'COW-202101207','2021-02-05',0,'2020-08-04',0.00,249.00,0.00,'','2021-02-05 08:39:08','USR-202008000',NULL,NULL,NULL,NULL),(1084,'COW-202101207','2021-02-05',0,'2020-09-18',0.00,290.00,0.00,'','2021-02-05 08:39:29','USR-202008000',NULL,NULL,NULL,NULL),(1085,'COW-202101207','2021-02-05',0,'2020-11-23',0.00,364.00,0.00,'','2021-02-05 08:39:45','USR-202008000',NULL,NULL,NULL,NULL),(1086,'COW-202101207','2021-02-05',0,'2021-01-15',0.00,426.00,0.00,'','2021-02-05 08:40:01','USR-202008000',NULL,NULL,NULL,NULL),(1087,'COW-202012142','2021-02-05',0,'2020-08-15',0.00,254.00,0.00,'','2021-02-05 08:43:02','USR-202008000',NULL,NULL,NULL,NULL),(1088,'COW-202012142','2021-02-05',0,'2020-09-18',0.00,321.00,0.00,'','2021-02-05 08:43:17','USR-202008000',NULL,NULL,NULL,NULL),(1089,'COW-202012142','2021-02-05',0,'2020-10-19',0.00,347.00,0.00,'','2021-02-05 08:43:34','USR-202008000',NULL,NULL,NULL,NULL),(1090,'COW-202012142','2021-02-05',0,'2020-11-09',0.00,373.00,0.00,'','2021-02-05 08:43:47','USR-202008000',NULL,NULL,NULL,NULL),(1091,'COW-202012142','2021-02-05',0,'2021-01-19',0.00,435.00,0.00,'','2021-02-05 08:44:02','USR-202008000',NULL,NULL,NULL,NULL),(1092,'COW-202101009','2021-02-05',0,'2020-08-15',0.00,299.00,0.00,'','2021-02-05 08:56:56','USR-202008000',NULL,NULL,NULL,NULL),(1093,'COW-202101009','2021-02-05',0,'2020-09-18',0.00,354.00,0.00,'','2021-02-05 08:57:11','USR-202008000',NULL,NULL,NULL,NULL),(1094,'COW-202101230','2021-02-05',0,'2020-08-04',0.00,292.00,0.00,'','2021-02-05 09:07:14','USR-202008000',NULL,NULL,NULL,NULL),(1095,'COW-202101230','2021-02-05',0,'2020-09-18',0.00,335.00,0.00,'','2021-02-05 09:08:11','USR-202008000',NULL,NULL,NULL,NULL),(1096,'COW-202101230','2021-02-05',0,'2020-11-23',0.00,398.00,0.00,'','2021-02-05 09:08:29','USR-202008000',NULL,NULL,NULL,NULL),(1097,'COW-202101230','2021-02-05',0,'2021-01-15',0.00,430.00,0.00,'','2021-02-05 09:08:45','USR-202008000',NULL,NULL,NULL,NULL),(1098,'COW-202101009','2021-02-05',0,'2020-10-19',0.00,374.00,0.00,'','2021-02-05 09:09:16','USR-202008000',NULL,NULL,NULL,NULL),(1099,'COW-202101009','2021-02-05',0,'2020-11-09',0.00,389.00,0.00,'','2021-02-05 09:09:36','USR-202008000',NULL,NULL,NULL,NULL),(1100,'COW-202101009','2021-02-05',0,'2021-01-19',0.00,452.00,0.00,'','2021-02-05 09:09:52','USR-202008000',NULL,NULL,NULL,NULL),(1101,'COW-202101010','2021-03-11',0,'2020-08-15',0.00,267.00,0.00,'','2021-02-05 09:11:12','USR-202008000','2021-03-11 08:41:33','USR-202008000',NULL,NULL),(1102,'COW-202101010','2021-03-11',0,'2020-09-18',0.00,319.00,0.00,'','2021-02-05 09:11:36','USR-202008000','2021-03-11 08:42:00','USR-202008000',NULL,NULL),(1103,'COW-202101010','2021-03-11',0,'2020-10-19',0.00,322.00,0.00,'','2021-02-05 09:11:53','USR-202008000','2021-03-11 08:42:32','USR-202008000',NULL,NULL),(1104,'COW-202101010','2021-03-11',0,'2020-11-09',0.00,334.00,0.00,'','2021-02-05 09:12:14','USR-202008000','2021-03-11 08:48:32','USR-202008000',NULL,NULL),(1105,'COW-202101010','2021-03-11',0,'2021-01-19',0.00,414.00,0.00,'','2021-02-05 09:12:30','USR-202008000','2021-03-11 08:48:58','USR-202008000',NULL,NULL),(1106,'COW-202101248','2021-02-05',0,'2020-08-04',0.00,241.00,0.00,'','2021-02-05 09:13:55','USR-202008000',NULL,NULL,NULL,NULL),(1107,'COW-202101248','2021-02-05',0,'2020-09-18',0.00,286.00,0.00,'','2021-02-05 09:14:15','USR-202008000',NULL,NULL,NULL,NULL),(1108,'COW-202101248','2021-02-05',0,'2020-11-23',0.00,321.00,0.00,'','2021-02-05 09:14:31','USR-202008000',NULL,NULL,NULL,NULL),(1109,'COW-202101248','2021-02-05',0,'2021-01-15',0.00,353.00,0.00,'','2021-02-05 09:14:47','USR-202008000',NULL,NULL,NULL,NULL),(1110,'COW-202101133','2021-02-05',0,'2020-09-02',0.00,242.00,0.00,'','2021-02-05 09:14:54','USR-202008000',NULL,NULL,NULL,NULL),(1111,'COW-202101133','2021-02-05',0,'2020-11-29',0.00,301.00,0.00,'','2021-02-05 09:15:12','USR-202008000',NULL,NULL,NULL,NULL),(1112,'COW-202101133','2021-02-05',0,'2021-01-19',0.00,365.00,0.00,'','2021-02-05 09:15:25','USR-202008000',NULL,NULL,NULL,NULL),(1113,'COW-202101260','2021-02-05',0,'2020-08-04',0.00,211.00,0.00,'','2021-02-05 09:15:45','USR-202008000',NULL,NULL,NULL,NULL),(1114,'COW-202101260','2021-02-05',0,'2020-09-18',0.00,288.00,0.00,'','2021-02-05 09:16:00','USR-202008000',NULL,NULL,NULL,NULL),(1115,'COW-202101260','2021-02-05',0,'2020-11-23',0.00,360.00,0.00,'','2021-02-05 09:16:17','USR-202008000',NULL,NULL,NULL,NULL),(1116,'COW-202101139','2021-02-05',0,'2020-08-15',0.00,224.00,0.00,'','2021-02-05 09:16:21','USR-202008000',NULL,NULL,NULL,NULL),(1117,'COW-202101260','2021-02-05',0,'2021-01-15',0.00,413.00,0.00,'','2021-02-05 09:16:31','USR-202008000',NULL,NULL,NULL,NULL),(1118,'COW-202101139','2021-02-05',0,'2020-09-18',0.00,273.00,0.00,'','2021-02-05 09:16:38','USR-202008000',NULL,NULL,NULL,NULL),(1119,'COW-202101139','2021-02-05',0,'2020-10-19',0.00,300.00,0.00,'','2021-02-05 09:16:55','USR-202008000',NULL,NULL,NULL,NULL),(1120,'COW-202101139','2021-02-05',0,'2020-11-09',0.00,322.00,0.00,'','2021-02-05 09:17:08','USR-202008000',NULL,NULL,NULL,NULL),(1121,'COW-202101139','2021-02-05',0,'2021-01-19',0.00,389.00,0.00,'','2021-02-05 09:17:23','USR-202008000',NULL,NULL,NULL,NULL),(1122,'COW-202101261','2021-02-05',0,'2020-08-04',0.00,235.00,0.00,'','2021-02-05 09:18:32','USR-202008000',NULL,NULL,NULL,NULL),(1123,'COW-202101261','2021-02-05',0,'2020-09-18',0.00,307.00,0.00,'','2021-02-05 09:18:53','USR-202008000',NULL,NULL,NULL,NULL),(1124,'COW-202101261','2021-02-05',0,'2020-11-23',0.00,380.00,0.00,'','2021-02-05 09:34:47','USR-202008000',NULL,NULL,NULL,NULL),(1125,'COW-202101140','2021-02-05',0,'2020-08-15',0.00,216.00,0.00,'','2021-02-05 09:37:29','USR-202008000',NULL,NULL,NULL,NULL),(1126,'COW-202101140','2021-02-05',0,'2020-09-18',0.00,261.00,0.00,'','2021-02-05 09:37:50','USR-202008000',NULL,NULL,NULL,NULL),(1127,'COW-202101140','2021-02-05',0,'2020-10-19',0.00,285.00,0.00,'','2021-02-05 09:38:10','USR-202008000',NULL,NULL,NULL,NULL),(1128,'COW-202101140','2021-02-05',0,'2020-11-09',0.00,306.00,0.00,'','2021-02-05 09:38:26','USR-202008000',NULL,NULL,NULL,NULL),(1129,'COW-202101261','2021-02-05',0,'2021-01-15',0.00,437.00,0.00,'','2021-02-05 09:38:34','USR-202008000',NULL,NULL,NULL,NULL),(1130,'COW-202101140','2021-02-05',0,'2021-01-19',0.00,380.00,0.00,'','2021-02-05 09:38:40','USR-202008000',NULL,NULL,NULL,NULL),(1131,'COW-202101280','2021-02-05',0,'2020-08-04',0.00,220.00,0.00,'','2021-02-05 09:39:17','USR-202008000',NULL,NULL,NULL,NULL),(1132,'COW-202101280','2021-02-05',0,'2020-09-18',0.00,284.00,0.00,'','2021-02-05 09:39:36','USR-202008000',NULL,NULL,NULL,NULL),(1133,'COW-202101144','2021-02-05',0,'2020-08-15',0.00,221.00,0.00,'','2021-02-05 09:39:44','USR-202008000',NULL,NULL,NULL,NULL),(1134,'COW-202101280','2021-02-05',0,'2020-11-23',0.00,345.00,0.00,'','2021-02-05 09:39:55','USR-202008000',NULL,NULL,NULL,NULL),(1135,'COW-202101144','2021-02-05',0,'2020-09-18',0.00,265.00,0.00,'','2021-02-05 09:39:58','USR-202008000',NULL,NULL,NULL,NULL),(1136,'COW-202101280','2021-02-05',0,'2021-01-15',0.00,402.00,0.00,'','2021-02-05 09:40:10','USR-202008000',NULL,NULL,NULL,NULL),(1137,'COW-202101144','2021-02-05',0,'2020-10-19',0.00,283.00,0.00,'','2021-02-05 09:40:13','USR-202008000',NULL,NULL,NULL,NULL),(1138,'COW-202101144','2021-02-05',0,'2020-11-09',0.00,295.00,0.00,'','2021-02-05 09:40:27','USR-202008000',NULL,NULL,NULL,NULL),(1139,'COW-202101144','2021-02-05',0,'2021-01-19',0.00,362.00,0.00,'','2021-02-05 09:40:40','USR-202008000',NULL,NULL,NULL,NULL),(1140,'COW-202101287','2021-02-05',0,'2020-08-04',0.00,178.00,0.00,'','2021-02-05 09:40:45','USR-202008000',NULL,NULL,NULL,NULL),(1141,'COW-202101287','2021-02-05',0,'2020-09-18',0.00,205.00,0.00,'','2021-02-05 09:41:00','USR-202008000',NULL,NULL,NULL,NULL),(1142,'COW-202101287','2021-02-05',0,'2020-11-23',0.00,272.00,0.00,'','2021-02-05 09:41:15','USR-202008000',NULL,NULL,NULL,NULL),(1143,'COW-202101287','2021-02-05',0,'2021-01-15',0.00,326.00,0.00,'','2021-02-05 09:41:28','USR-202008000',NULL,NULL,NULL,NULL),(1144,'COW-202101290','2021-02-05',0,'2020-09-03',0.00,290.00,0.00,'','2021-02-05 09:42:08','USR-202008000',NULL,NULL,NULL,NULL),(1145,'COW-202101290','2021-02-05',0,'2020-09-18',0.00,309.00,0.00,'','2021-02-05 09:42:25','USR-202008000',NULL,NULL,NULL,NULL),(1146,'COW-202101147','2021-02-05',0,'2020-08-15',0.00,238.00,0.00,'','2021-02-05 09:43:02','USR-202008000',NULL,NULL,NULL,NULL),(1147,'COW-202101147','2021-02-05',0,'2020-09-18',0.00,307.00,0.00,'','2021-02-05 09:43:18','USR-202008000',NULL,NULL,NULL,NULL),(1148,'COW-202101147','2021-02-05',0,'2020-10-19',0.00,329.00,0.00,'','2021-02-05 09:48:32','USR-202008000',NULL,NULL,NULL,NULL),(1149,'COW-202101147','2021-02-05',0,'2020-11-09',0.00,345.00,0.00,'','2021-02-05 09:50:58','USR-202008000',NULL,NULL,NULL,NULL),(1150,'COW-202101147','2021-02-05',0,'2021-01-19',0.00,398.00,0.00,'','2021-02-05 09:51:12','USR-202008000',NULL,NULL,NULL,NULL),(1151,'COW-202101290','2021-02-05',0,'2020-11-23',0.00,387.00,0.00,'','2021-02-05 09:51:35','USR-202008000',NULL,NULL,NULL,NULL),(1152,'COW-202101290','2021-02-05',0,'2021-01-15',0.00,400.00,0.00,'','2021-02-05 09:51:49','USR-202008000',NULL,NULL,NULL,NULL),(1153,'COW-202101156','2021-02-05',0,'2020-08-15',0.00,251.00,0.00,'','2021-02-05 09:52:36','USR-202008000',NULL,NULL,NULL,NULL),(1154,'COW-202101156','2021-02-05',0,'2020-09-18',0.00,308.00,0.00,'','2021-02-05 09:52:50','USR-202008000',NULL,NULL,NULL,NULL),(1155,'COW-202101156','2021-02-05',0,'2020-10-19',0.00,336.00,0.00,'','2021-02-05 09:53:06','USR-202008000',NULL,NULL,NULL,NULL),(1156,'COW-202101156','2021-02-05',0,'2020-11-09',0.00,350.00,0.00,'','2021-02-05 09:53:19','USR-202008000',NULL,NULL,NULL,NULL),(1157,'COW-202101156','2021-02-05',0,'2021-01-19',0.00,405.00,0.00,'','2021-02-05 09:53:35','USR-202008000',NULL,NULL,NULL,NULL),(1158,'COW-202012083','2021-02-05',0,'2020-09-02',0.00,243.00,0.00,'','2021-02-05 09:55:13','USR-202008000',NULL,NULL,NULL,NULL),(1159,'COW-202012083','2021-02-05',0,'2021-01-15',0.00,416.00,0.00,'','2021-02-05 09:55:30','USR-202008000',NULL,NULL,NULL,NULL),(1160,'COW-202012038','2021-02-05',0,'2020-08-22',0.00,258.00,0.00,'','2021-02-05 10:24:15','USR-202008000',NULL,NULL,NULL,NULL),(1161,'COW-202012038','2021-02-05',0,'2020-09-23',0.00,280.00,0.00,'','2021-02-05 10:24:31','USR-202008000',NULL,NULL,NULL,NULL),(1162,'COW-202012038','2021-02-05',0,'2020-11-23',0.00,322.00,0.00,'','2021-02-05 10:24:48','USR-202008000',NULL,NULL,NULL,NULL),(1163,'COW-202012038','2021-02-05',0,'2021-01-15',0.00,357.00,0.00,'','2021-02-05 10:25:02','USR-202008000',NULL,NULL,NULL,NULL),(1164,'COW-202101077','2021-02-05',0,'2020-09-21',0.00,345.00,0.00,'','2021-02-05 10:25:40','USR-202008000',NULL,NULL,NULL,NULL),(1165,'COW-202101077','2021-02-05',0,'2020-10-21',0.00,360.00,0.00,'','2021-02-05 10:30:11','USR-202008000',NULL,NULL,NULL,NULL),(1166,'COW-202101077','2021-02-05',0,'2020-10-21',0.00,360.00,0.00,'','2021-02-05 10:30:11','USR-202008000',NULL,NULL,'2021-02-05 10:30:23','USR-202008000'),(1167,'COW-202101077','2021-02-05',0,'2020-11-23',0.00,390.00,0.00,'','2021-02-05 10:30:43','USR-202008000',NULL,NULL,NULL,NULL),(1168,'COW-202101077','2021-02-05',0,'2021-01-15',0.00,465.00,0.00,'','2021-02-05 10:30:56','USR-202008000',NULL,NULL,NULL,NULL),(1169,'COW-202101102','2021-02-05',0,'2020-09-21',0.00,336.00,0.00,'','2021-02-05 10:32:17','USR-202008000',NULL,NULL,NULL,NULL),(1170,'COW-202101102','2021-02-05',0,'2020-10-21',0.00,364.00,0.00,'','2021-02-05 10:32:31','USR-202008000',NULL,NULL,NULL,NULL),(1171,'COW-202101102','2021-02-05',0,'2020-11-23',0.00,410.00,0.00,'','2021-02-05 10:32:46','USR-202008000',NULL,NULL,NULL,NULL),(1172,'COW-202101102','2021-02-05',0,'2021-01-15',0.00,460.00,0.00,'','2021-02-05 10:32:56','USR-202008000',NULL,NULL,NULL,NULL),(1173,'COW-202101205','2021-02-05',0,'2020-08-04',0.00,265.00,0.00,'','2021-02-05 10:34:58','USR-202008000',NULL,NULL,NULL,NULL),(1174,'COW-202101205','2021-02-05',0,'2020-09-18',0.00,317.00,0.00,'','2021-02-05 10:35:13','USR-202008000',NULL,NULL,NULL,NULL),(1175,'COW-202101205','2021-02-05',0,'2020-11-23',0.00,405.00,0.00,'','2021-02-05 10:35:30','USR-202008000',NULL,NULL,NULL,NULL),(1176,'COW-202101205','2021-02-05',0,'2021-01-15',0.00,470.00,0.00,'','2021-02-05 10:35:46','USR-202008000',NULL,NULL,NULL,NULL),(1177,'COW-202101208','2021-02-05',0,'2020-08-04',0.00,187.00,0.00,'','2021-02-05 10:36:14','USR-202008000',NULL,NULL,NULL,NULL),(1178,'COW-202101208','2021-02-05',0,'2020-09-18',0.00,240.00,0.00,'','2021-02-05 10:36:30','USR-202008000',NULL,NULL,NULL,NULL),(1179,'COW-202101208','2021-02-05',0,'2020-10-15',0.00,254.00,0.00,'','2021-02-05 10:36:49','USR-202008000',NULL,NULL,NULL,NULL),(1180,'COW-202101208','2021-02-05',0,'2020-11-23',0.00,287.00,0.00,'','2021-02-05 10:37:06','USR-202008000',NULL,NULL,NULL,NULL),(1181,'COW-202101208','2021-02-05',0,'2021-01-15',0.00,348.00,0.00,'','2021-02-05 10:37:21','USR-202008000',NULL,NULL,NULL,NULL),(1182,'COW-202101210','2021-02-05',0,'2020-08-04',0.00,276.00,0.00,'','2021-02-05 10:43:55','USR-202008000',NULL,NULL,NULL,NULL),(1183,'COW-202101210','2021-02-05',0,'2020-09-18',0.00,318.00,0.00,'','2021-02-05 10:44:08','USR-202008000',NULL,NULL,NULL,NULL),(1184,'COW-202101210','2021-02-05',0,'2020-10-14',0.00,324.00,0.00,'','2021-02-05 10:44:24','USR-202008000',NULL,NULL,NULL,NULL),(1185,'COW-202101210','2021-02-05',0,'2020-11-23',0.00,355.00,0.00,'','2021-02-05 10:44:40','USR-202008000',NULL,NULL,NULL,NULL),(1186,'COW-202101210','2021-02-05',0,'2021-01-15',0.00,427.00,0.00,'','2021-02-05 10:44:54','USR-202008000',NULL,NULL,NULL,NULL),(1187,'COW-202101211','2021-02-05',0,'2020-09-18',0.00,287.00,0.00,'','2021-02-05 10:45:23','USR-202008000',NULL,NULL,NULL,NULL),(1188,'COW-202101211','2021-02-05',0,'2020-10-14',0.00,292.00,0.00,'','2021-02-05 10:45:43','USR-202008000',NULL,NULL,NULL,NULL),(1189,'COW-202101211','2021-02-05',0,'2020-11-23',0.00,330.00,0.00,'','2021-02-05 10:46:51','USR-202008000',NULL,NULL,NULL,NULL),(1190,'COW-202101211','2021-02-05',0,'2021-01-15',0.00,383.00,0.00,'','2021-02-05 10:47:06','USR-202008000',NULL,NULL,NULL,NULL),(1191,'COW-202101226','2021-02-05',0,'2020-08-04',0.00,271.00,0.00,'','2021-02-05 10:47:57','USR-202008000',NULL,NULL,NULL,NULL),(1192,'COW-202101226','2021-02-05',0,'2020-09-18',0.00,345.00,0.00,'','2021-02-05 10:48:12','USR-202008000',NULL,NULL,NULL,NULL),(1193,'COW-202101226','2021-02-05',0,'2020-11-23',0.00,415.00,0.00,'','2021-02-05 10:48:26','USR-202008000',NULL,NULL,NULL,NULL),(1194,'COW-202101226','2021-02-05',0,'2021-01-15',0.00,455.00,0.00,'','2021-02-05 10:48:41','USR-202008000',NULL,NULL,NULL,NULL),(1195,'COW-202101251','2021-02-05',0,'2020-08-04',0.00,203.00,0.00,'','2021-02-05 10:49:06','USR-202008000',NULL,NULL,NULL,NULL),(1196,'COW-202101251','2021-02-05',0,'2020-09-18',0.00,254.00,0.00,'','2021-02-05 10:49:19','USR-202008000',NULL,NULL,NULL,NULL),(1197,'COW-202101251','2021-02-05',0,'2020-10-15',0.00,261.00,0.00,'','2021-02-05 10:49:32','USR-202008000',NULL,NULL,NULL,NULL),(1198,'COW-202101251','2021-02-05',0,'2020-11-23',0.00,290.00,0.00,'','2021-02-05 10:49:51','USR-202008000',NULL,NULL,NULL,NULL),(1199,'COW-202101251','2021-02-05',0,'2021-01-15',0.00,351.00,0.00,'','2021-02-05 10:50:12','USR-202008000',NULL,NULL,NULL,NULL),(1200,'COW-202101181','2021-02-05',0,'2020-08-15',0.00,242.00,0.00,'','2021-02-05 10:51:30','USR-202008000',NULL,NULL,NULL,NULL),(1201,'COW-202101259','2021-02-05',0,'2020-08-04',0.00,213.00,0.00,'','2021-02-05 10:51:35','USR-202008000',NULL,NULL,NULL,NULL),(1202,'COW-202101181','2021-02-05',0,'2020-09-18',0.00,278.00,0.00,'','2021-02-05 10:51:45','USR-202008000',NULL,NULL,NULL,NULL),(1203,'COW-202101259','2021-02-05',0,'2020-09-18',0.00,261.00,0.00,'','2021-02-05 10:51:49','USR-202008000',NULL,NULL,NULL,NULL),(1204,'COW-202101181','2021-02-05',0,'2020-10-19',0.00,302.00,0.00,'','2021-02-05 10:52:04','USR-202008000',NULL,NULL,NULL,NULL),(1205,'COW-202101259','2021-02-05',0,'2020-11-23',0.00,326.00,0.00,'','2021-02-05 10:52:12','USR-202008000',NULL,NULL,NULL,NULL),(1206,'COW-202101181','2021-02-05',0,'2020-11-09',0.00,314.00,0.00,'','2021-02-05 10:52:17','USR-202008000',NULL,NULL,NULL,NULL),(1207,'COW-202101259','2021-02-05',0,'2021-01-15',0.00,377.00,0.00,'','2021-02-05 10:52:24','USR-202008000',NULL,NULL,NULL,NULL),(1208,'COW-202101181','2021-02-05',0,'2021-01-19',0.00,362.00,0.00,'','2021-02-05 10:52:32','USR-202008000',NULL,NULL,NULL,NULL),(1209,'COW-202101191','2021-02-05',0,'2020-08-15',0.00,181.00,0.00,'','2021-02-05 10:53:24','USR-202008000',NULL,NULL,NULL,NULL),(1210,'COW-202101191','2021-02-05',0,'2020-09-18',0.00,222.00,0.00,'','2021-02-05 10:53:41','USR-202008000',NULL,NULL,NULL,NULL),(1211,'COW-202101263','2021-02-05',0,'2020-08-04',0.00,216.00,0.00,'','2021-02-05 10:53:43','USR-202008000',NULL,NULL,NULL,NULL),(1212,'COW-202101191','2021-02-05',0,'2020-10-19',0.00,242.00,0.00,'','2021-02-05 10:53:58','USR-202008000',NULL,NULL,NULL,NULL),(1213,'COW-202101263','2021-02-05',0,'2020-09-18',0.00,258.00,0.00,'','2021-02-05 10:54:06','USR-202008000',NULL,NULL,NULL,NULL),(1214,'COW-202101191','2021-02-05',0,'2020-11-09',0.00,265.00,0.00,'','2021-02-05 10:54:14','USR-202008000',NULL,NULL,NULL,NULL),(1215,'COW-202101263','2021-02-05',0,'2020-10-14',0.00,269.00,0.00,'','2021-02-05 10:54:24','USR-202008000',NULL,NULL,NULL,NULL),(1216,'COW-202101191','2021-02-05',0,'2021-01-19',0.00,333.00,0.00,'','2021-02-05 10:54:30','USR-202008000',NULL,NULL,NULL,NULL),(1217,'COW-202101263','2021-02-05',0,'2020-11-23',0.00,333.00,0.00,'','2021-02-05 10:55:07','USR-202008000',NULL,NULL,NULL,NULL),(1218,'COW-202101263','2021-02-05',0,'2021-01-15',0.00,372.00,0.00,'','2021-02-05 10:55:20','USR-202008000',NULL,NULL,NULL,NULL),(1219,'COW-202101289','2021-02-05',0,'2020-08-04',0.00,232.00,0.00,'','2021-02-05 10:55:45','USR-202008000',NULL,NULL,NULL,NULL),(1220,'COW-202101289','2021-02-05',0,'2020-09-18',0.00,271.00,0.00,'','2021-02-05 10:55:58','USR-202008000',NULL,NULL,NULL,NULL),(1221,'COW-202101289','2021-02-05',0,'2020-10-14',0.00,284.00,0.00,'','2021-02-05 10:56:13','USR-202008000',NULL,NULL,NULL,NULL),(1222,'COW-202101289','2021-02-05',0,'2020-11-23',0.00,316.00,0.00,'','2021-02-05 10:56:28','USR-202008000',NULL,NULL,NULL,NULL),(1223,'COW-202101289','2021-02-05',0,'2021-01-15',0.00,364.00,0.00,'','2021-02-05 10:56:41','USR-202008000',NULL,NULL,NULL,NULL),(1224,'COW-202101078','2021-02-05',0,'2020-09-17',0.00,365.00,0.00,'','2021-02-05 10:57:34','USR-202008000',NULL,NULL,NULL,NULL),(1225,'COW-202101078','2021-02-05',0,'2020-10-16',0.00,387.00,0.00,'','2021-02-05 10:57:43','USR-202008000',NULL,NULL,NULL,NULL),(1226,'COW-202101078','2021-02-05',0,'2020-11-21',0.00,410.00,0.00,'','2021-02-05 10:58:02','USR-202008000',NULL,NULL,NULL,NULL),(1227,'COW-202101078','2021-02-05',0,'2021-01-13',0.00,467.00,0.00,'','2021-02-05 10:58:19','USR-202008000',NULL,NULL,NULL,NULL),(1228,'COW-202101127','2021-02-05',0,'2020-08-15',0.00,284.00,0.00,'','2021-02-05 10:58:52','USR-202008000',NULL,NULL,NULL,NULL),(1229,'COW-202101127','2021-02-05',0,'2020-09-20',0.00,347.00,0.00,'','2021-02-05 10:59:05','USR-202008000',NULL,NULL,NULL,NULL),(1230,'COW-202101127','2021-02-05',0,'2020-10-19',0.00,381.00,0.00,'','2021-02-05 10:59:25','USR-202008000',NULL,NULL,NULL,NULL),(1231,'COW-202101127','2021-02-05',0,'2020-11-08',0.00,417.00,0.00,'','2021-02-05 10:59:38','USR-202008000',NULL,NULL,NULL,NULL),(1232,'COW-202101127','2021-02-05',0,'2021-01-12',0.00,486.00,0.00,'','2021-02-05 10:59:57','USR-202008000',NULL,NULL,NULL,NULL),(1233,'COW-202101307','2021-02-05',0,'2021-01-14',0.00,238.00,0.00,'','2021-02-05 11:00:58','USR-202008000',NULL,NULL,NULL,NULL),(1234,'COW-202101308','2021-02-05',0,'2021-01-14',0.00,222.00,0.00,'','2021-02-05 11:01:30','USR-202008000',NULL,NULL,NULL,NULL),(1235,'COW-202101309','2021-02-05',0,'2021-01-14',0.00,239.00,0.00,'','2021-02-05 11:02:04','USR-202008000',NULL,NULL,NULL,NULL),(1236,'COW-202101310','2021-02-05',0,'2021-01-14',0.00,227.00,0.00,'','2021-02-05 11:02:29','USR-202008000',NULL,NULL,NULL,NULL),(1237,'COW-202101311','2021-02-05',0,'2021-01-14',0.00,194.00,0.00,'','2021-02-05 11:03:01','USR-202008000',NULL,NULL,NULL,NULL),(1238,'COW-202101312','2021-02-05',0,'2021-01-14',0.00,199.00,0.00,'','2021-02-05 11:03:27','USR-202008000',NULL,NULL,NULL,NULL),(1239,'COW-202101192','2021-02-05',0,'2020-08-15',0.00,211.00,0.00,'','2021-02-05 11:03:56','USR-202008000',NULL,NULL,NULL,NULL),(1240,'COW-202101313','2021-02-05',0,'2021-01-14',0.00,246.00,0.00,'','2021-02-05 11:04:02','USR-202008000',NULL,NULL,NULL,NULL),(1241,'COW-202101192','2021-02-05',0,'2020-09-18',0.00,257.00,0.00,'','2021-02-05 11:04:12','USR-202008000',NULL,NULL,NULL,NULL),(1242,'COW-202101314','2021-02-05',0,'2021-01-14',0.00,192.00,0.00,'','2021-02-05 11:04:35','USR-202008000',NULL,NULL,NULL,NULL),(1243,'COW-202101315','2021-02-05',0,'2021-01-14',0.00,209.00,0.00,'','2021-02-05 11:05:09','USR-202008000',NULL,NULL,NULL,NULL),(1244,'COW-202101316','2021-02-05',0,'2021-01-14',0.00,166.00,0.00,'','2021-02-05 11:05:32','USR-202008000',NULL,NULL,NULL,NULL),(1245,'COW-202101192','2021-02-05',0,'2020-10-19',0.00,278.00,0.00,'','2021-02-05 11:07:19','USR-202008000',NULL,NULL,NULL,NULL),(1246,'COW-202101192','2021-02-05',0,'2020-11-09',0.00,296.00,0.00,'','2021-02-05 11:07:35','USR-202008000',NULL,NULL,NULL,NULL),(1247,'COW-202101192','2021-02-05',0,'2021-01-19',0.00,350.00,0.00,'','2021-02-05 11:07:52','USR-202008000',NULL,NULL,NULL,NULL),(1248,'COW-202101123','2021-02-05',0,'2020-09-02',0.00,255.00,0.00,'','2021-02-05 11:08:47','USR-202008000',NULL,NULL,NULL,NULL),(1249,'COW-202101123','2021-02-05',0,'2020-09-29',0.00,333.00,0.00,'','2021-02-05 11:09:04','USR-202008000',NULL,NULL,NULL,NULL),(1250,'COW-202101123','2021-02-05',0,'2021-01-19',0.00,386.00,0.00,'','2021-02-05 11:09:17','USR-202008000',NULL,NULL,NULL,NULL),(1251,'COW-202012143','2021-02-05',0,'2020-08-31',0.00,377.00,0.00,'','2021-02-05 11:10:30','USR-202008000',NULL,NULL,NULL,NULL),(1252,'COW-202012019','2021-02-05',0,'2020-08-27',0.00,266.00,0.00,'','2021-02-05 11:11:07','USR-202008000',NULL,NULL,NULL,NULL),(1253,'COW-202012143','2021-02-05',0,'2020-09-18',0.00,409.00,0.00,'','2021-02-05 11:11:21','USR-202008000',NULL,NULL,NULL,NULL),(1254,'COW-202012019','2021-02-05',0,'2020-09-23',0.00,294.00,0.00,'','2021-02-05 11:11:32','USR-202008000',NULL,NULL,NULL,NULL),(1255,'COW-202012143','2021-02-05',0,'2020-10-19',0.00,407.00,0.00,'','2021-02-05 11:11:40','USR-202008000',NULL,NULL,NULL,NULL),(1256,'COW-202012143','2021-02-05',0,'2020-11-09',0.00,426.00,0.00,'','2021-02-05 11:11:53','USR-202008000',NULL,NULL,NULL,NULL),(1257,'COW-202012019','2021-02-05',0,'2020-11-21',0.00,310.00,0.00,'','2021-02-05 11:11:58','USR-202008000',NULL,NULL,NULL,NULL),(1258,'COW-202012143','2021-02-05',0,'2021-01-19',0.00,502.00,0.00,'','2021-02-05 11:12:09','USR-202008000',NULL,NULL,NULL,NULL),(1259,'COW-202012019','2021-02-05',0,'2021-01-13',0.00,351.00,0.00,'','2021-02-05 11:12:15','USR-202008000',NULL,NULL,NULL,NULL),(1260,'COW-202101132','2021-02-05',0,'2020-09-01',0.00,251.00,0.00,'','2021-02-05 11:13:23','USR-202008000',NULL,NULL,NULL,NULL),(1261,'COW-202012139','2021-02-05',0,'2020-08-31',0.00,325.00,0.00,'','2021-02-05 11:13:30','USR-202008000',NULL,NULL,NULL,NULL),(1262,'COW-202012139','2021-02-05',0,'2020-09-21',0.00,355.00,0.00,'','2021-02-05 11:13:43','USR-202008000',NULL,NULL,NULL,NULL),(1263,'COW-202101132','2021-02-05',0,'2020-09-20',0.00,281.00,0.00,'','2021-02-05 11:13:44','USR-202008000',NULL,NULL,NULL,NULL),(1264,'COW-202101132','2021-02-05',0,'2020-11-08',0.00,337.00,0.00,'','2021-02-05 11:14:01','USR-202008000',NULL,NULL,NULL,NULL),(1265,'COW-202012139','2021-02-05',0,'2020-10-21',0.00,355.00,0.00,'','2021-02-05 11:14:09','USR-202008000',NULL,NULL,NULL,NULL),(1266,'COW-202101132','2021-02-05',0,'2021-01-19',0.00,414.00,0.00,'','2021-02-05 11:14:13','USR-202008000',NULL,NULL,NULL,NULL),(1267,'COW-202012139','2021-02-05',0,'2020-11-21',0.00,385.00,0.00,'','2021-02-05 11:14:38','USR-202008000',NULL,NULL,NULL,NULL),(1268,'COW-202012139','2021-02-05',0,'2021-01-13',0.00,437.00,0.00,'','2021-02-05 11:14:55','USR-202008000',NULL,NULL,NULL,NULL),(1269,'COW-202101150','2021-02-05',0,'2020-09-02',0.00,300.00,0.00,'','2021-02-05 11:15:22','USR-202008000',NULL,NULL,NULL,NULL),(1270,'COW-202101052','2021-02-05',0,'2020-09-17',0.00,371.00,0.00,'','2021-02-05 11:15:26','USR-202008000',NULL,NULL,NULL,NULL),(1271,'COW-202101052','2021-02-05',0,'2020-10-16',0.00,397.00,0.00,'','2021-02-05 11:15:43','USR-202008000',NULL,NULL,NULL,NULL),(1272,'COW-202101150','2021-02-05',0,'2020-11-29',0.00,388.00,0.00,'','2021-02-05 11:15:45','USR-202008000',NULL,NULL,NULL,NULL),(1273,'COW-202101150','2021-02-05',0,'2021-01-19',0.00,458.00,0.00,'','2021-02-05 11:15:57','USR-202008000',NULL,NULL,NULL,NULL),(1274,'COW-202101052','2021-02-05',0,'2020-11-21',0.00,427.00,0.00,'','2021-02-05 11:16:03','USR-202008000',NULL,NULL,NULL,NULL),(1275,'COW-202101052','2021-02-05',0,'2021-01-13',0.00,470.00,0.00,'','2021-02-05 11:16:26','USR-202008000',NULL,NULL,NULL,NULL),(1276,'COW-202101064','2021-02-05',0,'2020-09-17',0.00,310.00,0.00,'','2021-02-05 11:17:14','USR-202008000',NULL,NULL,NULL,NULL),(1277,'COW-202101110','2021-02-05',0,'2020-09-04',0.00,268.00,0.00,'','2021-02-05 11:17:20','USR-202008000',NULL,NULL,NULL,NULL),(1278,'COW-202101064','2021-02-05',0,'2020-10-16',0.00,336.00,0.00,'','2021-02-05 11:17:29','USR-202008000',NULL,NULL,NULL,NULL),(1279,'COW-202101064','2021-02-05',0,'2020-11-21',0.00,342.00,0.00,'','2021-02-05 11:17:48','USR-202008000',NULL,NULL,NULL,NULL),(1280,'COW-202101110','2021-02-05',0,'2020-11-29',0.00,345.00,0.00,'','2021-02-05 11:17:52','USR-202008000',NULL,NULL,NULL,NULL),(1281,'COW-202101064','2021-02-05',0,'2021-01-13',0.00,369.00,0.00,'','2021-02-05 11:18:03','USR-202008000',NULL,NULL,NULL,NULL),(1282,'COW-202101110','2021-02-05',0,'2021-01-19',0.00,427.00,0.00,'','2021-02-05 11:18:05','USR-202008000',NULL,NULL,NULL,NULL),(1283,'COW-202101079','2021-02-05',0,'2020-09-21',0.00,326.00,0.00,'','2021-02-05 11:18:35','USR-202008000',NULL,NULL,NULL,NULL),(1284,'COW-202101079','2021-02-05',0,'2020-10-21',0.00,350.00,0.00,'','2021-02-05 11:18:50','USR-202008000',NULL,NULL,NULL,NULL),(1285,'COW-202012119','2021-02-05',0,'2020-09-02',0.00,245.00,0.00,'','2021-02-05 11:19:03','USR-202008000',NULL,NULL,NULL,NULL),(1286,'COW-202101079','2021-02-05',0,'2020-11-21',0.00,380.00,0.00,'','2021-02-05 11:19:15','USR-202008000',NULL,NULL,NULL,NULL),(1287,'COW-202012119','2021-02-05',0,'2020-11-29',0.00,316.00,0.00,'','2021-02-05 11:19:19','USR-202008000',NULL,NULL,NULL,NULL),(1288,'COW-202101079','2021-02-05',0,'2021-01-13',0.00,456.00,0.00,'','2021-02-05 11:19:30','USR-202008000',NULL,NULL,NULL,NULL),(1289,'COW-202012119','2021-02-05',0,'2021-01-19',0.00,352.00,0.00,'','2021-02-05 11:19:32','USR-202008000',NULL,NULL,NULL,NULL),(1290,'COW-202101089','2021-02-05',0,'2020-09-17',0.00,410.00,0.00,'','2021-02-05 11:19:56','USR-202008000',NULL,NULL,NULL,NULL),(1291,'COW-202101089','2021-02-05',0,'2020-10-16',0.00,429.00,0.00,'','2021-02-05 11:20:13','USR-202008000',NULL,NULL,NULL,NULL),(1292,'COW-202101089','2021-02-05',0,'2020-11-21',0.00,435.00,0.00,'','2021-02-05 11:20:27','USR-202008000',NULL,NULL,NULL,NULL),(1293,'COW-202101089','2021-02-05',0,'2021-01-13',0.00,493.00,0.00,'','2021-02-05 11:20:46','USR-202008000',NULL,NULL,NULL,NULL),(1294,'COW-202101118','2021-02-05',0,'2020-09-17',0.00,392.00,0.00,'','2021-02-05 11:21:21','USR-202008000',NULL,NULL,NULL,NULL),(1295,'COW-202101118','2021-02-05',0,'2020-10-16',0.00,406.00,0.00,'','2021-02-05 11:21:34','USR-202008000',NULL,NULL,NULL,NULL),(1296,'COW-202101118','2021-02-05',0,'2020-11-21',0.00,419.00,0.00,'','2021-02-05 11:21:53','USR-202008000',NULL,NULL,NULL,NULL),(1297,'COW-202101118','2021-02-05',0,'2021-01-13',0.00,461.00,0.00,'','2021-02-05 11:22:05','USR-202008000',NULL,NULL,NULL,NULL),(1298,'COW-202101124','2021-02-05',0,'2020-09-17',0.00,444.00,0.00,'','2021-02-05 11:22:30','USR-202008000',NULL,NULL,NULL,NULL),(1299,'COW-202101124','2021-02-05',0,'2020-10-16',0.00,470.00,0.00,'','2021-02-05 11:22:44','USR-202008000',NULL,NULL,NULL,NULL),(1300,'COW-202012141','2021-02-05',0,'2020-08-15',0.00,232.00,0.00,'','2021-02-05 11:22:48','USR-202008000',NULL,NULL,NULL,NULL),(1301,'COW-202012141','2021-02-05',0,'2020-09-20',0.00,289.00,0.00,'','2021-02-05 11:23:04','USR-202008000',NULL,NULL,NULL,NULL),(1302,'COW-202101124','2021-02-05',0,'2020-11-21',0.00,467.00,0.00,'','2021-02-05 11:23:07','USR-202008000',NULL,NULL,NULL,NULL),(1303,'COW-202012141','2021-02-05',0,'2020-11-08',0.00,324.00,0.00,'','2021-02-05 11:23:21','USR-202008000',NULL,NULL,NULL,NULL),(1304,'COW-202101124','2021-02-05',0,'2021-01-13',0.00,531.00,0.00,'','2021-02-05 11:23:22','USR-202008000',NULL,NULL,NULL,NULL),(1305,'COW-202012141','2021-02-05',0,'2021-01-19',0.00,372.00,0.00,'','2021-02-05 11:23:34','USR-202008000',NULL,NULL,NULL,NULL),(1306,'COW-202101125','2021-02-05',0,'2020-09-17',0.00,444.00,0.00,'','2021-02-05 11:23:52','USR-202008000',NULL,NULL,NULL,NULL),(1307,'COW-202101125','2021-02-05',0,'2020-10-16',0.00,460.00,0.00,'','2021-02-05 11:24:09','USR-202008000',NULL,NULL,NULL,NULL),(1308,'COW-202101125','2021-02-05',0,'2020-11-21',0.00,463.00,0.00,'','2021-02-05 11:24:21','USR-202008000',NULL,NULL,NULL,NULL),(1309,'COW-202101125','2021-02-05',0,'2021-01-13',0.00,527.00,0.00,'','2021-02-05 11:24:37','USR-202008000',NULL,NULL,NULL,NULL),(1310,'COW-202101012','2021-02-05',0,'2020-08-31',0.00,310.00,0.00,'','2021-02-05 11:25:48','USR-202008000',NULL,NULL,NULL,NULL),(1311,'COW-202101012','2021-02-05',0,'2020-09-21',0.00,349.00,0.00,'','2021-02-05 11:26:06','USR-202008000',NULL,NULL,NULL,NULL),(1312,'COW-202101012','2021-02-05',0,'2020-10-21',0.00,353.00,0.00,'','2021-02-05 11:26:25','USR-202008000',NULL,NULL,NULL,NULL),(1313,'COW-202101012','2021-02-05',0,'2020-11-08',0.00,367.00,0.00,'','2021-02-05 11:26:41','USR-202008000',NULL,NULL,NULL,NULL),(1314,'COW-202101012','2021-02-05',0,'2021-01-19',0.00,429.00,0.00,'','2021-02-05 11:26:58','USR-202008000',NULL,NULL,NULL,NULL),(1315,'COW-202102021','2020-01-25',1,'2020-01-25',0.00,200.00,0.00,'','2021-02-05 11:45:40','USR-202008000','2021-02-05 11:46:20','USR-202008000',NULL,NULL),(1316,'COW-202102021','2021-02-05',0,'2020-08-30',0.00,386.00,0.00,'','2021-02-05 11:46:54','USR-202008000',NULL,NULL,NULL,NULL),(1317,'COW-202102021','2021-02-05',0,'2020-09-21',0.00,424.00,0.00,'','2021-02-05 11:48:16','USR-202008000',NULL,NULL,NULL,NULL),(1318,'COW-202102021','2021-02-05',0,'2020-11-08',0.00,464.00,0.00,'','2021-02-05 11:48:31','USR-202008000',NULL,NULL,NULL,NULL),(1319,'COW-202102021','2021-02-05',0,'2021-01-19',0.00,544.00,0.00,'','2021-02-05 11:48:47','USR-202008000',NULL,NULL,NULL,NULL),(1320,'COW-202101111','2021-02-05',0,'2020-09-21',0.00,325.00,0.00,'','2021-02-05 11:49:54','USR-202008000',NULL,NULL,NULL,NULL),(1321,'COW-202101111','2021-02-05',0,'2020-10-21',0.00,335.00,0.00,'','2021-02-05 11:50:10','USR-202008000',NULL,NULL,NULL,NULL),(1322,'COW-202101111','2021-02-05',0,'2020-11-08',0.00,351.00,0.00,'','2021-02-05 11:50:24','USR-202008000',NULL,NULL,NULL,NULL),(1323,'COW-202101111','2021-02-05',0,'2021-01-19',0.00,394.00,0.00,'','2021-02-05 11:50:39','USR-202008000',NULL,NULL,NULL,NULL),(1324,'COW-202101041','2021-02-05',0,'2020-08-31',0.00,327.00,0.00,'','2021-02-05 11:51:39','USR-202008000',NULL,NULL,NULL,NULL),(1325,'COW-202101041','2021-02-05',0,'2020-09-21',0.00,369.00,0.00,'','2021-02-05 11:51:57','USR-202008000',NULL,NULL,NULL,NULL),(1326,'COW-202101041','2021-02-05',0,'2020-11-08',0.00,402.00,0.00,'','2021-02-05 11:52:17','USR-202008000',NULL,NULL,NULL,NULL),(1327,'COW-202101041','2021-02-05',0,'2021-01-19',0.00,467.00,0.00,'','2021-02-05 11:52:30','USR-202008000',NULL,NULL,NULL,NULL),(1328,'COW-202101238','2021-02-05',0,'2020-08-04',0.00,207.00,0.00,'','2021-02-05 11:53:29','USR-202008000',NULL,NULL,NULL,NULL),(1329,'COW-202101238','2021-02-05',0,'2020-09-18',0.00,280.00,0.00,'','2021-02-05 11:53:46','USR-202008000',NULL,NULL,NULL,NULL),(1330,'COW-202101238','2021-02-05',0,'2020-09-05',0.00,297.00,0.00,'','2021-02-05 11:54:58','USR-202008000',NULL,NULL,NULL,NULL),(1331,'COW-202101238','2021-02-05',0,'2020-11-08',0.00,311.00,0.00,'','2021-02-05 11:55:24','USR-202008000',NULL,NULL,NULL,NULL),(1332,'COW-202101238','2021-02-05',0,'2021-01-19',0.00,392.00,0.00,'','2021-02-05 11:55:39','USR-202008000',NULL,NULL,NULL,NULL),(1333,'COW-202101122','2021-02-05',0,'2020-09-01',0.00,282.00,0.00,'','2021-02-05 13:23:13','USR-202008000',NULL,NULL,NULL,NULL),(1334,'COW-202101122','2021-02-05',0,'2020-09-20',0.00,313.00,0.00,'','2021-02-05 13:23:27','USR-202008000',NULL,NULL,NULL,NULL),(1335,'COW-202101122','2021-02-05',0,'2020-10-21',0.00,338.00,0.00,'','2021-02-05 13:23:45','USR-202008000',NULL,NULL,NULL,NULL),(1336,'COW-202101122','2021-02-05',0,'2020-11-08',0.00,342.00,0.00,'','2021-02-05 13:24:03','USR-202008000',NULL,NULL,NULL,NULL),(1337,'COW-202101122','2021-02-05',0,'2021-01-19',0.00,386.00,0.00,'','2021-02-05 13:24:17','USR-202008000',NULL,NULL,NULL,NULL),(1338,'COW-202012089','2021-02-05',0,'2020-09-01',0.00,297.00,0.00,'','2021-02-05 13:25:54','USR-202008000',NULL,NULL,NULL,NULL),(1339,'COW-202012089','2021-02-05',0,'2020-09-20',0.00,319.00,0.00,'','2021-02-05 13:26:26','USR-202008000',NULL,NULL,NULL,NULL),(1340,'COW-202012089','2021-02-05',0,'2020-12-14',0.00,398.00,0.00,'','2021-02-05 13:28:19','USR-202008000',NULL,NULL,NULL,NULL),(1341,'COW-202012089','2021-02-05',0,'2021-01-20',0.00,421.00,0.00,'','2021-02-05 13:28:36','USR-202008000',NULL,NULL,NULL,NULL),(1342,'COW-202012110','2021-02-05',0,'2020-12-14',0.00,224.00,0.00,'','2021-02-05 13:33:47','USR-202008000',NULL,NULL,NULL,NULL),(1343,'COW-202012110','2021-02-05',0,'2021-01-20',0.00,268.00,0.00,'','2021-02-05 13:34:01','USR-202008000',NULL,NULL,NULL,NULL),(1344,'COW-202101044','2021-02-05',0,'2020-12-14',0.00,450.00,0.00,'','2021-02-05 13:35:12','USR-202008000',NULL,NULL,NULL,NULL),(1345,'COW-202101044','2021-02-05',0,'2021-01-20',0.00,511.00,0.00,'','2021-02-05 13:35:27','USR-202008000',NULL,NULL,NULL,NULL),(1346,'COW-202101091','2021-02-05',0,'2020-12-14',0.00,197.00,0.00,'','2021-02-05 13:37:45','USR-202008000',NULL,NULL,NULL,NULL),(1347,'COW-202101091','2021-02-05',0,'2021-01-20',0.00,243.00,0.00,'','2021-02-05 13:38:00','USR-202008000',NULL,NULL,NULL,NULL),(1348,'COW-202101092','2021-02-05',0,'2020-12-14',0.00,241.00,0.00,'','2021-02-05 13:40:34','USR-202008000',NULL,NULL,NULL,NULL),(1349,'COW-202101092','2021-02-05',0,'2021-01-20',0.00,297.00,0.00,'','2021-02-05 13:40:48','USR-202008000',NULL,NULL,NULL,NULL),(1350,'COW-202101097','2021-02-05',0,'2020-09-17',0.00,351.00,0.00,'','2021-02-05 13:56:19','USR-202008000',NULL,NULL,NULL,NULL),(1351,'COW-202101097','2021-02-05',0,'2020-10-17',0.00,372.00,0.00,'','2021-02-05 13:56:39','USR-202008000',NULL,NULL,NULL,NULL),(1352,'COW-202101097','2021-02-05',0,'2020-11-09',0.00,351.00,0.00,'','2021-02-05 13:56:53','USR-202008000',NULL,NULL,NULL,NULL),(1353,'COW-202101097','2021-02-05',0,'2020-12-14',0.00,357.00,0.00,'','2021-02-05 13:57:14','USR-202008000',NULL,NULL,NULL,NULL),(1354,'COW-202101097','2021-02-05',0,'2021-01-20',0.00,418.00,0.00,'','2021-02-05 13:57:30','USR-202008000',NULL,NULL,NULL,NULL),(1355,'COW-202101219','2021-02-05',0,'2020-12-14',0.00,207.00,0.00,'','2021-02-05 14:00:44','USR-202008000',NULL,NULL,NULL,NULL),(1356,'COW-202101219','2021-02-05',0,'2021-01-20',0.00,256.00,0.00,'','2021-02-05 14:00:58','USR-202008000',NULL,NULL,NULL,NULL),(1357,'COW-202101235','2021-02-05',0,'2020-08-04',0.00,236.00,0.00,'','2021-02-05 14:02:13','USR-202008000',NULL,NULL,NULL,NULL),(1358,'COW-202101235','2021-02-05',0,'2020-09-18',0.00,288.00,0.00,'','2021-02-05 14:02:28','USR-202008000',NULL,NULL,NULL,NULL),(1359,'COW-202101235','2021-02-05',0,'2020-12-14',0.00,321.00,0.00,'','2021-02-05 14:02:46','USR-202008000',NULL,NULL,NULL,NULL),(1360,'COW-202101235','2021-02-05',0,'2021-01-20',0.00,355.00,0.00,'','2021-02-05 14:03:06','USR-202008000',NULL,NULL,NULL,NULL),(1361,'COW-202101267','2021-02-05',0,'2020-08-04',0.00,163.00,0.00,'','2021-02-05 14:06:23','USR-202008000',NULL,NULL,NULL,NULL),(1362,'COW-202101267','2021-02-05',0,'2020-09-18',0.00,197.00,0.00,'','2021-02-05 14:06:39','USR-202008000',NULL,NULL,NULL,NULL),(1363,'COW-202101267','2021-02-05',0,'2020-10-14',0.00,211.00,0.00,'','2021-02-05 14:06:57','USR-202008000',NULL,NULL,NULL,NULL),(1364,'COW-202101267','2021-02-05',0,'2020-11-23',0.00,257.00,0.00,'','2021-02-05 14:07:23','USR-202008000',NULL,NULL,NULL,NULL),(1365,'COW-202101267','2021-02-05',0,'2020-12-14',0.00,262.00,0.00,'','2021-02-05 14:07:43','USR-202008000',NULL,NULL,NULL,NULL),(1366,'COW-202101267','2021-02-05',0,'2021-01-20',0.00,299.00,0.00,'','2021-02-05 14:07:56','USR-202008000',NULL,NULL,NULL,NULL),(1367,'COW-202012033','2021-02-05',0,'2021-01-16',0.00,308.00,0.00,'','2021-02-05 15:40:03','USR-202008000',NULL,NULL,NULL,NULL),(1368,'COW-202012120','2021-02-05',0,'2021-01-16',0.00,330.00,0.00,'','2021-02-05 15:41:04','USR-202008000',NULL,NULL,NULL,NULL),(1369,'COW-202101029','2021-02-05',0,'2020-09-02',0.00,230.00,0.00,'','2021-02-05 15:41:30','USR-202008000',NULL,NULL,NULL,NULL),(1370,'COW-202101029','2021-02-05',0,'2021-01-16',0.00,413.00,0.00,'','2021-02-05 15:41:43','USR-202008000',NULL,NULL,NULL,NULL),(1371,'COW-202101036','2021-02-05',0,'2020-09-17',0.00,368.00,0.00,'','2021-02-05 15:42:16','USR-202008000',NULL,NULL,NULL,NULL),(1372,'COW-202101036','2021-02-05',0,'2020-10-16',0.00,374.00,0.00,'','2021-02-05 15:42:30','USR-202008000',NULL,NULL,NULL,NULL),(1373,'COW-202101036','2021-02-05',0,'2020-11-23',0.00,411.00,0.00,'','2021-02-05 15:42:44','USR-202008000',NULL,NULL,NULL,NULL),(1374,'COW-202101036','2021-02-05',0,'2021-01-16',0.00,452.00,0.00,'','2021-02-05 15:42:55','USR-202008000',NULL,NULL,NULL,NULL),(1375,'COW-202101060','2021-02-05',0,'2021-01-16',0.00,257.00,0.00,'','2021-02-05 15:43:50','USR-202008000',NULL,NULL,NULL,NULL),(1376,'COW-202101061','2021-02-05',0,'2020-09-17',0.00,391.00,0.00,'','2021-02-05 15:44:23','USR-202008000',NULL,NULL,NULL,NULL),(1377,'COW-202101061','2021-02-05',0,'2020-10-16',0.00,418.00,0.00,'','2021-02-05 15:44:38','USR-202008000',NULL,NULL,NULL,NULL),(1378,'COW-202101061','2021-02-05',0,'2020-11-23',0.00,437.00,0.00,'','2021-02-05 15:44:54','USR-202008000',NULL,NULL,NULL,NULL),(1379,'COW-202101061','2021-02-05',0,'2021-01-16',0.00,475.00,0.00,'','2021-02-05 15:45:06','USR-202008000',NULL,NULL,NULL,NULL),(1380,'COW-202101073','2021-02-05',0,'2020-09-17',0.00,391.00,0.00,'','2021-02-05 15:47:37','USR-202008000',NULL,NULL,NULL,NULL),(1381,'COW-202101073','2021-02-05',0,'2020-10-16',0.00,416.00,0.00,'','2021-02-05 15:47:53','USR-202008000',NULL,NULL,NULL,NULL),(1382,'COW-202101073','2021-02-05',0,'2020-11-23',0.00,431.00,0.00,'','2021-02-05 15:48:14','USR-202008000',NULL,NULL,NULL,NULL),(1383,'COW-202101073','2021-02-05',0,'2021-01-16',0.00,470.00,0.00,'','2021-02-05 15:48:24','USR-202008000',NULL,NULL,NULL,NULL),(1384,'COW-202101090','2021-02-05',0,'2020-09-17',0.00,368.00,0.00,'','2021-02-05 15:48:56','USR-202008000',NULL,NULL,NULL,NULL),(1385,'COW-202101090','2021-02-05',0,'2020-10-16',0.00,401.00,0.00,'','2021-02-05 15:49:31','USR-202008000',NULL,NULL,NULL,NULL),(1386,'COW-202101090','2021-02-05',0,'2020-11-23',0.00,463.00,0.00,'','2021-02-05 15:49:53','USR-202008000',NULL,NULL,NULL,NULL),(1387,'COW-202101090','2021-02-05',0,'2021-01-16',0.00,533.00,0.00,'','2021-02-05 15:50:09','USR-202008000',NULL,NULL,NULL,NULL),(1388,'COW-202101131','2021-02-05',0,'2020-09-02',0.00,218.00,0.00,'','2021-02-05 15:50:46','USR-202008000',NULL,NULL,NULL,NULL),(1389,'COW-202101131','2021-02-05',0,'2021-01-16',0.00,359.00,0.00,'','2021-02-05 15:51:02','USR-202008000',NULL,NULL,NULL,NULL),(1390,'COW-202101169','2021-02-05',0,'2020-09-02',0.00,182.00,0.00,'','2021-02-05 15:51:44','USR-202008000',NULL,NULL,NULL,NULL),(1391,'COW-202101169','2021-02-05',0,'2021-01-16',0.00,266.00,0.00,'','2021-02-05 15:51:58','USR-202008000',NULL,NULL,NULL,NULL),(1392,'COW-202101170','2021-02-05',0,'2021-01-16',0.00,202.00,0.00,'','2021-02-05 15:52:23','USR-202008000',NULL,NULL,NULL,NULL),(1393,'COW-202101174','2021-02-05',0,'2020-09-02',0.00,192.00,0.00,'','2021-02-05 15:53:08','USR-202008000',NULL,NULL,NULL,NULL),(1394,'COW-202101174','2021-02-05',0,'2021-01-16',0.00,264.00,0.00,'','2021-02-05 15:53:24','USR-202008000',NULL,NULL,NULL,NULL),(1395,'COW-202101199','2021-02-05',0,'2021-01-16',0.00,263.00,0.00,'','2021-02-05 15:53:51','USR-202008000',NULL,NULL,NULL,NULL),(1396,'COW-202012094','2021-02-05',0,'2020-09-04',0.00,229.00,0.00,'','2021-02-05 15:56:00','USR-202008000',NULL,NULL,NULL,NULL),(1397,'COW-202012094','2021-02-05',0,'2021-01-16',0.00,305.00,0.00,'','2021-02-05 15:56:20','USR-202008000',NULL,NULL,NULL,NULL),(1398,'COW-202101196','2021-02-05',0,'2020-08-04',0.00,203.00,0.00,'','2021-02-05 15:56:55','USR-202008000',NULL,NULL,NULL,NULL),(1399,'COW-202101196','2021-02-05',0,'2020-09-18',0.00,275.00,0.00,'','2021-02-05 15:57:09','USR-202008000',NULL,NULL,NULL,NULL),(1400,'COW-202101196','2021-02-05',0,'2020-10-14',0.00,288.00,0.00,'','2021-02-05 15:57:29','USR-202008000',NULL,NULL,NULL,NULL),(1401,'COW-202101196','2021-02-05',0,'2020-11-23',0.00,349.00,0.00,'','2021-02-05 15:57:47','USR-202008000',NULL,NULL,NULL,NULL),(1402,'COW-202101196','2021-02-05',0,'2021-01-16',0.00,425.00,0.00,'','2021-02-05 15:58:03','USR-202008000',NULL,NULL,NULL,NULL),(1403,'COW-202101215','2021-02-05',0,'2020-08-04',0.00,201.00,0.00,'','2021-02-05 15:58:33','USR-202008000',NULL,NULL,NULL,NULL),(1404,'COW-202101215','2021-02-05',0,'2020-09-18',0.00,249.00,0.00,'','2021-02-05 15:59:12','USR-202008000',NULL,NULL,NULL,NULL),(1405,'COW-202101215','2021-02-05',0,'2020-10-14',0.00,246.00,0.00,'','2021-02-05 15:59:25','USR-202008000',NULL,NULL,NULL,NULL),(1406,'COW-202101215','2021-02-05',0,'2020-11-23',0.00,295.00,0.00,'','2021-02-05 16:00:25','USR-202008000',NULL,NULL,NULL,NULL),(1407,'COW-202101215','2021-02-05',0,'2021-01-16',0.00,350.00,0.00,'','2021-02-05 16:00:39','USR-202008000',NULL,NULL,NULL,NULL),(1408,'COW-202101231','2021-02-05',0,'2020-08-04',0.00,185.00,0.00,'','2021-02-05 16:01:07','USR-202008000',NULL,NULL,NULL,NULL),(1409,'COW-202101231','2021-02-05',0,'2020-09-18',0.00,199.00,0.00,'','2021-02-05 16:01:25','USR-202008000',NULL,NULL,NULL,NULL),(1410,'COW-202101231','2021-02-05',0,'2020-10-15',0.00,217.00,0.00,'','2021-02-05 16:01:38','USR-202008000',NULL,NULL,NULL,NULL),(1411,'COW-202101231','2021-02-05',0,'2020-11-23',0.00,250.00,0.00,'','2021-02-05 16:01:51','USR-202008000',NULL,NULL,NULL,NULL),(1412,'COW-202101231','2021-02-05',0,'2021-01-16',0.00,289.00,0.00,'','2021-02-05 16:02:07','USR-202008000',NULL,NULL,NULL,NULL),(1413,'COW-202101243','2021-02-05',0,'2020-08-04',0.00,224.00,0.00,'','2021-02-05 16:02:54','USR-202008000',NULL,NULL,NULL,NULL),(1414,'COW-202101243','2021-02-05',0,'2020-09-18',0.00,286.00,0.00,'','2021-02-05 16:03:08','USR-202008000',NULL,NULL,NULL,NULL),(1415,'COW-202101243','2021-02-05',0,'2020-10-14',0.00,305.00,0.00,'','2021-02-05 16:03:20','USR-202008000',NULL,NULL,NULL,NULL),(1416,'COW-202101243','2021-02-05',0,'2020-11-23',0.00,372.00,0.00,'','2021-02-05 16:03:33','USR-202008000',NULL,NULL,NULL,NULL),(1417,'COW-202101243','2021-02-05',0,'2021-01-16',0.00,433.00,0.00,'','2021-02-05 16:03:47','USR-202008000',NULL,NULL,NULL,NULL),(1418,'COW-202101245','2021-02-05',0,'2020-08-04',0.00,200.00,0.00,'','2021-02-05 16:04:19','USR-202008000',NULL,NULL,NULL,NULL),(1419,'COW-202101245','2021-02-05',0,'2020-09-18',0.00,265.00,0.00,'','2021-02-05 16:04:42','USR-202008000',NULL,NULL,NULL,NULL),(1420,'COW-202101245','2021-02-05',0,'2020-10-15',0.00,259.00,0.00,'','2021-02-05 16:05:13','USR-202008000',NULL,NULL,NULL,NULL),(1421,'COW-202101245','2021-02-05',0,'2020-11-23',0.00,335.00,0.00,'','2021-02-05 16:05:30','USR-202008000',NULL,NULL,NULL,NULL),(1422,'COW-202101245','2021-02-05',0,'2021-01-16',0.00,391.00,0.00,'','2021-02-05 16:06:03','USR-202008000',NULL,NULL,NULL,NULL),(1423,'COW-202101246','2021-02-05',0,'2020-08-04',0.00,225.00,0.00,'','2021-02-05 16:11:53','USR-202008000',NULL,NULL,NULL,NULL),(1424,'COW-202101246','2021-02-05',0,'2020-09-18',0.00,279.00,0.00,'','2021-02-05 16:12:08','USR-202008000',NULL,NULL,NULL,NULL),(1425,'COW-202101246','2021-02-05',0,'2020-10-15',0.00,293.00,0.00,'','2021-02-05 16:12:24','USR-202008000',NULL,NULL,NULL,NULL),(1426,'COW-202101246','2021-02-05',0,'2020-11-23',0.00,325.00,0.00,'','2021-02-05 16:12:38','USR-202008000',NULL,NULL,NULL,NULL),(1427,'COW-202101246','2021-02-05',0,'2021-01-16',0.00,396.00,0.00,'','2021-02-05 16:12:51','USR-202008000',NULL,NULL,NULL,NULL),(1428,'COW-202101269','2021-02-05',0,'2020-08-04',0.00,225.00,0.00,'','2021-02-05 16:13:30','USR-202008000',NULL,NULL,NULL,NULL),(1429,'COW-202101269','2021-02-05',0,'2020-09-18',0.00,282.00,0.00,'','2021-02-05 16:13:47','USR-202008000',NULL,NULL,NULL,NULL),(1430,'COW-202101269','2021-02-05',0,'2020-10-14',0.00,295.00,0.00,'','2021-02-05 16:14:01','USR-202008000',NULL,NULL,NULL,NULL),(1431,'COW-202101269','2021-02-05',0,'2020-11-23',0.00,351.00,0.00,'','2021-02-05 16:14:15','USR-202008000',NULL,NULL,NULL,NULL),(1432,'COW-202101269','2021-02-05',0,'2021-01-16',0.00,405.00,0.00,'','2021-02-05 16:14:30','USR-202008000',NULL,NULL,NULL,NULL),(1433,'COW-202101017','2021-02-05',0,'2021-01-16',0.00,296.00,0.00,'','2021-02-05 16:14:56','USR-202008000',NULL,NULL,NULL,NULL),(1434,'COW-202012086','2021-02-05',0,'2020-09-17',0.00,325.00,0.00,'','2021-02-05 16:18:49','USR-202008000',NULL,NULL,NULL,NULL),(1435,'COW-202012086','2021-02-05',0,'2020-11-21',0.00,340.00,0.00,'','2021-02-05 16:19:07','USR-202008000',NULL,NULL,NULL,NULL),(1436,'COW-202012086','2021-02-05',0,'2021-01-14',0.00,406.00,0.00,'','2021-02-05 16:20:05','USR-202008000',NULL,NULL,NULL,NULL),(1437,'COW-202012102','2021-02-05',0,'2020-09-17',0.00,355.00,0.00,'','2021-02-05 16:25:29','USR-202008000',NULL,NULL,NULL,NULL),(1438,'COW-202012102','2021-02-05',0,'2020-10-17',0.00,395.00,0.00,'','2021-02-05 16:25:57','USR-202008000',NULL,NULL,NULL,NULL),(1439,'COW-202012102','2021-02-05',0,'2020-11-21',0.00,406.00,0.00,'','2021-02-05 16:26:09','USR-202008000',NULL,NULL,NULL,NULL),(1440,'COW-202012102','2021-02-05',0,'2021-01-14',0.00,461.00,0.00,'','2021-02-05 16:26:23','USR-202008000',NULL,NULL,NULL,NULL),(1441,'COW-202012136','2021-02-05',0,'2020-09-17',0.00,323.00,0.00,'','2021-02-05 17:06:21','USR-202008000',NULL,NULL,NULL,NULL),(1442,'COW-202012136','2021-02-05',0,'2020-10-17',0.00,347.00,0.00,'','2021-02-05 17:06:37','USR-202008000',NULL,NULL,NULL,NULL),(1443,'COW-202012136','2021-02-05',0,'2020-11-21',0.00,360.00,0.00,'','2021-02-05 17:08:22','USR-202008000',NULL,NULL,NULL,NULL),(1444,'COW-202012136','2021-02-05',0,'2021-01-14',0.00,433.00,0.00,'','2021-02-05 17:08:32','USR-202008000',NULL,NULL,NULL,NULL),(1445,'COW-202101018','2021-02-05',0,'2020-09-17',0.00,325.00,0.00,'','2021-02-05 17:08:54','USR-202008000',NULL,NULL,NULL,NULL),(1446,'COW-202101018','2021-02-05',0,'2020-10-16',0.00,346.00,0.00,'','2021-02-05 17:09:08','USR-202008000',NULL,NULL,NULL,NULL),(1447,'COW-202101018','2021-02-05',0,'2020-11-21',0.00,347.00,0.00,'','2021-02-05 17:09:20','USR-202008000',NULL,NULL,NULL,NULL),(1448,'COW-202101018','2021-02-05',0,'2021-01-14',0.00,412.00,0.00,'','2021-02-05 17:09:36','USR-202008000',NULL,NULL,NULL,NULL),(1449,'COW-202101038','2021-02-05',0,'2020-09-17',0.00,393.00,0.00,'','2021-02-05 17:11:01','USR-202008000',NULL,NULL,NULL,NULL),(1450,'COW-202101038','2021-02-05',0,'2020-10-17',0.00,406.00,0.00,'','2021-02-05 17:11:18','USR-202008000',NULL,NULL,NULL,NULL),(1451,'COW-202101038','2021-02-05',0,'2020-11-21',0.00,398.00,0.00,'','2021-02-05 17:11:31','USR-202008000',NULL,NULL,NULL,NULL),(1452,'COW-202101039','2021-02-05',0,'2020-10-17',0.00,410.00,0.00,'','2021-02-05 17:12:04','USR-202008000',NULL,NULL,NULL,NULL),(1453,'COW-202101039','2021-02-05',0,'2020-11-21',0.00,436.00,0.00,'','2021-02-05 17:12:17','USR-202008000',NULL,NULL,NULL,NULL),(1454,'COW-202101039','2021-02-05',0,'2021-01-14',0.00,486.00,0.00,'','2021-02-05 17:12:31','USR-202008000',NULL,NULL,NULL,NULL),(1455,'COW-202101038','2021-02-05',0,'2021-01-14',0.00,457.00,0.00,'','2021-02-05 17:13:01','USR-202008000',NULL,NULL,NULL,NULL),(1456,'COW-202101053','2021-02-05',0,'2020-08-21',0.00,246.00,0.00,'','2021-02-05 17:13:30','USR-202008000',NULL,NULL,NULL,NULL),(1457,'COW-202101053','2021-02-05',0,'2020-09-18',0.00,304.00,0.00,'','2021-02-05 17:13:48','USR-202008000',NULL,NULL,NULL,NULL),(1458,'COW-202101053','2021-02-05',0,'2020-10-17',0.00,331.00,0.00,'','2021-02-05 17:14:01','USR-202008000',NULL,NULL,NULL,NULL),(1459,'COW-202101053','2021-02-05',0,'2020-11-21',0.00,340.00,0.00,'','2021-02-05 17:14:16','USR-202008000',NULL,NULL,NULL,NULL),(1460,'COW-202101053','2021-02-05',0,'2021-01-14',0.00,383.00,0.00,'','2021-02-05 17:14:33','USR-202008000',NULL,NULL,NULL,NULL),(1461,'COW-202101066','2021-02-05',0,'2020-09-17',0.00,320.00,0.00,'','2021-02-05 17:14:58','USR-202008000',NULL,NULL,NULL,NULL),(1462,'COW-202101066','2021-02-05',0,'2020-10-17',0.00,347.00,0.00,'','2021-02-05 17:15:15','USR-202008000',NULL,NULL,NULL,NULL),(1463,'COW-202101066','2021-02-05',0,'2020-11-21',0.00,381.00,0.00,'','2021-02-05 17:15:30','USR-202008000',NULL,NULL,NULL,NULL),(1464,'COW-202101066','2021-02-05',0,'2021-01-14',0.00,452.00,0.00,'','2021-02-05 17:15:42','USR-202008000',NULL,NULL,NULL,NULL),(1465,'COW-202101075','2021-02-05',0,'2020-08-21',0.00,278.00,0.00,'','2021-02-05 17:16:11','USR-202008000',NULL,NULL,NULL,NULL),(1466,'COW-202101075','2021-02-05',0,'2020-09-18',0.00,327.00,0.00,'','2021-02-05 17:16:26','USR-202008000',NULL,NULL,NULL,NULL),(1467,'COW-202101075','2021-02-05',0,'2020-10-17',0.00,361.00,0.00,'','2021-02-05 17:16:45','USR-202008000',NULL,NULL,NULL,NULL),(1468,'COW-202101075','2021-02-05',0,'2020-11-21',0.00,381.00,0.00,'','2021-02-05 17:16:58','USR-202008000',NULL,NULL,NULL,NULL),(1469,'COW-202101075','2021-02-05',0,'2021-01-14',0.00,450.00,0.00,'','2021-02-05 17:17:10','USR-202008000',NULL,NULL,NULL,NULL),(1470,'COW-202101075','2021-02-05',0,'2020-09-17',0.00,366.00,0.00,'','2021-02-05 17:17:30','USR-202008000',NULL,NULL,'2021-02-05 17:18:34','USR-202008000'),(1471,'COW-202101075','2021-02-05',0,'2020-10-16',0.00,390.00,0.00,'','2021-02-05 17:17:45','USR-202008000',NULL,NULL,'2021-02-05 17:18:44','USR-202008000'),(1472,'COW-202101075','2021-02-05',0,'2020-11-21',0.00,404.00,0.00,'','2021-02-05 17:17:58','USR-202008000',NULL,NULL,'2021-02-05 17:18:41','USR-202008000'),(1473,'COW-202101075','2021-02-05',0,'2021-01-14',0.00,433.00,0.00,'','2021-02-05 17:18:10','USR-202008000',NULL,NULL,'2021-02-05 17:18:37','USR-202008000'),(1474,'COW-202101116','2021-02-05',0,'2020-09-17',0.00,366.00,0.00,'','2021-02-05 17:19:14','USR-202008000',NULL,NULL,NULL,NULL),(1475,'COW-202101116','2021-02-05',0,'2020-10-16',0.00,390.00,0.00,'','2021-02-05 17:19:25','USR-202008000',NULL,NULL,NULL,NULL),(1476,'COW-202101116','2021-02-05',0,'2020-11-21',0.00,404.00,0.00,'','2021-02-05 17:19:36','USR-202008000',NULL,NULL,NULL,NULL),(1477,'COW-202101116','2021-02-05',0,'2021-01-14',0.00,433.00,0.00,'','2021-02-05 17:19:48','USR-202008000',NULL,NULL,NULL,NULL),(1478,'COW-202101119','2021-02-05',0,'2020-09-17',0.00,336.00,0.00,'','2021-02-05 17:20:28','USR-202008000',NULL,NULL,NULL,NULL),(1479,'COW-202101119','2021-02-05',0,'2020-10-17',0.00,361.00,0.00,'','2021-02-05 17:20:42','USR-202008000',NULL,NULL,NULL,NULL),(1480,'COW-202101119','2021-02-05',0,'2020-11-21',0.00,370.00,0.00,'','2021-02-05 17:20:57','USR-202008000',NULL,NULL,NULL,NULL),(1481,'COW-202101119','2021-02-05',0,'2021-01-14',0.00,455.00,0.00,'','2021-02-05 17:21:11','USR-202008000',NULL,NULL,NULL,NULL),(1482,'COW-202101138','2021-02-05',0,'2020-08-21',0.00,307.00,0.00,'','2021-02-05 17:21:36','USR-202008000',NULL,NULL,NULL,NULL),(1483,'COW-202101138','2021-02-05',0,'2020-09-18',0.00,358.00,0.00,'','2021-02-05 17:21:49','USR-202008000',NULL,NULL,NULL,NULL),(1484,'COW-202101138','2021-02-05',0,'2020-10-17',0.00,391.00,0.00,'','2021-02-05 17:22:06','USR-202008000',NULL,NULL,NULL,NULL),(1485,'COW-202101138','2021-02-05',0,'2020-11-21',0.00,399.00,0.00,'','2021-02-05 17:22:19','USR-202008000',NULL,NULL,NULL,NULL),(1486,'COW-202101138','2021-02-05',0,'2021-01-14',0.00,473.00,0.00,'','2021-02-05 17:22:36','USR-202008000',NULL,NULL,NULL,NULL),(1487,'COW-202101178','2021-02-05',0,'2020-08-21',0.00,224.00,0.00,'','2021-02-05 17:22:58','USR-202008000',NULL,NULL,NULL,NULL),(1488,'COW-202101178','2021-02-05',0,'2020-09-18',0.00,269.00,0.00,'','2021-02-05 17:23:18','USR-202008000',NULL,NULL,NULL,NULL),(1489,'COW-202101178','2021-02-05',0,'2020-10-17',0.00,293.00,0.00,'','2021-02-05 17:23:35','USR-202008000',NULL,NULL,NULL,NULL),(1490,'COW-202101178','2021-02-05',0,'2020-11-21',0.00,321.00,0.00,'','2021-02-05 17:23:50','USR-202008000',NULL,NULL,NULL,NULL),(1491,'COW-202101178','2021-02-05',0,'2021-01-14',0.00,370.00,0.00,'','2021-02-05 17:24:03','USR-202008000',NULL,NULL,NULL,NULL),(1492,'COW-202101304','2021-02-05',0,'2020-10-17',0.00,341.00,0.00,'','2021-02-05 17:24:52','USR-202008000',NULL,NULL,NULL,NULL),(1493,'COW-202101304','2021-02-05',0,'2020-11-21',0.00,412.00,0.00,'','2021-02-05 17:25:09','USR-202008000',NULL,NULL,NULL,NULL),(1494,'COW-202101304','2021-02-05',0,'2021-01-14',0.00,423.00,0.00,'','2021-02-05 17:25:20','USR-202008000',NULL,NULL,NULL,NULL),(1495,'COW-202101306','2021-02-05',0,'2020-10-17',0.00,370.00,0.00,'','2021-02-05 17:25:57','USR-202008000',NULL,NULL,NULL,NULL),(1496,'COW-202101306','2021-02-05',0,'2020-11-21',0.00,412.00,0.00,'','2021-02-05 17:26:12','USR-202008000',NULL,NULL,NULL,NULL),(1497,'COW-202101306','2021-02-05',0,'2021-01-14',0.00,471.00,0.00,'','2021-02-05 17:26:26','USR-202008000',NULL,NULL,NULL,NULL),(1498,'COW-202012103','2021-02-05',0,'2020-08-10',0.00,444.00,0.00,'','2021-02-05 18:28:59','USR-202008000',NULL,NULL,NULL,NULL),(1499,'COW-202012103','2021-02-05',0,'2020-09-20',0.00,464.00,0.00,'','2021-02-05 18:29:20','USR-202008000',NULL,NULL,NULL,NULL),(1500,'COW-202012103','2021-02-05',0,'2020-10-19',0.00,484.00,0.00,'','2021-02-05 18:30:02','USR-202008000',NULL,NULL,NULL,NULL),(1501,'COW-202012103','2021-02-05',0,'2020-11-08',0.00,496.00,0.00,'','2021-02-05 18:30:22','USR-202008000',NULL,NULL,NULL,NULL),(1502,'COW-202012103','2021-02-05',0,'2021-01-20',0.00,541.00,0.00,'','2021-02-05 18:30:48','USR-202008000',NULL,NULL,NULL,NULL),(1503,'COW-202101033','2021-02-05',0,'2020-08-31',0.00,336.00,0.00,'','2021-02-05 18:34:34','USR-202008000',NULL,NULL,NULL,NULL),(1504,'COW-202101033','2021-02-05',0,'2020-09-18',0.00,366.00,0.00,'','2021-02-05 18:35:05','USR-202008000',NULL,NULL,NULL,NULL),(1505,'COW-202101033','2021-02-05',0,'2020-10-19',0.00,380.00,0.00,'','2021-02-05 18:35:31','USR-202008000',NULL,NULL,NULL,NULL),(1506,'COW-202101033','2021-02-05',0,'2020-11-09',0.00,411.00,0.00,'','2021-02-05 18:35:49','USR-202008000',NULL,NULL,NULL,NULL),(1507,'COW-202101033','2021-02-05',0,'2021-01-20',0.00,438.00,0.00,'','2021-02-05 18:36:59','USR-202008000',NULL,NULL,NULL,NULL),(1508,'COW-202101035','2021-02-05',0,'2020-08-30',0.00,377.00,0.00,'','2021-02-05 18:38:26','USR-202008000',NULL,NULL,NULL,NULL),(1509,'COW-202101035','2021-02-05',0,'2020-09-21',0.00,402.00,0.00,'','2021-02-05 18:39:13','USR-202008000',NULL,NULL,NULL,NULL),(1510,'COW-202101035','2021-02-05',0,'2020-11-27',0.00,437.00,0.00,'','2021-02-05 18:39:36','USR-202008000',NULL,NULL,NULL,NULL),(1511,'COW-202101035','2021-02-05',0,'2021-01-20',0.00,483.00,0.00,'','2021-02-05 18:40:03','USR-202008000',NULL,NULL,NULL,NULL),(1512,'COW-202101045','2021-02-05',0,'2020-08-28',0.00,257.00,0.00,'','2021-02-05 18:42:14','USR-202008000',NULL,NULL,NULL,NULL),(1513,'COW-202101045','2021-02-05',0,'2020-11-29',0.00,350.00,0.00,'','2021-02-05 18:42:33','USR-202008000',NULL,NULL,NULL,NULL),(1514,'COW-202101045','2021-02-05',0,'2021-01-20',0.00,395.00,0.00,'','2021-02-05 18:42:57','USR-202008000',NULL,NULL,NULL,NULL),(1515,'COW-202101148','2021-02-05',0,'2020-09-04',0.00,249.00,0.00,'','2021-02-05 18:44:10','USR-202008000',NULL,NULL,NULL,NULL),(1516,'COW-202101148','2021-02-05',0,'2020-11-29',0.00,344.00,0.00,'','2021-02-05 18:44:29','USR-202008000',NULL,NULL,NULL,NULL),(1517,'COW-202101148','2021-02-05',0,'2021-01-20',0.00,389.00,0.00,'','2021-02-05 18:44:47','USR-202008000',NULL,NULL,NULL,NULL),(1518,'COW-202101271','2021-02-05',0,'2020-08-04',0.00,196.00,0.00,'','2021-02-05 18:46:35','USR-202008000',NULL,NULL,NULL,NULL),(1519,'COW-202101271','2021-02-05',0,'2020-09-18',0.00,259.00,0.00,'','2021-02-05 18:46:54','USR-202008000',NULL,NULL,NULL,NULL),(1520,'COW-202101271','2021-02-05',0,'2020-10-15',0.00,268.00,0.00,'','2021-02-05 18:47:10','USR-202008000',NULL,NULL,NULL,NULL),(1521,'COW-202101271','2021-02-05',0,'2020-11-23',0.00,310.00,0.00,'','2021-02-05 18:47:30','USR-202008000',NULL,NULL,NULL,NULL),(1522,'COW-202101271','2021-02-05',0,'2021-01-20',0.00,345.00,0.00,'','2021-02-05 18:47:48','USR-202008000',NULL,NULL,NULL,NULL),(1523,'COW-202101223','2021-02-05',0,'2020-08-04',0.00,206.00,0.00,'','2021-02-05 18:50:22','USR-202008000','2021-02-05 18:54:18','USR-202008000',NULL,NULL),(1524,'COW-202101223','2021-02-05',0,'2020-09-18',0.00,264.00,0.00,'','2021-02-05 18:50:42','USR-202008000','2021-02-05 18:53:57','USR-202008000',NULL,NULL),(1525,'COW-202101223','2021-02-05',0,'2020-10-15',0.00,268.00,0.00,'','2021-02-05 18:50:59','USR-202008000',NULL,NULL,'2021-02-05 18:53:23','USR-202008000'),(1526,'COW-202101223','2021-02-05',0,'2020-12-19',0.00,295.00,0.00,'','2021-02-05 18:51:15','USR-202008000','2021-02-05 18:53:00','USR-202008000',NULL,NULL),(1527,'COW-202101223','2021-02-05',0,'2021-01-20',0.00,320.00,0.00,'','2021-02-05 18:51:37','USR-202008000','2021-02-05 18:52:22','USR-202008000',NULL,NULL),(1528,'COW-202012096','2021-02-05',0,'2020-09-01',0.00,271.00,0.00,'','2021-02-05 18:56:12','USR-202008000',NULL,NULL,NULL,NULL),(1529,'COW-202012096','2021-02-05',0,'2020-09-20',0.00,291.00,0.00,'','2021-02-05 18:56:49','USR-202008000',NULL,NULL,NULL,NULL),(1530,'COW-202012096','2021-02-05',0,'2020-10-21',0.00,335.00,0.00,'','2021-02-05 18:57:06','USR-202008000',NULL,NULL,NULL,NULL),(1531,'COW-202012096','2021-02-05',0,'2020-11-08',0.00,364.00,0.00,'','2021-02-05 18:57:31','USR-202008000',NULL,NULL,NULL,NULL),(1532,'COW-202012096','2021-02-05',0,'2021-01-20',0.00,403.00,0.00,'','2021-02-05 18:57:48','USR-202008000',NULL,NULL,NULL,NULL),(1533,'COW-202101024','2021-02-05',0,'2020-09-01',0.00,266.00,0.00,'','2021-02-05 18:59:28','USR-202008000',NULL,NULL,NULL,NULL),(1534,'COW-202101024','2021-02-05',0,'2020-09-20',0.00,269.00,0.00,'','2021-02-05 19:00:01','USR-202008000',NULL,NULL,NULL,NULL),(1535,'COW-202101024','2021-02-05',0,'2020-10-21',0.00,285.00,0.00,'','2021-02-05 19:00:31','USR-202008000',NULL,NULL,NULL,NULL),(1536,'COW-202101024','2021-02-05',0,'2020-11-08',0.00,295.00,0.00,'','2021-02-05 19:00:46','USR-202008000',NULL,NULL,NULL,NULL),(1537,'COW-202101024','2021-02-05',0,'2021-01-20',0.00,335.00,0.00,'','2021-02-05 19:01:01','USR-202008000',NULL,NULL,NULL,NULL),(1538,'COW-202101042','2021-02-05',0,'2020-08-31',0.00,302.00,0.00,'','2021-02-05 19:02:47','USR-202008000',NULL,NULL,NULL,NULL),(1539,'COW-202101042','2021-02-05',0,'2020-09-21',0.00,342.00,0.00,'','2021-02-05 19:03:06','USR-202008000',NULL,NULL,NULL,NULL),(1540,'COW-202101042','2021-02-05',0,'2020-11-08',0.00,365.00,0.00,'','2021-02-05 19:03:27','USR-202008000',NULL,NULL,NULL,NULL),(1541,'COW-202101042','2021-02-05',0,'2021-01-20',0.00,435.00,0.00,'','2021-02-05 19:03:54','USR-202008000',NULL,NULL,NULL,NULL),(1542,'COW-202101055','2021-02-06',0,'2020-09-01',0.00,304.00,0.00,'','2021-02-06 08:50:35','USR-202008000',NULL,NULL,NULL,NULL),(1543,'COW-202101055','2021-02-06',0,'2020-09-20',0.00,338.00,0.00,'','2021-02-06 08:50:58','USR-202008000',NULL,NULL,NULL,NULL),(1544,'COW-202101055','2021-02-06',0,'2020-10-21',0.00,358.00,0.00,'','2021-02-06 08:51:16','USR-202008000',NULL,NULL,NULL,NULL),(1545,'COW-202101055','2021-02-06',0,'2020-11-08',0.00,379.00,0.00,'','2021-02-06 08:51:32','USR-202008000',NULL,NULL,NULL,NULL),(1546,'COW-202101055','2021-02-06',0,'2021-01-20',0.00,440.00,0.00,'','2021-02-06 08:51:49','USR-202008000',NULL,NULL,NULL,NULL),(1547,'COW-202101081','2021-02-06',0,'2020-08-31',0.00,292.00,0.00,'','2021-02-06 08:54:53','USR-202008000',NULL,NULL,NULL,NULL),(1548,'COW-202101081','2021-02-06',0,'2020-09-21',0.00,313.00,0.00,'','2021-02-06 08:55:18','USR-202008000',NULL,NULL,NULL,NULL),(1549,'COW-202101081','2021-02-06',0,'2020-10-21',0.00,325.00,0.00,'','2021-02-06 08:55:35','USR-202008000',NULL,NULL,NULL,NULL),(1550,'COW-202101081','2021-02-06',0,'2020-11-08',0.00,349.00,0.00,'','2021-02-06 08:55:52','USR-202008000',NULL,NULL,NULL,NULL),(1551,'COW-202101081','2021-02-06',0,'2021-01-20',0.00,425.00,0.00,'','2021-02-06 08:56:05','USR-202008000',NULL,NULL,NULL,NULL),(1552,'COW-202101087','2021-02-06',0,'2020-09-01',0.00,244.00,0.00,'','2021-02-06 08:57:53','USR-202008000',NULL,NULL,NULL,NULL),(1553,'COW-202101087','2021-02-06',0,'2020-09-20',0.00,273.00,0.00,'','2021-02-06 08:58:22','USR-202008000',NULL,NULL,NULL,NULL),(1554,'COW-202101087','2021-02-06',0,'2020-10-21',0.00,304.00,0.00,'','2021-02-06 08:58:41','USR-202008000',NULL,NULL,NULL,NULL),(1555,'COW-202101087','2021-02-06',0,'2020-11-08',0.00,325.00,0.00,'','2021-02-06 08:59:11','USR-202008000',NULL,NULL,NULL,NULL),(1556,'COW-202101087','2021-02-06',0,'2021-01-20',0.00,349.00,0.00,'','2021-02-06 08:59:32','USR-202008000',NULL,NULL,NULL,NULL),(1557,'COW-202101100','2021-02-06',0,'2020-09-01',0.00,235.00,0.00,'','2021-02-06 09:32:49','USR-202008000',NULL,NULL,NULL,NULL),(1558,'COW-202101100','2021-02-06',0,'2020-09-20',0.00,257.00,0.00,'','2021-02-06 09:33:53','USR-202008000',NULL,NULL,NULL,NULL),(1559,'COW-202101100','2021-02-06',0,'2020-10-21',0.00,285.00,0.00,'','2021-02-06 09:34:09','USR-202008000',NULL,NULL,NULL,NULL),(1560,'COW-202101100','2021-02-06',0,'2020-11-08',0.00,311.00,0.00,'','2021-02-06 09:34:24','USR-202008000',NULL,NULL,NULL,NULL),(1561,'COW-202101100','2021-02-06',0,'2021-01-20',0.00,373.00,0.00,'','2021-02-06 09:34:38','USR-202008000',NULL,NULL,NULL,NULL),(1562,'COW-202101128','2021-02-06',0,'2020-09-01',0.00,267.00,0.00,'','2021-02-06 09:37:30','USR-202008000',NULL,NULL,NULL,NULL),(1563,'COW-202101128','2021-02-06',0,'2020-09-20',0.00,278.00,0.00,'','2021-02-06 09:37:48','USR-202008000',NULL,NULL,NULL,NULL),(1564,'COW-202101128','2021-02-06',0,'2020-10-21',0.00,299.00,0.00,'','2021-02-06 09:38:07','USR-202008000',NULL,NULL,NULL,NULL),(1565,'COW-202101128','2021-02-06',0,'2020-11-08',0.00,319.00,0.00,'','2021-02-06 09:38:22','USR-202008000',NULL,NULL,NULL,NULL),(1566,'COW-202101128','2021-02-06',0,'2021-01-20',0.00,363.00,0.00,'','2021-02-06 09:38:41','USR-202008000',NULL,NULL,NULL,NULL),(1567,'COW-202101130','2021-02-06',0,'2020-09-01',0.00,249.00,0.00,'','2021-02-06 09:43:34','USR-202008000',NULL,NULL,NULL,NULL),(1568,'COW-202101130','2021-02-06',0,'2020-09-20',0.00,265.00,0.00,'','2021-02-06 09:43:47','USR-202008000',NULL,NULL,NULL,NULL),(1569,'COW-202101130','2021-02-06',0,'2020-10-21',0.00,288.00,0.00,'','2021-02-06 09:44:21','USR-202008000',NULL,NULL,NULL,NULL),(1570,'COW-202101130','2021-02-06',0,'2020-11-08',0.00,311.00,0.00,'','2021-02-06 09:44:38','USR-202008000',NULL,NULL,NULL,NULL),(1571,'COW-202101130','2021-02-06',0,'2021-01-20',0.00,358.00,0.00,'','2021-02-06 09:44:59','USR-202008000',NULL,NULL,NULL,NULL),(1572,'COW-202101295','2021-02-06',0,'2020-08-04',0.00,165.00,0.00,'','2021-02-06 09:47:57','USR-202008000',NULL,NULL,NULL,NULL),(1573,'COW-202101295','2021-02-06',0,'2020-09-18',0.00,217.00,0.00,'','2021-02-06 09:48:17','USR-202008000',NULL,NULL,NULL,NULL),(1574,'COW-202101295','2021-02-06',0,'2020-11-08',0.00,240.00,0.00,'','2021-02-06 09:48:47','USR-202008000',NULL,NULL,NULL,NULL),(1575,'COW-202101295','2021-02-06',0,'2021-01-20',0.00,305.00,0.00,'','2021-02-06 09:49:03','USR-202008000',NULL,NULL,NULL,NULL),(1576,'COW-202101027','2021-02-06',0,'2020-09-04',0.00,230.00,0.00,'','2021-02-06 10:05:32','USR-202008000',NULL,NULL,NULL,NULL),(1577,'COW-202101027','2021-02-06',0,'2020-11-29',0.00,300.00,0.00,'','2021-02-06 10:05:50','USR-202008000',NULL,NULL,NULL,NULL),(1578,'COW-202101027','2021-02-06',0,'2021-01-20',0.00,362.00,0.00,'','2021-02-06 10:06:04','USR-202008000',NULL,NULL,NULL,NULL),(1579,'COW-202101049','2021-02-06',0,'2020-09-04',0.00,247.00,0.00,'','2021-02-06 10:07:55','USR-202008000',NULL,NULL,NULL,NULL),(1580,'COW-202101049','2021-02-06',0,'2021-01-20',0.00,375.00,0.00,'','2021-02-06 10:08:11','USR-202008000',NULL,NULL,NULL,NULL),(1581,'COW-202101185','2021-02-06',0,'2020-09-03',0.00,237.00,0.00,'','2021-02-06 10:09:35','USR-202008000',NULL,NULL,NULL,NULL),(1582,'COW-202101185','2021-02-06',0,'2021-01-20',0.00,344.00,0.00,'','2021-02-06 10:10:03','USR-202008000',NULL,NULL,NULL,NULL),(1583,'COW-202012129','2021-02-06',0,'2020-08-30',0.00,360.00,0.00,'','2021-02-06 10:18:05','USR-202008000',NULL,NULL,NULL,NULL),(1584,'COW-202012129','2021-02-06',0,'2020-09-21',0.00,397.00,0.00,'','2021-02-06 10:18:21','USR-202008000',NULL,NULL,NULL,NULL),(1585,'COW-202012129','2021-02-06',0,'2020-11-27',0.00,455.00,0.00,'','2021-02-06 10:18:40','USR-202008000',NULL,NULL,NULL,NULL),(1586,'COW-202012129','2021-02-06',0,'2021-01-20',0.00,505.00,0.00,'','2021-02-06 10:18:54','USR-202008000',NULL,NULL,NULL,NULL),(1587,'COW-202012138','2021-02-06',0,'2020-08-30',0.00,326.00,0.00,'','2021-02-06 10:19:59','USR-202008000',NULL,NULL,NULL,NULL),(1588,'COW-202012138','2021-02-06',0,'2020-09-21',0.00,367.00,0.00,'','2021-02-06 10:20:14','USR-202008000',NULL,NULL,NULL,NULL),(1589,'COW-202012138','2021-02-06',0,'2020-11-27',0.00,405.00,0.00,'','2021-02-06 10:20:31','USR-202008000',NULL,NULL,NULL,NULL),(1590,'COW-202012138','2021-02-06',0,'2021-01-20',0.00,430.00,0.00,'','2021-02-06 10:20:55','USR-202008000',NULL,NULL,NULL,NULL),(1591,'COW-202012144','2021-02-06',0,'2020-08-30',0.00,411.00,0.00,'','2021-02-06 10:22:01','USR-202008000',NULL,NULL,NULL,NULL),(1592,'COW-202012144','2021-02-06',0,'2020-09-21',0.00,445.00,0.00,'','2021-02-06 10:22:16','USR-202008000',NULL,NULL,NULL,NULL),(1593,'COW-202012144','2021-02-06',0,'2020-11-27',0.00,498.00,0.00,'','2021-02-06 10:22:45','USR-202008000',NULL,NULL,NULL,NULL),(1594,'COW-202012144','2021-02-06',0,'2021-01-20',0.00,561.00,0.00,'','2021-02-06 10:22:59','USR-202008000',NULL,NULL,NULL,NULL),(1595,'COW-202101007','2021-02-06',0,'2020-08-30',0.00,383.00,0.00,'','2021-02-06 10:24:54','USR-202008000',NULL,NULL,NULL,NULL),(1596,'COW-202101007','2021-02-06',0,'2020-09-21',0.00,418.00,0.00,'','2021-02-06 10:25:09','USR-202008000',NULL,NULL,NULL,NULL),(1597,'COW-202101007','2021-02-06',0,'2020-11-27',0.00,455.00,0.00,'','2021-02-06 10:25:28','USR-202008000',NULL,NULL,NULL,NULL),(1598,'COW-202101007','2021-02-06',0,'2021-01-20',0.00,496.00,0.00,'','2021-02-06 10:25:42','USR-202008000',NULL,NULL,NULL,NULL),(1599,'COW-202101008','2021-02-06',0,'2020-08-30',0.00,364.00,0.00,'','2021-02-06 11:07:17','USR-202008000',NULL,NULL,NULL,NULL),(1600,'COW-202101008','2021-02-06',0,'2020-09-21',0.00,399.00,0.00,'','2021-02-06 11:07:36','USR-202008000',NULL,NULL,NULL,NULL),(1601,'COW-202101008','2021-02-06',0,'2020-10-21',0.00,420.00,0.00,'','2021-02-06 11:08:04','USR-202008000',NULL,NULL,NULL,NULL),(1602,'COW-202101008','2021-02-06',0,'2020-11-27',0.00,449.00,0.00,'','2021-02-06 11:08:27','USR-202008000',NULL,NULL,NULL,NULL),(1603,'COW-202101008','2021-02-06',0,'2021-01-20',0.00,487.00,0.00,'','2021-02-06 11:09:00','USR-202008000',NULL,NULL,NULL,NULL),(1604,'COW-202101022','2021-02-06',0,'2020-08-30',0.00,362.00,0.00,'','2021-02-06 11:16:06','USR-202008000',NULL,NULL,NULL,NULL),(1605,'COW-202101022','2021-02-06',0,'2020-09-21',0.00,397.00,0.00,'','2021-02-06 11:16:24','USR-202008000',NULL,NULL,NULL,NULL),(1606,'COW-202101022','2021-02-06',0,'2020-11-27',0.00,472.00,0.00,'','2021-02-06 11:16:43','USR-202008000',NULL,NULL,NULL,NULL),(1607,'COW-202101022','2021-02-06',0,'2021-01-20',0.00,515.00,0.00,'','2021-02-06 11:17:23','USR-202008000',NULL,NULL,NULL,NULL),(1608,'COW-202101023','2021-02-06',0,'2020-08-30',0.00,336.00,0.00,'','2021-02-06 11:21:33','USR-202008000',NULL,NULL,NULL,NULL),(1609,'COW-202101023','2021-02-06',0,'2020-09-21',0.00,347.00,0.00,'','2021-02-06 11:21:52','USR-202008000','2021-02-06 11:29:26','USR-202008000',NULL,NULL),(1610,'COW-202101023','2021-02-06',0,'2020-11-27',0.00,372.00,0.00,'','2021-02-06 11:28:37','USR-202008000',NULL,NULL,NULL,NULL),(1611,'COW-202101023','2021-02-06',0,'2021-01-20',0.00,402.00,0.00,'','2021-02-06 11:29:54','USR-202008000',NULL,NULL,NULL,NULL),(1612,'COW-202101043','2021-02-06',0,'2020-08-30',0.00,392.00,0.00,'','2021-02-06 11:31:14','USR-202008000','2021-02-06 11:33:41','USR-202008000',NULL,NULL),(1613,'COW-202101043','2021-02-06',0,'2020-09-21',0.00,425.00,0.00,'','2021-02-06 11:31:31','USR-202008000','2021-02-06 11:33:14','USR-202008000',NULL,NULL),(1614,'COW-202101043','2021-02-06',0,'2020-11-27',0.00,461.00,0.00,'','2021-02-06 11:31:49','USR-202008000','2021-02-06 11:32:57','USR-202008000',NULL,NULL),(1615,'COW-202101043','2021-02-06',0,'2021-01-20',0.00,475.00,0.00,'','2021-02-06 11:32:38','USR-202008000',NULL,NULL,NULL,NULL),(1616,'COW-202101054','2021-02-06',0,'2020-08-30',0.00,330.00,0.00,'','2021-02-06 11:38:54','USR-202008000',NULL,NULL,NULL,NULL),(1617,'COW-202101054','2021-02-06',0,'2020-09-21',0.00,343.00,0.00,'','2021-02-06 11:39:16','USR-202008000',NULL,NULL,NULL,NULL),(1618,'COW-202101054','2021-02-06',0,'2020-11-27',0.00,350.00,0.00,'','2021-02-06 11:39:34','USR-202008000',NULL,NULL,NULL,NULL),(1619,'COW-202101054','2021-02-06',0,'2021-01-20',0.00,375.00,0.00,'','2021-02-06 11:39:53','USR-202008000',NULL,NULL,NULL,NULL),(1620,'COW-202101057','2021-02-06',0,'2020-08-30',0.00,410.00,0.00,'','2021-02-06 11:42:07','USR-202008000',NULL,NULL,NULL,NULL),(1621,'COW-202101057','2021-02-06',0,'2020-09-21',0.00,433.00,0.00,'','2021-02-06 11:42:26','USR-202008000',NULL,NULL,NULL,NULL),(1622,'COW-202101057','2021-02-06',0,'2020-11-27',0.00,484.00,0.00,'','2021-02-06 11:43:02','USR-202008000',NULL,NULL,NULL,NULL),(1623,'COW-202101057','2021-02-06',0,'2021-01-20',0.00,529.00,0.00,'','2021-02-06 11:43:22','USR-202008000',NULL,NULL,NULL,NULL),(1624,'COW-202101072','2021-02-06',0,'2020-11-27',0.00,443.00,0.00,'','2021-02-06 11:45:10','USR-202008000',NULL,NULL,NULL,NULL),(1625,'COW-202101072','2021-02-06',0,'2021-01-20',0.00,439.00,0.00,'','2021-02-06 11:46:15','USR-202008000',NULL,NULL,NULL,NULL),(1626,'COW-202101085','2021-02-06',0,'2020-08-30',0.00,328.00,0.00,'','2021-02-06 11:53:10','USR-202008000',NULL,NULL,NULL,NULL),(1627,'COW-202101085','2021-02-06',0,'2020-09-21',0.00,333.00,0.00,'','2021-02-06 11:53:26','USR-202008000',NULL,NULL,NULL,NULL),(1628,'COW-202101085','2021-02-06',0,'2020-11-27',0.00,430.00,0.00,'','2021-02-06 11:53:48','USR-202008000',NULL,NULL,NULL,NULL),(1629,'COW-202101085','2021-02-06',0,'2021-01-20',0.00,472.00,0.00,'','2021-02-06 11:54:03','USR-202008000',NULL,NULL,NULL,NULL),(1630,'COW-202101069','2021-02-06',0,'2020-09-04',0.00,251.00,0.00,'','2021-02-06 11:57:57','USR-202008000',NULL,NULL,NULL,NULL),(1631,'COW-202101069','2021-02-06',0,'2021-01-20',0.00,399.00,0.00,'','2021-02-06 11:58:15','USR-202008000',NULL,NULL,NULL,NULL),(1632,'COW-202101152','2021-02-06',0,'2020-09-04',0.00,205.00,0.00,'','2021-02-06 12:01:31','USR-202008000',NULL,NULL,NULL,NULL),(1633,'COW-202101152','2021-02-06',0,'2020-11-05',0.00,247.00,0.00,'','2021-02-06 12:01:48','USR-202008000',NULL,NULL,NULL,NULL),(1634,'COW-202101152','2021-02-06',0,'2021-01-20',0.00,315.00,0.00,'','2021-02-06 12:02:06','USR-202008000',NULL,NULL,NULL,NULL),(1635,'COW-202101161','2021-02-06',0,'2020-09-01',0.00,243.00,0.00,'','2021-02-06 12:04:23','USR-202008000',NULL,NULL,NULL,NULL),(1636,'COW-202101161','2021-02-06',0,'2020-09-20',0.00,242.00,0.00,'','2021-02-06 12:04:46','USR-202008000',NULL,NULL,NULL,NULL),(1637,'COW-202101161','2021-02-06',0,'2020-11-05',0.00,269.00,0.00,'','2021-02-06 12:05:13','USR-202008000',NULL,NULL,NULL,NULL),(1638,'COW-202101161','2021-02-06',0,'2021-01-20',0.00,363.00,0.00,'','2021-02-06 12:05:33','USR-202008000',NULL,NULL,NULL,NULL),(1639,'COW-202101222','2021-02-06',0,'2020-08-04',0.00,215.00,0.00,'','2021-02-06 14:04:24','USR-202008000',NULL,NULL,NULL,NULL),(1640,'COW-202101222','2021-02-06',0,'2020-09-18',0.00,290.00,0.00,'','2021-02-06 14:05:36','USR-202008000',NULL,NULL,NULL,NULL),(1641,'COW-202101222','2021-02-06',0,'2020-11-05',0.00,303.00,0.00,'','2021-02-06 14:05:55','USR-202008000',NULL,NULL,NULL,NULL),(1642,'COW-202101222','2021-02-06',0,'2021-01-20',0.00,383.00,0.00,'','2021-02-06 14:06:09','USR-202008000',NULL,NULL,NULL,NULL),(1643,'COW-202101224','2021-02-06',0,'2020-08-04',0.00,195.00,0.00,'','2021-02-06 14:09:00','USR-202008000',NULL,NULL,NULL,NULL),(1644,'COW-202101224','2021-02-06',0,'2020-09-18',0.00,240.00,0.00,'','2021-02-06 14:09:15','USR-202008000',NULL,NULL,NULL,NULL),(1645,'COW-202101224','2021-02-06',0,'2020-11-05',0.00,262.00,0.00,'','2021-02-06 14:09:34','USR-202008000',NULL,NULL,NULL,NULL),(1646,'COW-202101224','2021-02-06',0,'2021-01-20',0.00,309.00,0.00,'','2021-02-06 14:09:47','USR-202008000',NULL,NULL,NULL,NULL),(1647,'COW-202101234','2021-02-06',0,'2020-08-04',0.00,218.00,0.00,'','2021-02-06 14:10:52','USR-202008000',NULL,NULL,NULL,NULL),(1648,'COW-202101234','2021-02-06',0,'2020-09-18',0.00,257.00,0.00,'','2021-02-06 14:11:07','USR-202008000',NULL,NULL,NULL,NULL),(1649,'COW-202101234','2021-02-06',0,'2020-11-05',0.00,273.00,0.00,'','2021-02-06 14:11:24','USR-202008000',NULL,NULL,NULL,NULL),(1650,'COW-202101234','2021-02-06',0,'2021-01-20',0.00,336.00,0.00,'','2021-02-06 14:12:27','USR-202008000',NULL,NULL,NULL,NULL),(1651,'COW-202101240','2021-02-06',0,'2020-08-04',0.00,177.00,0.00,'','2021-02-06 14:13:20','USR-202008000',NULL,NULL,NULL,NULL),(1652,'COW-202101240','2021-02-06',0,'2020-09-18',0.00,220.00,0.00,'','2021-02-06 14:13:34','USR-202008000',NULL,NULL,NULL,NULL),(1653,'COW-202101240','2021-02-06',0,'2020-11-05',0.00,225.00,0.00,'','2021-02-06 14:13:52','USR-202008000',NULL,NULL,NULL,NULL),(1654,'COW-202101240','2021-02-06',0,'2021-01-20',0.00,299.00,0.00,'','2021-02-06 14:14:03','USR-202008000',NULL,NULL,NULL,NULL),(1655,'COW-202101250','2021-02-06',0,'2020-08-04',0.00,162.00,0.00,'','2021-02-06 14:16:56','USR-202008000',NULL,NULL,NULL,NULL),(1656,'COW-202101250','2021-02-06',0,'2020-09-18',0.00,200.00,0.00,'','2021-02-06 14:17:11','USR-202008000',NULL,NULL,NULL,NULL),(1657,'COW-202101250','2021-02-06',0,'2020-11-05',0.00,225.00,0.00,'','2021-02-06 14:17:32','USR-202008000',NULL,NULL,NULL,NULL),(1658,'COW-202101250','2021-02-06',0,'2021-01-20',0.00,317.00,0.00,'','2021-02-06 14:17:43','USR-202008000',NULL,NULL,NULL,NULL),(1659,'COW-202101253','2021-02-06',0,'2020-08-04',0.00,181.00,0.00,'','2021-02-06 14:19:06','USR-202008000',NULL,NULL,NULL,NULL),(1660,'COW-202101253','2021-02-06',0,'2020-09-18',0.00,237.00,0.00,'','2021-02-06 14:19:20','USR-202008000',NULL,NULL,NULL,NULL),(1661,'COW-202101253','2021-02-06',0,'2020-11-05',0.00,251.00,0.00,'','2021-02-06 14:19:39','USR-202008000',NULL,NULL,NULL,NULL),(1662,'COW-202101253','2021-02-06',0,'2021-01-20',0.00,323.00,0.00,'','2021-02-06 14:19:50','USR-202008000',NULL,NULL,NULL,NULL),(1663,'COW-202101270','2021-02-06',0,'2020-08-04',0.00,154.00,0.00,'','2021-02-06 14:21:31','USR-202008000',NULL,NULL,NULL,NULL),(1664,'COW-202101270','2021-02-06',0,'2020-09-18',0.00,187.00,0.00,'','2021-02-06 14:21:50','USR-202008000',NULL,NULL,NULL,NULL),(1665,'COW-202101270','2021-02-06',0,'2020-11-05',0.00,209.00,0.00,'','2021-02-06 14:22:07','USR-202008000',NULL,NULL,NULL,NULL),(1666,'COW-202101270','2021-02-06',0,'2021-01-20',0.00,290.00,0.00,'','2021-02-06 14:22:24','USR-202008000',NULL,NULL,NULL,NULL),(1667,'COW-202101276','2021-02-06',0,'2020-08-04',0.00,188.00,0.00,'','2021-02-06 14:24:50','USR-202008000',NULL,NULL,NULL,NULL),(1668,'COW-202101276','2021-02-06',0,'2020-09-18',0.00,257.00,0.00,'','2021-02-06 14:25:09','USR-202008000',NULL,NULL,NULL,NULL),(1669,'COW-202101276','2021-02-06',0,'2020-11-05',0.00,300.00,0.00,'','2021-02-06 14:25:30','USR-202008000',NULL,NULL,NULL,NULL),(1670,'COW-202101276','2021-02-06',0,'2021-01-20',0.00,372.00,0.00,'','2021-02-06 14:25:52','USR-202008000',NULL,NULL,NULL,NULL),(1671,'COW-202101282','2021-02-06',0,'2020-08-04',0.00,181.00,0.00,'','2021-02-06 14:27:47','USR-202008000',NULL,NULL,NULL,NULL),(1672,'COW-202101282','2021-02-06',0,'2020-09-18',0.00,228.00,0.00,'','2021-02-06 14:28:09','USR-202008000',NULL,NULL,NULL,NULL),(1673,'COW-202101282','2021-02-06',0,'2020-11-05',0.00,251.00,0.00,'','2021-02-06 14:28:26','USR-202008000',NULL,NULL,NULL,NULL),(1674,'COW-202101282','2021-02-06',0,'2021-01-20',0.00,302.00,0.00,'','2021-02-06 14:28:37','USR-202008000',NULL,NULL,NULL,NULL),(1675,'COW-202101292','2021-02-06',0,'2020-08-04',0.00,175.00,0.00,'','2021-02-06 14:41:57','USR-202008000',NULL,NULL,NULL,NULL),(1676,'COW-202101292','2021-02-06',0,'2020-09-18',0.00,208.00,0.00,'','2021-02-06 14:42:13','USR-202008000',NULL,NULL,NULL,NULL),(1677,'COW-202101292','2021-02-06',0,'2020-11-05',0.00,234.00,0.00,'','2021-02-06 14:42:36','USR-202008000',NULL,NULL,NULL,NULL),(1678,'COW-202101292','2021-02-06',0,'2021-01-20',0.00,330.00,0.00,'','2021-02-06 14:42:47','USR-202008000',NULL,NULL,NULL,NULL),(1679,'COW-202101293','2021-02-06',0,'2020-08-04',0.00,156.00,0.00,'','2021-02-06 14:49:02','USR-202008000',NULL,NULL,NULL,NULL),(1680,'COW-202101293','2021-02-06',0,'2020-09-18',0.00,192.00,0.00,'','2021-02-06 14:49:22','USR-202008000',NULL,NULL,NULL,NULL),(1681,'COW-202101293','2021-02-06',0,'2020-11-05',0.00,215.00,0.00,'','2021-02-06 14:49:49','USR-202008000',NULL,NULL,NULL,NULL),(1682,'COW-202101293','2021-02-06',0,'2021-01-20',0.00,290.00,0.00,'','2021-02-06 14:50:02','USR-202008000',NULL,NULL,NULL,NULL),(1683,'COW-202012082','2021-02-06',0,'2020-08-30',0.00,374.00,0.00,'','2021-02-06 14:54:05','USR-202008000',NULL,NULL,NULL,NULL),(1684,'COW-202012082','2021-02-06',0,'2020-09-21',0.00,411.00,0.00,'','2021-02-06 14:54:24','USR-202008000',NULL,NULL,NULL,NULL),(1685,'COW-202012082','2021-02-06',0,'2020-10-21',0.00,440.00,0.00,'','2021-02-06 14:55:56','USR-202008000',NULL,NULL,NULL,NULL),(1686,'COW-202012082','2021-02-06',0,'2020-11-27',0.00,472.00,0.00,'','2021-02-06 14:56:15','USR-202008000',NULL,NULL,NULL,NULL),(1687,'COW-202012082','2021-02-06',0,'2021-01-20',0.00,520.00,0.00,'','2021-02-06 14:56:30','USR-202008000',NULL,NULL,NULL,NULL),(1688,'COW-202012092','2021-02-07',0,'2021-01-20',0.00,313.00,0.00,'','2021-02-07 11:32:01','USR-202008000',NULL,NULL,NULL,NULL),(1689,'COW-202012097','2021-02-07',0,'2020-08-30',0.00,341.00,0.00,'','2021-02-07 11:33:44','USR-202008000',NULL,NULL,NULL,NULL),(1690,'COW-202012097','2021-02-07',0,'2020-09-21',0.00,384.00,0.00,'','2021-02-07 11:34:21','USR-202008000',NULL,NULL,NULL,NULL),(1691,'COW-202012097','2021-02-07',0,'2020-10-21',0.00,400.00,0.00,'','2021-02-07 11:34:38','USR-202008000',NULL,NULL,NULL,NULL),(1692,'COW-202012097','2021-02-07',0,'2020-11-27',0.00,422.00,0.00,'','2021-02-07 11:34:59','USR-202008000',NULL,NULL,NULL,NULL),(1693,'COW-202012097','2021-02-07',0,'2021-01-20',0.00,448.00,0.00,'','2021-02-07 11:35:20','USR-202008000',NULL,NULL,NULL,NULL),(1694,'COW-202012100','2021-02-07',0,'2020-08-30',0.00,280.00,0.00,'','2021-02-07 11:36:19','USR-202008000',NULL,NULL,NULL,NULL),(1695,'COW-202012100','2021-02-07',0,'2020-09-21',0.00,331.00,0.00,'','2021-02-07 11:36:36','USR-202008000',NULL,NULL,NULL,NULL),(1696,'COW-202012100','2021-02-07',0,'2020-10-21',0.00,365.00,0.00,'','2021-02-07 11:37:17','USR-202008000',NULL,NULL,NULL,NULL),(1697,'COW-202012100','2021-02-07',0,'2020-11-27',0.00,383.00,0.00,'','2021-02-07 11:37:40','USR-202008000',NULL,NULL,NULL,NULL),(1698,'COW-202012100','2021-02-07',0,'2021-01-20',0.00,430.00,0.00,'','2021-02-07 11:37:57','USR-202008000',NULL,NULL,NULL,NULL),(1699,'COW-202012118','2021-02-07',0,'2020-08-30',0.00,408.00,0.00,'','2021-02-07 11:39:16','USR-202008000',NULL,NULL,NULL,NULL),(1700,'COW-202012118','2021-02-07',0,'2020-09-21',0.00,416.00,0.00,'','2021-02-07 11:39:31','USR-202008000',NULL,NULL,NULL,NULL),(1701,'COW-202012118','2021-02-07',0,'2020-08-21',0.00,439.00,0.00,'','2021-02-07 11:39:55','USR-202008000',NULL,NULL,NULL,NULL),(1702,'COW-202012118','2021-02-07',0,'2020-11-27',0.00,477.00,0.00,'','2021-02-07 11:40:09','USR-202008000',NULL,NULL,NULL,NULL),(1703,'COW-202012118','2021-02-07',0,'2021-01-21',0.00,515.00,0.00,'','2021-02-07 11:40:26','USR-202008000',NULL,NULL,NULL,NULL),(1704,'COW-202012124','2021-02-07',0,'2020-08-30',0.00,417.00,0.00,'','2021-02-07 11:41:31','USR-202008000',NULL,NULL,NULL,NULL),(1705,'COW-202012124','2021-02-07',0,'2020-09-21',0.00,451.00,0.00,'','2021-02-07 11:41:47','USR-202008000',NULL,NULL,NULL,NULL),(1706,'COW-202012124','2021-02-07',0,'2020-10-21',0.00,489.00,0.00,'','2021-02-07 11:42:12','USR-202008000',NULL,NULL,NULL,NULL),(1707,'COW-202012124','2021-02-07',0,'2020-11-27',0.00,508.00,0.00,'','2021-02-07 11:42:28','USR-202008000',NULL,NULL,NULL,NULL),(1708,'COW-202012124','2021-02-07',0,'2021-01-21',0.00,560.00,0.00,'','2021-02-07 11:42:45','USR-202008000',NULL,NULL,NULL,NULL),(1709,'COW-202012126','2021-02-07',0,'2020-08-30',0.00,382.00,0.00,'','2021-02-07 11:44:45','USR-202008000',NULL,NULL,NULL,NULL),(1710,'COW-202012126','2021-02-07',0,'2020-09-21',0.00,419.00,0.00,'','2021-02-07 11:45:08','USR-202008000',NULL,NULL,NULL,NULL),(1711,'COW-202012126','2021-02-07',0,'2020-10-21',0.00,449.00,0.00,'','2021-02-07 11:45:54','USR-202008000',NULL,NULL,NULL,NULL),(1712,'COW-202012126','2021-02-07',0,'2020-11-27',0.00,489.00,0.00,'','2021-02-07 11:46:09','USR-202008000',NULL,NULL,NULL,NULL),(1713,'COW-202012126','2021-02-07',0,'2021-01-21',0.00,527.00,0.00,'','2021-02-07 11:46:23','USR-202008000',NULL,NULL,NULL,NULL),(1714,'COW-202012133','2021-02-07',0,'2020-08-30',0.00,408.00,0.00,'','2021-02-07 11:56:25','USR-202008000',NULL,NULL,NULL,NULL),(1715,'COW-202012133','2021-02-07',0,'2020-09-21',0.00,439.00,0.00,'','2021-02-07 11:56:42','USR-202008000',NULL,NULL,NULL,NULL),(1716,'COW-202012133','2021-02-07',0,'2020-10-21',0.00,469.00,0.00,'','2021-02-07 11:56:59','USR-202008000',NULL,NULL,NULL,NULL),(1717,'COW-202012133','2021-02-07',0,'2020-11-27',0.00,480.00,0.00,'','2021-02-07 11:57:18','USR-202008000',NULL,NULL,NULL,NULL),(1718,'COW-202012133','2021-02-07',0,'2021-01-21',0.00,524.00,0.00,'','2021-02-07 11:57:39','USR-202008000',NULL,NULL,NULL,NULL),(1719,'COW-202012137','2021-02-07',0,'2020-08-30',0.00,373.00,0.00,'','2021-02-07 11:59:55','USR-202008000',NULL,NULL,NULL,NULL),(1720,'COW-202012137','2021-02-07',0,'2020-09-21',0.00,395.00,0.00,'','2021-02-07 12:00:15','USR-202008000',NULL,NULL,NULL,NULL),(1721,'COW-202012137','2021-02-07',0,'2020-10-21',0.00,420.00,0.00,'','2021-02-07 12:00:42','USR-202008000',NULL,NULL,NULL,NULL),(1722,'COW-202012137','2021-02-07',0,'2020-11-27',0.00,426.00,0.00,'','2021-02-07 12:00:56','USR-202008000',NULL,NULL,NULL,NULL),(1723,'COW-202012137','2021-02-07',0,'2021-01-21',0.00,462.00,0.00,'','2021-02-07 12:01:11','USR-202008000',NULL,NULL,NULL,NULL),(1724,'COW-202101002','2021-02-07',0,'2020-08-30',0.00,301.00,0.00,'','2021-02-07 12:03:23','USR-202008000',NULL,NULL,NULL,NULL),(1725,'COW-202101002','2021-02-07',0,'2020-09-21',0.00,334.00,0.00,'','2021-02-07 12:03:42','USR-202008000',NULL,NULL,NULL,NULL),(1726,'COW-202101002','2021-02-07',0,'2020-10-21',0.00,357.00,0.00,'','2021-02-07 12:03:57','USR-202008000',NULL,NULL,NULL,NULL),(1727,'COW-202101002','2021-02-07',0,'2020-11-27',0.00,372.00,0.00,'','2021-02-07 12:04:25','USR-202008000',NULL,NULL,NULL,NULL),(1728,'COW-202101002','2021-02-07',0,'2021-01-21',0.00,394.00,0.00,'','2021-02-07 12:07:36','USR-202008000',NULL,NULL,NULL,NULL),(1729,'COW-202101003','2021-02-07',0,'2020-08-30',0.00,341.00,0.00,'','2021-02-07 12:08:57','USR-202008000',NULL,NULL,NULL,NULL),(1730,'COW-202101003','2021-02-07',0,'2020-09-21',0.00,336.00,0.00,'','2021-02-07 12:09:10','USR-202008000',NULL,NULL,NULL,NULL),(1731,'COW-202101003','2021-02-07',0,'2020-10-21',0.00,368.00,0.00,'','2021-02-07 12:09:25','USR-202008000',NULL,NULL,NULL,NULL),(1732,'COW-202101003','2021-02-07',0,'2020-11-27',0.00,395.00,0.00,'','2021-02-07 12:09:38','USR-202008000',NULL,NULL,NULL,NULL),(1733,'COW-202101003','2021-02-07',0,'2021-01-21',0.00,440.00,0.00,'','2021-02-07 12:09:51','USR-202008000',NULL,NULL,NULL,NULL),(1734,'COW-202101004','2021-02-07',0,'2020-08-30',0.00,387.00,0.00,'','2021-02-07 12:10:53','USR-202008000',NULL,NULL,NULL,NULL),(1735,'COW-202101004','2021-02-07',0,'2020-09-21',0.00,426.00,0.00,'','2021-02-07 12:11:09','USR-202008000',NULL,NULL,NULL,NULL),(1736,'COW-202101004','2021-02-07',0,'2020-10-21',0.00,428.00,0.00,'','2021-02-07 12:11:24','USR-202008000',NULL,NULL,NULL,NULL),(1737,'COW-202101004','2021-02-07',0,'2020-11-27',0.00,459.00,0.00,'','2021-02-07 12:11:42','USR-202008000',NULL,NULL,NULL,NULL),(1738,'COW-202101004','2021-02-07',0,'2021-01-21',0.00,490.00,0.00,'','2021-02-07 12:11:55','USR-202008000',NULL,NULL,NULL,NULL),(1739,'COW-202101071','2021-02-08',0,'2021-01-21',0.00,286.00,0.00,'','2021-02-08 09:22:30','USR-202008000',NULL,NULL,NULL,NULL),(1740,'COW-202101117','2021-02-08',0,'2020-08-30',0.00,313.00,0.00,'','2021-02-08 10:38:26','USR-202008000',NULL,NULL,NULL,NULL),(1741,'COW-202101117','2021-02-08',0,'2020-09-21',0.00,326.00,0.00,'','2021-02-08 10:38:42','USR-202008000',NULL,NULL,NULL,NULL),(1742,'COW-202101117','2021-02-08',0,'2020-10-21',0.00,344.00,0.00,'','2021-02-08 10:39:00','USR-202008000',NULL,NULL,NULL,NULL),(1743,'COW-202101117','2021-02-08',0,'2020-11-27',0.00,363.00,0.00,'','2021-02-08 10:39:16','USR-202008000',NULL,NULL,NULL,NULL),(1744,'COW-202101117','2021-02-08',0,'2021-01-21',0.00,378.00,0.00,'','2021-02-08 10:39:32','USR-202008000',NULL,NULL,NULL,NULL),(1745,'COW-202101233','2021-02-08',0,'2020-08-04',0.00,267.00,0.00,'','2021-02-08 10:41:58','USR-202008000',NULL,NULL,NULL,NULL),(1746,'COW-202101233','2021-02-08',0,'2020-09-18',0.00,323.00,0.00,'','2021-02-08 10:42:16','USR-202008000',NULL,NULL,NULL,NULL),(1747,'COW-202101233','2021-02-08',0,'2020-10-22',0.00,346.00,0.00,'','2021-02-08 10:42:50','USR-202008000',NULL,NULL,NULL,NULL),(1748,'COW-202101233','2021-02-08',0,'2020-11-27',0.00,372.00,0.00,'','2021-02-08 10:43:35','USR-202008000',NULL,NULL,NULL,NULL),(1749,'COW-202101233','2021-02-08',0,'2021-01-21',0.00,414.00,0.00,'','2021-02-08 10:43:51','USR-202008000',NULL,NULL,NULL,NULL),(1750,'COW-202101247','2021-02-08',0,'2020-08-04',0.00,162.00,0.00,'','2021-02-08 10:49:17','USR-202008000',NULL,NULL,NULL,NULL),(1751,'COW-202101247','2021-02-08',0,'2020-09-18',0.00,203.00,0.00,'','2021-02-08 10:49:44','USR-202008000',NULL,NULL,NULL,NULL),(1752,'COW-202101247','2021-02-08',0,'2020-11-05',0.00,205.00,0.00,'','2021-02-08 10:50:04','USR-202008000',NULL,NULL,NULL,NULL),(1753,'COW-202101247','2021-02-08',0,'2020-11-27',0.00,230.00,0.00,'','2021-02-08 10:50:21','USR-202008000',NULL,NULL,NULL,NULL),(1754,'COW-202101247','2021-02-08',0,'2021-01-21',0.00,253.00,0.00,'','2021-02-08 10:50:37','USR-202008000',NULL,NULL,NULL,NULL),(1755,'COW-202101284','2021-02-08',0,'2020-08-04',0.00,245.00,0.00,'','2021-02-08 10:51:57','USR-202008000',NULL,NULL,NULL,NULL),(1756,'COW-202101284','2021-02-08',0,'2020-09-18',0.00,297.00,0.00,'','2021-02-08 10:52:14','USR-202008000',NULL,NULL,NULL,NULL),(1757,'COW-202101284','2021-02-08',0,'2020-10-29',0.00,314.00,0.00,'','2021-02-08 10:52:32','USR-202008000',NULL,NULL,NULL,NULL),(1758,'COW-202101284','2021-02-08',0,'2020-11-27',0.00,346.00,0.00,'','2021-02-08 10:52:47','USR-202008000',NULL,NULL,NULL,NULL),(1759,'COW-202101284','2021-02-08',0,'2021-01-21',0.00,373.00,0.00,'','2021-02-08 10:53:09','USR-202008000',NULL,NULL,NULL,NULL),(1760,'COW-202101197','2021-02-08',0,'2020-08-04',0.00,229.00,0.00,'','2021-02-08 11:44:40','USR-202008000',NULL,NULL,NULL,NULL),(1761,'COW-202101197','2021-02-08',0,'2020-09-18',0.00,279.00,0.00,'','2021-02-08 11:44:55','USR-202008000',NULL,NULL,NULL,NULL),(1762,'COW-202101197','2021-02-08',0,'2020-10-21',0.00,311.00,0.00,'','2021-02-08 11:45:11','USR-202008000',NULL,NULL,NULL,NULL),(1763,'COW-202101197','2021-02-08',0,'2020-12-01',0.00,330.00,0.00,'','2021-02-08 11:45:28','USR-202008000',NULL,NULL,NULL,NULL),(1764,'COW-202101197','2021-02-08',0,'2021-01-20',0.00,350.00,0.00,'','2021-02-08 11:45:50','USR-202008000','2021-02-08 11:46:27','USR-202008000',NULL,NULL),(1765,'COW-202101206','2021-02-08',0,'2020-08-04',0.00,295.00,0.00,'','2021-02-08 11:54:25','USR-202008000',NULL,NULL,NULL,NULL),(1766,'COW-202101206','2021-02-08',0,'2020-09-18',0.00,359.00,0.00,'','2021-02-08 11:54:40','USR-202008000',NULL,NULL,NULL,NULL),(1767,'COW-202101206','2021-02-08',0,'2020-10-21',0.00,372.00,0.00,'','2021-02-08 11:55:01','USR-202008000',NULL,NULL,NULL,NULL),(1768,'COW-202101206','2021-02-08',0,'2020-12-01',0.00,413.00,0.00,'','2021-02-08 11:55:13','USR-202008000',NULL,NULL,NULL,NULL),(1769,'COW-202101206','2021-02-08',0,'2021-01-20',0.00,476.00,0.00,'','2021-02-08 11:55:30','USR-202008000',NULL,NULL,NULL,NULL),(1770,'COW-202101212','2021-02-08',0,'2020-08-04',0.00,272.00,0.00,'','2021-02-08 11:57:13','USR-202008000',NULL,NULL,NULL,NULL),(1771,'COW-202101212','2021-02-08',0,'2020-09-18',0.00,308.00,0.00,'','2021-02-08 11:57:35','USR-202008000',NULL,NULL,NULL,NULL),(1772,'COW-202101212','2021-02-08',0,'2020-10-21',0.00,333.00,0.00,'','2021-02-08 11:57:54','USR-202008000','2021-02-08 11:58:11','USR-202008000',NULL,NULL),(1773,'COW-202101212','2021-02-08',0,'2020-12-01',0.00,348.00,0.00,'','2021-02-08 11:58:27','USR-202008000',NULL,NULL,NULL,NULL),(1774,'COW-202101212','2021-02-08',0,'2021-01-20',0.00,396.00,0.00,'','2021-02-08 11:58:44','USR-202008000',NULL,NULL,NULL,NULL),(1775,'COW-202101213','2021-02-08',0,'2020-08-04',0.00,265.00,0.00,'','2021-02-08 18:50:57','USR-202008000',NULL,NULL,NULL,NULL),(1776,'COW-202101213','2021-02-08',0,'2020-09-18',0.00,289.00,0.00,'','2021-02-08 18:51:22','USR-202008000',NULL,NULL,NULL,NULL),(1777,'COW-202101213','2021-02-08',0,'2020-10-21',0.00,316.00,0.00,'','2021-02-08 18:51:43','USR-202008000',NULL,NULL,NULL,NULL),(1778,'COW-202101213','2021-02-08',0,'2020-12-01',0.00,344.00,0.00,'','2021-02-08 18:52:00','USR-202008000',NULL,NULL,NULL,NULL),(1779,'COW-202101213','2021-02-08',0,'2021-01-21',0.00,380.00,0.00,'','2021-02-08 18:52:28','USR-202008000',NULL,NULL,NULL,NULL),(1780,'COW-202101221','2021-02-08',0,'2020-08-04',0.00,265.00,0.00,'','2021-02-08 18:56:40','USR-202008000',NULL,NULL,NULL,NULL),(1781,'COW-202101221','2021-02-08',0,'2020-09-18',0.00,304.00,0.00,'','2021-02-08 18:57:02','USR-202008000',NULL,NULL,NULL,NULL),(1782,'COW-202101221','2021-02-08',0,'2020-10-21',0.00,325.00,0.00,'','2021-02-08 18:57:26','USR-202008000',NULL,NULL,NULL,NULL),(1783,'COW-202101221','2021-02-08',0,'2020-12-01',0.00,341.00,0.00,'','2021-02-08 18:57:44','USR-202008000',NULL,NULL,NULL,NULL),(1784,'COW-202101221','2021-02-08',0,'2021-01-21',0.00,381.00,0.00,'','2021-02-08 18:58:01','USR-202008000',NULL,NULL,NULL,NULL),(1785,'COW-202101227','2021-02-08',0,'2020-08-04',0.00,247.00,0.00,'','2021-02-08 19:01:48','USR-202008000',NULL,NULL,NULL,NULL),(1786,'COW-202101227','2021-02-08',0,'2020-09-18',0.00,307.00,0.00,'','2021-02-08 19:02:16','USR-202008000',NULL,NULL,NULL,NULL),(1787,'COW-202101227','2021-02-08',0,'2020-10-21',0.00,330.00,0.00,'','2021-02-08 19:02:37','USR-202008000',NULL,NULL,NULL,NULL),(1788,'COW-202101227','2021-02-08',0,'2020-12-01',0.00,353.00,0.00,'','2021-02-08 19:15:44','USR-202008000',NULL,NULL,NULL,NULL),(1789,'COW-202101227','2021-02-08',0,'2021-01-20',0.00,403.00,0.00,'','2021-02-08 19:17:02','USR-202008000',NULL,NULL,NULL,NULL),(1790,'COW-202101232','2021-02-09',0,'2020-08-04',0.00,242.00,0.00,'','2021-02-09 08:00:53','USR-202008000',NULL,NULL,NULL,NULL),(1791,'COW-202101232','2021-02-09',0,'2020-09-18',0.00,299.00,0.00,'','2021-02-09 08:01:09','USR-202008000',NULL,NULL,NULL,NULL),(1792,'COW-202101232','2021-02-09',0,'2020-10-21',0.00,330.00,0.00,'','2021-02-09 08:01:27','USR-202008000',NULL,NULL,NULL,NULL),(1793,'COW-202101232','2021-02-09',0,'2020-12-01',0.00,360.00,0.00,'','2021-02-09 08:01:39','USR-202008000',NULL,NULL,NULL,NULL),(1794,'COW-202101232','2021-02-09',0,'2021-01-20',0.00,413.00,0.00,'','2021-02-09 08:01:55','USR-202008000',NULL,NULL,NULL,NULL),(1795,'COW-202101236','2021-02-09',0,'2020-08-04',0.00,262.00,0.00,'','2021-02-09 08:04:20','USR-202008000',NULL,NULL,NULL,NULL),(1796,'COW-202101236','2021-02-09',0,'2020-09-18',0.00,320.00,0.00,'','2021-02-09 08:04:33','USR-202008000',NULL,NULL,NULL,NULL),(1797,'COW-202101236','2021-02-09',0,'2020-10-21',0.00,326.00,0.00,'','2021-02-09 08:04:48','USR-202008000',NULL,NULL,NULL,NULL),(1798,'COW-202101236','2021-02-09',0,'2020-12-01',0.00,362.00,0.00,'','2021-02-09 08:05:00','USR-202008000',NULL,NULL,NULL,NULL),(1799,'COW-202101236','2021-02-09',0,'2021-01-21',0.00,426.00,0.00,'','2021-02-09 08:05:14','USR-202008000',NULL,NULL,NULL,NULL),(1800,'COW-202101256','2021-02-09',0,'2020-08-04',0.00,262.00,0.00,'','2021-02-09 08:10:37','USR-202008000',NULL,NULL,NULL,NULL),(1801,'COW-202101256','2021-02-09',0,'2020-08-04',0.00,262.00,0.00,'','2021-02-09 08:10:37','USR-202008000',NULL,NULL,'2021-02-09 08:10:51','USR-202008000'),(1802,'COW-202101256','2021-02-09',0,'2020-09-18',0.00,320.00,0.00,'','2021-02-09 08:11:09','USR-202008000',NULL,NULL,NULL,NULL),(1803,'COW-202101256','2021-02-09',0,'2020-10-21',0.00,326.00,0.00,'','2021-02-09 08:11:27','USR-202008000',NULL,NULL,NULL,NULL),(1804,'COW-202101256','2021-02-09',0,'2020-12-01',0.00,362.00,0.00,'','2021-02-09 08:11:43','USR-202008000',NULL,NULL,NULL,NULL),(1805,'COW-202101256','2021-03-12',0,'2021-01-21',0.00,416.00,0.00,'','2021-02-09 08:11:58','USR-202008000','2021-03-12 17:12:18','USR-202008000',NULL,NULL),(1806,'COW-202101258','2021-02-09',0,'2020-08-04',0.00,216.00,0.00,'','2021-02-09 08:32:32','USR-202008000',NULL,NULL,NULL,NULL),(1807,'COW-202101258','2021-02-09',0,'2020-09-18',0.00,254.00,0.00,'','2021-02-09 08:33:13','USR-202008000',NULL,NULL,NULL,NULL),(1808,'COW-202101258','2021-02-09',0,'2020-10-21',0.00,295.00,0.00,'','2021-02-09 08:33:29','USR-202008000',NULL,NULL,NULL,NULL),(1809,'COW-202101258','2021-02-09',0,'2020-12-01',0.00,334.00,0.00,'','2021-02-09 08:33:42','USR-202008000',NULL,NULL,NULL,NULL),(1810,'COW-202101258','2021-02-09',0,'2021-01-20',0.00,404.00,0.00,'','2021-02-09 08:34:44','USR-202008000',NULL,NULL,NULL,NULL),(1811,'COW-202101265','2021-02-09',0,'2020-08-04',0.00,155.00,0.00,'','2021-02-09 08:36:55','USR-202008000',NULL,NULL,NULL,NULL),(1812,'COW-202101265','2021-02-09',0,'2020-09-18',0.00,223.00,0.00,'','2021-02-09 08:37:11','USR-202008000',NULL,NULL,NULL,NULL),(1813,'COW-202101265','2021-02-09',0,'2020-10-29',0.00,260.00,0.00,'','2021-02-09 08:37:30','USR-202008000',NULL,NULL,NULL,NULL),(1814,'COW-202101265','2021-02-09',0,'2020-12-01',0.00,293.00,0.00,'','2021-02-09 08:37:42','USR-202008000',NULL,NULL,NULL,NULL),(1815,'COW-202101265','2021-02-09',0,'2021-01-20',0.00,346.00,0.00,'','2021-02-09 08:37:57','USR-202008000',NULL,NULL,NULL,NULL),(1816,'COW-202101268','2021-02-09',0,'2020-08-04',0.00,181.00,0.00,'','2021-02-09 08:41:14','USR-202008000',NULL,NULL,NULL,NULL),(1817,'COW-202101268','2021-02-09',0,'2020-09-18',0.00,212.00,0.00,'','2021-02-09 08:41:31','USR-202008000',NULL,NULL,NULL,NULL),(1818,'COW-202101268','2021-02-09',0,'2020-10-21',0.00,222.00,0.00,'','2021-02-09 08:41:51','USR-202008000',NULL,NULL,NULL,NULL),(1819,'COW-202101268','2021-02-09',0,'2020-12-01',0.00,246.00,0.00,'','2021-02-09 08:42:16','USR-202008000',NULL,NULL,NULL,NULL),(1820,'COW-202101268','2021-02-09',0,'2021-01-20',0.00,284.00,0.00,'','2021-02-09 08:42:31','USR-202008000',NULL,NULL,NULL,NULL),(1821,'COW-202101279','2021-02-09',0,'2020-08-04',0.00,209.00,0.00,'','2021-02-09 08:44:55','USR-202008000',NULL,NULL,NULL,NULL),(1822,'COW-202101279','2021-02-09',0,'2020-09-18',0.00,282.00,0.00,'','2021-02-09 08:45:13','USR-202008000',NULL,NULL,NULL,NULL),(1823,'COW-202101279','2021-02-09',0,'2020-10-21',0.00,324.00,0.00,'','2021-02-09 08:45:35','USR-202008000',NULL,NULL,NULL,NULL),(1824,'COW-202101279','2021-02-09',0,'2020-12-01',0.00,356.00,0.00,'','2021-02-09 08:45:53','USR-202008000','2021-02-09 08:46:55','USR-202008000',NULL,NULL),(1825,'COW-202101279','2021-02-09',0,'2021-01-20',0.00,397.00,0.00,'','2021-02-09 08:46:10','USR-202008000','2021-02-09 08:47:15','USR-202008000',NULL,NULL),(1826,'COW-202101281','2021-02-09',0,'2020-08-04',0.00,149.00,0.00,'','2021-02-09 08:50:27','USR-202008000',NULL,NULL,NULL,NULL),(1827,'COW-202101281','2021-02-09',0,'2020-09-18',0.00,196.00,0.00,'','2021-02-09 08:50:52','USR-202008000',NULL,NULL,NULL,NULL),(1828,'COW-202101281','2021-02-09',0,'2020-11-05',0.00,221.00,0.00,'','2021-02-09 08:51:12','USR-202008000',NULL,NULL,NULL,NULL),(1829,'COW-202101281','2021-02-09',0,'2020-12-01',0.00,247.00,0.00,'','2021-02-09 08:51:30','USR-202008000','2021-02-09 08:54:31','USR-202008000',NULL,NULL),(1830,'COW-202101281','2021-02-09',0,'2021-01-21',0.00,284.00,0.00,'','2021-02-09 08:51:47','USR-202008000',NULL,NULL,NULL,NULL),(1831,'COW-202101285','2021-02-09',0,'2020-08-04',0.00,158.00,0.00,'','2021-02-09 09:29:40','USR-202008000',NULL,NULL,NULL,NULL),(1832,'COW-202101285','2021-02-09',0,'2020-09-18',0.00,193.00,0.00,'','2021-02-09 09:29:55','USR-202008000',NULL,NULL,NULL,NULL),(1833,'COW-202101285','2021-02-09',0,'2020-11-05',0.00,223.00,0.00,'','2021-02-09 09:30:12','USR-202008000',NULL,NULL,NULL,NULL),(1834,'COW-202101285','2021-02-09',0,'2020-12-01',0.00,260.00,0.00,'','2021-02-09 09:30:25','USR-202008000',NULL,NULL,NULL,NULL),(1835,'COW-202101285','2021-02-09',0,'2021-01-21',0.00,314.00,0.00,'','2021-02-09 09:30:40','USR-202008000',NULL,NULL,NULL,NULL),(1836,'COW-202101288','2021-02-09',0,'2020-08-04',0.00,185.00,0.00,'','2021-02-09 09:32:00','USR-202008000',NULL,NULL,NULL,NULL),(1837,'COW-202101288','2021-02-09',0,'2020-09-18',0.00,225.00,0.00,'','2021-02-09 09:32:15','USR-202008000',NULL,NULL,NULL,NULL),(1838,'COW-202101288','2021-02-09',0,'2020-11-05',0.00,250.00,0.00,'','2021-02-09 09:32:31','USR-202008000',NULL,NULL,NULL,NULL),(1839,'COW-202101288','2021-02-09',0,'2020-12-01',0.00,282.00,0.00,'','2021-02-09 09:32:48','USR-202008000',NULL,NULL,NULL,NULL),(1840,'COW-202101288','2021-02-09',0,'2021-01-21',0.00,341.00,0.00,'','2021-02-09 09:33:11','USR-202008000',NULL,NULL,NULL,NULL),(1841,'COW-202012053','2021-02-16',0,'2020-08-27',0.00,246.00,0.00,'','2021-02-16 12:53:15','USR-202008000',NULL,NULL,NULL,NULL),(1842,'COW-202012053','2021-02-16',0,'2020-09-23',0.00,266.00,0.00,'','2021-02-16 12:53:32','USR-202008000',NULL,NULL,NULL,NULL),(1843,'COW-202012053','2021-02-16',0,'2020-11-21',0.00,283.00,0.00,'','2021-02-16 12:53:46','USR-202008000',NULL,NULL,NULL,NULL),(1844,'COW-202012053','2021-02-16',0,'2021-01-13',0.00,313.00,0.00,'','2021-02-16 12:54:01','USR-202008000',NULL,NULL,NULL,NULL),(1845,'COW-202012035','2021-02-16',0,'2020-08-27',0.00,283.00,0.00,'','2021-02-16 12:54:41','USR-202008000',NULL,NULL,NULL,NULL),(1846,'COW-202012035','2021-02-16',0,'2020-09-23',0.00,299.00,0.00,'','2021-02-16 12:54:55','USR-202008000',NULL,NULL,NULL,NULL),(1847,'COW-202012035','2021-02-16',0,'2020-11-21',0.00,323.00,0.00,'','2021-02-16 12:55:20','USR-202008000',NULL,NULL,NULL,NULL),(1848,'COW-202012035','2021-02-16',0,'2021-01-13',0.00,351.00,0.00,'','2021-02-16 12:55:40','USR-202008000',NULL,NULL,NULL,NULL),(1849,'COW-202101005','2021-02-16',0,'2020-08-30',0.00,374.00,0.00,'','2021-02-16 12:57:16','USR-202008000',NULL,NULL,NULL,NULL),(1850,'COW-202101005','2021-02-16',0,'2020-09-21',0.00,417.00,0.00,'','2021-02-16 12:57:33','USR-202008000',NULL,NULL,NULL,NULL),(1851,'COW-202101005','2021-02-16',0,'2020-10-21',0.00,416.00,0.00,'','2021-02-16 12:57:51','USR-202008000',NULL,NULL,NULL,NULL),(1852,'COW-202101005','2021-02-16',0,'2020-11-21',0.00,422.00,0.00,'','2021-02-16 12:58:04','USR-202008000',NULL,NULL,NULL,NULL),(1853,'COW-202101005','2021-02-16',0,'2020-11-21',0.00,422.00,0.00,'','2021-02-16 12:58:04','USR-202008000',NULL,NULL,NULL,NULL),(1854,'COW-202101005','2021-02-16',0,'2021-01-13',0.00,464.00,0.00,'','2021-02-16 12:58:19','USR-202008000',NULL,NULL,NULL,NULL),(1855,'COW-202101006','2021-02-16',0,'2020-08-30',0.00,387.00,0.00,'','2021-02-16 12:58:59','USR-202008000',NULL,NULL,NULL,NULL),(1856,'COW-202101006','2021-02-16',0,'2020-09-21',0.00,427.00,0.00,'','2021-02-16 12:59:16','USR-202008000',NULL,NULL,NULL,NULL),(1857,'COW-202101006','2021-02-16',0,'2020-10-21',0.00,453.00,0.00,'','2021-02-16 12:59:31','USR-202008000',NULL,NULL,NULL,NULL),(1858,'COW-202101006','2021-02-16',0,'2020-11-21',0.00,454.00,0.00,'','2021-02-16 12:59:45','USR-202008000',NULL,NULL,NULL,NULL),(1859,'COW-202101006','2021-02-16',0,'2021-01-13',0.00,517.00,0.00,'','2021-02-16 13:00:02','USR-202008000',NULL,NULL,NULL,NULL),(1860,'COW-202101037','2021-02-16',0,'2020-08-30',0.00,419.00,0.00,'','2021-02-16 13:01:33','USR-202008000',NULL,NULL,NULL,NULL),(1861,'COW-202101037','2021-02-16',0,'2020-09-21',0.00,417.00,0.00,'','2021-02-16 13:01:48','USR-202008000',NULL,NULL,NULL,NULL),(1862,'COW-202101037','2021-02-16',0,'2020-10-21',0.00,521.00,0.00,'','2021-02-16 13:02:01','USR-202008000',NULL,NULL,NULL,NULL),(1863,'COW-202101037','2021-02-16',0,'2020-11-21',0.00,517.00,0.00,'','2021-02-16 13:02:15','USR-202008000',NULL,NULL,NULL,NULL),(1864,'COW-202101037','2021-02-16',0,'2021-01-15',0.00,537.00,0.00,'','2021-02-16 13:02:29','USR-202008000',NULL,NULL,NULL,NULL),(1865,'COW-202101098','2021-02-16',0,'2020-09-17',0.00,394.00,0.00,'','2021-02-16 13:14:16','USR-202008000',NULL,NULL,NULL,NULL),(1866,'COW-202101098','2021-02-16',0,'2020-10-17',0.00,423.00,0.00,'','2021-02-16 13:14:33','USR-202008000',NULL,NULL,NULL,NULL),(1867,'COW-202101098','2021-02-16',0,'2020-11-21',0.00,432.00,0.00,'','2021-02-16 13:14:46','USR-202008000',NULL,NULL,NULL,NULL),(1868,'COW-202101098','2021-02-16',0,'2021-01-13',0.00,508.00,0.00,'','2021-02-16 13:15:00','USR-202008000',NULL,NULL,NULL,NULL),(1869,'COW-202101164','2021-02-16',0,'2020-09-02',0.00,202.00,0.00,'','2021-02-16 13:15:41','USR-202008000',NULL,NULL,NULL,NULL),(1870,'COW-202101164','2021-02-16',0,'2021-01-03',0.00,273.00,0.00,'','2021-02-16 13:15:54','USR-202008000',NULL,NULL,NULL,NULL),(1871,'COW-202101297','2021-02-16',0,'2020-10-17',0.00,342.00,0.00,'','2021-02-16 13:16:29','USR-202008000',NULL,NULL,NULL,NULL),(1872,'COW-202101297','2021-02-16',0,'2020-11-21',0.00,342.00,0.00,'','2021-02-16 13:16:43','USR-202008000',NULL,NULL,NULL,NULL),(1873,'COW-202101297','2021-02-16',0,'2021-01-13',0.00,388.00,0.00,'','2021-02-16 13:17:14','USR-202008000',NULL,NULL,NULL,NULL),(1874,'COW-202101300','2021-02-16',0,'2020-10-17',0.00,335.00,0.00,'','2021-02-16 13:18:10','USR-202008000',NULL,NULL,NULL,NULL),(1875,'COW-202101300','2021-02-16',0,'2020-11-21',0.00,353.00,0.00,'','2021-02-16 13:18:29','USR-202008000',NULL,NULL,NULL,NULL),(1876,'COW-202101300','2021-02-16',0,'2021-01-13',0.00,421.00,0.00,'','2021-02-16 13:18:40','USR-202008000',NULL,NULL,NULL,NULL),(1877,'COW-202101301','2021-02-16',0,'2020-10-17',0.00,292.00,0.00,'','2021-02-16 13:19:24','USR-202008000',NULL,NULL,NULL,NULL),(1878,'COW-202101301','2021-02-16',0,'2020-11-21',0.00,330.00,0.00,'','2021-02-16 13:19:37','USR-202008000',NULL,NULL,NULL,NULL),(1879,'COW-202101301','2021-02-16',0,'2021-01-13',0.00,344.00,0.00,'','2021-02-16 13:19:49','USR-202008000',NULL,NULL,NULL,NULL),(1880,'COW-202101302','2021-02-16',0,'2020-10-17',0.00,339.00,0.00,'','2021-02-16 13:20:19','USR-202008000',NULL,NULL,NULL,NULL),(1881,'COW-202101302','2021-02-16',0,'2020-11-21',0.00,353.00,0.00,'','2021-02-16 13:20:31','USR-202008000',NULL,NULL,NULL,NULL),(1882,'COW-202101302','2021-02-16',0,'2021-01-13',0.00,437.00,0.00,'','2021-02-16 13:20:46','USR-202008000',NULL,NULL,NULL,NULL),(1883,'COW-202101303','2021-02-16',0,'2020-10-17',0.00,359.00,0.00,'','2021-02-16 13:21:12','USR-202008000',NULL,NULL,NULL,NULL),(1884,'COW-202101303','2021-02-16',0,'2020-11-21',0.00,368.00,0.00,'','2021-02-16 13:21:25','USR-202008000',NULL,NULL,NULL,NULL),(1885,'COW-202101303','2021-02-16',0,'2021-01-13',0.00,444.00,0.00,'','2021-02-16 13:21:38','USR-202008000',NULL,NULL,NULL,NULL),(1886,'COW-202101305','2021-02-16',0,'2020-10-17',0.00,340.00,0.00,'','2021-02-16 13:23:41','USR-202008000',NULL,NULL,NULL,NULL),(1887,'COW-202101305','2021-02-16',0,'2020-11-21',0.00,346.00,0.00,'','2021-02-16 13:23:54','USR-202008000',NULL,NULL,NULL,NULL),(1888,'COW-202101305','2021-02-16',0,'2021-01-13',0.00,414.00,0.00,'','2021-02-16 13:24:10','USR-202008000',NULL,NULL,NULL,NULL),(1889,'COW-202012056','2021-02-16',0,'2020-08-27',0.00,275.00,0.00,'','2021-02-16 13:34:03','USR-202008000',NULL,NULL,NULL,NULL),(1890,'COW-202012056','2021-02-16',0,'2020-09-23',0.00,299.00,0.00,'','2021-02-16 13:34:31','USR-202008000',NULL,NULL,NULL,NULL),(1891,'COW-202101217','2021-02-16',0,'2020-08-04',0.00,171.00,0.00,'','2021-02-16 13:35:03','USR-202008000',NULL,NULL,NULL,NULL),(1892,'COW-202101229','2021-02-16',0,'2020-08-04',0.00,225.00,0.00,'','2021-02-16 13:35:38','USR-202008000',NULL,NULL,NULL,NULL),(1893,'COW-202101229','2021-02-16',0,'2020-09-18',0.00,303.00,0.00,'','2021-02-16 13:36:00','USR-202008000',NULL,NULL,NULL,NULL),(1894,'COW-202101239','2021-02-16',0,'2020-08-04',0.00,238.00,0.00,'','2021-02-16 13:39:27','USR-202008000',NULL,NULL,NULL,NULL),(1895,'COW-202101239','2021-02-16',0,'2020-09-18',0.00,270.00,0.00,'','2021-02-16 13:40:26','USR-202008000',NULL,NULL,NULL,NULL),(1896,'COW-202101255','2021-02-16',0,'2020-08-04',0.00,191.00,0.00,'','2021-02-16 13:40:58','USR-202008000',NULL,NULL,NULL,NULL),(1897,'COW-202101255','2021-02-16',0,'2020-09-18',0.00,254.00,0.00,'','2021-02-16 13:41:14','USR-202008000',NULL,NULL,NULL,NULL),(1898,'COW-202012132','2021-02-16',0,'2020-09-02',0.00,222.00,0.00,'','2021-02-16 13:42:40','USR-202008000',NULL,NULL,NULL,NULL),(1899,'COW-202101115','2021-02-16',0,'2020-09-02',0.00,195.00,0.00,'','2021-02-16 13:43:35','USR-202008000',NULL,NULL,NULL,NULL),(1900,'COW-202101136','2021-02-16',0,'2020-09-02',0.00,186.00,0.00,'','2021-02-16 13:44:18','USR-202008000',NULL,NULL,NULL,NULL),(1901,'COW-202101180','2021-02-16',0,'2020-09-02',0.00,217.00,0.00,'','2021-02-16 13:44:54','USR-202008000',NULL,NULL,NULL,NULL),(1902,'COW-202101080','2021-02-16',0,'2020-09-02',0.00,195.00,0.00,'','2021-02-16 14:04:16','USR-202008000',NULL,NULL,NULL,NULL),(1903,'COW-202101185','2021-02-16',0,'2020-09-03',0.00,237.00,0.00,'','2021-02-16 14:04:51','USR-202008000',NULL,NULL,'2021-03-12 16:20:18','USR-202008000'),(1904,'COW-202012125','2021-02-16',0,'2020-09-02',0.00,235.00,0.00,'','2021-02-16 14:05:59','USR-202008000',NULL,NULL,NULL,NULL),(1905,'COW-202012135','2021-02-16',0,'2020-09-02',0.00,211.00,0.00,'','2021-02-16 14:07:18','USR-202008000',NULL,NULL,NULL,NULL),(1906,'COW-202101151','2021-02-16',0,'2020-09-04',0.00,258.00,0.00,'','2021-02-16 14:07:51','USR-202008000',NULL,NULL,NULL,NULL),(1907,'COW-202101172','2021-02-16',0,'2020-09-02',0.00,168.00,0.00,'','2021-02-16 14:09:15','USR-202008000',NULL,NULL,NULL,NULL),(1908,'COW-202101186','2021-02-16',0,'2020-09-02',0.00,179.00,0.00,'','2021-02-16 14:09:49','USR-202008000',NULL,NULL,NULL,NULL),(1909,'COW-202012059','2021-02-19',0,'2020-08-27',0.00,238.00,0.00,'','2021-02-19 15:42:07','USR-202008000',NULL,NULL,NULL,NULL),(1910,'COW-202012059','2021-02-19',0,'2020-09-23',0.00,245.00,0.00,'','2021-02-19 15:42:24','USR-202008000',NULL,NULL,NULL,NULL),(1911,'COW-202012059','2021-02-19',0,'2020-11-12',0.00,258.00,0.00,'','2021-02-19 15:42:39','USR-202008000',NULL,NULL,NULL,NULL),(1912,'COW-202012059','2021-02-19',0,'2021-01-08',0.00,287.00,0.00,'','2021-02-19 15:48:45','USR-202008000',NULL,NULL,NULL,NULL),(1913,'COW-202012078','2021-02-19',0,'2020-08-10',0.00,649.00,0.00,'','2021-02-19 15:57:06','USR-202008000',NULL,NULL,NULL,NULL),(1914,'COW-202012078','2021-02-19',0,'2020-09-20',0.00,686.00,0.00,'','2021-02-19 15:57:30','USR-202008000',NULL,NULL,NULL,NULL),(1915,'COW-202012078','2021-02-19',0,'2020-10-21',0.00,691.00,0.00,'','2021-02-19 15:57:51','USR-202008000',NULL,NULL,NULL,NULL),(1916,'COW-202012078','2021-02-19',0,'2020-11-08',0.00,689.00,0.00,'','2021-02-19 15:58:40','USR-202008000',NULL,NULL,NULL,NULL),(1917,'COW-202012078','2021-02-19',0,'2021-01-06',0.00,755.00,0.00,'','2021-02-19 15:59:12','USR-202008000',NULL,NULL,NULL,NULL),(1918,'COW-202012017','2021-02-19',0,'2020-08-27',0.00,281.00,0.00,'','2021-02-19 16:02:00','USR-202008000',NULL,NULL,NULL,NULL),(1919,'COW-202012017','2021-02-19',0,'2020-09-23',0.00,300.00,0.00,'','2021-02-19 16:02:20','USR-202008000',NULL,NULL,NULL,NULL),(1920,'COW-202012017','2021-02-19',0,'2020-11-09',0.00,296.00,0.00,'','2021-02-19 16:02:35','USR-202008000',NULL,NULL,NULL,NULL),(1921,'COW-202012017','2021-02-19',0,'2021-01-08',0.00,293.00,0.00,'','2021-02-19 16:03:05','USR-202008000',NULL,NULL,NULL,NULL),(1922,'COW-202012104','2021-02-19',0,'2020-08-10',0.00,644.00,0.00,'','2021-02-19 16:04:07','USR-202008000',NULL,NULL,NULL,NULL),(1923,'COW-202012104','2021-02-19',0,'2020-09-20',0.00,723.00,0.00,'','2021-02-19 16:04:25','USR-202008000',NULL,NULL,NULL,NULL),(1924,'COW-202012104','2021-02-19',0,'2020-10-21',0.00,718.00,0.00,'','2021-02-19 16:04:44','USR-202008000',NULL,NULL,NULL,NULL),(1925,'COW-202012104','2021-02-19',0,'2020-11-08',0.00,738.00,0.00,'','2021-02-19 16:04:58','USR-202008000',NULL,NULL,NULL,NULL),(1926,'COW-202012104','2021-02-19',0,'2021-01-06',0.00,750.00,0.00,'','2021-02-19 16:05:22','USR-202008000',NULL,NULL,NULL,NULL),(1927,'COW-202012084','2021-02-19',0,'2020-09-04',0.00,220.00,0.00,'','2021-02-19 16:09:51','USR-202008000',NULL,NULL,NULL,NULL),(1928,'COW-202101200','2021-02-19',0,'2020-09-04',0.00,149.00,0.00,'','2021-02-19 16:11:41','USR-202008000',NULL,NULL,NULL,NULL),(1929,'COW-202012093','2021-02-19',0,'2020-09-04',0.00,242.00,0.00,'','2021-02-19 16:14:37','USR-202008000',NULL,NULL,NULL,NULL),(1930,'COW-202101058','2021-02-19',0,'2020-09-02',0.00,250.00,0.00,'','2021-02-19 16:15:48','USR-202008000',NULL,NULL,NULL,NULL),(1931,'COW-202101135','2021-02-19',0,'2020-09-02',0.00,245.00,0.00,'','2021-02-19 16:16:23','USR-202008000',NULL,NULL,NULL,NULL),(1932,'COW-202101137','2021-02-19',0,'2020-09-04',0.00,244.00,0.00,'','2021-02-19 16:16:52','USR-202008000',NULL,NULL,NULL,NULL),(1933,'COW-202101179','2021-02-19',0,'2020-09-02',0.00,247.00,0.00,'','2021-02-19 16:17:17','USR-202008000',NULL,NULL,NULL,NULL),(1934,'COW-202101182','2021-02-19',0,'2020-09-02',0.00,189.00,0.00,'','2021-02-19 16:17:44','USR-202008000',NULL,NULL,NULL,NULL),(1935,'COW-202101195','2021-02-19',0,'2020-09-02',0.00,240.00,0.00,'','2021-02-19 16:18:33','USR-202008000',NULL,NULL,NULL,NULL),(1936,'COW-202101203','2021-02-19',0,'2020-09-04',0.00,193.00,0.00,'','2021-02-19 16:19:07','USR-202008000',NULL,NULL,NULL,NULL),(1937,'COW-202101050','2021-03-16',0,'2021-03-15',0.00,446.00,0.00,'','2021-02-19 16:19:37','USR-202008000','2021-03-16 10:44:10','USR-202008000','2021-03-16 11:10:16','USR-202008000'),(1938,'COW-202101296','2021-02-19',0,'2020-09-02',0.00,173.00,0.00,'','2021-02-19 16:20:39','USR-202008000',NULL,NULL,NULL,NULL),(1939,'COW-202101126','2021-02-19',0,'2020-08-21',0.00,236.00,0.00,'','2021-02-19 16:21:22','USR-202008000',NULL,NULL,NULL,NULL),(1940,'COW-202101126','2021-02-19',0,'2020-09-18',0.00,263.00,0.00,'','2021-02-19 16:21:44','USR-202008000',NULL,NULL,NULL,NULL),(1941,'COW-202101126','2021-02-19',0,'2020-10-17',0.00,277.00,0.00,'','2021-02-19 16:22:00','USR-202008000',NULL,NULL,NULL,NULL),(1942,'COW-202101126','2021-02-19',0,'2020-11-09',0.00,273.00,0.00,'','2021-02-19 16:22:23','USR-202008000',NULL,NULL,NULL,NULL),(1943,'COW-202101126','2021-03-25',0,'2021-03-14',0.00,300.00,0.00,'','2021-02-19 16:22:51','USR-202008000','2021-03-25 13:24:09','USR-202008000',NULL,NULL),(1944,'COW-202101019','2021-02-19',0,'2020-11-09',0.00,392.00,0.00,'','2021-02-19 16:23:41','USR-202008000',NULL,NULL,NULL,NULL),(1945,'COW-202101283','2021-02-19',0,'2020-12-14',0.00,203.00,0.00,'','2021-02-19 16:24:21','USR-202008000',NULL,NULL,NULL,NULL),(1946,'COW-202101299','2021-02-19',0,'2020-10-17',0.00,353.00,0.00,'','2021-02-19 16:25:37','USR-202008000',NULL,NULL,NULL,NULL),(1947,'COW-202101299','2021-02-19',0,'2020-11-21',0.00,384.00,0.00,'','2021-02-19 16:25:57','USR-202008000',NULL,NULL,NULL,NULL),(1948,'COW-202102011','2021-03-16',0,'2021-03-13',0.00,300.00,0.00,'','2021-02-23 13:26:52','USR-202008000','2021-03-16 10:40:27','USR-202008000',NULL,NULL),(1949,'COW-202102012','2021-03-16',0,'2021-03-13',0.00,375.00,0.00,'','2021-02-23 13:28:05','USR-202008000','2021-03-16 10:42:06','USR-202008000',NULL,NULL),(1950,'COW-202102013','2021-03-16',0,'2021-03-13',0.00,409.00,0.00,'','2021-02-23 13:28:41','USR-202008000','2021-03-16 10:44:31','USR-202008000',NULL,NULL),(1951,'COW-202102001','2021-03-16',0,'2021-03-13',0.00,258.00,0.00,'','2021-02-25 08:17:36','USR-202008000','2021-03-16 13:03:49','USR-202008000',NULL,NULL),(1952,'COW-202102002','2021-03-16',0,'2021-03-13',0.00,357.00,0.00,'','2021-02-25 08:18:46','USR-202008000','2021-03-16 13:10:03','USR-202008000',NULL,NULL),(1953,'COW-202102003','2021-03-16',0,'2021-03-13',0.00,451.00,0.00,'','2021-02-25 08:19:11','USR-202008000','2021-03-16 14:51:39','USR-202008000',NULL,NULL),(1954,'COW-202102004','2021-03-16',0,'2021-03-13',0.00,389.00,0.00,'','2021-02-25 08:19:37','USR-202008000','2021-03-16 14:56:48','USR-202008000',NULL,NULL),(1955,'COW-202102005','2021-03-16',0,'2021-03-13',0.00,444.00,0.00,'','2021-02-25 08:22:36','USR-202008000','2021-03-16 14:53:33','USR-202008000',NULL,NULL),(1956,'COW-202102006','2021-03-16',0,'2021-03-13',0.00,380.00,0.00,'','2021-02-25 08:23:44','USR-202008000','2021-03-16 14:57:51','USR-202008000',NULL,NULL),(1957,'COW-202102007','2021-03-16',0,'2021-03-13',0.00,451.00,0.00,'','2021-02-25 08:24:23','USR-202008000','2021-03-16 14:58:37','USR-202008000',NULL,NULL),(1958,'COW-202102008','2021-03-16',0,'2021-03-13',0.00,385.00,0.00,'','2021-02-25 08:30:23','USR-202008000','2021-03-16 14:59:12','USR-202008000',NULL,NULL),(1959,'COW-202102009','2021-03-16',0,'2021-03-13',0.00,349.00,0.00,'','2021-02-25 08:39:23','USR-202008000','2021-03-16 15:00:05','USR-202008000',NULL,NULL),(1960,'COW-202102010','2021-03-16',0,'2021-03-13',0.00,415.00,0.00,'','2021-02-25 08:39:49','USR-202008000','2021-03-16 15:00:41','USR-202008000',NULL,NULL),(1961,'COW-202103001','2021-03-03',1,'2021-03-03',0.00,279.00,0.00,'Real Beli Timbang Hidup \nBobot Sapi lebih dari Perjanjian (270 Kg)','2021-03-03 14:01:42','USR-202008000','2021-03-05 09:25:00','USR-202008000',NULL,NULL),(1962,'COW-202103002','2021-03-03',1,'2021-03-03',NULL,236.00,NULL,'','2021-03-03 14:03:40','USR-202008000',NULL,NULL,NULL,NULL),(1963,'COW-202103003','2021-03-03',1,'2021-03-03',0.00,276.00,0.00,'Real Beli Timbang Hidup \nBobot Sapi lebih dari Perjanjian (270 Kg)','2021-03-03 14:05:09','USR-202008000','2021-03-05 09:25:55','USR-202008000',NULL,NULL),(1964,'COW-202103004','2021-03-03',1,'2021-03-03',NULL,209.00,NULL,'','2021-03-03 14:10:50','USR-202008000',NULL,NULL,NULL,NULL),(1965,'COW-202103005','2021-03-03',1,'2021-03-03',NULL,255.00,NULL,'','2021-03-03 14:11:32','USR-202008000',NULL,NULL,NULL,NULL),(1966,'COW-202103006','2021-03-03',1,'2021-03-03',NULL,219.00,NULL,'','2021-03-03 14:12:17','USR-202008000',NULL,NULL,NULL,NULL),(1967,'COW-202103007','2021-03-18',1,'2021-03-03',0.00,243.00,0.00,'','2021-03-03 14:12:50','USR-202008000','2021-03-18 14:14:08','USR-202008000',NULL,NULL),(1968,'COW-202103008','2021-03-03',1,'2021-03-03',0.00,277.00,0.00,'Real Beli Timbang Hidup \nBobot Sapi lebih dari Perjanjian (270 Kg)','2021-03-03 14:13:24','USR-202008000','2021-03-05 09:27:22','USR-202008000',NULL,NULL),(1969,'COW-202103009','2021-03-03',1,'2021-03-03',NULL,237.00,NULL,'','2021-03-03 14:14:00','USR-202008000',NULL,NULL,NULL,NULL),(1970,'COW-202101084','2021-03-25',0,'2021-03-14',0.00,561.00,0.00,'','2021-03-04 14:17:55','USR-202008000','2021-03-25 13:02:13','USR-202008000',NULL,NULL),(1971,'COW-202101062','2021-03-25',0,'2021-03-13',0.00,493.00,0.00,'','2021-03-04 14:18:29','USR-202008000','2021-03-25 11:06:13','USR-202008000',NULL,NULL),(1972,'COW-202012101','2021-03-25',0,'2021-03-14',0.00,508.00,0.00,'','2021-03-04 14:19:06','USR-202008000','2021-03-25 13:10:18','USR-202008000',NULL,NULL),(1973,'COW-202101146','2021-03-25',0,'2021-03-13',0.00,504.00,0.00,'','2021-03-04 14:20:54','USR-202008000','2021-03-25 10:53:17','USR-202008000',NULL,NULL),(1974,'COW-202101154','2021-03-25',0,'2021-03-13',0.00,484.00,0.00,'','2021-03-04 14:21:32','USR-202008000','2021-03-25 11:01:57','USR-202008000',NULL,NULL),(1975,'COW-202101096','2021-03-25',0,'2021-03-14',0.00,496.00,0.00,'','2021-03-04 14:23:25','USR-202008000','2021-03-25 13:00:26','USR-202008000',NULL,NULL),(1976,'COW-202101112','2021-03-25',0,'2021-03-14',0.00,488.00,0.00,'','2021-03-04 14:24:23','USR-202008000','2021-03-25 13:12:18','USR-202008000',NULL,NULL),(1977,'COW-202101158','2021-03-25',0,'2021-03-13',0.00,467.00,0.00,'','2021-03-04 14:25:44','USR-202008000','2021-03-25 11:03:04','USR-202008000',NULL,NULL),(1978,'COW-202101160','2021-03-25',0,'2021-03-13',0.00,465.00,0.00,'','2021-03-04 14:26:26','USR-202008000','2021-03-25 11:26:06','USR-202008000',NULL,NULL),(1979,'COW-202101155','2021-03-25',0,'2021-03-14',0.00,473.00,0.00,'','2021-03-04 14:26:54','USR-202008000','2021-03-25 13:15:06','USR-202008000',NULL,NULL),(1980,'COW-202101286','2021-03-16',0,'2021-03-15',0.00,443.00,0.00,'','2021-03-04 14:29:02','USR-202008000','2021-03-16 11:12:28','USR-202008000',NULL,NULL),(1981,'COW-202101153','2021-03-25',0,'2021-03-14',0.00,445.00,0.00,'','2021-03-04 14:29:43','USR-202008000','2021-03-25 13:14:12','USR-202008000',NULL,NULL),(1982,'COW-202101262','2021-03-16',0,'2021-03-15',0.00,449.00,0.00,'','2021-03-04 14:45:26','USR-202008000','2021-03-16 11:25:39','USR-202008000',NULL,NULL),(1983,'COW-202101040','2021-03-25',0,'2021-03-14',0.00,458.00,0.00,'','2021-03-04 14:46:10','USR-202008000','2021-03-25 13:01:31','USR-202008000',NULL,NULL),(1984,'COW-202101113','2021-03-25',0,'2021-03-14',0.00,454.00,0.00,'','2021-03-04 14:46:46','USR-202008000','2021-03-25 13:03:38','USR-202008000',NULL,NULL),(1985,'COW-202101193','2021-03-25',0,'2021-03-14',0.00,439.00,0.00,'','2021-03-04 14:48:54','USR-202008000','2021-03-25 13:15:52','USR-202008000',NULL,NULL),(1986,'COW-202101242','2021-03-17',0,'2021-03-16',0.00,452.00,0.00,'','2021-03-04 14:49:28','USR-202008000','2021-03-17 14:18:04','USR-202008000',NULL,NULL),(1987,'COW-202101120','2021-03-25',0,'2021-03-13',0.00,450.00,0.00,'','2021-03-04 14:49:58','USR-202008000','2021-03-25 11:17:38','USR-202008000',NULL,NULL),(1988,'COW-202101214','2021-03-25',0,'2021-03-13',0.00,434.00,0.00,'','2021-03-04 14:50:24','USR-202008000','2021-03-25 11:48:19','USR-202008000',NULL,NULL),(1989,'COW-202101114','2021-03-25',0,'2021-03-14',0.00,426.00,0.00,'','2021-03-04 14:50:52','USR-202008000','2021-03-25 13:13:18','USR-202008000',NULL,NULL),(1990,'COW-202101264','2021-03-25',0,'2021-03-14',0.00,431.00,0.00,'','2021-03-04 15:02:30','USR-202008000','2021-03-25 13:04:28','USR-202008000',NULL,NULL),(1991,'COW-202101273','2021-03-25',0,'2021-03-14',0.00,436.00,0.00,'','2021-03-04 15:02:55','USR-202008000','2021-03-25 13:09:13','USR-202008000',NULL,NULL),(1992,'COW-202101198','2021-03-25',0,'2021-03-13',0.00,430.00,0.00,'','2021-03-04 15:03:26','USR-202008000','2021-03-25 11:27:00','USR-202008000',NULL,NULL),(1993,'COW-202012062','2021-03-25',0,'2021-03-14',0.00,399.00,0.00,'','2021-03-04 15:03:47','USR-202008000','2021-03-25 14:20:46','USR-202008000',NULL,NULL),(1994,'COW-202012010','2021-03-25',0,'2021-03-14',0.00,405.00,0.00,'','2021-03-04 15:04:42','USR-202008000','2021-03-25 14:15:10','USR-202008000',NULL,NULL),(1995,'COW-202101031','2021-03-25',0,'2021-03-14',0.00,419.00,0.00,'','2021-03-04 15:05:14','USR-202008000','2021-03-25 13:11:13','USR-202008000',NULL,NULL),(1996,'COW-202012069','2021-03-25',0,'2021-03-14',0.00,394.00,0.00,'','2021-03-04 15:07:28','USR-202008000','2021-03-25 14:23:31','USR-202008000',NULL,NULL),(1997,'COW-202101275','2021-03-16',0,'2021-03-15',0.00,422.00,0.00,'','2021-03-04 15:07:55','USR-202008000','2021-03-16 11:26:27','USR-202008000',NULL,NULL),(1998,'COW-202101241','2021-03-25',0,'2021-03-13',0.00,407.00,0.00,'','2021-03-04 15:10:44','USR-202008000','2021-03-25 11:49:09','USR-202008000',NULL,NULL),(1999,'COW-202012045','2021-03-25',0,'2021-03-14',0.00,389.00,0.00,'','2021-03-04 15:11:12','USR-202008000','2021-03-25 12:47:44','USR-202008000',NULL,NULL),(2000,'COW-202012058','2021-03-25',0,'2021-03-14',0.00,392.00,0.00,'','2021-03-04 15:11:41','USR-202008000','2021-03-25 14:19:09','USR-202008000',NULL,NULL),(2001,'COW-202012029','2021-03-25',0,'2021-03-14',0.00,390.00,0.00,'','2021-03-04 15:13:30','USR-202008000','2021-03-25 14:17:14','USR-202008000',NULL,NULL),(2002,'COW-202012043','2021-03-25',0,'2021-03-14',0.00,377.00,0.00,'','2021-03-04 15:14:11','USR-202008000','2021-03-25 14:07:58','USR-202008000',NULL,NULL),(2003,'COW-202012006','2021-03-25',0,'2021-03-14',0.00,384.00,0.00,'','2021-03-04 15:14:34','USR-202008000','2021-03-25 14:13:20','USR-202008000',NULL,NULL),(2004,'COW-202012002','2021-03-25',0,'2021-03-14',0.00,377.00,0.00,'','2021-03-04 15:14:59','USR-202008000','2021-03-25 14:12:21','USR-202008000',NULL,NULL),(2005,'COW-202101278','2021-03-17',0,'2021-03-16',0.00,402.00,0.00,'','2021-03-04 15:15:29','USR-202008000','2021-03-17 14:16:39','USR-202008000',NULL,NULL),(2006,'COW-202101220','2021-03-16',0,'2021-03-15',0.00,385.00,0.00,'','2021-03-04 15:16:14','USR-202008000','2021-03-16 11:24:06','USR-202008000',NULL,NULL),(2007,'COW-202012019','2021-03-16',0,'2021-03-15',0.00,381.00,0.00,'','2021-03-04 15:16:58','USR-202008000','2021-03-16 09:41:59','USR-202008000',NULL,NULL),(2008,'COW-202101175','2021-03-16',0,'2021-03-13',0.00,383.00,0.00,'','2021-03-04 15:17:38','USR-202008000','2021-03-16 09:11:39','USR-202008000',NULL,NULL),(2009,'COW-202012048','2021-03-25',0,'2021-03-14',0.00,378.00,0.00,'','2021-03-04 15:19:16','USR-202008000','2021-03-25 14:09:45','USR-202008000',NULL,NULL),(2010,'COW-202012008','2021-03-25',0,'2021-03-14',0.00,360.00,0.00,'','2021-03-04 15:19:47','USR-202008000','2021-03-25 14:14:34','USR-202008000',NULL,NULL),(2011,'COW-202101249','2021-03-17',0,'2021-03-16',0.00,364.00,0.00,'','2021-03-04 15:20:10','USR-202008000','2021-03-17 14:18:40','USR-202008000',NULL,NULL),(2012,'COW-202101254','2021-03-16',0,'2021-03-15',0.00,368.00,0.00,'','2021-03-04 15:20:44','USR-202008000','2021-03-16 11:21:41','USR-202008000',NULL,NULL),(2013,'COW-202012077','2021-03-25',0,'2021-03-14',0.00,351.00,0.00,'','2021-03-04 15:21:08','USR-202008000','2021-03-25 12:45:46','USR-202008000',NULL,NULL),(2014,'COW-202012046','2021-03-25',0,'2021-03-14',0.00,343.00,0.00,'','2021-03-04 15:21:38','USR-202008000','2021-03-25 14:08:54','USR-202008000',NULL,NULL),(2015,'COW-202012055','2021-03-25',0,'2021-03-14',0.00,338.00,0.00,'','2021-03-04 15:22:13','USR-202008000','2021-03-25 14:11:12','USR-202008000',NULL,NULL),(2016,'COW-202012072','2021-03-16',0,'2021-03-15',0.00,329.00,0.00,'','2021-03-04 15:23:17','USR-202008000','2021-03-16 09:31:22','USR-202008000',NULL,NULL),(2017,'COW-202012063','2021-03-25',0,'2021-03-14',0.00,305.00,0.00,'','2021-03-04 15:24:10','USR-202008000','2021-03-25 14:22:29','USR-202008000',NULL,NULL),(2018,'COW-202012025','2021-03-16',0,'2021-03-15',0.00,291.00,0.00,'','2021-03-04 15:24:37','USR-202008000','2021-03-16 09:33:46','USR-202008000',NULL,NULL),(2019,'COW-202101090','2021-03-16',0,'2021-03-15',0.00,580.00,0.00,'','2021-03-04 15:48:13','USR-202008000','2021-03-16 11:18:20','USR-202008000',NULL,NULL),(2020,'COW-202101237','2021-03-16',0,'2021-03-15',0.00,546.00,0.00,'','2021-03-04 15:50:12','USR-202008000','2021-03-16 11:25:08','USR-202008000',NULL,NULL),(2021,'COW-202101101','2021-03-16',0,'2021-03-15',0.00,548.00,0.00,'','2021-03-05 08:05:42','USR-202008000','2021-03-16 10:34:21','USR-202008000',NULL,NULL),(2022,'COW-202101073','2021-03-16',0,'2021-03-15',0.00,523.00,0.00,'','2021-03-05 08:06:06','USR-202008000','2021-03-16 11:17:28','USR-202008000',NULL,NULL),(2023,'COW-202101061','2021-03-16',0,'2021-03-15',0.00,507.00,0.00,'','2021-03-05 08:06:29','USR-202008000','2021-03-16 11:16:44','USR-202008000',NULL,NULL),(2024,'COW-202101102','2021-03-17',0,'2021-03-16',0.00,507.00,0.00,'','2021-03-05 08:11:25','USR-202008000','2021-03-17 14:06:35','USR-202008000',NULL,NULL),(2025,'COW-202101077','2021-03-17',0,'2021-03-16',0.00,529.00,0.00,'','2021-03-05 08:12:14','USR-202008000','2021-03-17 14:05:37','USR-202008000',NULL,NULL),(2026,'COW-202101226','2021-03-17',0,'2021-03-16',0.00,514.00,0.00,'','2021-03-05 08:12:47','USR-202008000','2021-03-17 14:12:04','USR-202008000',NULL,NULL),(2027,'COW-202101086','2021-03-16',0,'2021-03-15',0.00,501.00,0.00,'','2021-03-05 08:14:04','USR-202008000','2021-03-16 10:32:44','USR-202008000',NULL,NULL),(2028,'COW-202101205','2021-03-17',0,'2021-03-16',0.00,513.00,0.00,'','2021-03-05 08:14:29','USR-202008000','2021-03-17 14:07:25','USR-202008000',NULL,NULL),(2029,'COW-202101243','2021-03-17',0,'2021-03-16',0.00,491.00,0.00,'','2021-03-05 08:16:14','USR-202008000','2021-03-17 14:36:22','USR-202008000',NULL,NULL),(2030,'COW-202101088','2021-03-16',0,'2021-03-15',0.00,494.00,0.00,'','2021-03-05 08:17:12','USR-202008000','2021-03-16 10:33:48','USR-202008000',NULL,NULL),(2031,'COW-202101196','2021-03-17',0,'2021-03-16',0.00,474.00,0.00,'','2021-03-05 08:24:14','USR-202008000','2021-03-17 14:32:24','USR-202008000',NULL,NULL),(2032,'COW-202101261','2021-03-16',0,'2021-03-15',0.00,446.00,0.00,'','2021-03-05 08:25:42','USR-202008000','2021-03-16 11:11:04','USR-202008000',NULL,NULL),(2033,'COW-202101036','2021-03-16',0,'2021-03-15',0.00,478.00,0.00,'','2021-03-05 08:29:18','USR-202008000','2021-03-16 11:15:45','USR-202008000',NULL,NULL),(2034,'COW-202101210','2021-03-17',0,'2021-03-16',0.00,478.00,0.00,'','2021-03-05 08:29:48','USR-202008000','2021-03-17 14:11:03','USR-202008000',NULL,NULL),(2035,'COW-202101207','2021-03-16',0,'2021-03-15',0.00,481.00,0.00,'','2021-03-05 08:38:25','USR-202008000','2021-03-16 10:37:46','USR-202008000',NULL,NULL),(2036,'COW-202012083','2021-03-16',0,'2021-03-15',0.00,483.00,0.00,'','2021-03-05 08:39:01','USR-202008000','2021-03-16 10:29:38','USR-202008000',NULL,NULL),(2037,'COW-202101230','2021-03-16',0,'2021-03-15',0.00,465.00,0.00,'','2021-03-05 08:41:50','USR-202008000','2021-03-16 10:40:10','USR-202008000',NULL,NULL),(2038,'COW-202101204','2021-03-16',0,'2021-03-15',0.00,441.00,0.00,'','2021-03-05 08:42:45','USR-202008000','2021-03-16 10:37:02','USR-202008000',NULL,NULL),(2039,'COW-202101269','2021-03-17',0,'2021-03-16',0.00,467.00,0.00,'','2021-03-05 08:43:12','USR-202008000','2021-03-17 14:41:31','USR-202008000',NULL,NULL),(2040,'COW-202101176','2021-03-16',0,'2021-03-15',0.00,452.00,0.00,'','2021-03-05 08:45:07','USR-202008000','2021-03-16 10:36:36','USR-202008000',NULL,NULL),(2041,'COW-202101260','2021-03-16',0,'2021-03-15',0.00,474.00,0.00,'','2021-03-05 08:46:44','USR-202008000','2021-03-16 10:43:36','USR-202008000',NULL,NULL),(2042,'COW-202101246','2021-03-17',0,'2021-03-16',0.00,450.00,0.00,'','2021-03-05 08:49:16','USR-202008000','2021-03-17 14:39:50','USR-202008000',NULL,NULL),(2043,'COW-202101280','2021-03-16',0,'2021-03-15',0.00,455.00,0.00,'','2021-03-05 08:49:47','USR-202008000','2021-03-16 11:11:53','USR-202008000',NULL,NULL),(2044,'COW-202101290','2021-03-16',0,'2021-03-15',0.00,454.00,0.00,'','2021-03-05 08:53:56','USR-202008000','2021-03-16 11:14:06','USR-202008000',NULL,NULL),(2045,'COW-202101211','2021-03-17',0,'2021-03-16',0.00,432.00,0.00,'','2021-03-05 08:54:50','USR-202008000','2021-03-17 14:11:33','USR-202008000',NULL,NULL),(2046,'COW-202101029','2021-03-16',0,'2021-03-15',0.00,446.00,0.00,'','2021-03-05 08:56:12','USR-202008000','2021-03-16 11:15:06','USR-202008000',NULL,NULL),(2047,'COW-202101245','2021-03-17',0,'2021-03-16',0.00,435.00,0.00,'','2021-03-05 08:56:58','USR-202008000','2021-03-17 14:38:37','USR-202008000',NULL,NULL),(2048,'COW-202101259','2021-03-17',0,'2021-03-16',0.00,430.00,0.00,'','2021-03-05 08:57:33','USR-202008000','2021-03-17 14:13:18','USR-202008000',NULL,NULL),(2049,'COW-202101289','2021-03-17',0,'2021-03-16',0.00,410.00,0.00,'','2021-03-05 08:57:57','USR-202008000','2021-03-17 14:17:16','USR-202008000',NULL,NULL),(2050,'COW-202101272','2021-03-17',0,'2021-03-16',0.00,421.00,0.00,'','2021-03-05 08:58:25','USR-202008000','2021-03-17 14:15:26','USR-202008000',NULL,NULL),(2051,'COW-202101208','2021-03-17',0,'2021-03-16',0.00,404.00,0.00,'','2021-03-05 08:58:56','USR-202008000','2021-03-17 14:09:16','USR-202008000',NULL,NULL),(2052,'COW-202012038','2021-03-16',0,'2021-03-15',0.00,365.00,0.00,'','2021-03-05 09:05:22','USR-202008000','2021-03-16 10:47:54','USR-202008000',NULL,NULL),(2053,'COW-202101131','2021-03-16',0,'2021-03-15',0.00,419.00,0.00,'','2021-03-05 09:05:58','USR-202008000','2021-03-16 11:18:58','USR-202008000',NULL,NULL),(2054,'COW-202101248','2021-03-16',0,'2021-03-15',0.00,389.00,0.00,'','2021-03-05 09:06:26','USR-202008000','2021-03-16 10:42:22','USR-202008000',NULL,NULL),(2055,'COW-202101251','2021-03-17',0,'2021-03-16',0.00,392.00,0.00,'','2021-03-05 09:06:54','USR-202008000','2021-03-17 14:12:35','USR-202008000',NULL,NULL),(2056,'COW-202012068','2021-03-16',0,'2021-03-15',0.00,377.00,0.00,'','2021-03-05 09:07:38','USR-202008000','2021-03-16 10:17:08','USR-202008000',NULL,NULL),(2057,'COW-202101215','2021-03-17',0,'2021-03-16',0.00,396.00,0.00,'','2021-03-05 09:09:33','USR-202008000','2021-03-17 14:33:05','USR-202008000',NULL,NULL),(2058,'COW-202101060','2021-03-16',0,'2021-03-15',0.00,381.00,0.00,'','2021-03-05 09:09:58','USR-202008000','2021-03-16 11:16:12','USR-202008000',NULL,NULL),(2059,'COW-202012094','2021-03-18',0,'2021-03-16',0.00,395.00,0.00,'','2021-03-05 09:11:19','USR-202008000','2021-03-18 13:13:25','USR-202008000',NULL,NULL),(2060,'COW-202101287','2021-03-16',0,'2021-03-15',0.00,346.00,0.00,'','2021-03-05 09:11:46','USR-202008000','2021-03-16 11:13:29','USR-202008000',NULL,NULL),(2061,'COW-202012120','2021-03-16',0,'2021-03-15',0.00,364.00,0.00,'','2021-03-05 09:12:22','USR-202008000','2021-03-16 11:14:41','USR-202008000',NULL,NULL),(2062,'COW-202101017','2021-03-17',0,'2021-03-16',0.00,351.00,0.00,'','2021-03-05 09:13:05','USR-202008000','2021-03-17 14:41:57','USR-202008000',NULL,NULL),(2063,'COW-202012033','2021-03-05',0,'2021-02-18',0.00,307.00,0.00,'','2021-03-05 09:13:32','USR-202008000',NULL,NULL,NULL,NULL),(2064,'COW-202101231','2021-03-17',0,'2021-03-16',0.00,347.00,0.00,'','2021-03-05 09:13:59','USR-202008000','2021-03-17 14:35:30','USR-202008000',NULL,NULL),(2065,'COW-202101199','2021-03-16',0,'2021-03-15',0.00,325.00,0.00,'','2021-03-05 09:16:56','USR-202008000','2021-03-16 11:20:27','USR-202008000',NULL,NULL),(2066,'COW-202101277','2021-03-17',0,'2021-03-16',0.00,306.00,0.00,'','2021-03-05 09:17:23','USR-202008000','2021-03-17 14:16:12','USR-202008000',NULL,NULL),(2067,'COW-202101169','2021-03-16',0,'2021-03-15',0.00,308.00,0.00,'','2021-03-05 09:19:39','USR-202008000','2021-03-16 10:24:13','USR-202008000',NULL,NULL),(2068,'COW-202101174','2021-03-16',0,'2021-03-15',0.00,303.00,0.00,'','2021-03-05 09:20:19','USR-202008000','2021-03-16 10:28:59','USR-202008000',NULL,NULL),(2069,'COW-202101170','2021-03-25',0,'2021-03-14',0.00,236.00,0.00,'','2021-03-05 09:20:55','USR-202008000','2021-03-25 12:46:39','USR-202008000',NULL,NULL),(2070,'COW-202101306','2021-03-18',0,'2021-03-16',0.00,563.00,0.00,'','2021-03-05 09:29:27','USR-202008000','2021-03-18 13:21:20','USR-202008000',NULL,NULL),(2071,'COW-202101125','2021-03-25',0,'2021-03-13',0.00,571.00,0.00,'','2021-03-05 09:32:52','USR-202008000','2021-03-25 11:10:32','USR-202008000',NULL,NULL),(2072,'COW-202101098','2021-03-25',0,'2021-03-13',0.00,560.00,0.00,'','2021-03-05 09:33:16','USR-202008000','2021-03-25 11:15:57','USR-202008000',NULL,NULL),(2073,'COW-202101006','2021-03-25',0,'2021-03-13',0.00,538.00,0.00,'','2021-03-05 09:34:03','USR-202008000','2021-03-25 11:15:06','USR-202008000',NULL,NULL),(2074,'COW-202101127','2021-03-25',0,'2021-03-14',0.00,543.00,0.00,'','2021-03-05 09:34:42','USR-202008000','2021-03-25 13:06:30','USR-202008000',NULL,NULL),(2075,'COW-202101089','2021-03-25',0,'2021-03-13',0.00,524.00,0.00,'','2021-03-05 09:35:10','USR-202008000','2021-03-25 11:09:49','USR-202008000',NULL,NULL),(2076,'COW-202101138','2021-03-17',0,'2021-03-16',0.00,521.00,0.00,'','2021-03-05 09:43:59','USR-202008000','2021-03-17 14:46:08','USR-202008000',NULL,NULL),(2077,'COW-202101119','2021-03-18',0,'2021-03-16',0.00,530.00,0.00,'','2021-03-05 09:44:33','USR-202008000','2021-03-18 13:28:53','USR-202008000',NULL,NULL),(2078,'COW-202101119','2021-03-05',0,'2021-02-18',0.00,482.00,0.00,'','2021-03-05 09:44:33','USR-202008000',NULL,NULL,'2021-03-05 09:44:41','USR-202008000'),(2079,'COW-202012102','2021-03-18',0,'2021-03-16',0.00,506.00,0.00,'','2021-03-05 09:46:57','USR-202008000','2021-03-18 13:11:54','USR-202008000',NULL,NULL),(2080,'COW-202101075','2021-03-18',0,'2021-03-16',0.00,525.00,0.00,'','2021-03-05 09:47:46','USR-202008000','2021-03-18 13:26:24','USR-202008000',NULL,NULL),(2081,'COW-202101066','2021-03-18',0,'2021-03-16',0.00,510.00,0.00,'','2021-03-05 09:48:49','USR-202008000','2021-03-18 13:17:01','USR-202008000',NULL,NULL),(2082,'COW-202101079','2021-03-25',0,'2021-03-13',0.00,502.00,0.00,'','2021-03-05 09:51:08','USR-202008000','2021-03-25 11:08:28','USR-202008000',NULL,NULL),(2083,'COW-202101038','2021-03-17',0,'2021-03-16',0.00,505.00,0.00,'','2021-03-05 09:51:29','USR-202008000','2021-03-17 14:43:55','USR-202008000',NULL,NULL),(2084,'COW-202101078','2021-03-25',0,'2021-03-14',0.00,497.00,0.00,'','2021-03-05 09:52:23','USR-202008000','2021-03-25 13:05:36','USR-202008000',NULL,NULL),(2085,'COW-202101118','2021-03-25',0,'2021-03-13',0.00,505.00,0.00,'','2021-03-05 09:52:53','USR-202008000','2021-03-25 11:16:40','USR-202008000',NULL,NULL),(2086,'COW-202101302','2021-03-25',0,'2021-03-13',0.00,494.00,0.00,'','2021-03-05 09:53:18','USR-202008000','2021-03-25 11:13:12','USR-202008000',NULL,NULL),(2087,'COW-202012139','2021-03-25',0,'2021-03-13',0.00,484.00,0.00,'','2021-03-05 09:53:48','USR-202008000','2021-03-25 11:04:11','USR-202008000',NULL,NULL),(2088,'COW-202101303','2021-03-25',0,'2021-03-13',0.00,501.00,0.00,'','2021-03-05 09:54:16','USR-202008000','2021-03-25 11:51:50','USR-202008000',NULL,NULL),